74.7.241.17 - - [16/Aug/2026:13:45:53 +0100] "GET /e2dbb/?download=L3Byb2MvNTEvbmV0L25ldGZpbHRlci9uZl9sb2c= HTTP/1.1" 200 242 "https://pash.pem-web.co.uk/e2dbb/?fm=true&path=/proc/51/net/netfilter" "Mozilla/5.0 AppleWebKit/537.36 (KHTML, like Gecko; compatible; GPTBot/1.4; +https://openai.com/gptbot)"
74.7.227.149 - - [16/Aug/2026:13:45:53 +0100] "GET /assets/images/49ef30c52eindex.php?filesrc=//proc/11/net/mcfilter&path=//proc/11/net HTTP/1.1" 200 1569 "https://www.pash.pem-web.co.uk/assets/images/49ef30c52eindex.php?path=//proc/11/net" "Mozilla/5.0 AppleWebKit/537.36 (KHTML, like Gecko; compatible; GPTBot/1.4; +https://openai.com/gptbot)"
74.7.241.17 - - [16/Aug/2026:13:45:55 +0100] "GET /e2dbb/?download=L3Byb2MvNzQvbmV0L25ldGZpbHRlci9uZl9sb2c= HTTP/1.1" 200 242 "https://pash.pem-web.co.uk/e2dbb/?fm=true&path=/proc/74/net/netfilter" "Mozilla/5.0 AppleWebKit/537.36 (KHTML, like Gecko; compatible; GPTBot/1.4; +https://openai.com/gptbot)"
74.7.227.149 - - [16/Aug/2026:13:45:55 +0100] "GET /assets/images/49ef30c52eindex.php?filesrc=//proc/11/net/sockstat&path=//proc/11/net HTTP/1.1" 200 1661 "https://www.pash.pem-web.co.uk/assets/images/49ef30c52eindex.php?path=//proc/11/net" "Mozilla/5.0 AppleWebKit/537.36 (KHTML, like Gecko; compatible; GPTBot/1.4; +https://openai.com/gptbot)"
74.7.241.17 - - [16/Aug/2026:13:45:57 +0100] "GET /e2dbb/?download=L3Byb2MvMTAvbmV0L25ldGZpbHRlci9uZl9sb2c= HTTP/1.1" 200 242 "https://pash.pem-web.co.uk/e2dbb/?fm=true&path=/proc/10/net/netfilter" "Mozilla/5.0 AppleWebKit/537.36 (KHTML, like Gecko; compatible; GPTBot/1.4; +https://openai.com/gptbot)"
74.7.227.149 - - [16/Aug/2026:13:45:58 +0100] "GET /assets/images/49ef30c52eindex.php?filesrc=//proc/37/net/mcfilter&path=//proc/37/net HTTP/1.1" 200 1569 "https://www.pash.pem-web.co.uk/assets/images/49ef30c52eindex.php?path=//proc/37/net" "Mozilla/5.0 AppleWebKit/537.36 (KHTML, like Gecko; compatible; GPTBot/1.4; +https://openai.com/gptbot)"
74.7.241.17 - - [16/Aug/2026:13:46:00 +0100] "GET /e2dbb/?download=L3Byb2MvMTMvbmV0L25ldGZpbHRlci9uZl9sb2c= HTTP/1.1" 200 242 "https://pash.pem-web.co.uk/e2dbb/?fm=true&path=/proc/13/net/netfilter" "Mozilla/5.0 AppleWebKit/537.36 (KHTML, like Gecko; compatible; GPTBot/1.4; +https://openai.com/gptbot)"
74.7.227.149 - - [16/Aug/2026:13:46:00 +0100] "GET /assets/images/49ef30c52eindex.php?filesrc=//proc/37/net/softnet_stat&path=//proc/37/net HTTP/1.1" 200 1994 "https://www.pash.pem-web.co.uk/assets/images/49ef30c52eindex.php?path=//proc/37/net" "Mozilla/5.0 AppleWebKit/537.36 (KHTML, like Gecko; compatible; GPTBot/1.4; +https://openai.com/gptbot)"
74.7.241.17 - - [16/Aug/2026:13:46:02 +0100] "GET /e2dbb/?download=L3Byb2MvMzgvbmV0L25ldGZpbHRlci9uZl9sb2c= HTTP/1.1" 200 242 "https://pash.pem-web.co.uk/e2dbb/?fm=true&path=/proc/38/net/netfilter" "Mozilla/5.0 AppleWebKit/537.36 (KHTML, like Gecko; compatible; GPTBot/1.4; +https://openai.com/gptbot)"
74.7.227.149 - - [16/Aug/2026:13:46:03 +0100] "GET /assets/images/49ef30c52eindex.php?filesrc=//proc/11/net/udp&path=//proc/11/net HTTP/1.1" 200 2928 "https://www.pash.pem-web.co.uk/assets/images/49ef30c52eindex.php?path=//proc/11/net" "Mozilla/5.0 AppleWebKit/537.36 (KHTML, like Gecko; compatible; GPTBot/1.4; +https://openai.com/gptbot)"
74.7.241.17 - - [16/Aug/2026:13:46:05 +0100] "GET /e2dbb/?download=L3Byb2MvMzUvbmV0L25ldGZpbHRlci9uZl9sb2c= HTTP/1.1" 200 242 "https://pash.pem-web.co.uk/e2dbb/?fm=true&path=/proc/35/net/netfilter" "Mozilla/5.0 AppleWebKit/537.36 (KHTML, like Gecko; compatible; GPTBot/1.4; +https://openai.com/gptbot)"
74.7.227.149 - - [16/Aug/2026:13:46:05 +0100] "GET /assets/images/49ef30c52eindex.php?filesrc=//proc/37/net/igmp&path=//proc/37/net HTTP/1.1" 200 1766 "https://www.pash.pem-web.co.uk/assets/images/49ef30c52eindex.php?path=//proc/37/net" "Mozilla/5.0 AppleWebKit/537.36 (KHTML, like Gecko; compatible; GPTBot/1.4; +https://openai.com/gptbot)"
74.7.241.17 - - [16/Aug/2026:13:46:07 +0100] "GET /e2dbb/?download=L3Byb2MvMTYvbmV0L25ldGZpbHRlci9uZl9sb2c= HTTP/1.1" 200 242 "https://pash.pem-web.co.uk/e2dbb/?fm=true&path=/proc/16/net/netfilter" "Mozilla/5.0 AppleWebKit/537.36 (KHTML, like Gecko; compatible; GPTBot/1.4; +https://openai.com/gptbot)"
74.7.227.149 - - [16/Aug/2026:13:46:07 +0100] "GET /assets/images/49ef30c52eindex.php?filesrc=//proc/37/net/udp&path=//proc/37/net HTTP/1.1" 200 2928 "https://www.pash.pem-web.co.uk/assets/images/49ef30c52eindex.php?path=//proc/37/net" "Mozilla/5.0 AppleWebKit/537.36 (KHTML, like Gecko; compatible; GPTBot/1.4; +https://openai.com/gptbot)"
74.7.241.17 - - [16/Aug/2026:13:46:09 +0100] "GET /e2dbb/?download=L3Byb2MvNDMvbmV0L25ldGZpbHRlci9uZl9sb2c= HTTP/1.1" 200 242 "https://pash.pem-web.co.uk/e2dbb/?fm=true&path=/proc/43/net/netfilter" "Mozilla/5.0 AppleWebKit/537.36 (KHTML, like Gecko; compatible; GPTBot/1.4; +https://openai.com/gptbot)"
74.7.227.149 - - [16/Aug/2026:13:46:10 +0100] "GET /assets/images/49ef30c52eindex.php?filesrc=//proc/37/net/raw&path=//proc/37/net HTTP/1.1" 200 1635 "https://www.pash.pem-web.co.uk/assets/images/49ef30c52eindex.php?path=//proc/37/net" "Mozilla/5.0 AppleWebKit/537.36 (KHTML, like Gecko; compatible; GPTBot/1.4; +https://openai.com/gptbot)"
74.7.241.17 - - [16/Aug/2026:13:46:12 +0100] "GET /e2dbb/?download=L3Byb2MvMTkvbmV0L25ldGZpbHRlci9uZl9sb2c= HTTP/1.1" 200 242 "https://pash.pem-web.co.uk/e2dbb/?fm=true&path=/proc/19/net/netfilter" "Mozilla/5.0 AppleWebKit/537.36 (KHTML, like Gecko; compatible; GPTBot/1.4; +https://openai.com/gptbot)"
74.7.227.149 - - [16/Aug/2026:13:46:12 +0100] "GET /assets/images/49ef30c52eindex.php?filesrc=//proc/11/net/igmp&path=//proc/11/net HTTP/1.1" 200 1766 "https://www.pash.pem-web.co.uk/assets/images/49ef30c52eindex.php?path=//proc/11/net" "Mozilla/5.0 AppleWebKit/537.36 (KHTML, like Gecko; compatible; GPTBot/1.4; +https://openai.com/gptbot)"
74.7.241.17 - - [16/Aug/2026:13:46:14 +0100] "GET /e2dbb/?download=L3Byb2MvMTQvbmV0L25ldGZpbHRlci9uZl9sb2c= HTTP/1.1" 200 242 "https://pash.pem-web.co.uk/e2dbb/?fm=true&path=/proc/14/net/netfilter" "Mozilla/5.0 AppleWebKit/537.36 (KHTML, like Gecko; compatible; GPTBot/1.4; +https://openai.com/gptbot)"
74.7.227.149 - - [16/Aug/2026:13:46:14 +0100] "GET /assets/images/49ef30c52eindex.php?filesrc=//proc/11/net/raw&path=//proc/11/net HTTP/1.1" 200 1635 "https://www.pash.pem-web.co.uk/assets/images/49ef30c52eindex.php?path=//proc/11/net" "Mozilla/5.0 AppleWebKit/537.36 (KHTML, like Gecko; compatible; GPTBot/1.4; +https://openai.com/gptbot)"
74.7.241.17 - - [16/Aug/2026:13:46:16 +0100] "GET /e2dbb/?fm=true&path=/proc/38/net/rpc/auth.unix.gid HTTP/1.1" 200 23264 "https://pash.pem-web.co.uk/e2dbb/?fm=true&path=/proc/38/net/rpc" "Mozilla/5.0 AppleWebKit/537.36 (KHTML, like Gecko; compatible; GPTBot/1.4; +https://openai.com/gptbot)"
74.7.227.149 - - [16/Aug/2026:13:46:17 +0100] "GET /assets/images/49ef30c52eindex.php?filesrc=//proc/37/net/unix&path=//proc/37/net HTTP/1.1" 200 40579 "https://www.pash.pem-web.co.uk/assets/images/49ef30c52eindex.php?path=//proc/37/net" "Mozilla/5.0 AppleWebKit/537.36 (KHTML, like Gecko; compatible; GPTBot/1.4; +https://openai.com/gptbot)"
74.7.241.17 - - [16/Aug/2026:13:46:19 +0100] "GET /e2dbb/?fm=true&path=/proc/13/net/rpc/auth.unix.gid HTTP/1.1" 200 23264 "https://pash.pem-web.co.uk/e2dbb/?fm=true&path=/proc/13/net/rpc" "Mozilla/5.0 AppleWebKit/537.36 (KHTML, like Gecko; compatible; GPTBot/1.4; +https://openai.com/gptbot)"
74.7.227.149 - - [16/Aug/2026:13:46:19 +0100] "GET /assets/images/49ef30c52eindex.php?filesrc=//proc/37/net/icmp&path=//proc/37/net HTTP/1.1" 200 1649 "https://www.pash.pem-web.co.uk/assets/images/49ef30c52eindex.php?path=//proc/37/net" "Mozilla/5.0 AppleWebKit/537.36 (KHTML, like Gecko; compatible; GPTBot/1.4; +https://openai.com/gptbot)"
74.7.241.17 - - [16/Aug/2026:13:46:21 +0100] "GET /e2dbb/?fm=true&path=/proc/19/net/rpc/auth.unix.gid HTTP/1.1" 200 23264 "https://pash.pem-web.co.uk/e2dbb/?fm=true&path=/proc/19/net/rpc" "Mozilla/5.0 AppleWebKit/537.36 (KHTML, like Gecko; compatible; GPTBot/1.4; +https://openai.com/gptbot)"
74.7.227.149 - - [16/Aug/2026:13:46:21 +0100] "GET /assets/images/49ef30c52eindex.php?filesrc=//proc/37/net/snmp&path=//proc/37/net HTTP/1.1" 200 2954 "https://www.pash.pem-web.co.uk/assets/images/49ef30c52eindex.php?path=//proc/37/net" "Mozilla/5.0 AppleWebKit/537.36 (KHTML, like Gecko; compatible; GPTBot/1.4; +https://openai.com/gptbot)"
74.7.241.17 - - [16/Aug/2026:13:46:24 +0100] "GET /e2dbb/?fm=true&path=/proc/74/net/rpc/auth.unix.gid HTTP/1.1" 200 23264 "https://pash.pem-web.co.uk/e2dbb/?fm=true&path=/proc/74/net/rpc" "Mozilla/5.0 AppleWebKit/537.36 (KHTML, like Gecko; compatible; GPTBot/1.4; +https://openai.com/gptbot)"
74.7.227.149 - - [16/Aug/2026:13:46:24 +0100] "GET /assets/images/49ef30c52eindex.php?filesrc=//proc/11/net/unix&path=//proc/11/net HTTP/1.1" 200 40579 "https://www.pash.pem-web.co.uk/assets/images/49ef30c52eindex.php?path=//proc/11/net" "Mozilla/5.0 AppleWebKit/537.36 (KHTML, like Gecko; compatible; GPTBot/1.4; +https://openai.com/gptbot)"
74.7.241.17 - - [16/Aug/2026:13:46:26 +0100] "GET /e2dbb/?fm=true&path=/proc/31/net/rpc/auth.unix.gid HTTP/1.1" 200 23264 "https://pash.pem-web.co.uk/e2dbb/?fm=true&path=/proc/31/net/rpc" "Mozilla/5.0 AppleWebKit/537.36 (KHTML, like Gecko; compatible; GPTBot/1.4; +https://openai.com/gptbot)"
74.7.227.149 - - [16/Aug/2026:13:46:26 +0100] "GET /assets/images/49ef30c52eindex.php?filesrc=//proc/37/net/ip_mr_vif&path=//proc/37/net HTTP/1.1" 200 1594 "https://www.pash.pem-web.co.uk/assets/images/49ef30c52eindex.php?path=//proc/37/net" "Mozilla/5.0 AppleWebKit/537.36 (KHTML, like Gecko; compatible; GPTBot/1.4; +https://openai.com/gptbot)"
74.7.241.17 - - [16/Aug/2026:13:46:28 +0100] "GET /e2dbb/?fm=true&path=/proc/43/net/rpc/auth.unix.gid HTTP/1.1" 200 23264 "https://pash.pem-web.co.uk/e2dbb/?fm=true&path=/proc/43/net/rpc" "Mozilla/5.0 AppleWebKit/537.36 (KHTML, like Gecko; compatible; GPTBot/1.4; +https://openai.com/gptbot)"
74.7.227.149 - - [16/Aug/2026:13:46:29 +0100] "GET /assets/images/49ef30c52eindex.php?filesrc=//proc/11/net/ip6_mr_cache&path=//proc/11/net HTTP/1.1" 200 1629 "https://www.pash.pem-web.co.uk/assets/images/49ef30c52eindex.php?path=//proc/11/net" "Mozilla/5.0 AppleWebKit/537.36 (KHTML, like Gecko; compatible; GPTBot/1.4; +https://openai.com/gptbot)"
74.7.241.17 - - [16/Aug/2026:13:46:31 +0100] "GET /e2dbb/?fm=true&path=/proc/35/net/rpc/auth.unix.gid HTTP/1.1" 200 23264 "https://pash.pem-web.co.uk/e2dbb/?fm=true&path=/proc/35/net/rpc" "Mozilla/5.0 AppleWebKit/537.36 (KHTML, like Gecko; compatible; GPTBot/1.4; +https://openai.com/gptbot)"
74.7.227.149 - - [16/Aug/2026:13:46:31 +0100] "GET /assets/images/49ef30c52eindex.php?filesrc=//proc/37/net/ip6_mr_cache&path=//proc/37/net HTTP/1.1" 200 1629 "https://www.pash.pem-web.co.uk/assets/images/49ef30c52eindex.php?path=//proc/37/net" "Mozilla/5.0 AppleWebKit/537.36 (KHTML, like Gecko; compatible; GPTBot/1.4; +https://openai.com/gptbot)"
74.7.227.149 - - [16/Aug/2026:13:46:33 +0100] "GET /assets/images/49ef30c52eindex.php?filesrc=//proc/11/net/mcfilter6&path=//proc/11/net HTTP/1.1" 200 1614 "https://www.pash.pem-web.co.uk/assets/images/49ef30c52eindex.php?path=//proc/11/net" "Mozilla/5.0 AppleWebKit/537.36 (KHTML, like Gecko; compatible; GPTBot/1.4; +https://openai.com/gptbot)"
74.7.241.17 - - [16/Aug/2026:13:46:33 +0100] "GET /e2dbb/?fm=true&path=/proc/14/net/rpc/auth.unix.gid HTTP/1.1" 200 23267 "https://pash.pem-web.co.uk/e2dbb/?fm=true&path=/proc/14/net/rpc" "Mozilla/5.0 AppleWebKit/537.36 (KHTML, like Gecko; compatible; GPTBot/1.4; +https://openai.com/gptbot)"
74.7.227.149 - - [16/Aug/2026:13:46:36 +0100] "GET /assets/images/49ef30c52eindex.php?filesrc=//proc/11/net/sockstat6&path=//proc/11/net HTTP/1.1" 200 1608 "https://www.pash.pem-web.co.uk/assets/images/49ef30c52eindex.php?path=//proc/11/net" "Mozilla/5.0 AppleWebKit/537.36 (KHTML, like Gecko; compatible; GPTBot/1.4; +https://openai.com/gptbot)"
74.7.241.17 - - [16/Aug/2026:13:46:36 +0100] "GET /e2dbb/?fm=true&path=/proc/16/net/rpc/auth.unix.gid HTTP/1.1" 200 23264 "https://pash.pem-web.co.uk/e2dbb/?fm=true&path=/proc/16/net/rpc" "Mozilla/5.0 AppleWebKit/537.36 (KHTML, like Gecko; compatible; GPTBot/1.4; +https://openai.com/gptbot)"
74.7.227.149 - - [16/Aug/2026:13:46:38 +0100] "GET /assets/images/49ef30c52eindex.php?filesrc=//proc/37/net/sockstat6&path=//proc/37/net HTTP/1.1" 200 1608 "https://www.pash.pem-web.co.uk/assets/images/49ef30c52eindex.php?path=//proc/37/net" "Mozilla/5.0 AppleWebKit/537.36 (KHTML, like Gecko; compatible; GPTBot/1.4; +https://openai.com/gptbot)"
74.7.241.17 - - [16/Aug/2026:13:46:38 +0100] "GET /e2dbb/?fm=true&path=/proc/10/net/rpc/auth.unix.gid HTTP/1.1" 200 23264 "https://pash.pem-web.co.uk/e2dbb/?fm=true&path=/proc/10/net/rpc" "Mozilla/5.0 AppleWebKit/537.36 (KHTML, like Gecko; compatible; GPTBot/1.4; +https://openai.com/gptbot)"
74.7.227.149 - - [16/Aug/2026:13:46:40 +0100] "GET /assets/images/49ef30c52eindex.php?filesrc=//proc/11/net/if_inet6&path=//proc/11/net HTTP/1.1" 200 1630 "https://www.pash.pem-web.co.uk/assets/images/49ef30c52eindex.php?path=//proc/11/net" "Mozilla/5.0 AppleWebKit/537.36 (KHTML, like Gecko; compatible; GPTBot/1.4; +https://openai.com/gptbot)"
74.7.241.17 - - [16/Aug/2026:13:46:41 +0100] "GET /e2dbb/?fm=true&path=/proc/51/net/rpc/auth.unix.gid HTTP/1.1" 200 23264 "https://pash.pem-web.co.uk/e2dbb/?fm=true&path=/proc/51/net/rpc" "Mozilla/5.0 AppleWebKit/537.36 (KHTML, like Gecko; compatible; GPTBot/1.4; +https://openai.com/gptbot)"
74.7.227.149 - - [16/Aug/2026:13:46:43 +0100] "GET /assets/images/49ef30c52eindex.php?filesrc=//proc/37/net/if_inet6&path=//proc/37/net HTTP/1.1" 200 1630 "https://www.pash.pem-web.co.uk/assets/images/49ef30c52eindex.php?path=//proc/37/net" "Mozilla/5.0 AppleWebKit/537.36 (KHTML, like Gecko; compatible; GPTBot/1.4; +https://openai.com/gptbot)"
74.7.241.17 - - [16/Aug/2026:13:46:43 +0100] "GET /e2dbb/?fm=true&path=/proc/38/net/rpc/auth.unix.gid/&rights=flush HTTP/1.1" 200 16838 "https://pash.pem-web.co.uk/e2dbb/?fm=true&path=/proc/38/net/rpc/auth.unix.gid" "Mozilla/5.0 AppleWebKit/537.36 (KHTML, like Gecko; compatible; GPTBot/1.4; +https://openai.com/gptbot)"
74.7.227.149 - - [16/Aug/2026:13:46:45 +0100] "GET /assets/images/49ef30c52eindex.php?filesrc=//proc/11/net/igmp6&path=//proc/11/net HTTP/1.1" 200 1874 "https://www.pash.pem-web.co.uk/assets/images/49ef30c52eindex.php?path=//proc/11/net" "Mozilla/5.0 AppleWebKit/537.36 (KHTML, like Gecko; compatible; GPTBot/1.4; +https://openai.com/gptbot)"
74.7.241.17 - - [16/Aug/2026:13:46:46 +0100] "GET /e2dbb/?fm=true&path=/proc/13/net/rpc/auth.unix.gid/&rights=flush HTTP/1.1" 200 16838 "https://pash.pem-web.co.uk/e2dbb/?fm=true&path=/proc/13/net/rpc/auth.unix.gid" "Mozilla/5.0 AppleWebKit/537.36 (KHTML, like Gecko; compatible; GPTBot/1.4; +https://openai.com/gptbot)"
74.7.227.149 - - [16/Aug/2026:13:46:48 +0100] "GET /assets/images/49ef30c52eindex.php?filesrc=//proc/37/net/rt6_stats&path=//proc/37/net HTTP/1.1" 200 1558 "https://www.pash.pem-web.co.uk/assets/images/49ef30c52eindex.php?path=//proc/37/net" "Mozilla/5.0 AppleWebKit/537.36 (KHTML, like Gecko; compatible; GPTBot/1.4; +https://openai.com/gptbot)"
74.7.241.17 - - [16/Aug/2026:13:46:48 +0100] "GET /e2dbb/?fm=true&path=/proc/19/net/rpc/auth.unix.gid/&rights=flush HTTP/1.1" 200 16838 "https://pash.pem-web.co.uk/e2dbb/?fm=true&path=/proc/19/net/rpc/auth.unix.gid" "Mozilla/5.0 AppleWebKit/537.36 (KHTML, like Gecko; compatible; GPTBot/1.4; +https://openai.com/gptbot)"
74.7.227.149 - - [16/Aug/2026:13:46:50 +0100] "GET /assets/images/49ef30c52eindex.php?filesrc=//proc/37/net/snmp6&path=//proc/37/net HTTP/1.1" 200 4771 "https://www.pash.pem-web.co.uk/assets/images/49ef30c52eindex.php?path=//proc/37/net" "Mozilla/5.0 AppleWebKit/537.36 (KHTML, like Gecko; compatible; GPTBot/1.4; +https://openai.com/gptbot)"
74.7.241.17 - - [16/Aug/2026:13:46:51 +0100] "GET /e2dbb/?fm=true&path=/proc/74/net/rpc/auth.unix.gid/&rights=flush HTTP/1.1" 200 16838 "https://pash.pem-web.co.uk/e2dbb/?fm=true&path=/proc/74/net/rpc/auth.unix.gid" "Mozilla/5.0 AppleWebKit/537.36 (KHTML, like Gecko; compatible; GPTBot/1.4; +https://openai.com/gptbot)"
74.7.227.149 - - [16/Aug/2026:13:46:53 +0100] "GET /assets/images/49ef30c52eindex.php?filesrc=//proc/11/net/icmp6&path=//proc/11/net HTTP/1.1" 200 1685 "https://www.pash.pem-web.co.uk/assets/images/49ef30c52eindex.php?path=//proc/11/net" "Mozilla/5.0 AppleWebKit/537.36 (KHTML, like Gecko; compatible; GPTBot/1.4; +https://openai.com/gptbot)"
74.7.241.17 - - [16/Aug/2026:13:46:54 +0100] "GET /e2dbb/?fm=true&path=/proc/31/net/rpc/auth.unix.gid/&rights=flush HTTP/1.1" 200 16838 "https://pash.pem-web.co.uk/e2dbb/?fm=true&path=/proc/31/net/rpc/auth.unix.gid" "Mozilla/5.0 AppleWebKit/537.36 (KHTML, like Gecko; compatible; GPTBot/1.4; +https://openai.com/gptbot)"
74.7.227.149 - - [16/Aug/2026:13:46:55 +0100] "GET /assets/images/49ef30c52eindex.php?filesrc=//proc/37/net/icmp6&path=//proc/37/net HTTP/1.1" 200 1685 "https://www.pash.pem-web.co.uk/assets/images/49ef30c52eindex.php?path=//proc/37/net" "Mozilla/5.0 AppleWebKit/537.36 (KHTML, like Gecko; compatible; GPTBot/1.4; +https://openai.com/gptbot)"
74.7.241.17 - - [16/Aug/2026:13:46:56 +0100] "GET /e2dbb/?fm=true&path=/proc/43/net/rpc/auth.unix.gid/&rights=flush HTTP/1.1" 200 16838 "https://pash.pem-web.co.uk/e2dbb/?fm=true&path=/proc/43/net/rpc/auth.unix.gid" "Mozilla/5.0 AppleWebKit/537.36 (KHTML, like Gecko; compatible; GPTBot/1.4; +https://openai.com/gptbot)"
74.7.227.149 - - [16/Aug/2026:13:46:58 +0100] "GET /assets/images/49ef30c52eindex.php?filesrc=//proc/37/net/igmp6&path=//proc/37/net HTTP/1.1" 200 1874 "https://www.pash.pem-web.co.uk/assets/images/49ef30c52eindex.php?path=//proc/37/net" "Mozilla/5.0 AppleWebKit/537.36 (KHTML, like Gecko; compatible; GPTBot/1.4; +https://openai.com/gptbot)"
74.7.241.17 - - [16/Aug/2026:13:46:58 +0100] "GET /e2dbb/?fm=true&path=/proc/35/net/rpc/auth.unix.gid/&rights=flush HTTP/1.1" 200 16838 "https://pash.pem-web.co.uk/e2dbb/?fm=true&path=/proc/35/net/rpc/auth.unix.gid" "Mozilla/5.0 AppleWebKit/537.36 (KHTML, like Gecko; compatible; GPTBot/1.4; +https://openai.com/gptbot)"
74.7.227.149 - - [16/Aug/2026:13:47:00 +0100] "GET /assets/images/49ef30c52eindex.php?filesrc=//proc/11/net/rt6_stats&path=//proc/11/net HTTP/1.1" 200 1558 "https://www.pash.pem-web.co.uk/assets/images/49ef30c52eindex.php?path=//proc/11/net" "Mozilla/5.0 AppleWebKit/537.36 (KHTML, like Gecko; compatible; GPTBot/1.4; +https://openai.com/gptbot)"
74.7.241.17 - - [16/Aug/2026:13:47:01 +0100] "GET /e2dbb/?fm=true&path=/proc/14/net/rpc/auth.unix.gid/&rights=flush HTTP/1.1" 200 16838 "https://pash.pem-web.co.uk/e2dbb/?fm=true&path=/proc/14/net/rpc/auth.unix.gid" "Mozilla/5.0 AppleWebKit/537.36 (KHTML, like Gecko; compatible; GPTBot/1.4; +https://openai.com/gptbot)"
74.7.227.149 - - [16/Aug/2026:13:47:02 +0100] "GET /assets/images/49ef30c52eindex.php?filesrc=//proc/11/net/snmp6&path=//proc/11/net HTTP/1.1" 200 4771 "https://www.pash.pem-web.co.uk/assets/images/49ef30c52eindex.php?path=//proc/11/net" "Mozilla/5.0 AppleWebKit/537.36 (KHTML, like Gecko; compatible; GPTBot/1.4; +https://openai.com/gptbot)"
74.7.241.17 - - [16/Aug/2026:13:47:03 +0100] "GET /e2dbb/?fm=true&path=/proc/16/net/rpc/auth.unix.gid/&rights=flush HTTP/1.1" 200 16838 "https://pash.pem-web.co.uk/e2dbb/?fm=true&path=/proc/16/net/rpc/auth.unix.gid" "Mozilla/5.0 AppleWebKit/537.36 (KHTML, like Gecko; compatible; GPTBot/1.4; +https://openai.com/gptbot)"
74.7.227.149 - - [16/Aug/2026:13:47:05 +0100] "GET /assets/images/49ef30c52eindex.php?filesrc=//proc/37/net/udplite6&path=//proc/37/net HTTP/1.1" 200 1688 "https://www.pash.pem-web.co.uk/assets/images/49ef30c52eindex.php?path=//proc/37/net" "Mozilla/5.0 AppleWebKit/537.36 (KHTML, like Gecko; compatible; GPTBot/1.4; +https://openai.com/gptbot)"
74.7.241.17 - - [16/Aug/2026:13:47:06 +0100] "GET /e2dbb/?edit=channel&fm=true&path=/proc/10/net/rpc/auth.unix.gid/ HTTP/1.1" 200 17598 "https://pash.pem-web.co.uk/e2dbb/?fm=true&path=/proc/10/net/rpc/auth.unix.gid" "Mozilla/5.0 AppleWebKit/537.36 (KHTML, like Gecko; compatible; GPTBot/1.4; +https://openai.com/gptbot)"
74.7.227.149 - - [16/Aug/2026:13:47:07 +0100] "GET /assets/images/49ef30c52eindex.php?filesrc=//proc/11/net/anycast6&path=//proc/11/net HTTP/1.1" 200 1522 "https://www.pash.pem-web.co.uk/assets/images/49ef30c52eindex.php?path=//proc/11/net" "Mozilla/5.0 AppleWebKit/537.36 (KHTML, like Gecko; compatible; GPTBot/1.4; +https://openai.com/gptbot)"
74.7.241.17 - - [16/Aug/2026:13:47:08 +0100] "GET /e2dbb/?fm=true&path=/proc/51/net/rpc/auth.unix.gid/&rights=flush HTTP/1.1" 200 16838 "https://pash.pem-web.co.uk/e2dbb/?fm=true&path=/proc/51/net/rpc/auth.unix.gid" "Mozilla/5.0 AppleWebKit/537.36 (KHTML, like Gecko; compatible; GPTBot/1.4; +https://openai.com/gptbot)"
74.7.227.149 - - [16/Aug/2026:13:47:09 +0100] "GET /assets/images/49ef30c52eindex.php?filesrc=//proc/37/net/mcfilter6&path=//proc/37/net HTTP/1.1" 200 1614 "https://www.pash.pem-web.co.uk/assets/images/49ef30c52eindex.php?path=//proc/37/net" "Mozilla/5.0 AppleWebKit/537.36 (KHTML, like Gecko; compatible; GPTBot/1.4; +https://openai.com/gptbot)"
74.7.241.17 - - [16/Aug/2026:13:47:11 +0100] "GET /e2dbb/?fm=true&path=/proc/10/net/rpc/auth.unix.gid/&rights=flush HTTP/1.1" 200 16838 "https://pash.pem-web.co.uk/e2dbb/?fm=true&path=/proc/10/net/rpc/auth.unix.gid" "Mozilla/5.0 AppleWebKit/537.36 (KHTML, like Gecko; compatible; GPTBot/1.4; +https://openai.com/gptbot)"
74.7.227.149 - - [16/Aug/2026:13:47:12 +0100] "GET /assets/images/49ef30c52eindex.php?filesrc=//proc/11/net/udplite6&path=//proc/11/net HTTP/1.1" 200 1688 "https://www.pash.pem-web.co.uk/assets/images/49ef30c52eindex.php?path=//proc/11/net" "Mozilla/5.0 AppleWebKit/537.36 (KHTML, like Gecko; compatible; GPTBot/1.4; +https://openai.com/gptbot)"
74.7.241.17 - - [16/Aug/2026:13:47:13 +0100] "GET /e2dbb/?edit=flush&fm=true&path=/proc/51/net/rpc/auth.unix.gid/ HTTP/1.1" 200 17594 "https://pash.pem-web.co.uk/e2dbb/?fm=true&path=/proc/51/net/rpc/auth.unix.gid" "Mozilla/5.0 AppleWebKit/537.36 (KHTML, like Gecko; compatible; GPTBot/1.4; +https://openai.com/gptbot)"
74.7.227.149 - - [16/Aug/2026:13:47:14 +0100] "GET /assets/images/49ef30c52eindex.php?filesrc=//proc/37/net/anycast6&path=//proc/37/net HTTP/1.1" 200 1522 "https://www.pash.pem-web.co.uk/assets/images/49ef30c52eindex.php?path=//proc/37/net" "Mozilla/5.0 AppleWebKit/537.36 (KHTML, like Gecko; compatible; GPTBot/1.4; +https://openai.com/gptbot)"
74.7.241.17 - - [16/Aug/2026:13:47:16 +0100] "GET /e2dbb/?edit=flush&fm=true&path=/proc/38/net/rpc/auth.unix.gid/ HTTP/1.1" 200 17594 "https://pash.pem-web.co.uk/e2dbb/?fm=true&path=/proc/38/net/rpc/auth.unix.gid" "Mozilla/5.0 AppleWebKit/537.36 (KHTML, like Gecko; compatible; GPTBot/1.4; +https://openai.com/gptbot)"
74.7.227.149 - - [16/Aug/2026:13:47:17 +0100] "GET /assets/images/49ef30c52eindex.php?filesrc=//proc/11/net/udp6&path=//proc/11/net HTTP/1.1" 200 2022 "https://www.pash.pem-web.co.uk/assets/images/49ef30c52eindex.php?path=//proc/11/net" "Mozilla/5.0 AppleWebKit/537.36 (KHTML, like Gecko; compatible; GPTBot/1.4; +https://openai.com/gptbot)"
74.7.241.17 - - [16/Aug/2026:13:47:18 +0100] "GET /e2dbb/?edit=flush&fm=true&path=/proc/35/net/rpc/auth.unix.gid/ HTTP/1.1" 200 17594 "https://pash.pem-web.co.uk/e2dbb/?fm=true&path=/proc/35/net/rpc/auth.unix.gid" "Mozilla/5.0 AppleWebKit/537.36 (KHTML, like Gecko; compatible; GPTBot/1.4; +https://openai.com/gptbot)"
74.7.227.149 - - [16/Aug/2026:13:47:19 +0100] "GET /assets/images/49ef30c52eindex.php?filesrc=//proc/11/net/tcp6&path=//proc/11/net HTTP/1.1" 200 4924 "https://www.pash.pem-web.co.uk/assets/images/49ef30c52eindex.php?path=//proc/11/net" "Mozilla/5.0 AppleWebKit/537.36 (KHTML, like Gecko; compatible; GPTBot/1.4; +https://openai.com/gptbot)"
74.7.241.17 - - [16/Aug/2026:13:47:21 +0100] "GET /e2dbb/?edit=flush&fm=true&path=/proc/74/net/rpc/auth.unix.gid/ HTTP/1.1" 200 17594 "https://pash.pem-web.co.uk/e2dbb/?fm=true&path=/proc/74/net/rpc/auth.unix.gid" "Mozilla/5.0 AppleWebKit/537.36 (KHTML, like Gecko; compatible; GPTBot/1.4; +https://openai.com/gptbot)"
74.7.227.149 - - [16/Aug/2026:13:47:21 +0100] "GET /assets/images/49ef30c52eindex.php?filesrc=//proc/37/net/tcp6&path=//proc/37/net HTTP/1.1" 200 4924 "https://www.pash.pem-web.co.uk/assets/images/49ef30c52eindex.php?path=//proc/37/net" "Mozilla/5.0 AppleWebKit/537.36 (KHTML, like Gecko; compatible; GPTBot/1.4; +https://openai.com/gptbot)"
74.7.241.17 - - [16/Aug/2026:13:47:23 +0100] "GET /e2dbb/?edit=flush&fm=true&path=/proc/19/net/rpc/auth.unix.gid/ HTTP/1.1" 200 17594 "https://pash.pem-web.co.uk/e2dbb/?fm=true&path=/proc/19/net/rpc/auth.unix.gid" "Mozilla/5.0 AppleWebKit/537.36 (KHTML, like Gecko; compatible; GPTBot/1.4; +https://openai.com/gptbot)"
74.7.227.149 - - [16/Aug/2026:13:47:24 +0100] "GET /assets/images/49ef30c52eindex.php?filesrc=//proc/11/net/raw6&path=//proc/11/net HTTP/1.1" 200 1684 "https://www.pash.pem-web.co.uk/assets/images/49ef30c52eindex.php?path=//proc/11/net" "Mozilla/5.0 AppleWebKit/537.36 (KHTML, like Gecko; compatible; GPTBot/1.4; +https://openai.com/gptbot)"
74.7.241.17 - - [16/Aug/2026:13:47:26 +0100] "GET /e2dbb/?edit=flush&fm=true&path=/proc/14/net/rpc/auth.unix.gid/ HTTP/1.1" 200 17594 "https://pash.pem-web.co.uk/e2dbb/?fm=true&path=/proc/14/net/rpc/auth.unix.gid" "Mozilla/5.0 AppleWebKit/537.36 (KHTML, like Gecko; compatible; GPTBot/1.4; +https://openai.com/gptbot)"
74.7.227.149 - - [16/Aug/2026:13:47:26 +0100] "GET /assets/images/49ef30c52eindex.php?filesrc=//proc/37/net/udp6&path=//proc/37/net HTTP/1.1" 200 2022 "https://www.pash.pem-web.co.uk/assets/images/49ef30c52eindex.php?path=//proc/37/net" "Mozilla/5.0 AppleWebKit/537.36 (KHTML, like Gecko; compatible; GPTBot/1.4; +https://openai.com/gptbot)"
74.7.241.17 - - [16/Aug/2026:13:47:28 +0100] "GET /e2dbb/?edit=flush&fm=true&path=/proc/13/net/rpc/auth.unix.gid/ HTTP/1.1" 200 17594 "https://pash.pem-web.co.uk/e2dbb/?fm=true&path=/proc/13/net/rpc/auth.unix.gid" "Mozilla/5.0 AppleWebKit/537.36 (KHTML, like Gecko; compatible; GPTBot/1.4; +https://openai.com/gptbot)"
74.7.227.149 - - [16/Aug/2026:13:47:29 +0100] "GET /assets/images/49ef30c52eindex.php?filesrc=//proc/37/net/raw6&path=//proc/37/net HTTP/1.1" 200 1684 "https://www.pash.pem-web.co.uk/assets/images/49ef30c52eindex.php?path=//proc/37/net" "Mozilla/5.0 AppleWebKit/537.36 (KHTML, like Gecko; compatible; GPTBot/1.4; +https://openai.com/gptbot)"
54.85.7.119 - - [16/Aug/2026:13:47:29 +0100] "GET /e2dbb/?fm=true&path=/home/pemwebco/pash.pem-web.co.uk/dhaibtq HTTP/1.1" 200 22428 "-" "Mozilla/5.0 AppleWebKit/537.36 (KHTML, like Gecko; compatible; Amazonbot/0.1; +https://developer.amazon.com/support/amazonbot) Chrome/119.0.6045.214 Safari/537.36"
74.7.241.17 - - [16/Aug/2026:13:47:31 +0100] "GET /e2dbb/?edit=flush&fm=true&path=/proc/16/net/rpc/auth.unix.gid/ HTTP/1.1" 200 17594 "https://pash.pem-web.co.uk/e2dbb/?fm=true&path=/proc/16/net/rpc/auth.unix.gid" "Mozilla/5.0 AppleWebKit/537.36 (KHTML, like Gecko; compatible; GPTBot/1.4; +https://openai.com/gptbot)"
74.7.227.149 - - [16/Aug/2026:13:47:31 +0100] "GET /assets/images/49ef30c52eindex.php?filesrc=//proc/37/net/ip6_mr_vif&path=//proc/37/net HTTP/1.1" 200 1579 "https://www.pash.pem-web.co.uk/assets/images/49ef30c52eindex.php?path=//proc/37/net" "Mozilla/5.0 AppleWebKit/537.36 (KHTML, like Gecko; compatible; GPTBot/1.4; +https://openai.com/gptbot)"
74.7.241.17 - - [16/Aug/2026:13:47:33 +0100] "GET /e2dbb/?edit=flush&fm=true&path=/proc/43/net/rpc/auth.unix.gid/ HTTP/1.1" 200 17594 "https://pash.pem-web.co.uk/e2dbb/?fm=true&path=/proc/43/net/rpc/auth.unix.gid" "Mozilla/5.0 AppleWebKit/537.36 (KHTML, like Gecko; compatible; GPTBot/1.4; +https://openai.com/gptbot)"
74.7.227.149 - - [16/Aug/2026:13:47:33 +0100] "GET /assets/images/49ef30c52eindex.php?filesrc=//proc/37/net/ipv6_route&path=//proc/37/net HTTP/1.1" 200 3924 "https://www.pash.pem-web.co.uk/assets/images/49ef30c52eindex.php?path=//proc/37/net" "Mozilla/5.0 AppleWebKit/537.36 (KHTML, like Gecko; compatible; GPTBot/1.4; +https://openai.com/gptbot)"
44.221.227.90 - - [16/Aug/2026:13:47:33 +0100] "GET /e2dbb/?download=L2hvbWUvcGVtd2ViY28vcGFzaC5wZW0td2ViLmNvLnVrL2UyZGJiL2thY3RwcmIudGFy HTTP/1.1" 200 3 "-" "Mozilla/5.0 AppleWebKit/537.36 (KHTML, like Gecko; compatible; Amazonbot/0.1; +https://developer.amazon.com/support/amazonbot) Chrome/119.0.6045.214 Safari/537.36"
74.7.241.17 - - [16/Aug/2026:13:47:35 +0100] "GET /e2dbb/?edit=flush&fm=true&path=/proc/10/net/rpc/auth.unix.gid/ HTTP/1.1" 200 17594 "https://pash.pem-web.co.uk/e2dbb/?fm=true&path=/proc/10/net/rpc/auth.unix.gid" "Mozilla/5.0 AppleWebKit/537.36 (KHTML, like Gecko; compatible; GPTBot/1.4; +https://openai.com/gptbot)"
74.7.227.149 - - [16/Aug/2026:13:47:36 +0100] "GET /assets/images/49ef30c52eindex.php?filesrc=//proc/11/net/ip6_mr_vif&path=//proc/11/net HTTP/1.1" 200 1579 "https://www.pash.pem-web.co.uk/assets/images/49ef30c52eindex.php?path=//proc/11/net" "Mozilla/5.0 AppleWebKit/537.36 (KHTML, like Gecko; compatible; GPTBot/1.4; +https://openai.com/gptbot)"
52.0.63.151 - - [16/Aug/2026:13:47:37 +0100] "GET /e2dbb/?download=L2hvbWUvcGVtd2ViY28vcGFzaC5wZW0td2ViLmNvLnVrL2UyZGJiL3Zyc2plMXUudGFyLmd6 HTTP/1.1" 200 3 "-" "Mozilla/5.0 AppleWebKit/537.36 (KHTML, like Gecko; compatible; Amazonbot/0.1; +https://developer.amazon.com/support/amazonbot) Chrome/119.0.6045.214 Safari/537.36"
74.7.241.17 - - [16/Aug/2026:13:47:38 +0100] "GET /e2dbb/?edit=flush&fm=true&path=/proc/31/net/rpc/auth.unix.gid/ HTTP/1.1" 200 17594 "https://pash.pem-web.co.uk/e2dbb/?fm=true&path=/proc/31/net/rpc/auth.unix.gid" "Mozilla/5.0 AppleWebKit/537.36 (KHTML, like Gecko; compatible; GPTBot/1.4; +https://openai.com/gptbot)"
74.7.227.149 - - [16/Aug/2026:13:47:38 +0100] "GET /assets/images/49ef30c52eindex.php?filesrc=//proc/11/net/ipv6_route&path=//proc/11/net HTTP/1.1" 200 3924 "https://www.pash.pem-web.co.uk/assets/images/49ef30c52eindex.php?path=//proc/11/net" "Mozilla/5.0 AppleWebKit/537.36 (KHTML, like Gecko; compatible; GPTBot/1.4; +https://openai.com/gptbot)"
74.7.241.17 - - [16/Aug/2026:13:47:40 +0100] "GET /e2dbb/?fm=true&path=/proc/14/net/rpc/auth.unix.gid/&rename=flush HTTP/1.1" 200 16845 "https://pash.pem-web.co.uk/e2dbb/?fm=true&path=/proc/14/net/rpc/auth.unix.gid" "Mozilla/5.0 AppleWebKit/537.36 (KHTML, like Gecko; compatible; GPTBot/1.4; +https://openai.com/gptbot)"
74.7.227.149 - - [16/Aug/2026:13:47:40 +0100] "GET /assets/images/49ef30c52eindex.php?filesrc=//proc/11/net/ip6_flowlabel&path=//proc/11/net HTTP/1.1" 200 1602 "https://www.pash.pem-web.co.uk/assets/images/49ef30c52eindex.php?path=//proc/11/net" "Mozilla/5.0 AppleWebKit/537.36 (KHTML, like Gecko; compatible; GPTBot/1.4; +https://openai.com/gptbot)"
98.83.94.113 - - [16/Aug/2026:13:47:42 +0100] "GET /e2dbb/?download=L2hvbWUvcGVtd2ViY28vcGFzaC5wZW0td2ViLmNvLnVrL2UyZGJiL3dxbm9jenIudGFyLmd6 HTTP/1.1" 200 3 "-" "Mozilla/5.0 AppleWebKit/537.36 (KHTML, like Gecko; compatible; Amazonbot/0.1; +https://developer.amazon.com/support/amazonbot) Chrome/119.0.6045.214 Safari/537.36"
74.7.241.17 - - [16/Aug/2026:13:47:43 +0100] "GET /e2dbb/?fm=true&path=/proc/13/net/rpc/auth.unix.gid/&rename=flush HTTP/1.1" 200 16845 "https://pash.pem-web.co.uk/e2dbb/?fm=true&path=/proc/13/net/rpc/auth.unix.gid" "Mozilla/5.0 AppleWebKit/537.36 (KHTML, like Gecko; compatible; GPTBot/1.4; +https://openai.com/gptbot)"
74.7.227.149 - - [16/Aug/2026:13:47:43 +0100] "GET /assets/images/49ef30c52eindex.php?filesrc=//proc/37/net/ip6_flowlabel&path=//proc/37/net HTTP/1.1" 200 1602 "https://www.pash.pem-web.co.uk/assets/images/49ef30c52eindex.php?path=//proc/37/net" "Mozilla/5.0 AppleWebKit/537.36 (KHTML, like Gecko; compatible; GPTBot/1.4; +https://openai.com/gptbot)"
74.7.241.17 - - [16/Aug/2026:13:47:45 +0100] "GET /e2dbb/?fm=true&path=/proc/43/net/rpc/auth.unix.gid/&rename=flush HTTP/1.1" 200 16845 "https://pash.pem-web.co.uk/e2dbb/?fm=true&path=/proc/43/net/rpc/auth.unix.gid" "Mozilla/5.0 AppleWebKit/537.36 (KHTML, like Gecko; compatible; GPTBot/1.4; +https://openai.com/gptbot)"
74.7.227.149 - - [16/Aug/2026:13:47:45 +0100] "GET /assets/images/49ef30c52eindex.php?filesrc=//proc/37/net/dev&path=//proc/37/net HTTP/1.1" 200 1990 "https://www.pash.pem-web.co.uk/assets/images/49ef30c52eindex.php?path=//proc/37/net" "Mozilla/5.0 AppleWebKit/537.36 (KHTML, like Gecko; compatible; GPTBot/1.4; +https://openai.com/gptbot)"
44.218.6.93 - - [16/Aug/2026:13:47:47 +0100] "GET /e2dbb/?download=L2hvbWUvcGVtd2ViY28vcGFzaC5wZW0td2ViLmNvLnVrL2UyZGJiL2dqeXp2cmYudGFy HTTP/1.1" 200 3 "-" "Mozilla/5.0 AppleWebKit/537.36 (KHTML, like Gecko; compatible; Amazonbot/0.1; +https://developer.amazon.com/support/amazonbot) Chrome/119.0.6045.214 Safari/537.36"
74.7.227.149 - - [16/Aug/2026:13:47:47 +0100] "GET /assets/images/49ef30c52eindex.php?filesrc=//proc/11/net/dev&path=//proc/11/net HTTP/1.1" 200 1990 "https://www.pash.pem-web.co.uk/assets/images/49ef30c52eindex.php?path=//proc/11/net" "Mozilla/5.0 AppleWebKit/537.36 (KHTML, like Gecko; compatible; GPTBot/1.4; +https://openai.com/gptbot)"
74.7.241.17 - - [16/Aug/2026:13:47:47 +0100] "GET /e2dbb/?fm=true&path=/proc/16/net/rpc/auth.unix.gid/&rename=flush HTTP/1.1" 200 16845 "https://pash.pem-web.co.uk/e2dbb/?fm=true&path=/proc/16/net/rpc/auth.unix.gid" "Mozilla/5.0 AppleWebKit/537.36 (KHTML, like Gecko; compatible; GPTBot/1.4; +https://openai.com/gptbot)"
74.7.227.149 - - [16/Aug/2026:13:47:50 +0100] "GET /assets/images/49ef30c52eindex.php?path=//proc/11/net/netfilter HTTP/1.1" 200 2552 "https://www.pash.pem-web.co.uk/assets/images/49ef30c52eindex.php?path=//proc/11/net" "Mozilla/5.0 AppleWebKit/537.36 (KHTML, like Gecko; compatible; GPTBot/1.4; +https://openai.com/gptbot)"
50.19.102.70 - - [16/Aug/2026:13:47:50 +0100] "GET /e2dbb/?fm=true&path=/home/pemwebco/pash.pem-web.co.uk/&rights=gtxzdfh HTTP/1.1" 200 16925 "-" "Mozilla/5.0 AppleWebKit/537.36 (KHTML, like Gecko; compatible; Amazonbot/0.1; +https://developer.amazon.com/support/amazonbot) Chrome/119.0.6045.214 Safari/537.36"
74.7.241.17 - - [16/Aug/2026:13:47:50 +0100] "GET /e2dbb/?edit=channel&fm=true&path=/proc/19/net/rpc/auth.unix.gid/ HTTP/1.1" 200 17598 "https://pash.pem-web.co.uk/e2dbb/?fm=true&path=/proc/19/net/rpc/auth.unix.gid" "Mozilla/5.0 AppleWebKit/537.36 (KHTML, like Gecko; compatible; GPTBot/1.4; +https://openai.com/gptbot)"
74.7.227.149 - - [16/Aug/2026:13:47:52 +0100] "GET /assets/images/49ef30c52eindex.php?path=//proc/37/net/netfilter HTTP/1.1" 200 2552 "https://www.pash.pem-web.co.uk/assets/images/49ef30c52eindex.php?path=//proc/37/net" "Mozilla/5.0 AppleWebKit/537.36 (KHTML, like Gecko; compatible; GPTBot/1.4; +https://openai.com/gptbot)"
74.7.241.17 - - [16/Aug/2026:13:47:52 +0100] "GET /e2dbb/?edit=channel&fm=true&path=/proc/74/net/rpc/auth.unix.gid/ HTTP/1.1" 200 17598 "https://pash.pem-web.co.uk/e2dbb/?fm=true&path=/proc/74/net/rpc/auth.unix.gid" "Mozilla/5.0 AppleWebKit/537.36 (KHTML, like Gecko; compatible; GPTBot/1.4; +https://openai.com/gptbot)"
54.225.148.123 - - [16/Aug/2026:13:47:53 +0100] "GET /e2dbb/?download=L2hvbWUvcGVtd2ViY28vcGFzaC5wZW0td2ViLmNvLnVrL2UyZGJiL2thY3RwcmIudGFyLmd6 HTTP/1.1" 200 3 "-" "Mozilla/5.0 AppleWebKit/537.36 (KHTML, like Gecko; compatible; Amazonbot/0.1; +https://developer.amazon.com/support/amazonbot) Chrome/119.0.6045.214 Safari/537.36"
74.7.227.149 - - [16/Aug/2026:13:47:55 +0100] "GET /assets/images/49ef30c52eindex.php?filesrc=//proc/38/net/stat/arp_cache&path=//proc/38/net/stat HTTP/1.1" 200 9542 "https://www.pash.pem-web.co.uk/assets/images/49ef30c52eindex.php?path=//proc/38/net/stat" "Mozilla/5.0 AppleWebKit/537.36 (KHTML, like Gecko; compatible; GPTBot/1.4; +https://openai.com/gptbot)"
74.7.241.17 - - [16/Aug/2026:13:47:55 +0100] "GET /e2dbb/?edit=channel&fm=true&path=/proc/16/net/rpc/auth.unix.gid/ HTTP/1.1" 200 17598 "https://pash.pem-web.co.uk/e2dbb/?fm=true&path=/proc/16/net/rpc/auth.unix.gid" "Mozilla/5.0 AppleWebKit/537.36 (KHTML, like Gecko; compatible; GPTBot/1.4; +https://openai.com/gptbot)"
74.7.227.149 - - [16/Aug/2026:13:47:57 +0100] "GET /assets/images/49ef30c52eindex.php?filesrc=//proc/19/net/stat/arp_cache&path=//proc/19/net/stat HTTP/1.1" 200 9542 "https://www.pash.pem-web.co.uk/assets/images/49ef30c52eindex.php?path=//proc/19/net/stat" "Mozilla/5.0 AppleWebKit/537.36 (KHTML, like Gecko; compatible; GPTBot/1.4; +https://openai.com/gptbot)"
74.7.241.17 - - [16/Aug/2026:13:47:57 +0100] "GET /e2dbb/?edit=channel&fm=true&path=/proc/38/net/rpc/auth.unix.gid/ HTTP/1.1" 200 17598 "https://pash.pem-web.co.uk/e2dbb/?fm=true&path=/proc/38/net/rpc/auth.unix.gid" "Mozilla/5.0 AppleWebKit/537.36 (KHTML, like Gecko; compatible; GPTBot/1.4; +https://openai.com/gptbot)"
35.173.18.61 - - [16/Aug/2026:13:47:57 +0100] "GET /e2dbb/?fm=true&path=/home/pemwebco/pash.pem-web.co.uk/e2dbb/&rename=klhyxvj.tar.gz HTTP/1.1" 200 16890 "-" "Mozilla/5.0 AppleWebKit/537.36 (KHTML, like Gecko; compatible; Amazonbot/0.1; +https://developer.amazon.com/support/amazonbot) Chrome/119.0.6045.214 Safari/537.36"
74.7.227.149 - - [16/Aug/2026:13:47:59 +0100] "GET /assets/images/49ef30c52eindex.php?filesrc=//proc/19/net/stat/rt_cache&path=//proc/19/net/stat HTTP/1.1" 200 11760 "https://www.pash.pem-web.co.uk/assets/images/49ef30c52eindex.php?path=//proc/19/net/stat" "Mozilla/5.0 AppleWebKit/537.36 (KHTML, like Gecko; compatible; GPTBot/1.4; +https://openai.com/gptbot)"
74.7.241.17 - - [16/Aug/2026:13:48:00 +0100] "GET /e2dbb/?edit=channel&fm=true&path=/proc/14/net/rpc/auth.unix.gid/ HTTP/1.1" 200 17598 "https://pash.pem-web.co.uk/e2dbb/?fm=true&path=/proc/14/net/rpc/auth.unix.gid" "Mozilla/5.0 AppleWebKit/537.36 (KHTML, like Gecko; compatible; GPTBot/1.4; +https://openai.com/gptbot)"
74.7.227.149 - - [16/Aug/2026:13:48:01 +0100] "GET /assets/images/49ef30c52eindex.php?filesrc=//proc/38/net/stat/rt_cache&path=//proc/38/net/stat HTTP/1.1" 200 11760 "https://www.pash.pem-web.co.uk/assets/images/49ef30c52eindex.php?path=//proc/38/net/stat" "Mozilla/5.0 AppleWebKit/537.36 (KHTML, like Gecko; compatible; GPTBot/1.4; +https://openai.com/gptbot)"
3.226.34.98 - - [16/Aug/2026:13:48:02 +0100] "GET /e2dbb/?fm=true&path=/home/pemwebco/pash.pem-web.co.uk/fuxivjn HTTP/1.1" 200 22428 "-" "Mozilla/5.0 AppleWebKit/537.36 (KHTML, like Gecko; compatible; Amazonbot/0.1; +https://developer.amazon.com/support/amazonbot) Chrome/119.0.6045.214 Safari/537.36"
74.7.241.17 - - [16/Aug/2026:13:48:02 +0100] "GET /e2dbb/?fm=true&path=/proc/19/net/rpc/auth.unix.gid/&rename=flush HTTP/1.1" 200 16845 "https://pash.pem-web.co.uk/e2dbb/?fm=true&path=/proc/19/net/rpc/auth.unix.gid" "Mozilla/5.0 AppleWebKit/537.36 (KHTML, like Gecko; compatible; GPTBot/1.4; +https://openai.com/gptbot)"
74.7.227.149 - - [16/Aug/2026:13:48:04 +0100] "GET /assets/images/49ef30c52eindex.php?filesrc=//proc/19/net/stat/ndisc_cache&path=//proc/19/net/stat HTTP/1.1" 200 9544 "https://www.pash.pem-web.co.uk/assets/images/49ef30c52eindex.php?path=//proc/19/net/stat" "Mozilla/5.0 AppleWebKit/537.36 (KHTML, like Gecko; compatible; GPTBot/1.4; +https://openai.com/gptbot)"
74.7.241.17 - - [16/Aug/2026:13:48:05 +0100] "GET /e2dbb/?edit=channel&fm=true&path=/proc/13/net/rpc/auth.unix.gid/ HTTP/1.1" 200 17598 "https://pash.pem-web.co.uk/e2dbb/?fm=true&path=/proc/13/net/rpc/auth.unix.gid" "Mozilla/5.0 AppleWebKit/537.36 (KHTML, like Gecko; compatible; GPTBot/1.4; +https://openai.com/gptbot)"
54.225.81.20 - - [16/Aug/2026:13:48:06 +0100] "GET /e2dbb/?fm=true&path=/home/pemwebco/pash.pem-web.co.uk/e2dbb/&rename=wdjacsr.tar.gz HTTP/1.1" 200 16890 "-" "Mozilla/5.0 AppleWebKit/537.36 (KHTML, like Gecko; compatible; Amazonbot/0.1; +https://developer.amazon.com/support/amazonbot) Chrome/119.0.6045.214 Safari/537.36"
74.7.227.149 - - [16/Aug/2026:13:48:06 +0100] "GET /assets/images/49ef30c52eindex.php?filesrc=//proc/38/net/stat/ndisc_cache&path=//proc/38/net/stat HTTP/1.1" 200 9544 "https://www.pash.pem-web.co.uk/assets/images/49ef30c52eindex.php?path=//proc/38/net/stat" "Mozilla/5.0 AppleWebKit/537.36 (KHTML, like Gecko; compatible; GPTBot/1.4; +https://openai.com/gptbot)"
74.7.241.17 - - [16/Aug/2026:13:48:07 +0100] "GET /e2dbb/?fm=true&path=/proc/10/net/rpc/auth.unix.gid/&rename=flush HTTP/1.1" 200 16845 "https://pash.pem-web.co.uk/e2dbb/?fm=true&path=/proc/10/net/rpc/auth.unix.gid" "Mozilla/5.0 AppleWebKit/537.36 (KHTML, like Gecko; compatible; GPTBot/1.4; +https://openai.com/gptbot)"
74.7.227.149 - - [16/Aug/2026:13:48:09 +0100] "GET /assets/images/49ef30c52eindex.php?path=//proc/37/net/stat HTTP/1.1" 200 4647 "https://www.pash.pem-web.co.uk/assets/images/49ef30c52eindex.php?path=//proc/37/net" "Mozilla/5.0 AppleWebKit/537.36 (KHTML, like Gecko; compatible; GPTBot/1.4; +https://openai.com/gptbot)"
74.7.241.17 - - [16/Aug/2026:13:48:10 +0100] "GET /e2dbb/?fm=true&path=/proc/31/net/rpc/auth.unix.gid/&rename=flush HTTP/1.1" 200 16845 "https://pash.pem-web.co.uk/e2dbb/?fm=true&path=/proc/31/net/rpc/auth.unix.gid" "Mozilla/5.0 AppleWebKit/537.36 (KHTML, like Gecko; compatible; GPTBot/1.4; +https://openai.com/gptbot)"
3.211.181.86 - - [16/Aug/2026:13:48:09 +0100] "GET /e2dbb/?fm=true&path=/home/pemwebco/pash.pem-web.co.uk/pfxuvde HTTP/1.1" 200 22428 "-" "Mozilla/5.0 AppleWebKit/537.36 (KHTML, like Gecko; compatible; Amazonbot/0.1; +https://developer.amazon.com/support/amazonbot) Chrome/119.0.6045.214 Safari/537.36"
74.7.227.149 - - [16/Aug/2026:13:48:11 +0100] "GET /assets/images/49ef30c52eindex.php?path=//proc/11/net/stat HTTP/1.1" 200 4647 "https://www.pash.pem-web.co.uk/assets/images/49ef30c52eindex.php?path=//proc/11/net" "Mozilla/5.0 AppleWebKit/537.36 (KHTML, like Gecko; compatible; GPTBot/1.4; +https://openai.com/gptbot)"
74.7.241.17 - - [16/Aug/2026:13:48:12 +0100] "GET /e2dbb/?edit=channel&fm=true&path=/proc/51/net/rpc/auth.unix.gid/ HTTP/1.1" 200 17598 "https://pash.pem-web.co.uk/e2dbb/?fm=true&path=/proc/51/net/rpc/auth.unix.gid" "Mozilla/5.0 AppleWebKit/537.36 (KHTML, like Gecko; compatible; GPTBot/1.4; +https://openai.com/gptbot)"
34.225.138.57 - - [16/Aug/2026:13:48:13 +0100] "GET /e2dbb/?download=L2hvbWUvcGVtd2ViY28vcGFzaC5wZW0td2ViLmNvLnVrL2UyZGJiL3VjZXh5bmIudGFyLmd6 HTTP/1.1" 200 3 "-" "Mozilla/5.0 AppleWebKit/537.36 (KHTML, like Gecko; compatible; Amazonbot/0.1; +https://developer.amazon.com/support/amazonbot) Chrome/119.0.6045.214 Safari/537.36"
74.7.227.149 - - [16/Aug/2026:13:48:13 +0100] "GET /assets/images/49ef30c52eindex.php?path=//proc/14/net/stat HTTP/1.1" 200 4647 "https://www.pash.pem-web.co.uk/assets/images/49ef30c52eindex.php?path=//proc/14/net" "Mozilla/5.0 AppleWebKit/537.36 (KHTML, like Gecko; compatible; GPTBot/1.4; +https://openai.com/gptbot)"
74.7.241.17 - - [16/Aug/2026:13:48:15 +0100] "GET /e2dbb/?edit=channel&fm=true&path=/proc/31/net/rpc/auth.unix.gid/ HTTP/1.1" 200 17598 "https://pash.pem-web.co.uk/e2dbb/?fm=true&path=/proc/31/net/rpc/auth.unix.gid" "Mozilla/5.0 AppleWebKit/537.36 (KHTML, like Gecko; compatible; GPTBot/1.4; +https://openai.com/gptbot)"
74.7.227.149 - - [16/Aug/2026:13:48:16 +0100] "GET /assets/images/49ef30c52eindex.php?filesrc=//proc/11/net/netfilter/nf_log&path=//proc/11/net/netfilter HTTP/1.1" 200 1823 "https://www.pash.pem-web.co.uk/assets/images/49ef30c52eindex.php?path=//proc/11/net/netfilter" "Mozilla/5.0 AppleWebKit/537.36 (KHTML, like Gecko; compatible; GPTBot/1.4; +https://openai.com/gptbot)"
74.7.241.17 - - [16/Aug/2026:13:48:17 +0100] "GET /e2dbb/?fm=true&path=/proc/38/net/rpc/auth.unix.gid/&rename=flush HTTP/1.1" 200 16845 "https://pash.pem-web.co.uk/e2dbb/?fm=true&path=/proc/38/net/rpc/auth.unix.gid" "Mozilla/5.0 AppleWebKit/537.36 (KHTML, like Gecko; compatible; GPTBot/1.4; +https://openai.com/gptbot)"
34.194.226.74 - - [16/Aug/2026:13:48:18 +0100] "GET /e2dbb/?download=L2hvbWUvcGVtd2ViY28vcGFzaC5wZW0td2ViLmNvLnVrL2UyZGJiL3NjYnd1MXYudGFyLmd6 HTTP/1.1" 200 3 "-" "Mozilla/5.0 AppleWebKit/537.36 (KHTML, like Gecko; compatible; Amazonbot/0.1; +https://developer.amazon.com/support/amazonbot) Chrome/119.0.6045.214 Safari/537.36"
74.7.227.149 - - [16/Aug/2026:13:48:18 +0100] "GET /assets/images/49ef30c52eindex.php?filesrc=//proc/37/net/netfilter/nf_log&path=//proc/37/net/netfilter HTTP/1.1" 200 1823 "https://www.pash.pem-web.co.uk/assets/images/49ef30c52eindex.php?path=//proc/37/net/netfilter" "Mozilla/5.0 AppleWebKit/537.36 (KHTML, like Gecko; compatible; GPTBot/1.4; +https://openai.com/gptbot)"
74.7.241.17 - - [16/Aug/2026:13:48:19 +0100] "GET /e2dbb/?fm=true&path=/proc/35/net/rpc/auth.unix.gid/&rename=flush HTTP/1.1" 200 16845 "https://pash.pem-web.co.uk/e2dbb/?fm=true&path=/proc/35/net/rpc/auth.unix.gid" "Mozilla/5.0 AppleWebKit/537.36 (KHTML, like Gecko; compatible; GPTBot/1.4; +https://openai.com/gptbot)"
74.7.227.149 - - [16/Aug/2026:13:48:21 +0100] "GET /assets/images/49ef30c52eindex.php?path=//proc/15/net/stat HTTP/1.1" 200 4647 "https://www.pash.pem-web.co.uk/assets/images/49ef30c52eindex.php?path=//proc/15/net" "Mozilla/5.0 AppleWebKit/537.36 (KHTML, like Gecko; compatible; GPTBot/1.4; +https://openai.com/gptbot)"
3.213.46.222 - - [16/Aug/2026:13:48:21 +0100] "GET /e2dbb/?fm=true&path=/home/pemwebco/pash.pem-web.co.uk/jtlnrx1 HTTP/1.1" 200 22428 "-" "Mozilla/5.0 AppleWebKit/537.36 (KHTML, like Gecko; compatible; Amazonbot/0.1; +https://developer.amazon.com/support/amazonbot) Chrome/119.0.6045.214 Safari/537.36"
74.7.241.17 - - [16/Aug/2026:13:48:22 +0100] "GET /e2dbb/?edit=channel&fm=true&path=/proc/43/net/rpc/auth.unix.gid/ HTTP/1.1" 200 17598 "https://pash.pem-web.co.uk/e2dbb/?fm=true&path=/proc/43/net/rpc/auth.unix.gid" "Mozilla/5.0 AppleWebKit/537.36 (KHTML, like Gecko; compatible; GPTBot/1.4; +https://openai.com/gptbot)"
74.7.227.149 - - [16/Aug/2026:13:48:23 +0100] "GET /assets/images/49ef30c52eindex.php?path=//proc/48/net/stat HTTP/1.1" 200 4647 "https://www.pash.pem-web.co.uk/assets/images/49ef30c52eindex.php?path=//proc/48/net" "Mozilla/5.0 AppleWebKit/537.36 (KHTML, like Gecko; compatible; GPTBot/1.4; +https://openai.com/gptbot)"
74.7.241.17 - - [16/Aug/2026:13:48:24 +0100] "GET /e2dbb/?fm=true&path=/proc/74/net/rpc/auth.unix.gid/&rename=flush HTTP/1.1" 200 16845 "https://pash.pem-web.co.uk/e2dbb/?fm=true&path=/proc/74/net/rpc/auth.unix.gid" "Mozilla/5.0 AppleWebKit/537.36 (KHTML, like Gecko; compatible; GPTBot/1.4; +https://openai.com/gptbot)"
74.7.227.149 - - [16/Aug/2026:13:48:25 +0100] "GET /assets/images/49ef30c52eindex.php?path=//proc/26/net/stat HTTP/1.1" 200 4647 "https://www.pash.pem-web.co.uk/assets/images/49ef30c52eindex.php?path=//proc/26/net" "Mozilla/5.0 AppleWebKit/537.36 (KHTML, like Gecko; compatible; GPTBot/1.4; +https://openai.com/gptbot)"
100.24.167.60 - - [16/Aug/2026:13:48:26 +0100] "GET /e2dbb/?fm=true&path=/home/pemwebco/pash.pem-web.co.uk/1fcsabv HTTP/1.1" 200 22428 "-" "Mozilla/5.0 AppleWebKit/537.36 (KHTML, like Gecko; compatible; Amazonbot/0.1; +https://developer.amazon.com/support/amazonbot) Chrome/119.0.6045.214 Safari/537.36"
74.7.241.17 - - [16/Aug/2026:13:48:27 +0100] "GET /e2dbb/?edit=channel&fm=true&path=/proc/35/net/rpc/auth.unix.gid/ HTTP/1.1" 200 17598 "https://pash.pem-web.co.uk/e2dbb/?fm=true&path=/proc/35/net/rpc/auth.unix.gid" "Mozilla/5.0 AppleWebKit/537.36 (KHTML, like Gecko; compatible; GPTBot/1.4; +https://openai.com/gptbot)"
74.7.227.149 - - [16/Aug/2026:13:48:28 +0100] "GET /assets/images/49ef30c52eindex.php?path=//proc/21/net/stat HTTP/1.1" 200 4647 "https://www.pash.pem-web.co.uk/assets/images/49ef30c52eindex.php?path=//proc/21/net" "Mozilla/5.0 AppleWebKit/537.36 (KHTML, like Gecko; compatible; GPTBot/1.4; +https://openai.com/gptbot)"
74.7.241.17 - - [16/Aug/2026:13:48:29 +0100] "GET /e2dbb/?fm=true&path=/proc/51/net/rpc/auth.unix.gid/&rename=flush HTTP/1.1" 200 16845 "https://pash.pem-web.co.uk/e2dbb/?fm=true&path=/proc/51/net/rpc/auth.unix.gid" "Mozilla/5.0 AppleWebKit/537.36 (KHTML, like Gecko; compatible; GPTBot/1.4; +https://openai.com/gptbot)"
34.236.41.241 - - [16/Aug/2026:13:48:29 +0100] "GET /e2dbb/?gz=L2hvbWUvcGVtd2ViY28vcGFzaC5wZW0td2ViLmNvLnVrL3NpbWh6bG4%3D HTTP/1.1" 200 13582 "-" "Mozilla/5.0 AppleWebKit/537.36 (KHTML, like Gecko; compatible; Amazonbot/0.1; +https://developer.amazon.com/support/amazonbot) Chrome/119.0.6045.214 Safari/537.36"
74.7.227.149 - - [16/Aug/2026:13:48:30 +0100] "GET /assets/images/49ef30c52eindex.php?path=//proc/38/net/rpc HTTP/1.1" 200 3121 "https://www.pash.pem-web.co.uk/assets/images/49ef30c52eindex.php?path=//proc/38/net" "Mozilla/5.0 AppleWebKit/537.36 (KHTML, like Gecko; compatible; GPTBot/1.4; +https://openai.com/gptbot)"
74.7.241.17 - - [16/Aug/2026:13:48:32 +0100] "GET /e2dbb/?edit=content&fm=true&path=/proc/10/net/rpc/auth.unix.gid/ HTTP/1.1" 200 17598 "https://pash.pem-web.co.uk/e2dbb/?fm=true&path=/proc/10/net/rpc/auth.unix.gid" "Mozilla/5.0 AppleWebKit/537.36 (KHTML, like Gecko; compatible; GPTBot/1.4; +https://openai.com/gptbot)"
74.7.227.149 - - [16/Aug/2026:13:48:33 +0100] "GET /assets/images/49ef30c52eindex.php?path=//proc/37/net/rpc HTTP/1.1" 200 3121 "https://www.pash.pem-web.co.uk/assets/images/49ef30c52eindex.php?path=//proc/37/net" "Mozilla/5.0 AppleWebKit/537.36 (KHTML, like Gecko; compatible; GPTBot/1.4; +https://openai.com/gptbot)"
52.200.58.199 - - [16/Aug/2026:13:48:33 +0100] "GET /e2dbb/?fm=true&path=/home/pemwebco/pash.pem-web.co.uk/clrtgiy HTTP/1.1" 200 22428 "-" "Mozilla/5.0 AppleWebKit/537.36 (KHTML, like Gecko; compatible; Amazonbot/0.1; +https://developer.amazon.com/support/amazonbot) Chrome/119.0.6045.214 Safari/537.36"
74.7.241.17 - - [16/Aug/2026:13:48:34 +0100] "GET /e2dbb/?edit=content&fm=true&path=/proc/51/net/rpc/auth.unix.gid/ HTTP/1.1" 200 17598 "https://pash.pem-web.co.uk/e2dbb/?fm=true&path=/proc/51/net/rpc/auth.unix.gid" "Mozilla/5.0 AppleWebKit/537.36 (KHTML, like Gecko; compatible; GPTBot/1.4; +https://openai.com/gptbot)"
