74.7.227.149 - - [16/Aug/2026:13:06:49 +0100] "GET /assets/images/49ef30c52eindex.php?path=//sys/bus/cpu/devices/cpu1/subsystem/drivers/processor/cpu2/cache HTTP/1.1" 200 6217 "https://www.pash.pem-web.co.uk/assets/images/49ef30c52eindex.php?path=//sys/bus/cpu/devices/cpu1/subsystem/drivers/processor/cpu2" "Mozilla/5.0 AppleWebKit/537.36 (KHTML, like Gecko; compatible; GPTBot/1.4; +https://openai.com/gptbot)"
74.7.241.17 - - [16/Aug/2026:13:06:49 +0100] "GET /e2dbb/?fm=true&path=/proc/31/net/&rights=fib_trie HTTP/1.1" 200 16793 "https://pash.pem-web.co.uk/e2dbb/?fm=true&path=/proc/31/net" "Mozilla/5.0 AppleWebKit/537.36 (KHTML, like Gecko; compatible; GPTBot/1.4; +https://openai.com/gptbot)"
52.3.156.186 - - [16/Aug/2026:13:06:49 +0100] "GET /e2dbb/?fm=true&path=/home/pemwebco/pash.pem-web.co.uk/&rights=ujdyvlq HTTP/1.1" 200 16928 "-" "Mozilla/5.0 AppleWebKit/537.36 (KHTML, like Gecko; compatible; Amazonbot/0.1; +https://developer.amazon.com/support/amazonbot) Chrome/119.0.6045.214 Safari/537.36"
74.7.227.149 - - [16/Aug/2026:13:06:51 +0100] "GET /assets/images/49ef30c52eindex.php?path=//sys/bus/cpu/devices/cpu1/subsystem/drivers/processor/cpu1/cache HTTP/1.1" 200 6217 "https://www.pash.pem-web.co.uk/assets/images/49ef30c52eindex.php?path=//sys/bus/cpu/devices/cpu1/subsystem/drivers/processor/cpu1" "Mozilla/5.0 AppleWebKit/537.36 (KHTML, like Gecko; compatible; GPTBot/1.4; +https://openai.com/gptbot)"
74.7.241.17 - - [16/Aug/2026:13:06:51 +0100] "GET /e2dbb/?fm=true&path=/proc/19/net/&rights=fib_trie HTTP/1.1" 200 16790 "https://pash.pem-web.co.uk/e2dbb/?fm=true&path=/proc/19/net" "Mozilla/5.0 AppleWebKit/537.36 (KHTML, like Gecko; compatible; GPTBot/1.4; +https://openai.com/gptbot)"
74.7.227.149 - - [16/Aug/2026:13:06:53 +0100] "GET /assets/images/49ef30c52eindex.php?path=//sys/bus/cpu/devices/cpu3/subsystem/drivers/processor/cpu1/power HTTP/1.1" 200 7824 "https://www.pash.pem-web.co.uk/assets/images/49ef30c52eindex.php?path=//sys/bus/cpu/devices/cpu3/subsystem/drivers/processor/cpu1" "Mozilla/5.0 AppleWebKit/537.36 (KHTML, like Gecko; compatible; GPTBot/1.4; +https://openai.com/gptbot)"
35.170.205.140 - - [16/Aug/2026:13:06:54 +0100] "GET /e2dbb/?fm=true&path=/home/pemwebco/pash.pem-web.co.uk/&rights=mtasohg HTTP/1.1" 200 16925 "-" "Mozilla/5.0 AppleWebKit/537.36 (KHTML, like Gecko; compatible; Amazonbot/0.1; +https://developer.amazon.com/support/amazonbot) Chrome/119.0.6045.214 Safari/537.36"
74.7.241.17 - - [16/Aug/2026:13:06:54 +0100] "GET /e2dbb/?fm=true&path=/proc/51/net/&rights=rt_cache HTTP/1.1" 200 16790 "https://pash.pem-web.co.uk/e2dbb/?fm=true&path=/proc/51/net" "Mozilla/5.0 AppleWebKit/537.36 (KHTML, like Gecko; compatible; GPTBot/1.4; +https://openai.com/gptbot)"
74.7.227.149 - - [16/Aug/2026:13:06:56 +0100] "GET /assets/images/49ef30c52eindex.php?path=//sys/bus/cpu/devices/cpu2/subsystem/drivers/processor/cpu1/power HTTP/1.1" 200 7824 "https://www.pash.pem-web.co.uk/assets/images/49ef30c52eindex.php?path=//sys/bus/cpu/devices/cpu2/subsystem/drivers/processor/cpu1" "Mozilla/5.0 AppleWebKit/537.36 (KHTML, like Gecko; compatible; GPTBot/1.4; +https://openai.com/gptbot)"
74.7.241.17 - - [16/Aug/2026:13:06:56 +0100] "GET /e2dbb/?fm=true&path=/proc/51/net/&rights=fib_trie HTTP/1.1" 200 16790 "https://pash.pem-web.co.uk/e2dbb/?fm=true&path=/proc/51/net" "Mozilla/5.0 AppleWebKit/537.36 (KHTML, like Gecko; compatible; GPTBot/1.4; +https://openai.com/gptbot)"
100.29.160.53 - - [16/Aug/2026:13:06:58 +0100] "GET /e2dbb/?fm=true&path=/home/pemwebco/pash.pem-web.co.uk/&rights=c2079 HTTP/1.1" 200 16921 "-" "Mozilla/5.0 AppleWebKit/537.36 (KHTML, like Gecko; compatible; Amazonbot/0.1; +https://developer.amazon.com/support/amazonbot) Chrome/119.0.6045.214 Safari/537.36"
74.7.227.149 - - [16/Aug/2026:13:06:59 +0100] "GET /assets/images/49ef30c52eindex.php?filesrc=//sys/bus/cpu/devices/cpu3/subsystem/drivers/processor/cpu2/power/runtime_active_time&path=//sys/bus/cpu/devices/cpu3/subsystem/drivers/processor/cpu2/power HTTP/1.1" 200 2090 "https://www.pash.pem-web.co.uk/assets/images/49ef30c52eindex.php?path=//sys/bus/cpu/devices/cpu3/subsystem/drivers/processor/cpu2/power" "Mozilla/5.0 AppleWebKit/537.36 (KHTML, like Gecko; compatible; GPTBot/1.4; +https://openai.com/gptbot)"
74.7.241.17 - - [16/Aug/2026:13:06:59 +0100] "GET /e2dbb/?fm=true&path=/proc/10/net/&rights=rt_cache HTTP/1.1" 200 16790 "https://pash.pem-web.co.uk/e2dbb/?fm=true&path=/proc/10/net" "Mozilla/5.0 AppleWebKit/537.36 (KHTML, like Gecko; compatible; GPTBot/1.4; +https://openai.com/gptbot)"
74.7.227.149 - - [16/Aug/2026:13:07:01 +0100] "GET /assets/images/49ef30c52eindex.php?path=//sys/bus/cpu/devices/cpu1/subsystem/drivers/processor/cpu3/power HTTP/1.1" 200 7824 "https://www.pash.pem-web.co.uk/assets/images/49ef30c52eindex.php?path=//sys/bus/cpu/devices/cpu1/subsystem/drivers/processor/cpu3" "Mozilla/5.0 AppleWebKit/537.36 (KHTML, like Gecko; compatible; GPTBot/1.4; +https://openai.com/gptbot)"
74.7.241.17 - - [16/Aug/2026:13:07:02 +0100] "GET /e2dbb/?fm=true&path=/proc/31/net/.. HTTP/1.1" 200 72078 "https://pash.pem-web.co.uk/e2dbb/?fm=true&path=/proc/31/net" "Mozilla/5.0 AppleWebKit/537.36 (KHTML, like Gecko; compatible; GPTBot/1.4; +https://openai.com/gptbot)"
34.206.193.60 - - [16/Aug/2026:13:07:02 +0100] "GET /e2dbb/?fm=true&path=/home/pemwebco/pash.pem-web.co.uk/&rights=ibnjohf HTTP/1.1" 200 16925 "-" "Mozilla/5.0 AppleWebKit/537.36 (KHTML, like Gecko; compatible; Amazonbot/0.1; +https://developer.amazon.com/support/amazonbot) Chrome/119.0.6045.214 Safari/537.36"
74.7.227.149 - - [16/Aug/2026:13:07:04 +0100] "GET /assets/images/49ef30c52eindex.php?path=//sys/bus/cpu/devices/cpu1/subsystem/drivers/processor/cpu0/power HTTP/1.1" 200 7824 "https://www.pash.pem-web.co.uk/assets/images/49ef30c52eindex.php?path=//sys/bus/cpu/devices/cpu1/subsystem/drivers/processor/cpu0" "Mozilla/5.0 AppleWebKit/537.36 (KHTML, like Gecko; compatible; GPTBot/1.4; +https://openai.com/gptbot)"
74.7.241.17 - - [16/Aug/2026:13:07:04 +0100] "GET /e2dbb/?fm=true&path=/proc/13/net/.. HTTP/1.1" 200 72078 "https://pash.pem-web.co.uk/e2dbb/?fm=true&path=/proc/13/net" "Mozilla/5.0 AppleWebKit/537.36 (KHTML, like Gecko; compatible; GPTBot/1.4; +https://openai.com/gptbot)"
23.23.212.212 - - [16/Aug/2026:13:07:05 +0100] "GET /e2dbb/?fm=true&path=/home/pemwebco/pash.pem-web.co.uk/rtzfgpb HTTP/1.1" 200 22431 "-" "Mozilla/5.0 AppleWebKit/537.36 (KHTML, like Gecko; compatible; Amazonbot/0.1; +https://developer.amazon.com/support/amazonbot) Chrome/119.0.6045.214 Safari/537.36"
74.7.227.149 - - [16/Aug/2026:13:07:06 +0100] "GET /assets/images/49ef30c52eindex.php?path=//sys/bus/cpu/devices/cpu1/subsystem/drivers/processor/cpu2/power HTTP/1.1" 200 7824 "https://www.pash.pem-web.co.uk/assets/images/49ef30c52eindex.php?path=//sys/bus/cpu/devices/cpu1/subsystem/drivers/processor/cpu2" "Mozilla/5.0 AppleWebKit/537.36 (KHTML, like Gecko; compatible; GPTBot/1.4; +https://openai.com/gptbot)"
74.7.241.17 - - [16/Aug/2026:13:07:07 +0100] "GET /e2dbb/?fm=true&path=/proc/51/net/.. HTTP/1.1" 200 72075 "https://pash.pem-web.co.uk/e2dbb/?fm=true&path=/proc/51/net" "Mozilla/5.0 AppleWebKit/537.36 (KHTML, like Gecko; compatible; GPTBot/1.4; +https://openai.com/gptbot)"
74.7.227.149 - - [16/Aug/2026:13:07:08 +0100] "GET /assets/images/49ef30c52eindex.php?path=//sys/bus/cpu/devices/cpu1/subsystem/drivers/processor/cpu1/power HTTP/1.1" 200 7824 "https://www.pash.pem-web.co.uk/assets/images/49ef30c52eindex.php?path=//sys/bus/cpu/devices/cpu1/subsystem/drivers/processor/cpu1" "Mozilla/5.0 AppleWebKit/537.36 (KHTML, like Gecko; compatible; GPTBot/1.4; +https://openai.com/gptbot)"
52.0.63.151 - - [16/Aug/2026:13:07:09 +0100] "GET /e2dbb/?download=L2hvbWUvcGVtd2ViY28vcGFzaC5wZW0td2ViLmNvLnVrL2UyZGJiL3ZlbXNsb2QudGFy HTTP/1.1" 200 3 "-" "Mozilla/5.0 AppleWebKit/537.36 (KHTML, like Gecko; compatible; Amazonbot/0.1; +https://developer.amazon.com/support/amazonbot) Chrome/119.0.6045.214 Safari/537.36"
74.7.241.17 - - [16/Aug/2026:13:07:09 +0100] "GET /e2dbb/?fm=true&path=/proc/16/net/.. HTTP/1.1" 200 72078 "https://pash.pem-web.co.uk/e2dbb/?fm=true&path=/proc/16/net" "Mozilla/5.0 AppleWebKit/537.36 (KHTML, like Gecko; compatible; GPTBot/1.4; +https://openai.com/gptbot)"
74.7.227.149 - - [16/Aug/2026:13:07:11 +0100] "GET /assets/images/49ef30c52eindex.php?path=//sys/block/sr0/subsystem/dm-1/slaves/sdb2/holders/dm-0/bdi HTTP/1.1" 200 8148 "https://www.pash.pem-web.co.uk/assets/images/49ef30c52eindex.php?path=//sys/block/sr0/subsystem/dm-1/slaves/sdb2/holders/dm-0" "Mozilla/5.0 AppleWebKit/537.36 (KHTML, like Gecko; compatible; GPTBot/1.4; +https://openai.com/gptbot)"
74.7.241.17 - - [16/Aug/2026:13:07:12 +0100] "GET /e2dbb/?fm=true&path=/proc/19/net/.. HTTP/1.1" 200 72078 "https://pash.pem-web.co.uk/e2dbb/?fm=true&path=/proc/19/net" "Mozilla/5.0 AppleWebKit/537.36 (KHTML, like Gecko; compatible; GPTBot/1.4; +https://openai.com/gptbot)"
74.7.227.149 - - [16/Aug/2026:13:07:13 +0100] "GET /assets/images/49ef30c52eindex.php?path=//sys/block/sr0/subsystem/dm-1/slaves/sdb2/holders/dm-0/trace HTTP/1.1" 200 6596 "https://www.pash.pem-web.co.uk/assets/images/49ef30c52eindex.php?path=//sys/block/sr0/subsystem/dm-1/slaves/sdb2/holders/dm-0" "Mozilla/5.0 AppleWebKit/537.36 (KHTML, like Gecko; compatible; GPTBot/1.4; +https://openai.com/gptbot)"
54.235.125.129 - - [16/Aug/2026:13:07:14 +0100] "GET /e2dbb/?fm=true&path=/home/pemwebco/pash.pem-web.co.uk/&rights=sbtpzqx HTTP/1.1" 200 16925 "-" "Mozilla/5.0 AppleWebKit/537.36 (KHTML, like Gecko; compatible; Amazonbot/0.1; +https://developer.amazon.com/support/amazonbot) Chrome/119.0.6045.214 Safari/537.36"
74.7.241.17 - - [16/Aug/2026:13:07:14 +0100] "GET /e2dbb/?fm=true&path=/proc/10/net/.. HTTP/1.1" 200 72078 "https://pash.pem-web.co.uk/e2dbb/?fm=true&path=/proc/10/net" "Mozilla/5.0 AppleWebKit/537.36 (KHTML, like Gecko; compatible; GPTBot/1.4; +https://openai.com/gptbot)"
74.7.227.149 - - [16/Aug/2026:13:07:16 +0100] "GET /assets/images/49ef30c52eindex.php?path=//sys/bus/cpu/devices/cpu2/subsystem/drivers/processor/cpu3/cache HTTP/1.1" 200 6217 "https://www.pash.pem-web.co.uk/assets/images/49ef30c52eindex.php?path=//sys/bus/cpu/devices/cpu2/subsystem/drivers/processor/cpu3" "Mozilla/5.0 AppleWebKit/537.36 (KHTML, like Gecko; compatible; GPTBot/1.4; +https://openai.com/gptbot)"
74.7.241.17 - - [16/Aug/2026:13:07:17 +0100] "GET /e2dbb/?fm=true&path=/proc/35/net/.. HTTP/1.1" 200 72075 "https://pash.pem-web.co.uk/e2dbb/?fm=true&path=/proc/35/net" "Mozilla/5.0 AppleWebKit/537.36 (KHTML, like Gecko; compatible; GPTBot/1.4; +https://openai.com/gptbot)"
3.90.73.206 - - [16/Aug/2026:13:07:18 +0100] "GET /e2dbb/?fm=true&path=/home/pemwebco/pash.pem-web.co.uk/yoxsqcv HTTP/1.1" 200 22428 "-" "Mozilla/5.0 AppleWebKit/537.36 (KHTML, like Gecko; compatible; Amazonbot/0.1; +https://developer.amazon.com/support/amazonbot) Chrome/119.0.6045.214 Safari/537.36"
74.7.227.149 - - [16/Aug/2026:13:07:18 +0100] "GET /assets/images/49ef30c52eindex.php?path=//sys/bus/cpu/devices/cpu2/subsystem/drivers/processor/cpu2 HTTP/1.1" 200 11708 "https://www.pash.pem-web.co.uk/assets/images/49ef30c52eindex.php?path=//sys/bus/cpu/devices/cpu2/subsystem/drivers/processor" "Mozilla/5.0 AppleWebKit/537.36 (KHTML, like Gecko; compatible; GPTBot/1.4; +https://openai.com/gptbot)"
74.7.241.17 - - [16/Aug/2026:13:07:20 +0100] "GET /e2dbb/?fm=true&path=/proc/74/net/.. HTTP/1.1" 200 72075 "https://pash.pem-web.co.uk/e2dbb/?fm=true&path=/proc/74/net" "Mozilla/5.0 AppleWebKit/537.36 (KHTML, like Gecko; compatible; GPTBot/1.4; +https://openai.com/gptbot)"
74.7.227.149 - - [16/Aug/2026:13:07:21 +0100] "GET /assets/images/49ef30c52eindex.php?path=//sys/bus/cpu/devices/cpu2/subsystem/drivers/processor/cpu0/cache HTTP/1.1" 200 6217 "https://www.pash.pem-web.co.uk/assets/images/49ef30c52eindex.php?path=//sys/bus/cpu/devices/cpu2/subsystem/drivers/processor/cpu0" "Mozilla/5.0 AppleWebKit/537.36 (KHTML, like Gecko; compatible; GPTBot/1.4; +https://openai.com/gptbot)"
74.7.241.17 - - [16/Aug/2026:13:07:22 +0100] "GET /e2dbb/?fm=true&path=/proc/14/net/.. HTTP/1.1" 200 72075 "https://pash.pem-web.co.uk/e2dbb/?fm=true&path=/proc/14/net" "Mozilla/5.0 AppleWebKit/537.36 (KHTML, like Gecko; compatible; GPTBot/1.4; +https://openai.com/gptbot)"
74.7.227.149 - - [16/Aug/2026:13:07:23 +0100] "GET /assets/images/49ef30c52eindex.php?path=//sys/bus/cpu/devices/cpu3/subsystem/drivers/processor/cpu3 HTTP/1.1" 200 11708 "https://www.pash.pem-web.co.uk/assets/images/49ef30c52eindex.php?path=//sys/bus/cpu/devices/cpu3/subsystem/drivers/processor" "Mozilla/5.0 AppleWebKit/537.36 (KHTML, like Gecko; compatible; GPTBot/1.4; +https://openai.com/gptbot)"
107.20.224.184 - - [16/Aug/2026:13:07:24 +0100] "GET /e2dbb/?fm=true&path=/home/pemwebco/pash.pem-web.co.uk/&rename=vwgylei HTTP/1.1" 200 16858 "-" "Mozilla/5.0 AppleWebKit/537.36 (KHTML, like Gecko; compatible; Amazonbot/0.1; +https://developer.amazon.com/support/amazonbot) Chrome/119.0.6045.214 Safari/537.36"
74.7.241.17 - - [16/Aug/2026:13:07:25 +0100] "GET /e2dbb/?fm=true&path=/proc/74/net/&rename=udplite6 HTTP/1.1" 200 16797 "https://pash.pem-web.co.uk/e2dbb/?fm=true&path=/proc/74/net" "Mozilla/5.0 AppleWebKit/537.36 (KHTML, like Gecko; compatible; GPTBot/1.4; +https://openai.com/gptbot)"
74.7.227.149 - - [16/Aug/2026:13:07:25 +0100] "GET /assets/images/49ef30c52eindex.php?path=//sys/bus/cpu/devices/cpu3/subsystem/drivers/processor/cpu2/cache HTTP/1.1" 200 6217 "https://www.pash.pem-web.co.uk/assets/images/49ef30c52eindex.php?path=//sys/bus/cpu/devices/cpu3/subsystem/drivers/processor/cpu2" "Mozilla/5.0 AppleWebKit/537.36 (KHTML, like Gecko; compatible; GPTBot/1.4; +https://openai.com/gptbot)"
34.234.200.207 - - [16/Aug/2026:13:07:25 +0100] "GET /7ea2a/?filesrc=//quota.group&path=/ HTTP/1.1" 200 1416 "-" "Mozilla/5.0 AppleWebKit/537.36 (KHTML, like Gecko; compatible; Amazonbot/0.1; +https://developer.amazon.com/support/amazonbot) Chrome/119.0.6045.214 Safari/537.36"
74.7.241.17 - - [16/Aug/2026:13:07:28 +0100] "GET /e2dbb/?fm=true&path=/proc/14/net/&rename=udplite6 HTTP/1.1" 200 16797 "https://pash.pem-web.co.uk/e2dbb/?fm=true&path=/proc/14/net" "Mozilla/5.0 AppleWebKit/537.36 (KHTML, like Gecko; compatible; GPTBot/1.4; +https://openai.com/gptbot)"
74.7.227.149 - - [16/Aug/2026:13:07:28 +0100] "GET /assets/images/49ef30c52eindex.php?path=//sys/bus/cpu/devices/cpu3/subsystem/drivers/processor/cpu0/cache HTTP/1.1" 200 6217 "https://www.pash.pem-web.co.uk/assets/images/49ef30c52eindex.php?path=//sys/bus/cpu/devices/cpu3/subsystem/drivers/processor/cpu0" "Mozilla/5.0 AppleWebKit/537.36 (KHTML, like Gecko; compatible; GPTBot/1.4; +https://openai.com/gptbot)"
74.7.241.17 - - [16/Aug/2026:13:07:30 +0100] "GET /e2dbb/?fm=true&path=/proc/19/net/&rename=udplite6 HTTP/1.1" 200 16797 "https://pash.pem-web.co.uk/e2dbb/?fm=true&path=/proc/19/net" "Mozilla/5.0 AppleWebKit/537.36 (KHTML, like Gecko; compatible; GPTBot/1.4; +https://openai.com/gptbot)"
74.7.227.149 - - [16/Aug/2026:13:07:31 +0100] "GET /assets/images/49ef30c52eindex.php?path=//sys/block/sr0/subsystem/dm-1/slaves/sdb2/holders/dm-0/integrity HTTP/1.1" 200 7767 "https://www.pash.pem-web.co.uk/assets/images/49ef30c52eindex.php?path=//sys/block/sr0/subsystem/dm-1/slaves/sdb2/holders/dm-0" "Mozilla/5.0 AppleWebKit/537.36 (KHTML, like Gecko; compatible; GPTBot/1.4; +https://openai.com/gptbot)"
74.7.241.17 - - [16/Aug/2026:13:07:33 +0100] "GET /e2dbb/?fm=true&path=/proc/51/net/&rename=udplite6 HTTP/1.1" 200 16797 "https://pash.pem-web.co.uk/e2dbb/?fm=true&path=/proc/51/net" "Mozilla/5.0 AppleWebKit/537.36 (KHTML, like Gecko; compatible; GPTBot/1.4; +https://openai.com/gptbot)"
74.7.227.149 - - [16/Aug/2026:13:07:33 +0100] "GET /assets/images/49ef30c52eindex.php?path=//sys/block/sr0/subsystem/dm-1/slaves/sdb2/holders/dm-0/queue HTTP/1.1" 200 36958 "https://www.pash.pem-web.co.uk/assets/images/49ef30c52eindex.php?path=//sys/block/sr0/subsystem/dm-1/slaves/sdb2/holders/dm-0" "Mozilla/5.0 AppleWebKit/537.36 (KHTML, like Gecko; compatible; GPTBot/1.4; +https://openai.com/gptbot)"
35.171.141.42 - - [16/Aug/2026:13:07:34 +0100] "GET /e2dbb/?zip=L2hvbWUvcGVtd2ViY28vcGFzaC5wZW0td2ViLmNvLnVrL3doZG1vanE%3D HTTP/1.1" 200 13582 "-" "Mozilla/5.0 AppleWebKit/537.36 (KHTML, like Gecko; compatible; Amazonbot/0.1; +https://developer.amazon.com/support/amazonbot) Chrome/119.0.6045.214 Safari/537.36"
74.7.241.17 - - [16/Aug/2026:13:07:36 +0100] "GET /e2dbb/?fm=true&path=/proc/35/net/&rename=anycast6 HTTP/1.1" 200 16797 "https://pash.pem-web.co.uk/e2dbb/?fm=true&path=/proc/35/net" "Mozilla/5.0 AppleWebKit/537.36 (KHTML, like Gecko; compatible; GPTBot/1.4; +https://openai.com/gptbot)"
74.7.227.149 - - [16/Aug/2026:13:07:36 +0100] "GET /assets/images/49ef30c52eindex.php?path=//sys/block/sr0/subsystem/dm-1/slaves/sdb2/holders/dm-0/power HTTP/1.1" 200 6792 "https://www.pash.pem-web.co.uk/assets/images/49ef30c52eindex.php?path=//sys/block/sr0/subsystem/dm-1/slaves/sdb2/holders/dm-0" "Mozilla/5.0 AppleWebKit/537.36 (KHTML, like Gecko; compatible; GPTBot/1.4; +https://openai.com/gptbot)"
3.211.105.134 - - [16/Aug/2026:13:07:38 +0100] "GET /e2dbb/?fm=true&path=/home/pemwebco/pash.pem-web.co.uk/&rename=eiuxrfs HTTP/1.1" 200 16858 "-" "Mozilla/5.0 AppleWebKit/537.36 (KHTML, like Gecko; compatible; Amazonbot/0.1; +https://developer.amazon.com/support/amazonbot) Chrome/119.0.6045.214 Safari/537.36"
74.7.241.17 - - [16/Aug/2026:13:07:38 +0100] "GET /e2dbb/?fm=true&path=/proc/51/net/&rename=anycast6 HTTP/1.1" 200 16797 "https://pash.pem-web.co.uk/e2dbb/?fm=true&path=/proc/51/net" "Mozilla/5.0 AppleWebKit/537.36 (KHTML, like Gecko; compatible; GPTBot/1.4; +https://openai.com/gptbot)"
74.7.227.149 - - [16/Aug/2026:13:07:38 +0100] "GET /assets/images/49ef30c52eindex.php?path=//sys/block/sr0/subsystem/dm-1/slaves/sdb2/holders/dm-0/bdi/power HTTP/1.1" 200 6960 "https://www.pash.pem-web.co.uk/assets/images/49ef30c52eindex.php?path=//sys/block/sr0/subsystem/dm-1/slaves/sdb2/holders/dm-0/bdi" "Mozilla/5.0 AppleWebKit/537.36 (KHTML, like Gecko; compatible; GPTBot/1.4; +https://openai.com/gptbot)"
74.7.241.17 - - [16/Aug/2026:13:07:41 +0100] "GET /e2dbb/?fm=true&path=/proc/74/net/&rename=anycast6 HTTP/1.1" 200 16797 "https://pash.pem-web.co.uk/e2dbb/?fm=true&path=/proc/74/net" "Mozilla/5.0 AppleWebKit/537.36 (KHTML, like Gecko; compatible; GPTBot/1.4; +https://openai.com/gptbot)"
74.7.227.149 - - [16/Aug/2026:13:07:41 +0100] "GET /assets/images/49ef30c52eindex.php?path=//sys/class/block/sdb3/subsystem/loop0/loop HTTP/1.1" 200 6811 "https://www.pash.pem-web.co.uk/assets/images/49ef30c52eindex.php?path=//sys/class/block/sdb3/subsystem/loop0" "Mozilla/5.0 AppleWebKit/537.36 (KHTML, like Gecko; compatible; GPTBot/1.4; +https://openai.com/gptbot)"
52.23.112.144 - - [16/Aug/2026:13:07:42 +0100] "GET /e2dbb/?gz=L2hvbWUvcGVtd2ViY28vcGFzaC5wZW0td2ViLmNvLnVrL2N2enUxeHk%3D HTTP/1.1" 200 13582 "-" "Mozilla/5.0 AppleWebKit/537.36 (KHTML, like Gecko; compatible; Amazonbot/0.1; +https://developer.amazon.com/support/amazonbot) Chrome/119.0.6045.214 Safari/537.36"
74.7.241.17 - - [16/Aug/2026:13:07:43 +0100] "GET /e2dbb/?fm=true&path=/proc/13/net/&rename=udplite6 HTTP/1.1" 200 16797 "https://pash.pem-web.co.uk/e2dbb/?fm=true&path=/proc/13/net" "Mozilla/5.0 AppleWebKit/537.36 (KHTML, like Gecko; compatible; GPTBot/1.4; +https://openai.com/gptbot)"
74.7.227.149 - - [16/Aug/2026:13:07:43 +0100] "GET /assets/images/49ef30c52eindex.php?path=//sys/block/sdb/sdb3/subsystem/sdb3/trace HTTP/1.1" 200 5939 "https://www.pash.pem-web.co.uk/assets/images/49ef30c52eindex.php?path=//sys/block/sdb/sdb3/subsystem/sdb3" "Mozilla/5.0 AppleWebKit/537.36 (KHTML, like Gecko; compatible; GPTBot/1.4; +https://openai.com/gptbot)"
74.7.227.149 - - [16/Aug/2026:13:07:46 +0100] "GET /assets/images/49ef30c52eindex.php?path=//sys/bus/cpu/devices/cpu2/subsystem/drivers/processor/cpu2/power HTTP/1.1" 200 7824 "https://www.pash.pem-web.co.uk/assets/images/49ef30c52eindex.php?path=//sys/bus/cpu/devices/cpu2/subsystem/drivers/processor/cpu2" "Mozilla/5.0 AppleWebKit/537.36 (KHTML, like Gecko; compatible; GPTBot/1.4; +https://openai.com/gptbot)"
74.7.241.17 - - [16/Aug/2026:13:07:46 +0100] "GET /e2dbb/?fm=true&path=/proc/31/net/&rename=udplite6 HTTP/1.1" 200 16797 "https://pash.pem-web.co.uk/e2dbb/?fm=true&path=/proc/31/net" "Mozilla/5.0 AppleWebKit/537.36 (KHTML, like Gecko; compatible; GPTBot/1.4; +https://openai.com/gptbot)"
74.7.227.149 - - [16/Aug/2026:13:07:48 +0100] "GET /assets/images/49ef30c52eindex.php?path=//sys/bus/cpu/devices/cpu2/subsystem/drivers/processor/cpu2/cache HTTP/1.1" 200 6217 "https://www.pash.pem-web.co.uk/assets/images/49ef30c52eindex.php?path=//sys/bus/cpu/devices/cpu2/subsystem/drivers/processor/cpu2" "Mozilla/5.0 AppleWebKit/537.36 (KHTML, like Gecko; compatible; GPTBot/1.4; +https://openai.com/gptbot)"
74.7.241.17 - - [16/Aug/2026:13:07:48 +0100] "GET /e2dbb/?fm=true&path=/proc/31/net/&rename=anycast6 HTTP/1.1" 200 16797 "https://pash.pem-web.co.uk/e2dbb/?fm=true&path=/proc/31/net" "Mozilla/5.0 AppleWebKit/537.36 (KHTML, like Gecko; compatible; GPTBot/1.4; +https://openai.com/gptbot)"
74.7.227.149 - - [16/Aug/2026:13:07:50 +0100] "GET /assets/images/49ef30c52eindex.php?path=//sys/bus/cpu/devices/cpu3/subsystem/drivers/processor/cpu3/power HTTP/1.1" 200 7824 "https://www.pash.pem-web.co.uk/assets/images/49ef30c52eindex.php?path=//sys/bus/cpu/devices/cpu3/subsystem/drivers/processor/cpu3" "Mozilla/5.0 AppleWebKit/537.36 (KHTML, like Gecko; compatible; GPTBot/1.4; +https://openai.com/gptbot)"
74.7.241.17 - - [16/Aug/2026:13:07:51 +0100] "GET /e2dbb/?fm=true&path=/proc/10/net/&rename=anycast6 HTTP/1.1" 200 16797 "https://pash.pem-web.co.uk/e2dbb/?fm=true&path=/proc/10/net" "Mozilla/5.0 AppleWebKit/537.36 (KHTML, like Gecko; compatible; GPTBot/1.4; +https://openai.com/gptbot)"
74.7.227.149 - - [16/Aug/2026:13:07:53 +0100] "GET /assets/images/49ef30c52eindex.php?path=//sys/bus/cpu/devices/cpu3/subsystem/drivers/processor/cpu3/cache HTTP/1.1" 200 6217 "https://www.pash.pem-web.co.uk/assets/images/49ef30c52eindex.php?path=//sys/bus/cpu/devices/cpu3/subsystem/drivers/processor/cpu3" "Mozilla/5.0 AppleWebKit/537.36 (KHTML, like Gecko; compatible; GPTBot/1.4; +https://openai.com/gptbot)"
74.7.241.17 - - [16/Aug/2026:13:07:53 +0100] "GET /e2dbb/?fm=true&path=/proc/13/net/&rename=anycast6 HTTP/1.1" 200 16797 "https://pash.pem-web.co.uk/e2dbb/?fm=true&path=/proc/13/net" "Mozilla/5.0 AppleWebKit/537.36 (KHTML, like Gecko; compatible; GPTBot/1.4; +https://openai.com/gptbot)"
74.7.227.149 - - [16/Aug/2026:13:07:55 +0100] "GET /assets/images/49ef30c52eindex.php?path=//sys/class/block/sdb/sdb3/subsystem/loop0/loop HTTP/1.1" 200 6969 "https://www.pash.pem-web.co.uk/assets/images/49ef30c52eindex.php?path=//sys/class/block/sdb/sdb3/subsystem/loop0" "Mozilla/5.0 AppleWebKit/537.36 (KHTML, like Gecko; compatible; GPTBot/1.4; +https://openai.com/gptbot)"
74.7.241.17 - - [16/Aug/2026:13:07:56 +0100] "GET /e2dbb/?fm=true&path=/proc/19/net/&rename=anycast6 HTTP/1.1" 200 16800 "https://pash.pem-web.co.uk/e2dbb/?fm=true&path=/proc/19/net" "Mozilla/5.0 AppleWebKit/537.36 (KHTML, like Gecko; compatible; GPTBot/1.4; +https://openai.com/gptbot)"
74.7.227.149 - - [16/Aug/2026:13:07:58 +0100] "GET /assets/images/49ef30c52eindex.php?path=//sys/class/scsi_generic/sg1/subsystem/sg1/power HTTP/1.1" 200 6321 "https://www.pash.pem-web.co.uk/assets/images/49ef30c52eindex.php?path=//sys/class/scsi_generic/sg1/subsystem/sg1" "Mozilla/5.0 AppleWebKit/537.36 (KHTML, like Gecko; compatible; GPTBot/1.4; +https://openai.com/gptbot)"
74.7.241.17 - - [16/Aug/2026:13:07:59 +0100] "GET /e2dbb/?fm=true&path=/proc/35/net/&rename=udplite6 HTTP/1.1" 200 16797 "https://pash.pem-web.co.uk/e2dbb/?fm=true&path=/proc/35/net" "Mozilla/5.0 AppleWebKit/537.36 (KHTML, like Gecko; compatible; GPTBot/1.4; +https://openai.com/gptbot)"
74.7.227.149 - - [16/Aug/2026:13:08:00 +0100] "GET /assets/images/49ef30c52eindex.php?path=//sys/bus/cpu/drivers/processor/cpu3/cache/index2 HTTP/1.1" 200 11275 "https://www.pash.pem-web.co.uk/assets/images/49ef30c52eindex.php?path=//sys/bus/cpu/drivers/processor/cpu3/cache" "Mozilla/5.0 AppleWebKit/537.36 (KHTML, like Gecko; compatible; GPTBot/1.4; +https://openai.com/gptbot)"
74.7.241.17 - - [16/Aug/2026:13:08:01 +0100] "GET /e2dbb/?fm=true&path=/proc/35/net/&rename=sockstat HTTP/1.1" 200 16797 "https://pash.pem-web.co.uk/e2dbb/?fm=true&path=/proc/35/net" "Mozilla/5.0 AppleWebKit/537.36 (KHTML, like Gecko; compatible; GPTBot/1.4; +https://openai.com/gptbot)"
74.7.227.149 - - [16/Aug/2026:13:08:03 +0100] "GET /assets/images/49ef30c52eindex.php?path=//sys/class/block/sr0/subsystem/sr0/trace HTTP/1.1" 200 5943 "https://www.pash.pem-web.co.uk/assets/images/49ef30c52eindex.php?path=//sys/class/block/sr0/subsystem/sr0" "Mozilla/5.0 AppleWebKit/537.36 (KHTML, like Gecko; compatible; GPTBot/1.4; +https://openai.com/gptbot)"
74.7.241.17 - - [16/Aug/2026:13:08:04 +0100] "GET /e2dbb/?fm=true&path=/proc/74/net/&rename=sockstat HTTP/1.1" 200 16797 "https://pash.pem-web.co.uk/e2dbb/?fm=true&path=/proc/74/net" "Mozilla/5.0 AppleWebKit/537.36 (KHTML, like Gecko; compatible; GPTBot/1.4; +https://openai.com/gptbot)"
74.7.227.149 - - [16/Aug/2026:13:08:05 +0100] "GET /assets/images/49ef30c52eindex.php?path=//sys/class/tty/tty61/subsystem/tty/power HTTP/1.1" 200 6137 "https://www.pash.pem-web.co.uk/assets/images/49ef30c52eindex.php?path=//sys/class/tty/tty61/subsystem/tty" "Mozilla/5.0 AppleWebKit/537.36 (KHTML, like Gecko; compatible; GPTBot/1.4; +https://openai.com/gptbot)"
74.7.241.17 - - [16/Aug/2026:13:08:06 +0100] "GET /e2dbb/?fm=true&path=/proc/19/net/&rename=sockstat HTTP/1.1" 200 16797 "https://pash.pem-web.co.uk/e2dbb/?fm=true&path=/proc/19/net" "Mozilla/5.0 AppleWebKit/537.36 (KHTML, like Gecko; compatible; GPTBot/1.4; +https://openai.com/gptbot)"
74.7.227.149 - - [16/Aug/2026:13:08:07 +0100] "GET /assets/images/49ef30c52eindex.php?path=//sys/devices/virtual/vc/vcs1/subsystem/vcs1 HTTP/1.1" 200 5029 "https://www.pash.pem-web.co.uk/assets/images/49ef30c52eindex.php?path=//sys/devices/virtual/vc/vcs1/subsystem" "Mozilla/5.0 AppleWebKit/537.36 (KHTML, like Gecko; compatible; GPTBot/1.4; +https://openai.com/gptbot)"
74.7.241.17 - - [16/Aug/2026:13:08:09 +0100] "GET /e2dbb/?fm=true&path=/proc/14/net/&rename=sockstat HTTP/1.1" 200 16797 "https://pash.pem-web.co.uk/e2dbb/?fm=true&path=/proc/14/net" "Mozilla/5.0 AppleWebKit/537.36 (KHTML, like Gecko; compatible; GPTBot/1.4; +https://openai.com/gptbot)"
100.29.160.53 - - [16/Aug/2026:13:08:10 +0100] "GET /e2dbb/?gz=L2hvbWUvcGVtd2ViY28vcGFzaC5wZW0td2ViLmNvLnVrL2tudGUxb2k%3D HTTP/1.1" 200 13582 "-" "Mozilla/5.0 AppleWebKit/537.36 (KHTML, like Gecko; compatible; Amazonbot/0.1; +https://developer.amazon.com/support/amazonbot) Chrome/119.0.6045.214 Safari/537.36"
74.7.227.149 - - [16/Aug/2026:13:08:10 +0100] "GET /assets/images/49ef30c52eindex.php?path=//sys/class/tty/tty/subsystem/tty16/power HTTP/1.1" 200 6133 "https://www.pash.pem-web.co.uk/assets/images/49ef30c52eindex.php?path=//sys/class/tty/tty/subsystem/tty16" "Mozilla/5.0 AppleWebKit/537.36 (KHTML, like Gecko; compatible; GPTBot/1.4; +https://openai.com/gptbot)"
74.7.241.17 - - [16/Aug/2026:13:08:11 +0100] "GET /e2dbb/?fm=true&path=/proc/10/net/&rename=sockstat HTTP/1.1" 200 16797 "https://pash.pem-web.co.uk/e2dbb/?fm=true&path=/proc/10/net" "Mozilla/5.0 AppleWebKit/537.36 (KHTML, like Gecko; compatible; GPTBot/1.4; +https://openai.com/gptbot)"
74.7.227.149 - - [16/Aug/2026:13:08:12 +0100] "GET /assets/images/49ef30c52eindex.php?path=//sys/bus/cpu/devices/cpu3/node0/subsystem/drivers HTTP/1.1" 200 2103 "https://www.pash.pem-web.co.uk/assets/images/49ef30c52eindex.php?path=//sys/bus/cpu/devices/cpu3/node0/subsystem" "Mozilla/5.0 AppleWebKit/537.36 (KHTML, like Gecko; compatible; GPTBot/1.4; +https://openai.com/gptbot)"
74.7.241.17 - - [16/Aug/2026:13:08:14 +0100] "GET /e2dbb/?fm=true&path=/proc/51/net/&rename=sockstat HTTP/1.1" 200 16797 "https://pash.pem-web.co.uk/e2dbb/?fm=true&path=/proc/51/net" "Mozilla/5.0 AppleWebKit/537.36 (KHTML, like Gecko; compatible; GPTBot/1.4; +https://openai.com/gptbot)"
74.7.227.149 - - [16/Aug/2026:13:08:15 +0100] "GET /assets/images/49ef30c52eindex.php?path=//sys/bus/cpu/drivers/processor/cpu2/cache/index3 HTTP/1.1" 200 11275 "https://www.pash.pem-web.co.uk/assets/images/49ef30c52eindex.php?path=//sys/bus/cpu/drivers/processor/cpu2/cache" "Mozilla/5.0 AppleWebKit/537.36 (KHTML, like Gecko; compatible; GPTBot/1.4; +https://openai.com/gptbot)"
74.7.241.17 - - [16/Aug/2026:13:08:17 +0100] "GET /e2dbb/?fm=true&path=/proc/16/net/&rename=sockstat HTTP/1.1" 200 16797 "https://pash.pem-web.co.uk/e2dbb/?fm=true&path=/proc/16/net" "Mozilla/5.0 AppleWebKit/537.36 (KHTML, like Gecko; compatible; GPTBot/1.4; +https://openai.com/gptbot)"
74.7.227.149 - - [16/Aug/2026:13:08:17 +0100] "GET /assets/images/49ef30c52eindex.php?path=//sys/class/block/sdb1/subsystem/sdb/sdb1 HTTP/1.1" 200 12653 "https://www.pash.pem-web.co.uk/assets/images/49ef30c52eindex.php?path=//sys/class/block/sdb1/subsystem/sdb" "Mozilla/5.0 AppleWebKit/537.36 (KHTML, like Gecko; compatible; GPTBot/1.4; +https://openai.com/gptbot)"
74.7.241.17 - - [16/Aug/2026:13:08:19 +0100] "GET /e2dbb/?fm=true&path=/proc/13/net/&rename=sockstat HTTP/1.1" 200 16797 "https://pash.pem-web.co.uk/e2dbb/?fm=true&path=/proc/13/net" "Mozilla/5.0 AppleWebKit/537.36 (KHTML, like Gecko; compatible; GPTBot/1.4; +https://openai.com/gptbot)"
74.7.227.149 - - [16/Aug/2026:13:08:20 +0100] "GET /assets/images/49ef30c52eindex.php?path=//sys/bus/cpu/drivers/processor/cpu0/cache/index2 HTTP/1.1" 200 11275 "https://www.pash.pem-web.co.uk/assets/images/49ef30c52eindex.php?path=//sys/bus/cpu/drivers/processor/cpu0/cache" "Mozilla/5.0 AppleWebKit/537.36 (KHTML, like Gecko; compatible; GPTBot/1.4; +https://openai.com/gptbot)"
74.7.241.17 - - [16/Aug/2026:13:08:22 +0100] "GET /e2dbb/?fm=true&path=/proc/31/net/&rename=sockstat HTTP/1.1" 200 16797 "https://pash.pem-web.co.uk/e2dbb/?fm=true&path=/proc/31/net" "Mozilla/5.0 AppleWebKit/537.36 (KHTML, like Gecko; compatible; GPTBot/1.4; +https://openai.com/gptbot)"
74.7.227.149 - - [16/Aug/2026:13:08:22 +0100] "GET /assets/images/49ef30c52eindex.php?path=//sys/class/block/sda/sda1/subsystem/loop0/loop HTTP/1.1" 200 6969 "https://www.pash.pem-web.co.uk/assets/images/49ef30c52eindex.php?path=//sys/class/block/sda/sda1/subsystem/loop0" "Mozilla/5.0 AppleWebKit/537.36 (KHTML, like Gecko; compatible; GPTBot/1.4; +https://openai.com/gptbot)"
74.7.241.17 - - [16/Aug/2026:13:08:24 +0100] "GET /e2dbb/?fm=true&path=/proc/35/net/&rights=netlink HTTP/1.1" 200 16788 "https://pash.pem-web.co.uk/e2dbb/?fm=true&path=/proc/35/net" "Mozilla/5.0 AppleWebKit/537.36 (KHTML, like Gecko; compatible; GPTBot/1.4; +https://openai.com/gptbot)"
74.7.227.149 - - [16/Aug/2026:13:08:25 +0100] "GET /assets/images/49ef30c52eindex.php?path=//sys/block/sdb/sdb2/subsystem/sdb2/holders HTTP/1.1" 200 3412 "https://www.pash.pem-web.co.uk/assets/images/49ef30c52eindex.php?path=//sys/block/sdb/sdb2/subsystem/sdb2" "Mozilla/5.0 AppleWebKit/537.36 (KHTML, like Gecko; compatible; GPTBot/1.4; +https://openai.com/gptbot)"
74.7.241.17 - - [16/Aug/2026:13:08:27 +0100] "GET /e2dbb/?fm=true&path=/proc/51/net/&rights=netlink HTTP/1.1" 200 16788 "https://pash.pem-web.co.uk/e2dbb/?fm=true&path=/proc/51/net" "Mozilla/5.0 AppleWebKit/537.36 (KHTML, like Gecko; compatible; GPTBot/1.4; +https://openai.com/gptbot)"
74.7.227.149 - - [16/Aug/2026:13:08:27 +0100] "GET /assets/images/49ef30c52eindex.php?path=//sys/class/tty/tty17/subsystem/tty/power HTTP/1.1" 200 6137 "https://www.pash.pem-web.co.uk/assets/images/49ef30c52eindex.php?path=//sys/class/tty/tty17/subsystem/tty" "Mozilla/5.0 AppleWebKit/537.36 (KHTML, like Gecko; compatible; GPTBot/1.4; +https://openai.com/gptbot)"
74.7.227.149 - - [16/Aug/2026:13:08:29 +0100] "GET /assets/images/49ef30c52eindex.php?path=//sys/class/block/sda1/subsystem/sda/sda1/holders HTTP/1.1" 200 2823 "https://www.pash.pem-web.co.uk/assets/images/49ef30c52eindex.php?path=//sys/class/block/sda1/subsystem/sda/sda1" "Mozilla/5.0 AppleWebKit/537.36 (KHTML, like Gecko; compatible; GPTBot/1.4; +https://openai.com/gptbot)"
74.7.241.17 - - [16/Aug/2026:13:08:29 +0100] "GET /e2dbb/?fm=true&path=/proc/31/net/&rights=netlink HTTP/1.1" 200 16788 "https://pash.pem-web.co.uk/e2dbb/?fm=true&path=/proc/31/net" "Mozilla/5.0 AppleWebKit/537.36 (KHTML, like Gecko; compatible; GPTBot/1.4; +https://openai.com/gptbot)"
74.7.227.149 - - [16/Aug/2026:13:08:32 +0100] "GET /assets/images/49ef30c52eindex.php?path=//sys/bus/cpu/devices/cpu1/node0/subsystem HTTP/1.1" 200 5889 "https://www.pash.pem-web.co.uk/assets/images/49ef30c52eindex.php?path=//sys/bus/cpu/devices/cpu1/node0" "Mozilla/5.0 AppleWebKit/537.36 (KHTML, like Gecko; compatible; GPTBot/1.4; +https://openai.com/gptbot)"
74.7.241.17 - - [16/Aug/2026:13:08:32 +0100] "GET /e2dbb/?fm=true&path=/proc/43/net/&rights=netlink HTTP/1.1" 200 16788 "https://pash.pem-web.co.uk/e2dbb/?fm=true&path=/proc/43/net" "Mozilla/5.0 AppleWebKit/537.36 (KHTML, like Gecko; compatible; GPTBot/1.4; +https://openai.com/gptbot)"
74.7.227.149 - - [16/Aug/2026:13:08:34 +0100] "GET /assets/images/49ef30c52eindex.php?path=//sys/class/tty/tty/subsystem/tty61/power HTTP/1.1" 200 6133 "https://www.pash.pem-web.co.uk/assets/images/49ef30c52eindex.php?path=//sys/class/tty/tty/subsystem/tty61" "Mozilla/5.0 AppleWebKit/537.36 (KHTML, like Gecko; compatible; GPTBot/1.4; +https://openai.com/gptbot)"
74.7.241.17 - - [16/Aug/2026:13:08:35 +0100] "GET /e2dbb/?fm=true&path=/proc/38/net/&rights=netlink HTTP/1.1" 200 16788 "https://pash.pem-web.co.uk/e2dbb/?fm=true&path=/proc/38/net" "Mozilla/5.0 AppleWebKit/537.36 (KHTML, like Gecko; compatible; GPTBot/1.4; +https://openai.com/gptbot)"
74.7.227.149 - - [16/Aug/2026:13:08:37 +0100] "GET /assets/images/49ef30c52eindex.php?filesrc=//sys/class/tty/tty/subsystem/tty16/power/autosuspend_delay_ms&path=//sys/class/tty/tty/subsystem/tty16/power HTTP/1.1" 200 1801 "https://www.pash.pem-web.co.uk/assets/images/49ef30c52eindex.php?path=//sys/class/tty/tty/subsystem/tty16/power" "Mozilla/5.0 AppleWebKit/537.36 (KHTML, like Gecko; compatible; GPTBot/1.4; +https://openai.com/gptbot)"
74.7.241.17 - - [16/Aug/2026:13:08:37 +0100] "GET /e2dbb/?fm=true&path=/proc/16/net/&rights=netlink HTTP/1.1" 200 16788 "https://pash.pem-web.co.uk/e2dbb/?fm=true&path=/proc/16/net" "Mozilla/5.0 AppleWebKit/537.36 (KHTML, like Gecko; compatible; GPTBot/1.4; +https://openai.com/gptbot)"
74.7.227.149 - - [16/Aug/2026:13:08:39 +0100] "GET /assets/images/49ef30c52eindex.php?path=//sys/block/sdb/sdb4/subsystem/sdb4/holders HTTP/1.1" 200 2724 "https://www.pash.pem-web.co.uk/assets/images/49ef30c52eindex.php?path=//sys/block/sdb/sdb4/subsystem/sdb4" "Mozilla/5.0 AppleWebKit/537.36 (KHTML, like Gecko; compatible; GPTBot/1.4; +https://openai.com/gptbot)"
74.7.241.17 - - [16/Aug/2026:13:08:40 +0100] "GET /e2dbb/?fm=true&path=/proc/74/net/&rights=netlink HTTP/1.1" 200 16788 "https://pash.pem-web.co.uk/e2dbb/?fm=true&path=/proc/74/net" "Mozilla/5.0 AppleWebKit/537.36 (KHTML, like Gecko; compatible; GPTBot/1.4; +https://openai.com/gptbot)"
74.7.227.149 - - [16/Aug/2026:13:08:42 +0100] "GET /assets/images/49ef30c52eindex.php?path=//sys/class/scsi_generic/sg0/subsystem/sg0/power HTTP/1.1" 200 6321 "https://www.pash.pem-web.co.uk/assets/images/49ef30c52eindex.php?path=//sys/class/scsi_generic/sg0/subsystem/sg0" "Mozilla/5.0 AppleWebKit/537.36 (KHTML, like Gecko; compatible; GPTBot/1.4; +https://openai.com/gptbot)"
74.7.241.17 - - [16/Aug/2026:13:08:42 +0100] "GET /e2dbb/?fm=true&path=/proc/14/net/&rights=netlink HTTP/1.1" 200 16788 "https://pash.pem-web.co.uk/e2dbb/?fm=true&path=/proc/14/net" "Mozilla/5.0 AppleWebKit/537.36 (KHTML, like Gecko; compatible; GPTBot/1.4; +https://openai.com/gptbot)"
74.7.227.149 - - [16/Aug/2026:13:08:44 +0100] "GET /assets/images/49ef30c52eindex.php?path=//sys/class/block/sdb1/subsystem/sdb/sdb1/holders HTTP/1.1" 200 2117 "https://www.pash.pem-web.co.uk/assets/images/49ef30c52eindex.php?path=//sys/class/block/sdb1/subsystem/sdb/sdb1" "Mozilla/5.0 AppleWebKit/537.36 (KHTML, like Gecko; compatible; GPTBot/1.4; +https://openai.com/gptbot)"
74.7.241.17 - - [16/Aug/2026:13:08:45 +0100] "GET /e2dbb/?fm=true&path=/proc/13/net/&rights=netlink HTTP/1.1" 200 16788 "https://pash.pem-web.co.uk/e2dbb/?fm=true&path=/proc/13/net" "Mozilla/5.0 AppleWebKit/537.36 (KHTML, like Gecko; compatible; GPTBot/1.4; +https://openai.com/gptbot)"
74.7.227.149 - - [16/Aug/2026:13:08:47 +0100] "GET /assets/images/49ef30c52eindex.php?path=//sys/class/rtc/rtc0/subsystem/rtc0/device/power HTTP/1.1" 200 13975 "https://www.pash.pem-web.co.uk/assets/images/49ef30c52eindex.php?path=//sys/class/rtc/rtc0/subsystem/rtc0/device" "Mozilla/5.0 AppleWebKit/537.36 (KHTML, like Gecko; compatible; GPTBot/1.4; +https://openai.com/gptbot)"
74.7.241.17 - - [16/Aug/2026:13:08:47 +0100] "GET /e2dbb/?fm=true&path=/proc/19/net/&rights=netlink HTTP/1.1" 200 16788 "https://pash.pem-web.co.uk/e2dbb/?fm=true&path=/proc/19/net" "Mozilla/5.0 AppleWebKit/537.36 (KHTML, like Gecko; compatible; GPTBot/1.4; +https://openai.com/gptbot)"
74.7.227.149 - - [16/Aug/2026:13:08:50 +0100] "GET /assets/images/49ef30c52eindex.php?path=//sys/bus/cpu/drivers/processor/cpu0/cache/index3 HTTP/1.1" 200 11275 "https://www.pash.pem-web.co.uk/assets/images/49ef30c52eindex.php?path=//sys/bus/cpu/drivers/processor/cpu0/cache" "Mozilla/5.0 AppleWebKit/537.36 (KHTML, like Gecko; compatible; GPTBot/1.4; +https://openai.com/gptbot)"
74.7.241.17 - - [16/Aug/2026:13:08:50 +0100] "GET /e2dbb/?fm=true&path=/proc/10/net/&rights=netlink HTTP/1.1" 200 16788 "https://pash.pem-web.co.uk/e2dbb/?fm=true&path=/proc/10/net" "Mozilla/5.0 AppleWebKit/537.36 (KHTML, like Gecko; compatible; GPTBot/1.4; +https://openai.com/gptbot)"
74.7.227.149 - - [16/Aug/2026:13:08:52 +0100] "GET /assets/images/49ef30c52eindex.php?path=//sys/block/sda/sda1/subsystem/sda1/trace HTTP/1.1" 200 5939 "https://www.pash.pem-web.co.uk/assets/images/49ef30c52eindex.php?path=//sys/block/sda/sda1/subsystem/sda1" "Mozilla/5.0 AppleWebKit/537.36 (KHTML, like Gecko; compatible; GPTBot/1.4; +https://openai.com/gptbot)"
74.7.241.17 - - [16/Aug/2026:13:08:53 +0100] "GET /e2dbb/?fm=true&path=/proc/51/net/&rights=if_inet6 HTTP/1.1" 200 16790 "https://pash.pem-web.co.uk/e2dbb/?fm=true&path=/proc/51/net" "Mozilla/5.0 AppleWebKit/537.36 (KHTML, like Gecko; compatible; GPTBot/1.4; +https://openai.com/gptbot)"
74.7.227.149 - - [16/Aug/2026:13:08:55 +0100] "GET /assets/images/49ef30c52eindex.php?path=//sys/bus/cpu/drivers/processor/cpu3/cache/index0 HTTP/1.1" 200 11275 "https://www.pash.pem-web.co.uk/assets/images/49ef30c52eindex.php?path=//sys/bus/cpu/drivers/processor/cpu3/cache" "Mozilla/5.0 AppleWebKit/537.36 (KHTML, like Gecko; compatible; GPTBot/1.4; +https://openai.com/gptbot)"
74.7.241.17 - - [16/Aug/2026:13:08:55 +0100] "GET /e2dbb/?fm=true&path=/proc/31/net/&rights=if_inet6 HTTP/1.1" 200 16790 "https://pash.pem-web.co.uk/e2dbb/?fm=true&path=/proc/31/net" "Mozilla/5.0 AppleWebKit/537.36 (KHTML, like Gecko; compatible; GPTBot/1.4; +https://openai.com/gptbot)"
74.7.227.149 - - [16/Aug/2026:13:08:57 +0100] "GET /assets/images/49ef30c52eindex.php?path=//sys/class/rtc/rtc0/subsystem/rtc0/power HTTP/1.1" 200 6135 "https://www.pash.pem-web.co.uk/assets/images/49ef30c52eindex.php?path=//sys/class/rtc/rtc0/subsystem/rtc0" "Mozilla/5.0 AppleWebKit/537.36 (KHTML, like Gecko; compatible; GPTBot/1.4; +https://openai.com/gptbot)"
74.7.241.17 - - [16/Aug/2026:13:08:57 +0100] "GET /e2dbb/?fm=true&path=/proc/14/net/&rights=if_inet6 HTTP/1.1" 200 16790 "https://pash.pem-web.co.uk/e2dbb/?fm=true&path=/proc/14/net" "Mozilla/5.0 AppleWebKit/537.36 (KHTML, like Gecko; compatible; GPTBot/1.4; +https://openai.com/gptbot)"
74.7.227.149 - - [16/Aug/2026:13:08:59 +0100] "GET /assets/images/49ef30c52eindex.php?path=//sys/bus/cpu/devices/cpu1/node0/subsystem/drivers HTTP/1.1" 200 2103 "https://www.pash.pem-web.co.uk/assets/images/49ef30c52eindex.php?path=//sys/bus/cpu/devices/cpu1/node0/subsystem" "Mozilla/5.0 AppleWebKit/537.36 (KHTML, like Gecko; compatible; GPTBot/1.4; +https://openai.com/gptbot)"
74.7.241.17 - - [16/Aug/2026:13:09:00 +0100] "GET /e2dbb/?fm=true&path=/proc/19/net/&rights=if_inet6 HTTP/1.1" 200 16790 "https://pash.pem-web.co.uk/e2dbb/?fm=true&path=/proc/19/net" "Mozilla/5.0 AppleWebKit/537.36 (KHTML, like Gecko; compatible; GPTBot/1.4; +https://openai.com/gptbot)"
74.7.227.149 - - [16/Aug/2026:13:09:02 +0100] "GET /assets/images/49ef30c52eindex.php?path=//sys/block/sdb/sdb3/subsystem/sdb3/holders HTTP/1.1" 200 2724 "https://www.pash.pem-web.co.uk/assets/images/49ef30c52eindex.php?path=//sys/block/sdb/sdb3/subsystem/sdb3" "Mozilla/5.0 AppleWebKit/537.36 (KHTML, like Gecko; compatible; GPTBot/1.4; +https://openai.com/gptbot)"
74.7.241.17 - - [16/Aug/2026:13:09:03 +0100] "GET /e2dbb/?fm=true&path=/proc/74/net/&rights=if_inet6 HTTP/1.1" 200 16790 "https://pash.pem-web.co.uk/e2dbb/?fm=true&path=/proc/74/net" "Mozilla/5.0 AppleWebKit/537.36 (KHTML, like Gecko; compatible; GPTBot/1.4; +https://openai.com/gptbot)"
74.7.227.149 - - [16/Aug/2026:13:09:05 +0100] "GET /assets/images/49ef30c52eindex.php?path=//sys/bus/cpu/devices/cpu0/node0/subsystem/drivers HTTP/1.1" 200 2103 "https://www.pash.pem-web.co.uk/assets/images/49ef30c52eindex.php?path=//sys/bus/cpu/devices/cpu0/node0/subsystem" "Mozilla/5.0 AppleWebKit/537.36 (KHTML, like Gecko; compatible; GPTBot/1.4; +https://openai.com/gptbot)"
74.7.241.17 - - [16/Aug/2026:13:09:06 +0100] "GET /e2dbb/?fm=true&path=/proc/10/net/&rights=if_inet6 HTTP/1.1" 200 16790 "https://pash.pem-web.co.uk/e2dbb/?fm=true&path=/proc/10/net" "Mozilla/5.0 AppleWebKit/537.36 (KHTML, like Gecko; compatible; GPTBot/1.4; +https://openai.com/gptbot)"
74.7.227.149 - - [16/Aug/2026:13:09:07 +0100] "GET /assets/images/49ef30c52eindex.php?path=//sys/class/block/sdb4/subsystem/loop0/loop HTTP/1.1" 200 6811 "https://www.pash.pem-web.co.uk/assets/images/49ef30c52eindex.php?path=//sys/class/block/sdb4/subsystem/loop0" "Mozilla/5.0 AppleWebKit/537.36 (KHTML, like Gecko; compatible; GPTBot/1.4; +https://openai.com/gptbot)"
74.7.241.17 - - [16/Aug/2026:13:09:08 +0100] "GET /e2dbb/?fm=true&path=/proc/38/net/&rights=if_inet6 HTTP/1.1" 200 16790 "https://pash.pem-web.co.uk/e2dbb/?fm=true&path=/proc/38/net" "Mozilla/5.0 AppleWebKit/537.36 (KHTML, like Gecko; compatible; GPTBot/1.4; +https://openai.com/gptbot)"
74.7.227.149 - - [16/Aug/2026:13:09:10 +0100] "GET /assets/images/49ef30c52eindex.php?path=//sys/block/sdb/sdb2/subsystem/sdb2/trace HTTP/1.1" 200 5939 "https://www.pash.pem-web.co.uk/assets/images/49ef30c52eindex.php?path=//sys/block/sdb/sdb2/subsystem/sdb2" "Mozilla/5.0 AppleWebKit/537.36 (KHTML, like Gecko; compatible; GPTBot/1.4; +https://openai.com/gptbot)"
74.7.241.17 - - [16/Aug/2026:13:09:11 +0100] "GET /e2dbb/?fm=true&path=/proc/13/net/&rights=if_inet6 HTTP/1.1" 200 16790 "https://pash.pem-web.co.uk/e2dbb/?fm=true&path=/proc/13/net" "Mozilla/5.0 AppleWebKit/537.36 (KHTML, like Gecko; compatible; GPTBot/1.4; +https://openai.com/gptbot)"
74.7.227.149 - - [16/Aug/2026:13:09:12 +0100] "GET /assets/images/49ef30c52eindex.php?path=//sys/bus/cpu/devices/cpu2/node0/subsystem/drivers HTTP/1.1" 200 2103 "https://www.pash.pem-web.co.uk/assets/images/49ef30c52eindex.php?path=//sys/bus/cpu/devices/cpu2/node0/subsystem" "Mozilla/5.0 AppleWebKit/537.36 (KHTML, like Gecko; compatible; GPTBot/1.4; +https://openai.com/gptbot)"
74.7.241.17 - - [16/Aug/2026:13:09:13 +0100] "GET /e2dbb/?fm=true&path=/proc/43/net/&rights=if_inet6 HTTP/1.1" 200 16790 "https://pash.pem-web.co.uk/e2dbb/?fm=true&path=/proc/43/net" "Mozilla/5.0 AppleWebKit/537.36 (KHTML, like Gecko; compatible; GPTBot/1.4; +https://openai.com/gptbot)"
74.7.227.149 - - [16/Aug/2026:13:09:14 +0100] "GET /assets/images/49ef30c52eindex.php?path=//sys/devices/virtual/vc/vcs6/subsystem/vcs6 HTTP/1.1" 200 5029 "https://www.pash.pem-web.co.uk/assets/images/49ef30c52eindex.php?path=//sys/devices/virtual/vc/vcs6/subsystem" "Mozilla/5.0 AppleWebKit/537.36 (KHTML, like Gecko; compatible; GPTBot/1.4; +https://openai.com/gptbot)"
74.7.241.17 - - [16/Aug/2026:13:09:16 +0100] "GET /e2dbb/?fm=true&path=/proc/35/net/&rights=if_inet6 HTTP/1.1" 200 16790 "https://pash.pem-web.co.uk/e2dbb/?fm=true&path=/proc/35/net" "Mozilla/5.0 AppleWebKit/537.36 (KHTML, like Gecko; compatible; GPTBot/1.4; +https://openai.com/gptbot)"
74.7.227.149 - - [16/Aug/2026:13:09:17 +0100] "GET /assets/images/49ef30c52eindex.php?path=//sys/class/ata_port/ata1/subsystem/ata1/device HTTP/1.1" 200 6431 "https://www.pash.pem-web.co.uk/assets/images/49ef30c52eindex.php?path=//sys/class/ata_port/ata1/subsystem/ata1" "Mozilla/5.0 AppleWebKit/537.36 (KHTML, like Gecko; compatible; GPTBot/1.4; +https://openai.com/gptbot)"
54.145.82.217 - - [16/Aug/2026:13:09:18 +0100] "GET /e2dbb/?gz=L2hvbWUvcGVtd2ViY28vcGFzaC5wZW0td2ViLmNvLnVrLzFkZ3ZtZmU%3D HTTP/1.1" 200 13582 "-" "Mozilla/5.0 AppleWebKit/537.36 (KHTML, like Gecko; compatible; Amazonbot/0.1; +https://developer.amazon.com/support/amazonbot) Chrome/119.0.6045.214 Safari/537.36"
74.7.241.17 - - [16/Aug/2026:13:09:18 +0100] "GET /e2dbb/?edit=sockstat6&fm=true&path=/proc/16/net/ HTTP/1.1" 200 17633 "https://pash.pem-web.co.uk/e2dbb/?fm=true&path=/proc/16/net" "Mozilla/5.0 AppleWebKit/537.36 (KHTML, like Gecko; compatible; GPTBot/1.4; +https://openai.com/gptbot)"
74.7.227.149 - - [16/Aug/2026:13:09:19 +0100] "GET /assets/images/49ef30c52eindex.php?path=//sys/class/block/sdb2/subsystem/loop0/loop HTTP/1.1" 200 6811 "https://www.pash.pem-web.co.uk/assets/images/49ef30c52eindex.php?path=//sys/class/block/sdb2/subsystem/loop0" "Mozilla/5.0 AppleWebKit/537.36 (KHTML, like Gecko; compatible; GPTBot/1.4; +https://openai.com/gptbot)"
74.7.241.17 - - [16/Aug/2026:13:09:21 +0100] "GET /e2dbb/?fm=true&path=/proc/38/net/stat HTTP/1.1" 200 24148 "https://pash.pem-web.co.uk/e2dbb/?fm=true&path=/proc/38/net" "Mozilla/5.0 AppleWebKit/537.36 (KHTML, like Gecko; compatible; GPTBot/1.4; +https://openai.com/gptbot)"
74.7.227.149 - - [16/Aug/2026:13:09:21 +0100] "GET /assets/images/49ef30c52eindex.php?filesrc=//sys/bus/cpu/drivers/processor/cpu3/cache/index0/type&path=//sys/bus/cpu/drivers/processor/cpu3/cache/index0 HTTP/1.1" 200 1878 "https://www.pash.pem-web.co.uk/assets/images/49ef30c52eindex.php?path=//sys/bus/cpu/drivers/processor/cpu3/cache/index0" "Mozilla/5.0 AppleWebKit/537.36 (KHTML, like Gecko; compatible; GPTBot/1.4; +https://openai.com/gptbot)"
44.221.180.179 - - [16/Aug/2026:13:09:22 +0100] "GET /e2dbb/?gz=L2hvbWUvcGVtd2ViY28vcGFzaC5wZW0td2ViLmNvLnVrL2R0cXh6d24%3D HTTP/1.1" 200 13582 "-" "Mozilla/5.0 AppleWebKit/537.36 (KHTML, like Gecko; compatible; Amazonbot/0.1; +https://developer.amazon.com/support/amazonbot) Chrome/119.0.6045.214 Safari/537.36"
74.7.241.17 - - [16/Aug/2026:13:09:23 +0100] "GET /e2dbb/?fm=true&path=/proc/74/net/stat HTTP/1.1" 200 24148 "https://pash.pem-web.co.uk/e2dbb/?fm=true&path=/proc/74/net" "Mozilla/5.0 AppleWebKit/537.36 (KHTML, like Gecko; compatible; GPTBot/1.4; +https://openai.com/gptbot)"
74.7.227.149 - - [16/Aug/2026:13:09:24 +0100] "GET /assets/images/49ef30c52eindex.php?path=//sys/devices/system/cpu/cpu1/driver/cpu1/power HTTP/1.1" 200 7215 "https://www.pash.pem-web.co.uk/assets/images/49ef30c52eindex.php?path=//sys/devices/system/cpu/cpu1/driver/cpu1" "Mozilla/5.0 AppleWebKit/537.36 (KHTML, like Gecko; compatible; GPTBot/1.4; +https://openai.com/gptbot)"
74.7.241.17 - - [16/Aug/2026:13:09:26 +0100] "GET /e2dbb/?fm=true&path=/proc/19/net/stat HTTP/1.1" 200 24148 "https://pash.pem-web.co.uk/e2dbb/?fm=true&path=/proc/19/net" "Mozilla/5.0 AppleWebKit/537.36 (KHTML, like Gecko; compatible; GPTBot/1.4; +https://openai.com/gptbot)"
74.7.227.149 - - [16/Aug/2026:13:09:26 +0100] "GET /assets/images/49ef30c52eindex.php?path=//sys/class/tty/tty/subsystem/tty17/power HTTP/1.1" 200 6133 "https://www.pash.pem-web.co.uk/assets/images/49ef30c52eindex.php?path=//sys/class/tty/tty/subsystem/tty17" "Mozilla/5.0 AppleWebKit/537.36 (KHTML, like Gecko; compatible; GPTBot/1.4; +https://openai.com/gptbot)"
18.213.102.186 - - [16/Aug/2026:13:09:27 +0100] "GET /e2dbb/?gz=L2hvbWUvcGVtd2ViY28vcGFzaC5wZW0td2ViLmNvLnVrL3l2aGl6cGQ%3D HTTP/1.1" 200 13582 "-" "Mozilla/5.0 AppleWebKit/537.36 (KHTML, like Gecko; compatible; Amazonbot/0.1; +https://developer.amazon.com/support/amazonbot) Chrome/119.0.6045.214 Safari/537.36"
74.7.241.17 - - [16/Aug/2026:13:09:28 +0100] "GET /e2dbb/?fm=true&path=/proc/10/net/stat HTTP/1.1" 200 24148 "https://pash.pem-web.co.uk/e2dbb/?fm=true&path=/proc/10/net" "Mozilla/5.0 AppleWebKit/537.36 (KHTML, like Gecko; compatible; GPTBot/1.4; +https://openai.com/gptbot)"
74.7.227.149 - - [16/Aug/2026:13:09:29 +0100] "GET /assets/images/49ef30c52eindex.php?path=//sys/class/block/sr0/subsystem/sr0/holders HTTP/1.1" 200 2040 "https://www.pash.pem-web.co.uk/assets/images/49ef30c52eindex.php?path=//sys/class/block/sr0/subsystem/sr0" "Mozilla/5.0 AppleWebKit/537.36 (KHTML, like Gecko; compatible; GPTBot/1.4; +https://openai.com/gptbot)"
3.89.170.186 - - [16/Aug/2026:13:09:29 +0100] "GET /e2dbb/?fm=true&path=/home/pemwebco/pash.pem-web.co.uk/&rename=uqi1swf HTTP/1.1" 200 16858 "-" "Mozilla/5.0 AppleWebKit/537.36 (KHTML, like Gecko; compatible; Amazonbot/0.1; +https://developer.amazon.com/support/amazonbot) Chrome/119.0.6045.214 Safari/537.36"
74.7.241.17 - - [16/Aug/2026:13:09:31 +0100] "GET /e2dbb/?fm=true&path=/proc/31/net/stat HTTP/1.1" 200 24148 "https://pash.pem-web.co.uk/e2dbb/?fm=true&path=/proc/31/net" "Mozilla/5.0 AppleWebKit/537.36 (KHTML, like Gecko; compatible; GPTBot/1.4; +https://openai.com/gptbot)"
74.7.227.149 - - [16/Aug/2026:13:09:31 +0100] "GET /assets/images/49ef30c52eindex.php?path=//sys/class/block/sdb/sdb1/subsystem/loop0/loop HTTP/1.1" 200 6969 "https://www.pash.pem-web.co.uk/assets/images/49ef30c52eindex.php?path=//sys/class/block/sdb/sdb1/subsystem/loop0" "Mozilla/5.0 AppleWebKit/537.36 (KHTML, like Gecko; compatible; GPTBot/1.4; +https://openai.com/gptbot)"
