74.7.227.149 - - [16/Aug/2026:14:07:17 +0100] "GET /assets/images/49ef30c52eindex.php?filesrc=//proc/31/net/softnet_stat&path=//proc/31/net HTTP/1.1" 200 1994 "https://www.pash.pem-web.co.uk/assets/images/49ef30c52eindex.php?path=//proc/31/net" "Mozilla/5.0 AppleWebKit/537.36 (KHTML, like Gecko; compatible; GPTBot/1.4; +https://openai.com/gptbot)"
74.7.241.17 - - [16/Aug/2026:14:07:19 +0100] "GET /e2dbb/?download=L3Byb2MvMTcvbmV0L2lnbXA= HTTP/1.1" 200 251 "https://pash.pem-web.co.uk/e2dbb/?fm=true&path=/proc/17/net" "Mozilla/5.0 AppleWebKit/537.36 (KHTML, like Gecko; compatible; GPTBot/1.4; +https://openai.com/gptbot)"
74.7.227.149 - - [16/Aug/2026:14:07:20 +0100] "GET /assets/images/49ef30c52eindex.php?filesrc=//proc/57/net/ip_tables_targets&path=//proc/57/net HTTP/1.1" 200 1531 "https://www.pash.pem-web.co.uk/assets/images/49ef30c52eindex.php?path=//proc/57/net" "Mozilla/5.0 AppleWebKit/537.36 (KHTML, like Gecko; compatible; GPTBot/1.4; +https://openai.com/gptbot)"
74.7.241.17 - - [16/Aug/2026:14:07:21 +0100] "GET /e2dbb/?fm=true&path=/proc/41/net/&rename=dev_mcast HTTP/1.1" 200 16799 "https://pash.pem-web.co.uk/e2dbb/?fm=true&path=/proc/41/net" "Mozilla/5.0 AppleWebKit/537.36 (KHTML, like Gecko; compatible; GPTBot/1.4; +https://openai.com/gptbot)"
74.7.227.149 - - [16/Aug/2026:14:07:22 +0100] "GET /assets/images/49ef30c52eindex.php?filesrc=//proc/57/net/fib_triestat&path=//proc/57/net HTTP/1.1" 200 2268 "https://www.pash.pem-web.co.uk/assets/images/49ef30c52eindex.php?path=//proc/57/net" "Mozilla/5.0 AppleWebKit/537.36 (KHTML, like Gecko; compatible; GPTBot/1.4; +https://openai.com/gptbot)"
74.7.241.17 - - [16/Aug/2026:14:07:24 +0100] "GET /e2dbb/?fm=true&path=/proc/48/net/&rename=stat HTTP/1.1" 200 16789 "https://pash.pem-web.co.uk/e2dbb/?fm=true&path=/proc/48/net" "Mozilla/5.0 AppleWebKit/537.36 (KHTML, like Gecko; compatible; GPTBot/1.4; +https://openai.com/gptbot)"
74.7.227.149 - - [16/Aug/2026:14:07:24 +0100] "GET /assets/images/49ef30c52eindex.php?filesrc=//proc/57/net/nf_conntrack&path=//proc/57/net HTTP/1.1" 200 1526 "https://www.pash.pem-web.co.uk/assets/images/49ef30c52eindex.php?path=//proc/57/net" "Mozilla/5.0 AppleWebKit/537.36 (KHTML, like Gecko; compatible; GPTBot/1.4; +https://openai.com/gptbot)"
74.7.241.17 - - [16/Aug/2026:14:07:26 +0100] "GET /e2dbb/?fm=true&path=/proc/48/net/&rights=ptype HTTP/1.1" 200 16784 "https://pash.pem-web.co.uk/e2dbb/?fm=true&path=/proc/48/net" "Mozilla/5.0 AppleWebKit/537.36 (KHTML, like Gecko; compatible; GPTBot/1.4; +https://openai.com/gptbot)"
74.7.227.149 - - [16/Aug/2026:14:07:26 +0100] "GET /assets/images/49ef30c52eindex.php?filesrc=//proc/12/net/fib_triestat&path=//proc/12/net HTTP/1.1" 200 2268 "https://www.pash.pem-web.co.uk/assets/images/49ef30c52eindex.php?path=//proc/12/net" "Mozilla/5.0 AppleWebKit/537.36 (KHTML, like Gecko; compatible; GPTBot/1.4; +https://openai.com/gptbot)"
74.7.241.17 - - [16/Aug/2026:14:07:29 +0100] "GET /e2dbb/?gzfile=L3Byb2MvNDcvbmV0L2ljbXA2 HTTP/1.1" 200 13582 "https://pash.pem-web.co.uk/e2dbb/?fm=true&path=/proc/47/net" "Mozilla/5.0 AppleWebKit/537.36 (KHTML, like Gecko; compatible; GPTBot/1.4; +https://openai.com/gptbot)"
74.7.227.149 - - [16/Aug/2026:14:07:29 +0100] "GET /assets/images/49ef30c52eindex.php?filesrc=//proc/74/net/ip_tables_matches&path=//proc/74/net HTTP/1.1" 200 1531 "https://www.pash.pem-web.co.uk/assets/images/49ef30c52eindex.php?path=//proc/74/net" "Mozilla/5.0 AppleWebKit/537.36 (KHTML, like Gecko; compatible; GPTBot/1.4; +https://openai.com/gptbot)"
74.7.241.17 - - [16/Aug/2026:14:07:31 +0100] "GET /e2dbb/?fm=true&path=/proc/54/net/&rename=xfrm_stat HTTP/1.1" 200 16799 "https://pash.pem-web.co.uk/e2dbb/?fm=true&path=/proc/54/net" "Mozilla/5.0 AppleWebKit/537.36 (KHTML, like Gecko; compatible; GPTBot/1.4; +https://openai.com/gptbot)"
74.7.227.149 - - [16/Aug/2026:14:07:31 +0100] "GET /assets/images/49ef30c52eindex.php?filesrc=//proc/10/net/ip_tables_matches&path=//proc/10/net HTTP/1.1" 200 1531 "https://www.pash.pem-web.co.uk/assets/images/49ef30c52eindex.php?path=//proc/10/net" "Mozilla/5.0 AppleWebKit/537.36 (KHTML, like Gecko; compatible; GPTBot/1.4; +https://openai.com/gptbot)"
74.7.241.17 - - [16/Aug/2026:14:07:33 +0100] "GET /e2dbb/?fm=true&path=/proc/49/net/&rename=dev HTTP/1.1" 200 16787 "https://pash.pem-web.co.uk/e2dbb/?fm=true&path=/proc/49/net" "Mozilla/5.0 AppleWebKit/537.36 (KHTML, like Gecko; compatible; GPTBot/1.4; +https://openai.com/gptbot)"
74.7.227.149 - - [16/Aug/2026:14:07:33 +0100] "GET /assets/images/49ef30c52eindex.php?filesrc=//proc/47/net/nf_conntrack&path=//proc/47/net HTTP/1.1" 200 1526 "https://www.pash.pem-web.co.uk/assets/images/49ef30c52eindex.php?path=//proc/47/net" "Mozilla/5.0 AppleWebKit/537.36 (KHTML, like Gecko; compatible; GPTBot/1.4; +https://openai.com/gptbot)"
74.7.227.149 - - [16/Aug/2026:14:07:36 +0100] "GET /assets/images/49ef30c52eindex.php?filesrc=//proc/47/net/ip_tables_matches&path=//proc/47/net HTTP/1.1" 200 1531 "https://www.pash.pem-web.co.uk/assets/images/49ef30c52eindex.php?path=//proc/47/net" "Mozilla/5.0 AppleWebKit/537.36 (KHTML, like Gecko; compatible; GPTBot/1.4; +https://openai.com/gptbot)"
74.7.241.17 - - [16/Aug/2026:14:07:36 +0100] "GET /e2dbb/?fm=true&path=/proc/41/net/stat HTTP/1.1" 200 24148 "https://pash.pem-web.co.uk/e2dbb/?fm=true&path=/proc/41/net" "Mozilla/5.0 AppleWebKit/537.36 (KHTML, like Gecko; compatible; GPTBot/1.4; +https://openai.com/gptbot)"
74.7.227.149 - - [16/Aug/2026:14:07:38 +0100] "GET /assets/images/49ef30c52eindex.php?filesrc=//proc/31/net/fib_triestat&path=//proc/31/net HTTP/1.1" 200 2268 "https://www.pash.pem-web.co.uk/assets/images/49ef30c52eindex.php?path=//proc/31/net" "Mozilla/5.0 AppleWebKit/537.36 (KHTML, like Gecko; compatible; GPTBot/1.4; +https://openai.com/gptbot)"
74.7.241.17 - - [16/Aug/2026:14:07:38 +0100] "GET /e2dbb/?fm=true&path=/proc/41/net/&rights=snmp HTTP/1.1" 200 16782 "https://pash.pem-web.co.uk/e2dbb/?fm=true&path=/proc/41/net" "Mozilla/5.0 AppleWebKit/537.36 (KHTML, like Gecko; compatible; GPTBot/1.4; +https://openai.com/gptbot)"
74.7.227.149 - - [16/Aug/2026:14:07:40 +0100] "GET /assets/images/49ef30c52eindex.php?filesrc=//proc/47/net/fib_triestat&path=//proc/47/net HTTP/1.1" 200 2268 "https://www.pash.pem-web.co.uk/assets/images/49ef30c52eindex.php?path=//proc/47/net" "Mozilla/5.0 AppleWebKit/537.36 (KHTML, like Gecko; compatible; GPTBot/1.4; +https://openai.com/gptbot)"
74.7.241.17 - - [16/Aug/2026:14:07:41 +0100] "GET /e2dbb/?fm=true&path=/proc/17/net/&rights=udp HTTP/1.1" 200 16780 "https://pash.pem-web.co.uk/e2dbb/?fm=true&path=/proc/17/net" "Mozilla/5.0 AppleWebKit/537.36 (KHTML, like Gecko; compatible; GPTBot/1.4; +https://openai.com/gptbot)"
74.7.227.149 - - [16/Aug/2026:14:07:43 +0100] "GET /assets/images/49ef30c52eindex.php?filesrc=//proc/12/net/ip_tables_targets&path=//proc/12/net HTTP/1.1" 200 1531 "https://www.pash.pem-web.co.uk/assets/images/49ef30c52eindex.php?path=//proc/12/net" "Mozilla/5.0 AppleWebKit/537.36 (KHTML, like Gecko; compatible; GPTBot/1.4; +https://openai.com/gptbot)"
74.7.241.17 - - [16/Aug/2026:14:07:43 +0100] "GET /e2dbb/?edit=softnet_stat&fm=true&path=/proc/39/net/ HTTP/1.1" 200 18022 "https://pash.pem-web.co.uk/e2dbb/?fm=true&path=/proc/39/net" "Mozilla/5.0 AppleWebKit/537.36 (KHTML, like Gecko; compatible; GPTBot/1.4; +https://openai.com/gptbot)"
74.7.227.149 - - [16/Aug/2026:14:07:45 +0100] "GET /assets/images/49ef30c52eindex.php?filesrc=//proc/12/net/ip_tables_matches&path=//proc/12/net HTTP/1.1" 200 1531 "https://www.pash.pem-web.co.uk/assets/images/49ef30c52eindex.php?path=//proc/12/net" "Mozilla/5.0 AppleWebKit/537.36 (KHTML, like Gecko; compatible; GPTBot/1.4; +https://openai.com/gptbot)"
74.7.241.17 - - [16/Aug/2026:14:07:46 +0100] "GET /e2dbb/?gzfile=L3Byb2MvNDUvbmV0L3J0Nl9zdGF0cw== HTTP/1.1" 200 13582 "https://pash.pem-web.co.uk/e2dbb/?fm=true&path=/proc/45/net" "Mozilla/5.0 AppleWebKit/537.36 (KHTML, like Gecko; compatible; GPTBot/1.4; +https://openai.com/gptbot)"
74.7.227.149 - - [16/Aug/2026:14:07:48 +0100] "GET /assets/images/49ef30c52eindex.php?filesrc=//proc/74/net/ip_tables_targets&path=//proc/74/net HTTP/1.1" 200 1531 "https://www.pash.pem-web.co.uk/assets/images/49ef30c52eindex.php?path=//proc/74/net" "Mozilla/5.0 AppleWebKit/537.36 (KHTML, like Gecko; compatible; GPTBot/1.4; +https://openai.com/gptbot)"
74.7.241.17 - - [16/Aug/2026:14:07:48 +0100] "GET /e2dbb/?download=L3Byb2MvMzkvbmV0L3NubXA2 HTTP/1.1" 200 3255 "https://pash.pem-web.co.uk/e2dbb/?fm=true&path=/proc/39/net" "Mozilla/5.0 AppleWebKit/537.36 (KHTML, like Gecko; compatible; GPTBot/1.4; +https://openai.com/gptbot)"
74.7.227.149 - - [16/Aug/2026:14:07:50 +0100] "GET /assets/images/49ef30c52eindex.php?filesrc=//proc/74/net/fib_triestat&path=//proc/74/net HTTP/1.1" 200 2268 "https://www.pash.pem-web.co.uk/assets/images/49ef30c52eindex.php?path=//proc/74/net" "Mozilla/5.0 AppleWebKit/537.36 (KHTML, like Gecko; compatible; GPTBot/1.4; +https://openai.com/gptbot)"
74.7.241.17 - - [16/Aug/2026:14:07:51 +0100] "GET /e2dbb/?edit=snmp&fm=true&path=/proc/17/net/ HTTP/1.1" 200 18974 "https://pash.pem-web.co.uk/e2dbb/?fm=true&path=/proc/17/net" "Mozilla/5.0 AppleWebKit/537.36 (KHTML, like Gecko; compatible; GPTBot/1.4; +https://openai.com/gptbot)"
74.7.227.149 - - [16/Aug/2026:14:07:52 +0100] "GET /assets/images/49ef30c52eindex.php?filesrc=//proc/12/net/nf_conntrack&path=//proc/12/net HTTP/1.1" 200 1526 "https://www.pash.pem-web.co.uk/assets/images/49ef30c52eindex.php?path=//proc/12/net" "Mozilla/5.0 AppleWebKit/537.36 (KHTML, like Gecko; compatible; GPTBot/1.4; +https://openai.com/gptbot)"
74.7.241.17 - - [16/Aug/2026:14:07:53 +0100] "GET /e2dbb/?edit=igmp&fm=true&path=/proc/47/net/ HTTP/1.1" 200 17786 "https://pash.pem-web.co.uk/e2dbb/?fm=true&path=/proc/47/net" "Mozilla/5.0 AppleWebKit/537.36 (KHTML, like Gecko; compatible; GPTBot/1.4; +https://openai.com/gptbot)"
74.7.227.149 - - [16/Aug/2026:14:07:55 +0100] "GET /assets/images/49ef30c52eindex.php?filesrc=//proc/31/net/rt_cache&path=//proc/31/net HTTP/1.1" 200 1650 "https://www.pash.pem-web.co.uk/assets/images/49ef30c52eindex.php?path=//proc/31/net" "Mozilla/5.0 AppleWebKit/537.36 (KHTML, like Gecko; compatible; GPTBot/1.4; +https://openai.com/gptbot)"
74.7.241.17 - - [16/Aug/2026:14:07:56 +0100] "GET /e2dbb/?fm=true&path=/proc/39/net/&rename=sockstat HTTP/1.1" 200 16797 "https://pash.pem-web.co.uk/e2dbb/?fm=true&path=/proc/39/net" "Mozilla/5.0 AppleWebKit/537.36 (KHTML, like Gecko; compatible; GPTBot/1.4; +https://openai.com/gptbot)"
74.7.227.149 - - [16/Aug/2026:14:07:57 +0100] "GET /assets/images/49ef30c52eindex.php?filesrc=//proc/12/net/netlink&path=//proc/12/net HTTP/1.1" 200 4194 "https://www.pash.pem-web.co.uk/assets/images/49ef30c52eindex.php?path=//proc/12/net" "Mozilla/5.0 AppleWebKit/537.36 (KHTML, like Gecko; compatible; GPTBot/1.4; +https://openai.com/gptbot)"
74.7.241.17 - - [16/Aug/2026:14:07:58 +0100] "GET /e2dbb/?fm=true&path=/proc/45/net/&rename=unix HTTP/1.1" 200 16789 "https://pash.pem-web.co.uk/e2dbb/?fm=true&path=/proc/45/net" "Mozilla/5.0 AppleWebKit/537.36 (KHTML, like Gecko; compatible; GPTBot/1.4; +https://openai.com/gptbot)"
74.7.227.149 - - [16/Aug/2026:14:07:59 +0100] "GET /assets/images/49ef30c52eindex.php?filesrc=//proc/57/net/rt_cache&path=//proc/57/net HTTP/1.1" 200 1650 "https://www.pash.pem-web.co.uk/assets/images/49ef30c52eindex.php?path=//proc/57/net" "Mozilla/5.0 AppleWebKit/537.36 (KHTML, like Gecko; compatible; GPTBot/1.4; +https://openai.com/gptbot)"
74.7.241.17 - - [16/Aug/2026:14:08:00 +0100] "GET /e2dbb/?fm=true&path=/proc/46/net/&rename=ip6_mr_cache HTTP/1.1" 200 16805 "https://pash.pem-web.co.uk/e2dbb/?fm=true&path=/proc/46/net" "Mozilla/5.0 AppleWebKit/537.36 (KHTML, like Gecko; compatible; GPTBot/1.4; +https://openai.com/gptbot)"
74.7.227.149 - - [16/Aug/2026:14:08:02 +0100] "GET /assets/images/49ef30c52eindex.php?filesrc=//proc/57/net/route&path=//proc/57/net HTTP/1.1" 200 1903 "https://www.pash.pem-web.co.uk/assets/images/49ef30c52eindex.php?path=//proc/57/net" "Mozilla/5.0 AppleWebKit/537.36 (KHTML, like Gecko; compatible; GPTBot/1.4; +https://openai.com/gptbot)"
74.7.241.17 - - [16/Aug/2026:14:08:03 +0100] "GET /e2dbb/?fm=true&path=/proc/41/net/stat/&rename=rt_cache HTTP/1.1" 200 16812 "https://pash.pem-web.co.uk/e2dbb/?fm=true&path=/proc/41/net/stat" "Mozilla/5.0 AppleWebKit/537.36 (KHTML, like Gecko; compatible; GPTBot/1.4; +https://openai.com/gptbot)"
74.7.227.149 - - [16/Aug/2026:14:08:04 +0100] "GET /assets/images/49ef30c52eindex.php?filesrc=//proc/47/net/ptype&path=//proc/47/net HTTP/1.1" 200 1611 "https://www.pash.pem-web.co.uk/assets/images/49ef30c52eindex.php?path=//proc/47/net" "Mozilla/5.0 AppleWebKit/537.36 (KHTML, like Gecko; compatible; GPTBot/1.4; +https://openai.com/gptbot)"
74.7.241.17 - - [16/Aug/2026:14:08:05 +0100] "GET /e2dbb/?fm=true&path=/proc/41/net/stat/&rename=arp_cache HTTP/1.1" 200 16814 "https://pash.pem-web.co.uk/e2dbb/?fm=true&path=/proc/41/net/stat" "Mozilla/5.0 AppleWebKit/537.36 (KHTML, like Gecko; compatible; GPTBot/1.4; +https://openai.com/gptbot)"
74.7.227.149 - - [16/Aug/2026:14:08:06 +0100] "GET /assets/images/49ef30c52eindex.php?filesrc=//proc/57/net/packet&path=//proc/57/net HTTP/1.1" 200 1641 "https://www.pash.pem-web.co.uk/assets/images/49ef30c52eindex.php?path=//proc/57/net" "Mozilla/5.0 AppleWebKit/537.36 (KHTML, like Gecko; compatible; GPTBot/1.4; +https://openai.com/gptbot)"
74.7.241.17 - - [16/Aug/2026:14:08:07 +0100] "GET /e2dbb/?edit=arp_cache&fm=true&path=/proc/41/net/stat/ HTTP/1.1" 200 25533 "https://pash.pem-web.co.uk/e2dbb/?fm=true&path=/proc/41/net/stat" "Mozilla/5.0 AppleWebKit/537.36 (KHTML, like Gecko; compatible; GPTBot/1.4; +https://openai.com/gptbot)"
74.7.227.149 - - [16/Aug/2026:14:08:09 +0100] "GET /assets/images/49ef30c52eindex.php?filesrc=//proc/10/net/udplite&path=//proc/10/net HTTP/1.1" 200 1652 "https://www.pash.pem-web.co.uk/assets/images/49ef30c52eindex.php?path=//proc/10/net" "Mozilla/5.0 AppleWebKit/537.36 (KHTML, like Gecko; compatible; GPTBot/1.4; +https://openai.com/gptbot)"
74.7.241.17 - - [16/Aug/2026:14:08:10 +0100] "GET /e2dbb/?fm=true&path=/proc/41/net/stat/&rights=rt_cache HTTP/1.1" 200 16805 "https://pash.pem-web.co.uk/e2dbb/?fm=true&path=/proc/41/net/stat" "Mozilla/5.0 AppleWebKit/537.36 (KHTML, like Gecko; compatible; GPTBot/1.4; +https://openai.com/gptbot)"
74.7.227.149 - - [16/Aug/2026:14:08:11 +0100] "GET /assets/images/49ef30c52eindex.php?filesrc=//proc/31/net/fib_trie&path=//proc/31/net HTTP/1.1" 200 2637 "https://www.pash.pem-web.co.uk/assets/images/49ef30c52eindex.php?path=//proc/31/net" "Mozilla/5.0 AppleWebKit/537.36 (KHTML, like Gecko; compatible; GPTBot/1.4; +https://openai.com/gptbot)"
74.7.241.17 - - [16/Aug/2026:14:08:12 +0100] "GET /e2dbb/?fm=true&path=/proc/46/net/&rights=igmp6 HTTP/1.1" 200 16784 "https://pash.pem-web.co.uk/e2dbb/?fm=true&path=/proc/46/net" "Mozilla/5.0 AppleWebKit/537.36 (KHTML, like Gecko; compatible; GPTBot/1.4; +https://openai.com/gptbot)"
74.7.227.149 - - [16/Aug/2026:14:08:13 +0100] "GET /assets/images/49ef30c52eindex.php?filesrc=//proc/57/net/netlink&path=//proc/57/net HTTP/1.1" 200 4194 "https://www.pash.pem-web.co.uk/assets/images/49ef30c52eindex.php?path=//proc/57/net" "Mozilla/5.0 AppleWebKit/537.36 (KHTML, like Gecko; compatible; GPTBot/1.4; +https://openai.com/gptbot)"
74.7.241.17 - - [16/Aug/2026:14:08:15 +0100] "GET /e2dbb/?fm=true&path=/proc/54/net/&rename=softnet_stat HTTP/1.1" 200 16805 "https://pash.pem-web.co.uk/e2dbb/?fm=true&path=/proc/54/net" "Mozilla/5.0 AppleWebKit/537.36 (KHTML, like Gecko; compatible; GPTBot/1.4; +https://openai.com/gptbot)"
74.7.227.149 - - [16/Aug/2026:14:08:15 +0100] "GET /assets/images/49ef30c52eindex.php?filesrc=//proc/31/net/route&path=//proc/31/net HTTP/1.1" 200 1903 "https://www.pash.pem-web.co.uk/assets/images/49ef30c52eindex.php?path=//proc/31/net" "Mozilla/5.0 AppleWebKit/537.36 (KHTML, like Gecko; compatible; GPTBot/1.4; +https://openai.com/gptbot)"
74.7.241.17 - - [16/Aug/2026:14:08:17 +0100] "GET /e2dbb/?fm=true&path=/proc/39/net/&rename=softnet_stat HTTP/1.1" 200 16805 "https://pash.pem-web.co.uk/e2dbb/?fm=true&path=/proc/39/net" "Mozilla/5.0 AppleWebKit/537.36 (KHTML, like Gecko; compatible; GPTBot/1.4; +https://openai.com/gptbot)"
74.7.227.149 - - [16/Aug/2026:14:08:18 +0100] "GET /assets/images/49ef30c52eindex.php?filesrc=//proc/10/net/fib_trie&path=//proc/10/net HTTP/1.1" 200 2637 "https://www.pash.pem-web.co.uk/assets/images/49ef30c52eindex.php?path=//proc/10/net" "Mozilla/5.0 AppleWebKit/537.36 (KHTML, like Gecko; compatible; GPTBot/1.4; +https://openai.com/gptbot)"
74.7.241.17 - - [16/Aug/2026:14:08:20 +0100] "GET /e2dbb/?fm=true&path=/proc/45/net/&rename=softnet_stat HTTP/1.1" 200 16805 "https://pash.pem-web.co.uk/e2dbb/?fm=true&path=/proc/45/net" "Mozilla/5.0 AppleWebKit/537.36 (KHTML, like Gecko; compatible; GPTBot/1.4; +https://openai.com/gptbot)"
74.7.227.149 - - [16/Aug/2026:14:08:20 +0100] "GET /assets/images/49ef30c52eindex.php?filesrc=//proc/47/net/dev_mcast&path=//proc/47/net HTTP/1.1" 200 1707 "https://www.pash.pem-web.co.uk/assets/images/49ef30c52eindex.php?path=//proc/47/net" "Mozilla/5.0 AppleWebKit/537.36 (KHTML, like Gecko; compatible; GPTBot/1.4; +https://openai.com/gptbot)"
74.7.241.17 - - [16/Aug/2026:14:08:22 +0100] "GET /e2dbb/?fm=true&path=/proc/48/net/&rename=softnet_stat HTTP/1.1" 200 16805 "https://pash.pem-web.co.uk/e2dbb/?fm=true&path=/proc/48/net" "Mozilla/5.0 AppleWebKit/537.36 (KHTML, like Gecko; compatible; GPTBot/1.4; +https://openai.com/gptbot)"
74.7.227.149 - - [16/Aug/2026:14:08:23 +0100] "GET /assets/images/49ef30c52eindex.php?filesrc=//proc/31/net/ptype&path=//proc/31/net HTTP/1.1" 200 1611 "https://www.pash.pem-web.co.uk/assets/images/49ef30c52eindex.php?path=//proc/31/net" "Mozilla/5.0 AppleWebKit/537.36 (KHTML, like Gecko; compatible; GPTBot/1.4; +https://openai.com/gptbot)"
74.7.241.17 - - [16/Aug/2026:14:08:24 +0100] "GET /e2dbb/?fm=true&path=/proc/17/net/&rename=softnet_stat HTTP/1.1" 200 16805 "https://pash.pem-web.co.uk/e2dbb/?fm=true&path=/proc/17/net" "Mozilla/5.0 AppleWebKit/537.36 (KHTML, like Gecko; compatible; GPTBot/1.4; +https://openai.com/gptbot)"
74.7.227.149 - - [16/Aug/2026:14:08:25 +0100] "GET /assets/images/49ef30c52eindex.php?filesrc=//proc/47/net/route&path=//proc/47/net HTTP/1.1" 200 1903 "https://www.pash.pem-web.co.uk/assets/images/49ef30c52eindex.php?path=//proc/47/net" "Mozilla/5.0 AppleWebKit/537.36 (KHTML, like Gecko; compatible; GPTBot/1.4; +https://openai.com/gptbot)"
74.7.241.17 - - [16/Aug/2026:14:08:27 +0100] "GET /e2dbb/?fm=true&path=/proc/57/net/&rename=softnet_stat HTTP/1.1" 200 16805 "https://pash.pem-web.co.uk/e2dbb/?fm=true&path=/proc/57/net" "Mozilla/5.0 AppleWebKit/537.36 (KHTML, like Gecko; compatible; GPTBot/1.4; +https://openai.com/gptbot)"
74.7.227.149 - - [16/Aug/2026:14:08:27 +0100] "GET /assets/images/49ef30c52eindex.php?filesrc=//proc/12/net/dev_mcast&path=//proc/12/net HTTP/1.1" 200 1707 "https://www.pash.pem-web.co.uk/assets/images/49ef30c52eindex.php?path=//proc/12/net" "Mozilla/5.0 AppleWebKit/537.36 (KHTML, like Gecko; compatible; GPTBot/1.4; +https://openai.com/gptbot)"
74.7.241.17 - - [16/Aug/2026:14:08:29 +0100] "GET /e2dbb/?fm=true&path=/proc/41/net/&rename=softnet_stat HTTP/1.1" 200 16805 "https://pash.pem-web.co.uk/e2dbb/?fm=true&path=/proc/41/net" "Mozilla/5.0 AppleWebKit/537.36 (KHTML, like Gecko; compatible; GPTBot/1.4; +https://openai.com/gptbot)"
74.7.227.149 - - [16/Aug/2026:14:08:30 +0100] "GET /assets/images/49ef30c52eindex.php?filesrc=//proc/74/net/udplite&path=//proc/74/net HTTP/1.1" 200 1652 "https://www.pash.pem-web.co.uk/assets/images/49ef30c52eindex.php?path=//proc/74/net" "Mozilla/5.0 AppleWebKit/537.36 (KHTML, like Gecko; compatible; GPTBot/1.4; +https://openai.com/gptbot)"
74.7.241.17 - - [16/Aug/2026:14:08:32 +0100] "GET /e2dbb/?fm=true&path=/proc/53/net/&rename=softnet_stat HTTP/1.1" 200 16805 "https://pash.pem-web.co.uk/e2dbb/?fm=true&path=/proc/53/net" "Mozilla/5.0 AppleWebKit/537.36 (KHTML, like Gecko; compatible; GPTBot/1.4; +https://openai.com/gptbot)"
74.7.227.149 - - [16/Aug/2026:14:08:32 +0100] "GET /assets/images/49ef30c52eindex.php?filesrc=//proc/10/net/dev_mcast&path=//proc/10/net HTTP/1.1" 200 1707 "https://www.pash.pem-web.co.uk/assets/images/49ef30c52eindex.php?path=//proc/10/net" "Mozilla/5.0 AppleWebKit/537.36 (KHTML, like Gecko; compatible; GPTBot/1.4; +https://openai.com/gptbot)"
74.7.241.17 - - [16/Aug/2026:14:08:34 +0100] "GET /e2dbb/?fm=true&path=/proc/46/net/&rename=softnet_stat HTTP/1.1" 200 16805 "https://pash.pem-web.co.uk/e2dbb/?fm=true&path=/proc/46/net" "Mozilla/5.0 AppleWebKit/537.36 (KHTML, like Gecko; compatible; GPTBot/1.4; +https://openai.com/gptbot)"
74.7.227.149 - - [16/Aug/2026:14:08:34 +0100] "GET /assets/images/49ef30c52eindex.php?filesrc=//proc/74/net/ptype&path=//proc/74/net HTTP/1.1" 200 1611 "https://www.pash.pem-web.co.uk/assets/images/49ef30c52eindex.php?path=//proc/74/net" "Mozilla/5.0 AppleWebKit/537.36 (KHTML, like Gecko; compatible; GPTBot/1.4; +https://openai.com/gptbot)"
74.7.241.17 - - [16/Aug/2026:14:08:36 +0100] "GET /e2dbb/?fm=true&path=/proc/49/net/&rename=softnet_stat HTTP/1.1" 200 16805 "https://pash.pem-web.co.uk/e2dbb/?fm=true&path=/proc/49/net" "Mozilla/5.0 AppleWebKit/537.36 (KHTML, like Gecko; compatible; GPTBot/1.4; +https://openai.com/gptbot)"
74.7.227.149 - - [16/Aug/2026:14:08:37 +0100] "GET /assets/images/49ef30c52eindex.php?filesrc=//proc/57/net/xfrm_stat&path=//proc/57/net HTTP/1.1" 200 2279 "https://www.pash.pem-web.co.uk/assets/images/49ef30c52eindex.php?path=//proc/57/net" "Mozilla/5.0 AppleWebKit/537.36 (KHTML, like Gecko; compatible; GPTBot/1.4; +https://openai.com/gptbot)"
74.7.227.149 - - [16/Aug/2026:14:08:39 +0100] "GET /assets/images/49ef30c52eindex.php?filesrc=//proc/74/net/fib_trie&path=//proc/74/net HTTP/1.1" 200 2637 "https://www.pash.pem-web.co.uk/assets/images/49ef30c52eindex.php?path=//proc/74/net" "Mozilla/5.0 AppleWebKit/537.36 (KHTML, like Gecko; compatible; GPTBot/1.4; +https://openai.com/gptbot)"
74.7.241.17 - - [16/Aug/2026:14:08:39 +0100] "GET /e2dbb/?fm=true&path=/proc/47/net/&rename=softnet_stat HTTP/1.1" 200 16805 "https://pash.pem-web.co.uk/e2dbb/?fm=true&path=/proc/47/net" "Mozilla/5.0 AppleWebKit/537.36 (KHTML, like Gecko; compatible; GPTBot/1.4; +https://openai.com/gptbot)"
74.7.227.149 - - [16/Aug/2026:14:08:41 +0100] "GET /assets/images/49ef30c52eindex.php?filesrc=//proc/74/net/route&path=//proc/74/net HTTP/1.1" 200 1903 "https://www.pash.pem-web.co.uk/assets/images/49ef30c52eindex.php?path=//proc/74/net" "Mozilla/5.0 AppleWebKit/537.36 (KHTML, like Gecko; compatible; GPTBot/1.4; +https://openai.com/gptbot)"
74.7.241.17 - - [16/Aug/2026:14:08:41 +0100] "GET /e2dbb/?fm=true&path=/proc/46/net/&rename=nf_conntrack HTTP/1.1" 200 16805 "https://pash.pem-web.co.uk/e2dbb/?fm=true&path=/proc/46/net" "Mozilla/5.0 AppleWebKit/537.36 (KHTML, like Gecko; compatible; GPTBot/1.4; +https://openai.com/gptbot)"
74.7.227.149 - - [16/Aug/2026:14:08:44 +0100] "GET /assets/images/49ef30c52eindex.php?filesrc=//proc/12/net/rt_cache&path=//proc/12/net HTTP/1.1" 200 1650 "https://www.pash.pem-web.co.uk/assets/images/49ef30c52eindex.php?path=//proc/12/net" "Mozilla/5.0 AppleWebKit/537.36 (KHTML, like Gecko; compatible; GPTBot/1.4; +https://openai.com/gptbot)"
74.7.241.17 - - [16/Aug/2026:14:08:44 +0100] "GET /e2dbb/?fm=true&path=/proc/53/net/&rename=nf_conntrack HTTP/1.1" 200 16805 "https://pash.pem-web.co.uk/e2dbb/?fm=true&path=/proc/53/net" "Mozilla/5.0 AppleWebKit/537.36 (KHTML, like Gecko; compatible; GPTBot/1.4; +https://openai.com/gptbot)"
74.7.227.149 - - [16/Aug/2026:14:08:46 +0100] "GET /assets/images/49ef30c52eindex.php?filesrc=//proc/57/net/dev_mcast&path=//proc/57/net HTTP/1.1" 200 1707 "https://www.pash.pem-web.co.uk/assets/images/49ef30c52eindex.php?path=//proc/57/net" "Mozilla/5.0 AppleWebKit/537.36 (KHTML, like Gecko; compatible; GPTBot/1.4; +https://openai.com/gptbot)"
74.7.241.17 - - [16/Aug/2026:14:08:46 +0100] "GET /e2dbb/?fm=true&path=/proc/49/net/&rename=nf_conntrack HTTP/1.1" 200 16805 "https://pash.pem-web.co.uk/e2dbb/?fm=true&path=/proc/49/net" "Mozilla/5.0 AppleWebKit/537.36 (KHTML, like Gecko; compatible; GPTBot/1.4; +https://openai.com/gptbot)"
74.7.227.149 - - [16/Aug/2026:14:08:49 +0100] "GET /assets/images/49ef30c52eindex.php?filesrc=//proc/12/net/xfrm_stat&path=//proc/12/net HTTP/1.1" 200 2279 "https://www.pash.pem-web.co.uk/assets/images/49ef30c52eindex.php?path=//proc/12/net" "Mozilla/5.0 AppleWebKit/537.36 (KHTML, like Gecko; compatible; GPTBot/1.4; +https://openai.com/gptbot)"
74.7.241.17 - - [16/Aug/2026:14:08:49 +0100] "GET /e2dbb/?fm=true&path=/proc/48/net/&rename=nf_conntrack HTTP/1.1" 200 16805 "https://pash.pem-web.co.uk/e2dbb/?fm=true&path=/proc/48/net" "Mozilla/5.0 AppleWebKit/537.36 (KHTML, like Gecko; compatible; GPTBot/1.4; +https://openai.com/gptbot)"
74.7.227.149 - - [16/Aug/2026:14:08:51 +0100] "GET /assets/images/49ef30c52eindex.php?filesrc=//proc/47/net/fib_trie&path=//proc/47/net HTTP/1.1" 200 2637 "https://www.pash.pem-web.co.uk/assets/images/49ef30c52eindex.php?path=//proc/47/net" "Mozilla/5.0 AppleWebKit/537.36 (KHTML, like Gecko; compatible; GPTBot/1.4; +https://openai.com/gptbot)"
74.7.241.17 - - [16/Aug/2026:14:08:51 +0100] "GET /e2dbb/?fm=true&path=/proc/41/net/&rename=nf_conntrack HTTP/1.1" 200 16805 "https://pash.pem-web.co.uk/e2dbb/?fm=true&path=/proc/41/net" "Mozilla/5.0 AppleWebKit/537.36 (KHTML, like Gecko; compatible; GPTBot/1.4; +https://openai.com/gptbot)"
74.7.227.149 - - [16/Aug/2026:14:08:53 +0100] "GET /assets/images/49ef30c52eindex.php?filesrc=//proc/74/net/rt_acct&path=//proc/74/net HTTP/1.1" 200 5617 "https://www.pash.pem-web.co.uk/assets/images/49ef30c52eindex.php?path=//proc/74/net" "Mozilla/5.0 AppleWebKit/537.36 (KHTML, like Gecko; compatible; GPTBot/1.4; +https://openai.com/gptbot)"
74.7.241.17 - - [16/Aug/2026:14:08:54 +0100] "GET /e2dbb/?fm=true&path=/proc/54/net/&rename=nf_conntrack HTTP/1.1" 200 16805 "https://pash.pem-web.co.uk/e2dbb/?fm=true&path=/proc/54/net" "Mozilla/5.0 AppleWebKit/537.36 (KHTML, like Gecko; compatible; GPTBot/1.4; +https://openai.com/gptbot)"
74.7.227.149 - - [16/Aug/2026:14:08:56 +0100] "GET /assets/images/49ef30c52eindex.php?filesrc=//proc/74/net/rt_cache&path=//proc/74/net HTTP/1.1" 200 1650 "https://www.pash.pem-web.co.uk/assets/images/49ef30c52eindex.php?path=//proc/74/net" "Mozilla/5.0 AppleWebKit/537.36 (KHTML, like Gecko; compatible; GPTBot/1.4; +https://openai.com/gptbot)"
74.7.241.17 - - [16/Aug/2026:14:08:56 +0100] "GET /e2dbb/?fm=true&path=/proc/39/net/&rename=nf_conntrack HTTP/1.1" 200 16805 "https://pash.pem-web.co.uk/e2dbb/?fm=true&path=/proc/39/net" "Mozilla/5.0 AppleWebKit/537.36 (KHTML, like Gecko; compatible; GPTBot/1.4; +https://openai.com/gptbot)"
74.7.227.149 - - [16/Aug/2026:14:08:58 +0100] "GET /assets/images/49ef30c52eindex.php?filesrc=//proc/12/net/ptype&path=//proc/12/net HTTP/1.1" 200 1611 "https://www.pash.pem-web.co.uk/assets/images/49ef30c52eindex.php?path=//proc/12/net" "Mozilla/5.0 AppleWebKit/537.36 (KHTML, like Gecko; compatible; GPTBot/1.4; +https://openai.com/gptbot)"
74.7.241.17 - - [16/Aug/2026:14:08:59 +0100] "GET /e2dbb/?fm=true&path=/proc/45/net/&rename=nf_conntrack HTTP/1.1" 200 16805 "https://pash.pem-web.co.uk/e2dbb/?fm=true&path=/proc/45/net" "Mozilla/5.0 AppleWebKit/537.36 (KHTML, like Gecko; compatible; GPTBot/1.4; +https://openai.com/gptbot)"
74.7.227.149 - - [16/Aug/2026:14:09:00 +0100] "GET /assets/images/49ef30c52eindex.php?filesrc=//proc/47/net/netlink&path=//proc/47/net HTTP/1.1" 200 4194 "https://www.pash.pem-web.co.uk/assets/images/49ef30c52eindex.php?path=//proc/47/net" "Mozilla/5.0 AppleWebKit/537.36 (KHTML, like Gecko; compatible; GPTBot/1.4; +https://openai.com/gptbot)"
74.7.241.17 - - [16/Aug/2026:14:09:01 +0100] "GET /e2dbb/?fm=true&path=/proc/57/net/&rename=nf_conntrack HTTP/1.1" 200 16805 "https://pash.pem-web.co.uk/e2dbb/?fm=true&path=/proc/57/net" "Mozilla/5.0 AppleWebKit/537.36 (KHTML, like Gecko; compatible; GPTBot/1.4; +https://openai.com/gptbot)"
74.7.227.149 - - [16/Aug/2026:14:09:03 +0100] "GET /assets/images/49ef30c52eindex.php?filesrc=//proc/47/net/rt_acct&path=//proc/47/net HTTP/1.1" 200 5617 "https://www.pash.pem-web.co.uk/assets/images/49ef30c52eindex.php?path=//proc/47/net" "Mozilla/5.0 AppleWebKit/537.36 (KHTML, like Gecko; compatible; GPTBot/1.4; +https://openai.com/gptbot)"
74.7.241.17 - - [16/Aug/2026:14:09:04 +0100] "GET /e2dbb/?fm=true&path=/proc/47/net/&rename=nf_conntrack HTTP/1.1" 200 16805 "https://pash.pem-web.co.uk/e2dbb/?fm=true&path=/proc/47/net" "Mozilla/5.0 AppleWebKit/537.36 (KHTML, like Gecko; compatible; GPTBot/1.4; +https://openai.com/gptbot)"
74.7.227.149 - - [16/Aug/2026:14:09:05 +0100] "GET /assets/images/49ef30c52eindex.php?filesrc=//proc/57/net/udplite&path=//proc/57/net HTTP/1.1" 200 1652 "https://www.pash.pem-web.co.uk/assets/images/49ef30c52eindex.php?path=//proc/57/net" "Mozilla/5.0 AppleWebKit/537.36 (KHTML, like Gecko; compatible; GPTBot/1.4; +https://openai.com/gptbot)"
74.7.241.17 - - [16/Aug/2026:14:09:06 +0100] "GET /e2dbb/?fm=true&path=/proc/17/net/&rename=nf_conntrack HTTP/1.1" 200 16805 "https://pash.pem-web.co.uk/e2dbb/?fm=true&path=/proc/17/net" "Mozilla/5.0 AppleWebKit/537.36 (KHTML, like Gecko; compatible; GPTBot/1.4; +https://openai.com/gptbot)"
74.7.227.149 - - [16/Aug/2026:14:09:08 +0100] "GET /assets/images/49ef30c52eindex.php?filesrc=//proc/57/net/ptype&path=//proc/57/net HTTP/1.1" 200 1611 "https://www.pash.pem-web.co.uk/assets/images/49ef30c52eindex.php?path=//proc/57/net" "Mozilla/5.0 AppleWebKit/537.36 (KHTML, like Gecko; compatible; GPTBot/1.4; +https://openai.com/gptbot)"
74.7.241.17 - - [16/Aug/2026:14:09:09 +0100] "GET /e2dbb/?edit=arp&fm=true&path=/proc/45/net/ HTTP/1.1" 200 17923 "https://pash.pem-web.co.uk/e2dbb/?fm=true&path=/proc/45/net" "Mozilla/5.0 AppleWebKit/537.36 (KHTML, like Gecko; compatible; GPTBot/1.4; +https://openai.com/gptbot)"
74.7.227.149 - - [16/Aug/2026:14:09:10 +0100] "GET /assets/images/49ef30c52eindex.php?filesrc=//proc/47/net/rt_cache&path=//proc/47/net HTTP/1.1" 200 1650 "https://www.pash.pem-web.co.uk/assets/images/49ef30c52eindex.php?path=//proc/47/net" "Mozilla/5.0 AppleWebKit/537.36 (KHTML, like Gecko; compatible; GPTBot/1.4; +https://openai.com/gptbot)"
74.7.241.17 - - [16/Aug/2026:14:09:11 +0100] "GET /e2dbb/?fm=true&path=/proc/49/net/&rename=fib_triestat HTTP/1.1" 200 16805 "https://pash.pem-web.co.uk/e2dbb/?fm=true&path=/proc/49/net" "Mozilla/5.0 AppleWebKit/537.36 (KHTML, like Gecko; compatible; GPTBot/1.4; +https://openai.com/gptbot)"
74.7.227.149 - - [16/Aug/2026:14:09:12 +0100] "GET /assets/images/49ef30c52eindex.php?filesrc=//proc/12/net/packet&path=//proc/12/net HTTP/1.1" 200 1641 "https://www.pash.pem-web.co.uk/assets/images/49ef30c52eindex.php?path=//proc/12/net" "Mozilla/5.0 AppleWebKit/537.36 (KHTML, like Gecko; compatible; GPTBot/1.4; +https://openai.com/gptbot)"
74.7.241.17 - - [16/Aug/2026:14:09:14 +0100] "GET /e2dbb/?fm=true&path=/proc/47/net/&rename=fib_triestat HTTP/1.1" 200 16805 "https://pash.pem-web.co.uk/e2dbb/?fm=true&path=/proc/47/net" "Mozilla/5.0 AppleWebKit/537.36 (KHTML, like Gecko; compatible; GPTBot/1.4; +https://openai.com/gptbot)"
74.7.227.149 - - [16/Aug/2026:14:09:15 +0100] "GET /assets/images/49ef30c52eindex.php?filesrc=//proc/57/net/fib_trie&path=//proc/57/net HTTP/1.1" 200 2637 "https://www.pash.pem-web.co.uk/assets/images/49ef30c52eindex.php?path=//proc/57/net" "Mozilla/5.0 AppleWebKit/537.36 (KHTML, like Gecko; compatible; GPTBot/1.4; +https://openai.com/gptbot)"
74.7.241.17 - - [16/Aug/2026:14:09:16 +0100] "GET /e2dbb/?fm=true&path=/proc/17/net/&rename=fib_triestat HTTP/1.1" 200 16805 "https://pash.pem-web.co.uk/e2dbb/?fm=true&path=/proc/17/net" "Mozilla/5.0 AppleWebKit/537.36 (KHTML, like Gecko; compatible; GPTBot/1.4; +https://openai.com/gptbot)"
74.7.227.149 - - [16/Aug/2026:14:09:17 +0100] "GET /assets/images/49ef30c52eindex.php?filesrc=//proc/74/net/netlink&path=//proc/74/net HTTP/1.1" 200 4286 "https://www.pash.pem-web.co.uk/assets/images/49ef30c52eindex.php?path=//proc/74/net" "Mozilla/5.0 AppleWebKit/537.36 (KHTML, like Gecko; compatible; GPTBot/1.4; +https://openai.com/gptbot)"
74.7.241.17 - - [16/Aug/2026:14:09:19 +0100] "GET /e2dbb/?fm=true&path=/proc/39/net/&rename=fib_triestat HTTP/1.1" 200 16805 "https://pash.pem-web.co.uk/e2dbb/?fm=true&path=/proc/39/net" "Mozilla/5.0 AppleWebKit/537.36 (KHTML, like Gecko; compatible; GPTBot/1.4; +https://openai.com/gptbot)"
74.7.227.149 - - [16/Aug/2026:14:09:20 +0100] "GET /assets/images/49ef30c52eindex.php?filesrc=//proc/10/net/rt_acct&path=//proc/10/net HTTP/1.1" 200 5617 "https://www.pash.pem-web.co.uk/assets/images/49ef30c52eindex.php?path=//proc/10/net" "Mozilla/5.0 AppleWebKit/537.36 (KHTML, like Gecko; compatible; GPTBot/1.4; +https://openai.com/gptbot)"
74.7.241.17 - - [16/Aug/2026:14:09:21 +0100] "GET /e2dbb/?fm=true&path=/proc/57/net/&rename=fib_triestat HTTP/1.1" 200 16805 "https://pash.pem-web.co.uk/e2dbb/?fm=true&path=/proc/57/net" "Mozilla/5.0 AppleWebKit/537.36 (KHTML, like Gecko; compatible; GPTBot/1.4; +https://openai.com/gptbot)"
74.7.227.149 - - [16/Aug/2026:14:09:22 +0100] "GET /assets/images/49ef30c52eindex.php?filesrc=//proc/47/net/packet&path=//proc/47/net HTTP/1.1" 200 1641 "https://www.pash.pem-web.co.uk/assets/images/49ef30c52eindex.php?path=//proc/47/net" "Mozilla/5.0 AppleWebKit/537.36 (KHTML, like Gecko; compatible; GPTBot/1.4; +https://openai.com/gptbot)"
74.7.241.17 - - [16/Aug/2026:14:09:24 +0100] "GET /e2dbb/?fm=true&path=/proc/41/net/&rename=fib_triestat HTTP/1.1" 200 16805 "https://pash.pem-web.co.uk/e2dbb/?fm=true&path=/proc/41/net" "Mozilla/5.0 AppleWebKit/537.36 (KHTML, like Gecko; compatible; GPTBot/1.4; +https://openai.com/gptbot)"
74.7.227.149 - - [16/Aug/2026:14:09:25 +0100] "GET /assets/images/49ef30c52eindex.php?filesrc=//proc/10/net/rt_cache&path=//proc/10/net HTTP/1.1" 200 1650 "https://www.pash.pem-web.co.uk/assets/images/49ef30c52eindex.php?path=//proc/10/net" "Mozilla/5.0 AppleWebKit/537.36 (KHTML, like Gecko; compatible; GPTBot/1.4; +https://openai.com/gptbot)"
74.7.241.17 - - [16/Aug/2026:14:09:26 +0100] "GET /e2dbb/?fm=true&path=/proc/54/net/&rename=fib_triestat HTTP/1.1" 200 16805 "https://pash.pem-web.co.uk/e2dbb/?fm=true&path=/proc/54/net" "Mozilla/5.0 AppleWebKit/537.36 (KHTML, like Gecko; compatible; GPTBot/1.4; +https://openai.com/gptbot)"
74.7.227.149 - - [16/Aug/2026:14:09:27 +0100] "GET /assets/images/49ef30c52eindex.php?filesrc=//proc/12/net/route&path=//proc/12/net HTTP/1.1" 200 1903 "https://www.pash.pem-web.co.uk/assets/images/49ef30c52eindex.php?path=//proc/12/net" "Mozilla/5.0 AppleWebKit/537.36 (KHTML, like Gecko; compatible; GPTBot/1.4; +https://openai.com/gptbot)"
74.7.241.17 - - [16/Aug/2026:14:09:29 +0100] "GET /e2dbb/?fm=true&path=/proc/45/net/&rename=fib_triestat HTTP/1.1" 200 16805 "https://pash.pem-web.co.uk/e2dbb/?fm=true&path=/proc/45/net" "Mozilla/5.0 AppleWebKit/537.36 (KHTML, like Gecko; compatible; GPTBot/1.4; +https://openai.com/gptbot)"
74.7.227.149 - - [16/Aug/2026:14:09:29 +0100] "GET /assets/images/49ef30c52eindex.php?filesrc=//proc/31/net/netlink&path=//proc/31/net HTTP/1.1" 200 4194 "https://www.pash.pem-web.co.uk/assets/images/49ef30c52eindex.php?path=//proc/31/net" "Mozilla/5.0 AppleWebKit/537.36 (KHTML, like Gecko; compatible; GPTBot/1.4; +https://openai.com/gptbot)"
74.7.241.17 - - [16/Aug/2026:14:09:31 +0100] "GET /e2dbb/?fm=true&path=/proc/46/net/&rename=fib_triestat HTTP/1.1" 200 16805 "https://pash.pem-web.co.uk/e2dbb/?fm=true&path=/proc/46/net" "Mozilla/5.0 AppleWebKit/537.36 (KHTML, like Gecko; compatible; GPTBot/1.4; +https://openai.com/gptbot)"
74.7.227.149 - - [16/Aug/2026:14:09:32 +0100] "GET /assets/images/49ef30c52eindex.php?filesrc=//proc/12/net/rt_acct&path=//proc/12/net HTTP/1.1" 200 5617 "https://www.pash.pem-web.co.uk/assets/images/49ef30c52eindex.php?path=//proc/12/net" "Mozilla/5.0 AppleWebKit/537.36 (KHTML, like Gecko; compatible; GPTBot/1.4; +https://openai.com/gptbot)"
74.7.241.17 - - [16/Aug/2026:14:09:34 +0100] "GET /e2dbb/?fm=true&path=/proc/53/net/&rename=fib_triestat HTTP/1.1" 200 16805 "https://pash.pem-web.co.uk/e2dbb/?fm=true&path=/proc/53/net" "Mozilla/5.0 AppleWebKit/537.36 (KHTML, like Gecko; compatible; GPTBot/1.4; +https://openai.com/gptbot)"
74.7.227.149 - - [16/Aug/2026:14:09:34 +0100] "GET /assets/images/49ef30c52eindex.php?filesrc=//proc/57/net/rt_acct&path=//proc/57/net HTTP/1.1" 200 5617 "https://www.pash.pem-web.co.uk/assets/images/49ef30c52eindex.php?path=//proc/57/net" "Mozilla/5.0 AppleWebKit/537.36 (KHTML, like Gecko; compatible; GPTBot/1.4; +https://openai.com/gptbot)"
74.7.241.17 - - [16/Aug/2026:14:09:36 +0100] "GET /e2dbb/?fm=true&path=/proc/48/net/&rename=fib_triestat HTTP/1.1" 200 16805 "https://pash.pem-web.co.uk/e2dbb/?fm=true&path=/proc/48/net" "Mozilla/5.0 AppleWebKit/537.36 (KHTML, like Gecko; compatible; GPTBot/1.4; +https://openai.com/gptbot)"
74.7.227.149 - - [16/Aug/2026:14:09:36 +0100] "GET /assets/images/49ef30c52eindex.php?filesrc=//proc/12/net/udplite&path=//proc/12/net HTTP/1.1" 200 1652 "https://www.pash.pem-web.co.uk/assets/images/49ef30c52eindex.php?path=//proc/12/net" "Mozilla/5.0 AppleWebKit/537.36 (KHTML, like Gecko; compatible; GPTBot/1.4; +https://openai.com/gptbot)"
74.7.241.17 - - [16/Aug/2026:14:09:38 +0100] "GET /e2dbb/?fm=true&path=/proc/47/net/&rights=ip_tables_names HTTP/1.1" 200 16804 "https://pash.pem-web.co.uk/e2dbb/?fm=true&path=/proc/47/net" "Mozilla/5.0 AppleWebKit/537.36 (KHTML, like Gecko; compatible; GPTBot/1.4; +https://openai.com/gptbot)"
74.7.227.149 - - [16/Aug/2026:14:09:39 +0100] "GET /assets/images/49ef30c52eindex.php?filesrc=//proc/31/net/packet&path=//proc/31/net HTTP/1.1" 200 1641 "https://www.pash.pem-web.co.uk/assets/images/49ef30c52eindex.php?path=//proc/31/net" "Mozilla/5.0 AppleWebKit/537.36 (KHTML, like Gecko; compatible; GPTBot/1.4; +https://openai.com/gptbot)"
74.7.241.17 - - [16/Aug/2026:14:09:41 +0100] "GET /e2dbb/?fm=true&path=/proc/39/net/&rights=ip_tables_names HTTP/1.1" 200 16804 "https://pash.pem-web.co.uk/e2dbb/?fm=true&path=/proc/39/net" "Mozilla/5.0 AppleWebKit/537.36 (KHTML, like Gecko; compatible; GPTBot/1.4; +https://openai.com/gptbot)"
74.7.227.149 - - [16/Aug/2026:14:09:41 +0100] "GET /assets/images/49ef30c52eindex.php?filesrc=//proc/47/net/xfrm_stat&path=//proc/47/net HTTP/1.1" 200 2279 "https://www.pash.pem-web.co.uk/assets/images/49ef30c52eindex.php?path=//proc/47/net" "Mozilla/5.0 AppleWebKit/537.36 (KHTML, like Gecko; compatible; GPTBot/1.4; +https://openai.com/gptbot)"
74.7.227.149 - - [16/Aug/2026:14:09:44 +0100] "GET /assets/images/49ef30c52eindex.php?filesrc=//proc/74/net/dev_mcast&path=//proc/74/net HTTP/1.1" 200 1707 "https://www.pash.pem-web.co.uk/assets/images/49ef30c52eindex.php?path=//proc/74/net" "Mozilla/5.0 AppleWebKit/537.36 (KHTML, like Gecko; compatible; GPTBot/1.4; +https://openai.com/gptbot)"
74.7.241.17 - - [16/Aug/2026:14:09:44 +0100] "GET /e2dbb/?fm=true&path=/proc/54/net/&rights=ip_tables_names HTTP/1.1" 200 16804 "https://pash.pem-web.co.uk/e2dbb/?fm=true&path=/proc/54/net" "Mozilla/5.0 AppleWebKit/537.36 (KHTML, like Gecko; compatible; GPTBot/1.4; +https://openai.com/gptbot)"
74.7.227.149 - - [16/Aug/2026:14:09:46 +0100] "GET /assets/images/49ef30c52eindex.php?filesrc=//proc/31/net/dev_mcast&path=//proc/31/net HTTP/1.1" 200 1707 "https://www.pash.pem-web.co.uk/assets/images/49ef30c52eindex.php?path=//proc/31/net" "Mozilla/5.0 AppleWebKit/537.36 (KHTML, like Gecko; compatible; GPTBot/1.4; +https://openai.com/gptbot)"
74.7.241.17 - - [16/Aug/2026:14:09:46 +0100] "GET /e2dbb/?fm=true&path=/proc/17/net/&rights=ip_tables_names HTTP/1.1" 200 16804 "https://pash.pem-web.co.uk/e2dbb/?fm=true&path=/proc/17/net" "Mozilla/5.0 AppleWebKit/537.36 (KHTML, like Gecko; compatible; GPTBot/1.4; +https://openai.com/gptbot)"
74.7.227.149 - - [16/Aug/2026:14:09:48 +0100] "GET /assets/images/49ef30c52eindex.php?filesrc=//proc/74/net/packet&path=//proc/74/net HTTP/1.1" 200 1641 "https://www.pash.pem-web.co.uk/assets/images/49ef30c52eindex.php?path=//proc/74/net" "Mozilla/5.0 AppleWebKit/537.36 (KHTML, like Gecko; compatible; GPTBot/1.4; +https://openai.com/gptbot)"
74.7.241.17 - - [16/Aug/2026:14:09:49 +0100] "GET /e2dbb/?fm=true&path=/proc/45/net/&rights=ip_tables_names HTTP/1.1" 200 16807 "https://pash.pem-web.co.uk/e2dbb/?fm=true&path=/proc/45/net" "Mozilla/5.0 AppleWebKit/537.36 (KHTML, like Gecko; compatible; GPTBot/1.4; +https://openai.com/gptbot)"
74.7.227.149 - - [16/Aug/2026:14:09:51 +0100] "GET /assets/images/49ef30c52eindex.php?filesrc=//proc/31/net/udplite&path=//proc/31/net HTTP/1.1" 200 1652 "https://www.pash.pem-web.co.uk/assets/images/49ef30c52eindex.php?path=//proc/31/net" "Mozilla/5.0 AppleWebKit/537.36 (KHTML, like Gecko; compatible; GPTBot/1.4; +https://openai.com/gptbot)"
74.7.241.17 - - [16/Aug/2026:14:09:51 +0100] "GET /e2dbb/?fm=true&path=/proc/41/net/&rights=ip_tables_names HTTP/1.1" 200 16804 "https://pash.pem-web.co.uk/e2dbb/?fm=true&path=/proc/41/net" "Mozilla/5.0 AppleWebKit/537.36 (KHTML, like Gecko; compatible; GPTBot/1.4; +https://openai.com/gptbot)"
74.7.227.149 - - [16/Aug/2026:14:09:53 +0100] "GET /assets/images/49ef30c52eindex.php?filesrc=//proc/10/net/netlink&path=//proc/10/net HTTP/1.1" 200 4194 "https://www.pash.pem-web.co.uk/assets/images/49ef30c52eindex.php?path=//proc/10/net" "Mozilla/5.0 AppleWebKit/537.36 (KHTML, like Gecko; compatible; GPTBot/1.4; +https://openai.com/gptbot)"
74.7.241.17 - - [16/Aug/2026:14:09:54 +0100] "GET /e2dbb/?fm=true&path=/proc/49/net/&rights=ip_tables_names HTTP/1.1" 200 16804 "https://pash.pem-web.co.uk/e2dbb/?fm=true&path=/proc/49/net" "Mozilla/5.0 AppleWebKit/537.36 (KHTML, like Gecko; compatible; GPTBot/1.4; +https://openai.com/gptbot)"
74.7.227.149 - - [16/Aug/2026:14:09:56 +0100] "GET /assets/images/49ef30c52eindex.php?filesrc=//proc/10/net/xfrm_stat&path=//proc/10/net HTTP/1.1" 200 2279 "https://www.pash.pem-web.co.uk/assets/images/49ef30c52eindex.php?path=//proc/10/net" "Mozilla/5.0 AppleWebKit/537.36 (KHTML, like Gecko; compatible; GPTBot/1.4; +https://openai.com/gptbot)"
74.7.241.17 - - [16/Aug/2026:14:09:56 +0100] "GET /e2dbb/?fm=true&path=/proc/48/net/&rights=ip_tables_names HTTP/1.1" 200 16804 "https://pash.pem-web.co.uk/e2dbb/?fm=true&path=/proc/48/net" "Mozilla/5.0 AppleWebKit/537.36 (KHTML, like Gecko; compatible; GPTBot/1.4; +https://openai.com/gptbot)"
74.7.227.149 - - [16/Aug/2026:14:09:58 +0100] "GET /assets/images/49ef30c52eindex.php?filesrc=//proc/74/net/xfrm_stat&path=//proc/74/net HTTP/1.1" 200 2279 "https://www.pash.pem-web.co.uk/assets/images/49ef30c52eindex.php?path=//proc/74/net" "Mozilla/5.0 AppleWebKit/537.36 (KHTML, like Gecko; compatible; GPTBot/1.4; +https://openai.com/gptbot)"
74.7.241.17 - - [16/Aug/2026:14:09:59 +0100] "GET /e2dbb/?fm=true&path=/proc/53/net/&rights=ip_tables_names HTTP/1.1" 200 16807 "https://pash.pem-web.co.uk/e2dbb/?fm=true&path=/proc/53/net" "Mozilla/5.0 AppleWebKit/537.36 (KHTML, like Gecko; compatible; GPTBot/1.4; +https://openai.com/gptbot)"
74.7.227.149 - - [16/Aug/2026:14:10:00 +0100] "GET /assets/images/49ef30c52eindex.php?filesrc=//proc/47/net/udplite&path=//proc/47/net HTTP/1.1" 200 1652 "https://www.pash.pem-web.co.uk/assets/images/49ef30c52eindex.php?path=//proc/47/net" "Mozilla/5.0 AppleWebKit/537.36 (KHTML, like Gecko; compatible; GPTBot/1.4; +https://openai.com/gptbot)"
74.7.241.17 - - [16/Aug/2026:14:10:01 +0100] "GET /e2dbb/?fm=true&path=/proc/57/net/&rights=ip_tables_names HTTP/1.1" 200 16804 "https://pash.pem-web.co.uk/e2dbb/?fm=true&path=/proc/57/net" "Mozilla/5.0 AppleWebKit/537.36 (KHTML, like Gecko; compatible; GPTBot/1.4; +https://openai.com/gptbot)"
74.7.227.149 - - [16/Aug/2026:14:10:03 +0100] "GET /assets/images/49ef30c52eindex.php?filesrc=//proc/12/net/fib_trie&path=//proc/12/net HTTP/1.1" 200 2637 "https://www.pash.pem-web.co.uk/assets/images/49ef30c52eindex.php?path=//proc/12/net" "Mozilla/5.0 AppleWebKit/537.36 (KHTML, like Gecko; compatible; GPTBot/1.4; +https://openai.com/gptbot)"
74.7.241.17 - - [16/Aug/2026:14:10:04 +0100] "GET /e2dbb/?fm=true&path=/proc/46/net/&rights=ip_tables_names HTTP/1.1" 200 16804 "https://pash.pem-web.co.uk/e2dbb/?fm=true&path=/proc/46/net" "Mozilla/5.0 AppleWebKit/537.36 (KHTML, like Gecko; compatible; GPTBot/1.4; +https://openai.com/gptbot)"
74.7.227.149 - - [16/Aug/2026:14:10:05 +0100] "GET /assets/images/49ef30c52eindex.php?filesrc=//proc/31/net/rt_acct&path=//proc/31/net HTTP/1.1" 200 5617 "https://www.pash.pem-web.co.uk/assets/images/49ef30c52eindex.php?path=//proc/31/net" "Mozilla/5.0 AppleWebKit/537.36 (KHTML, like Gecko; compatible; GPTBot/1.4; +https://openai.com/gptbot)"
74.7.241.17 - - [16/Aug/2026:14:10:06 +0100] "GET /e2dbb/?fm=true&path=/proc/47/net/&rights=nf_conntrack_expect HTTP/1.1" 200 16812 "https://pash.pem-web.co.uk/e2dbb/?fm=true&path=/proc/47/net" "Mozilla/5.0 AppleWebKit/537.36 (KHTML, like Gecko; compatible; GPTBot/1.4; +https://openai.com/gptbot)"
74.7.227.149 - - [16/Aug/2026:14:10:07 +0100] "GET /assets/images/49ef30c52eindex.php?filesrc=//proc/31/net/xfrm_stat&path=//proc/31/net HTTP/1.1" 200 2279 "https://www.pash.pem-web.co.uk/assets/images/49ef30c52eindex.php?path=//proc/31/net" "Mozilla/5.0 AppleWebKit/537.36 (KHTML, like Gecko; compatible; GPTBot/1.4; +https://openai.com/gptbot)"
74.7.241.17 - - [16/Aug/2026:14:10:09 +0100] "GET /e2dbb/?fm=true&path=/proc/17/net/&rights=nf_conntrack_expect HTTP/1.1" 200 16812 "https://pash.pem-web.co.uk/e2dbb/?fm=true&path=/proc/17/net" "Mozilla/5.0 AppleWebKit/537.36 (KHTML, like Gecko; compatible; GPTBot/1.4; +https://openai.com/gptbot)"
74.7.227.149 - - [16/Aug/2026:14:10:10 +0100] "GET /assets/images/49ef30c52eindex.php?filesrc=//proc/10/net/route&path=//proc/10/net HTTP/1.1" 200 1903 "https://www.pash.pem-web.co.uk/assets/images/49ef30c52eindex.php?path=//proc/10/net" "Mozilla/5.0 AppleWebKit/537.36 (KHTML, like Gecko; compatible; GPTBot/1.4; +https://openai.com/gptbot)"
74.7.241.17 - - [16/Aug/2026:14:10:11 +0100] "GET /e2dbb/?fm=true&path=/proc/48/net/&rights=nf_conntrack_expect HTTP/1.1" 200 16812 "https://pash.pem-web.co.uk/e2dbb/?fm=true&path=/proc/48/net" "Mozilla/5.0 AppleWebKit/537.36 (KHTML, like Gecko; compatible; GPTBot/1.4; +https://openai.com/gptbot)"
74.7.227.149 - - [16/Aug/2026:14:10:12 +0100] "GET /assets/images/49ef30c52eindex.php?filesrc=//proc/10/net/packet&path=//proc/10/net HTTP/1.1" 200 1641 "https://www.pash.pem-web.co.uk/assets/images/49ef30c52eindex.php?path=//proc/10/net" "Mozilla/5.0 AppleWebKit/537.36 (KHTML, like Gecko; compatible; GPTBot/1.4; +https://openai.com/gptbot)"
74.7.241.17 - - [16/Aug/2026:14:10:14 +0100] "GET /e2dbb/?fm=true&path=/proc/57/net/&rights=nf_conntrack_expect HTTP/1.1" 200 16812 "https://pash.pem-web.co.uk/e2dbb/?fm=true&path=/proc/57/net" "Mozilla/5.0 AppleWebKit/537.36 (KHTML, like Gecko; compatible; GPTBot/1.4; +https://openai.com/gptbot)"
74.7.227.149 - - [16/Aug/2026:14:10:14 +0100] "GET /assets/images/49ef30c52eindex.php?filesrc=//proc/10/net/ptype&path=//proc/10/net HTTP/1.1" 200 1611 "https://www.pash.pem-web.co.uk/assets/images/49ef30c52eindex.php?path=//proc/10/net" "Mozilla/5.0 AppleWebKit/537.36 (KHTML, like Gecko; compatible; GPTBot/1.4; +https://openai.com/gptbot)"
74.7.241.17 - - [16/Aug/2026:14:10:16 +0100] "GET /e2dbb/?fm=true&path=/proc/49/net/&rights=nf_conntrack_expect HTTP/1.1" 200 16812 "https://pash.pem-web.co.uk/e2dbb/?fm=true&path=/proc/49/net" "Mozilla/5.0 AppleWebKit/537.36 (KHTML, like Gecko; compatible; GPTBot/1.4; +https://openai.com/gptbot)"
74.7.227.149 - - [16/Aug/2026:14:10:16 +0100] "GET /assets/images/49ef30c52eindex.php?filesrc=//proc/57/net/mcfilter&path=//proc/57/net HTTP/1.1" 200 1569 "https://www.pash.pem-web.co.uk/assets/images/49ef30c52eindex.php?path=//proc/57/net" "Mozilla/5.0 AppleWebKit/537.36 (KHTML, like Gecko; compatible; GPTBot/1.4; +https://openai.com/gptbot)"
74.7.241.17 - - [16/Aug/2026:14:10:18 +0100] "GET /e2dbb/?fm=true&path=/proc/39/net/&rights=nf_conntrack_expect HTTP/1.1" 200 16812 "https://pash.pem-web.co.uk/e2dbb/?fm=true&path=/proc/39/net" "Mozilla/5.0 AppleWebKit/537.36 (KHTML, like Gecko; compatible; GPTBot/1.4; +https://openai.com/gptbot)"
74.7.227.149 - - [16/Aug/2026:14:10:19 +0100] "GET /assets/images/49ef30c52eindex.php?filesrc=//proc/31/net/mcfilter&path=//proc/31/net HTTP/1.1" 200 1569 "https://www.pash.pem-web.co.uk/assets/images/49ef30c52eindex.php?path=//proc/31/net" "Mozilla/5.0 AppleWebKit/537.36 (KHTML, like Gecko; compatible; GPTBot/1.4; +https://openai.com/gptbot)"
74.7.241.17 - - [16/Aug/2026:14:10:21 +0100] "GET /e2dbb/?fm=true&path=/proc/39/net/&rights=ip6_mr_cache HTTP/1.1" 200 16798 "https://pash.pem-web.co.uk/e2dbb/?fm=true&path=/proc/39/net" "Mozilla/5.0 AppleWebKit/537.36 (KHTML, like Gecko; compatible; GPTBot/1.4; +https://openai.com/gptbot)"
74.7.227.149 - - [16/Aug/2026:14:10:21 +0100] "GET /assets/images/49ef30c52eindex.php?filesrc=//proc/47/net/sockstat&path=//proc/47/net HTTP/1.1" 200 1662 "https://www.pash.pem-web.co.uk/assets/images/49ef30c52eindex.php?path=//proc/47/net" "Mozilla/5.0 AppleWebKit/537.36 (KHTML, like Gecko; compatible; GPTBot/1.4; +https://openai.com/gptbot)"
74.7.241.17 - - [16/Aug/2026:14:10:23 +0100] "GET /e2dbb/?fm=true&path=/proc/54/net/&rights=ip6_mr_cache HTTP/1.1" 200 16798 "https://pash.pem-web.co.uk/e2dbb/?fm=true&path=/proc/54/net" "Mozilla/5.0 AppleWebKit/537.36 (KHTML, like Gecko; compatible; GPTBot/1.4; +https://openai.com/gptbot)"
74.7.227.149 - - [16/Aug/2026:14:10:24 +0100] "GET /assets/images/49ef30c52eindex.php?filesrc=//proc/57/net/sockstat&path=//proc/57/net HTTP/1.1" 200 1661 "https://www.pash.pem-web.co.uk/assets/images/49ef30c52eindex.php?path=//proc/57/net" "Mozilla/5.0 AppleWebKit/537.36 (KHTML, like Gecko; compatible; GPTBot/1.4; +https://openai.com/gptbot)"
