74.7.227.149 - - [16/Aug/2026:14:37:51 +0100] "GET /assets/images/49ef30c52eindex.php?filesrc=//proc/11/task/11/net/rpc/auth.unix.ip/channel&path=//proc/11/task/11/net/rpc/auth.unix.ip HTTP/1.1" 200 1757 "https://www.pash.pem-web.co.uk/assets/images/49ef30c52eindex.php?path=//proc/11/task/11/net/rpc/auth.unix.ip" "Mozilla/5.0 AppleWebKit/537.36 (KHTML, like Gecko; compatible; GPTBot/1.4; +https://openai.com/gptbot)"
74.7.241.17 - - [16/Aug/2026:14:37:51 +0100] "GET /e2dbb/?fm=true&path=/proc/47/net/&rights=psched HTTP/1.1" 200 16786 "https://pash.pem-web.co.uk/e2dbb/?fm=true&path=/proc/47/net" "Mozilla/5.0 AppleWebKit/537.36 (KHTML, like Gecko; compatible; GPTBot/1.4; +https://openai.com/gptbot)"
44.209.89.189 - - [16/Aug/2026:14:37:52 +0100] "GET /e2dbb/?zip=L2hvbWUvcGVtd2ViY28vcGFzaC5wZW0td2ViLmNvLnVrL3lwamJ6dG4%3D HTTP/1.1" 200 13582 "-" "Mozilla/5.0 AppleWebKit/537.36 (KHTML, like Gecko; compatible; Amazonbot/0.1; +https://developer.amazon.com/support/amazonbot) Chrome/119.0.6045.214 Safari/537.36"
74.7.227.149 - - [16/Aug/2026:14:37:53 +0100] "GET /assets/images/49ef30c52eindex.php?filesrc=//proc/43/task/43/net/rpc/auth.unix.ip/flush&path=//proc/43/task/43/net/rpc/auth.unix.ip HTTP/1.1" 200 1755 "https://www.pash.pem-web.co.uk/assets/images/49ef30c52eindex.php?path=//proc/43/task/43/net/rpc/auth.unix.ip" "Mozilla/5.0 AppleWebKit/537.36 (KHTML, like Gecko; compatible; GPTBot/1.4; +https://openai.com/gptbot)"
74.7.241.17 - - [16/Aug/2026:14:37:53 +0100] "GET /e2dbb/?fm=true&path=/proc/49/net/&rights=psched HTTP/1.1" 200 16786 "https://pash.pem-web.co.uk/e2dbb/?fm=true&path=/proc/49/net" "Mozilla/5.0 AppleWebKit/537.36 (KHTML, like Gecko; compatible; GPTBot/1.4; +https://openai.com/gptbot)"
35.173.18.61 - - [16/Aug/2026:14:37:53 +0100] "GET /e2dbb/?download=L2hvbWUvcGVtd2ViY28vcGFzaC5wZW0td2ViLmNvLnVrL2FkbWFuLjk5NS50eHQ%3D HTTP/1.1" 200 9 "-" "Mozilla/5.0 AppleWebKit/537.36 (KHTML, like Gecko; compatible; Amazonbot/0.1; +https://developer.amazon.com/support/amazonbot) Chrome/119.0.6045.214 Safari/537.36"
74.7.227.149 - - [16/Aug/2026:14:37:55 +0100] "GET /assets/images/49ef30c52eindex.php?filesrc=//proc/41/net/netfilter/nf_log&path=//proc/41/net/netfilter HTTP/1.1" 200 1823 "https://www.pash.pem-web.co.uk/assets/images/49ef30c52eindex.php?path=//proc/41/net/netfilter" "Mozilla/5.0 AppleWebKit/537.36 (KHTML, like Gecko; compatible; GPTBot/1.4; +https://openai.com/gptbot)"
74.7.241.17 - - [16/Aug/2026:14:37:56 +0100] "GET /e2dbb/?edit=sockstat&fm=true&path=/proc/45/net/ HTTP/1.1" 200 17684 "https://pash.pem-web.co.uk/e2dbb/?fm=true&path=/proc/45/net" "Mozilla/5.0 AppleWebKit/537.36 (KHTML, like Gecko; compatible; GPTBot/1.4; +https://openai.com/gptbot)"
74.7.227.149 - - [16/Aug/2026:14:37:58 +0100] "GET /assets/images/49ef30c52eindex.php?filesrc=//proc/51/net/netfilter/nf_log&path=//proc/51/net/netfilter HTTP/1.1" 200 1823 "https://www.pash.pem-web.co.uk/assets/images/49ef30c52eindex.php?path=//proc/51/net/netfilter" "Mozilla/5.0 AppleWebKit/537.36 (KHTML, like Gecko; compatible; GPTBot/1.4; +https://openai.com/gptbot)"
50.16.72.185 - - [16/Aug/2026:14:37:58 +0100] "GET /e2dbb/?zip=L2hvbWUvcGVtd2ViY28vcGFzaC5wZW0td2ViLmNvLnVrL3JsZ3dranY%3D HTTP/1.1" 200 13582 "-" "Mozilla/5.0 AppleWebKit/537.36 (KHTML, like Gecko; compatible; Amazonbot/0.1; +https://developer.amazon.com/support/amazonbot) Chrome/119.0.6045.214 Safari/537.36"
74.7.241.17 - - [16/Aug/2026:14:37:58 +0100] "GET /e2dbb/?edit=sockstat&fm=true&path=/proc/46/net/ HTTP/1.1" 200 17684 "https://pash.pem-web.co.uk/e2dbb/?fm=true&path=/proc/46/net" "Mozilla/5.0 AppleWebKit/537.36 (KHTML, like Gecko; compatible; GPTBot/1.4; +https://openai.com/gptbot)"
74.7.227.149 - - [16/Aug/2026:14:38:00 +0100] "GET /assets/images/49ef30c52eindex.php?filesrc=//proc/27/net/netfilter/nf_log&path=//proc/27/net/netfilter HTTP/1.1" 200 1823 "https://www.pash.pem-web.co.uk/assets/images/49ef30c52eindex.php?path=//proc/27/net/netfilter" "Mozilla/5.0 AppleWebKit/537.36 (KHTML, like Gecko; compatible; GPTBot/1.4; +https://openai.com/gptbot)"
74.7.241.17 - - [16/Aug/2026:14:38:00 +0100] "GET /e2dbb/?fm=true&path=/proc/46/net/&rights=psched HTTP/1.1" 200 16786 "https://pash.pem-web.co.uk/e2dbb/?fm=true&path=/proc/46/net" "Mozilla/5.0 AppleWebKit/537.36 (KHTML, like Gecko; compatible; GPTBot/1.4; +https://openai.com/gptbot)"
74.7.227.149 - - [16/Aug/2026:14:38:02 +0100] "GET /assets/images/49ef30c52eindex.php?filesrc=//proc/27/net/stat/nf_conntrack&path=//proc/27/net/stat HTTP/1.1" 200 11660 "https://www.pash.pem-web.co.uk/assets/images/49ef30c52eindex.php?path=//proc/27/net/stat" "Mozilla/5.0 AppleWebKit/537.36 (KHTML, like Gecko; compatible; GPTBot/1.4; +https://openai.com/gptbot)"
3.93.253.174 - - [16/Aug/2026:14:38:02 +0100] "GET /e2dbb/?zip=L2hvbWUvcGVtd2ViY28vcGFzaC5wZW0td2ViLmNvLnVrL2F6a255Z28%3D HTTP/1.1" 200 13582 "-" "Mozilla/5.0 AppleWebKit/537.36 (KHTML, like Gecko; compatible; Amazonbot/0.1; +https://developer.amazon.com/support/amazonbot) Chrome/119.0.6045.214 Safari/537.36"
74.7.241.17 - - [16/Aug/2026:14:38:03 +0100] "GET /e2dbb/?edit=sockstat&fm=true&path=/proc/41/net/ HTTP/1.1" 200 17684 "https://pash.pem-web.co.uk/e2dbb/?fm=true&path=/proc/41/net" "Mozilla/5.0 AppleWebKit/537.36 (KHTML, like Gecko; compatible; GPTBot/1.4; +https://openai.com/gptbot)"
74.7.227.149 - - [16/Aug/2026:14:38:04 +0100] "GET /assets/images/49ef30c52eindex.php?filesrc=//proc/27/net/stat/arp_cache&path=//proc/27/net/stat HTTP/1.1" 200 9542 "https://www.pash.pem-web.co.uk/assets/images/49ef30c52eindex.php?path=//proc/27/net/stat" "Mozilla/5.0 AppleWebKit/537.36 (KHTML, like Gecko; compatible; GPTBot/1.4; +https://openai.com/gptbot)"
74.7.241.17 - - [16/Aug/2026:14:38:06 +0100] "GET /e2dbb/?fm=true&path=/proc/54/net/&rights=ptype HTTP/1.1" 200 16784 "https://pash.pem-web.co.uk/e2dbb/?fm=true&path=/proc/54/net" "Mozilla/5.0 AppleWebKit/537.36 (KHTML, like Gecko; compatible; GPTBot/1.4; +https://openai.com/gptbot)"
44.217.255.167 - - [16/Aug/2026:14:38:06 +0100] "GET /e2dbb/?fm=true&path=/home/pemwebco/pash.pem-web.co.uk/&rename=sbtpzqx HTTP/1.1" 200 16858 "-" "Mozilla/5.0 AppleWebKit/537.36 (KHTML, like Gecko; compatible; Amazonbot/0.1; +https://developer.amazon.com/support/amazonbot) Chrome/119.0.6045.214 Safari/537.36"
74.7.227.149 - - [16/Aug/2026:14:38:07 +0100] "GET /assets/images/49ef30c52eindex.php?filesrc=//proc/51/net/stat/arp_cache&path=//proc/51/net/stat HTTP/1.1" 200 9542 "https://www.pash.pem-web.co.uk/assets/images/49ef30c52eindex.php?path=//proc/51/net/stat" "Mozilla/5.0 AppleWebKit/537.36 (KHTML, like Gecko; compatible; GPTBot/1.4; +https://openai.com/gptbot)"
74.7.241.17 - - [16/Aug/2026:14:38:08 +0100] "GET /e2dbb/?fm=true&path=/proc/45/net/&rights=ptype HTTP/1.1" 200 16784 "https://pash.pem-web.co.uk/e2dbb/?fm=true&path=/proc/45/net" "Mozilla/5.0 AppleWebKit/537.36 (KHTML, like Gecko; compatible; GPTBot/1.4; +https://openai.com/gptbot)"
74.7.227.149 - - [16/Aug/2026:14:38:09 +0100] "GET /assets/images/49ef30c52eindex.php?filesrc=//proc/41/net/stat/arp_cache&path=//proc/41/net/stat HTTP/1.1" 200 9542 "https://www.pash.pem-web.co.uk/assets/images/49ef30c52eindex.php?path=//proc/41/net/stat" "Mozilla/5.0 AppleWebKit/537.36 (KHTML, like Gecko; compatible; GPTBot/1.4; +https://openai.com/gptbot)"
54.198.33.233 - - [16/Aug/2026:14:38:09 +0100] "GET /e2dbb/?edit=assets.zip&fm=true&path=/home/pemwebco/pash.pem-web.co.uk/e2dbb/ HTTP/1.1" 200 17631 "-" "Mozilla/5.0 AppleWebKit/537.36 (KHTML, like Gecko; compatible; Amazonbot/0.1; +https://developer.amazon.com/support/amazonbot) Chrome/119.0.6045.214 Safari/537.36"
74.7.241.17 - - [16/Aug/2026:14:38:10 +0100] "GET /e2dbb/?fm=true&path=/proc/54/net/&rights=psched HTTP/1.1" 200 16789 "https://pash.pem-web.co.uk/e2dbb/?fm=true&path=/proc/54/net" "Mozilla/5.0 AppleWebKit/537.36 (KHTML, like Gecko; compatible; GPTBot/1.4; +https://openai.com/gptbot)"
74.7.227.149 - - [16/Aug/2026:14:38:11 +0100] "GET /assets/images/49ef30c52eindex.php?filesrc=//proc/51/net/stat/rt_cache&path=//proc/51/net/stat HTTP/1.1" 200 11760 "https://www.pash.pem-web.co.uk/assets/images/49ef30c52eindex.php?path=//proc/51/net/stat" "Mozilla/5.0 AppleWebKit/537.36 (KHTML, like Gecko; compatible; GPTBot/1.4; +https://openai.com/gptbot)"
74.7.241.17 - - [16/Aug/2026:14:38:13 +0100] "GET /e2dbb/?edit=sockstat&fm=true&path=/proc/39/net/ HTTP/1.1" 200 17685 "https://pash.pem-web.co.uk/e2dbb/?fm=true&path=/proc/39/net" "Mozilla/5.0 AppleWebKit/537.36 (KHTML, like Gecko; compatible; GPTBot/1.4; +https://openai.com/gptbot)"
74.7.227.149 - - [16/Aug/2026:14:38:14 +0100] "GET /assets/images/49ef30c52eindex.php?filesrc=//proc/41/net/stat/rt_cache&path=//proc/41/net/stat HTTP/1.1" 200 11760 "https://www.pash.pem-web.co.uk/assets/images/49ef30c52eindex.php?path=//proc/41/net/stat" "Mozilla/5.0 AppleWebKit/537.36 (KHTML, like Gecko; compatible; GPTBot/1.4; +https://openai.com/gptbot)"
52.71.216.196 - - [16/Aug/2026:14:38:13 +0100] "GET /e2dbb/?zip=L2hvbWUvcGVtd2ViY28vcGFzaC5wZW0td2ViLmNvLnVrL3R1aWJ6dzE%3D HTTP/1.1" 200 13582 "-" "Mozilla/5.0 AppleWebKit/537.36 (KHTML, like Gecko; compatible; Amazonbot/0.1; +https://developer.amazon.com/support/amazonbot) Chrome/119.0.6045.214 Safari/537.36"
74.7.241.17 - - [16/Aug/2026:14:38:15 +0100] "GET /e2dbb/?edit=sockstat&fm=true&path=/proc/49/net/ HTTP/1.1" 200 17685 "https://pash.pem-web.co.uk/e2dbb/?fm=true&path=/proc/49/net" "Mozilla/5.0 AppleWebKit/537.36 (KHTML, like Gecko; compatible; GPTBot/1.4; +https://openai.com/gptbot)"
74.7.227.149 - - [16/Aug/2026:14:38:16 +0100] "GET /assets/images/49ef30c52eindex.php?filesrc=//proc/27/net/stat/rt_cache&path=//proc/27/net/stat HTTP/1.1" 200 11760 "https://www.pash.pem-web.co.uk/assets/images/49ef30c52eindex.php?path=//proc/27/net/stat" "Mozilla/5.0 AppleWebKit/537.36 (KHTML, like Gecko; compatible; GPTBot/1.4; +https://openai.com/gptbot)"
74.7.241.17 - - [16/Aug/2026:14:38:18 +0100] "GET /e2dbb/?fm=true&path=/proc/47/net/&rights=ptype HTTP/1.1" 200 16784 "https://pash.pem-web.co.uk/e2dbb/?fm=true&path=/proc/47/net" "Mozilla/5.0 AppleWebKit/537.36 (KHTML, like Gecko; compatible; GPTBot/1.4; +https://openai.com/gptbot)"
74.7.227.149 - - [16/Aug/2026:14:38:18 +0100] "GET /assets/images/49ef30c52eindex.php?filesrc=//proc/41/net/stat/ndisc_cache&path=//proc/41/net/stat HTTP/1.1" 200 9544 "https://www.pash.pem-web.co.uk/assets/images/49ef30c52eindex.php?path=//proc/41/net/stat" "Mozilla/5.0 AppleWebKit/537.36 (KHTML, like Gecko; compatible; GPTBot/1.4; +https://openai.com/gptbot)"
74.7.241.17 - - [16/Aug/2026:14:38:20 +0100] "GET /e2dbb/?fm=true&path=/proc/17/net/&rename=icmp HTTP/1.1" 200 16789 "https://pash.pem-web.co.uk/e2dbb/?fm=true&path=/proc/17/net" "Mozilla/5.0 AppleWebKit/537.36 (KHTML, like Gecko; compatible; GPTBot/1.4; +https://openai.com/gptbot)"
74.7.227.149 - - [16/Aug/2026:14:38:21 +0100] "GET /assets/images/49ef30c52eindex.php?filesrc=//proc/27/net/stat/ndisc_cache&path=//proc/27/net/stat HTTP/1.1" 200 9544 "https://www.pash.pem-web.co.uk/assets/images/49ef30c52eindex.php?path=//proc/27/net/stat" "Mozilla/5.0 AppleWebKit/537.36 (KHTML, like Gecko; compatible; GPTBot/1.4; +https://openai.com/gptbot)"
74.7.241.17 - - [16/Aug/2026:14:38:23 +0100] "GET /e2dbb/?fm=true&path=/proc/53/net/&rename=icmp HTTP/1.1" 200 16789 "https://pash.pem-web.co.uk/e2dbb/?fm=true&path=/proc/53/net" "Mozilla/5.0 AppleWebKit/537.36 (KHTML, like Gecko; compatible; GPTBot/1.4; +https://openai.com/gptbot)"
74.7.227.149 - - [16/Aug/2026:14:38:23 +0100] "GET /assets/images/49ef30c52eindex.php?filesrc=//proc/51/net/stat/ndisc_cache&path=//proc/51/net/stat HTTP/1.1" 200 9544 "https://www.pash.pem-web.co.uk/assets/images/49ef30c52eindex.php?path=//proc/51/net/stat" "Mozilla/5.0 AppleWebKit/537.36 (KHTML, like Gecko; compatible; GPTBot/1.4; +https://openai.com/gptbot)"
74.7.227.149 - - [16/Aug/2026:14:38:25 +0100] "GET /assets/images/49ef30c52eindex.php?path=//proc/51/net/rpc/auth.unix.gid HTTP/1.1" 200 4195 "https://www.pash.pem-web.co.uk/assets/images/49ef30c52eindex.php?path=//proc/51/net/rpc" "Mozilla/5.0 AppleWebKit/537.36 (KHTML, like Gecko; compatible; GPTBot/1.4; +https://openai.com/gptbot)"
74.7.241.17 - - [16/Aug/2026:14:38:25 +0100] "GET /e2dbb/?edit=packet&fm=true&path=/proc/47/net/ HTTP/1.1" 200 17663 "https://pash.pem-web.co.uk/e2dbb/?fm=true&path=/proc/47/net" "Mozilla/5.0 AppleWebKit/537.36 (KHTML, like Gecko; compatible; GPTBot/1.4; +https://openai.com/gptbot)"
74.7.227.149 - - [16/Aug/2026:14:38:27 +0100] "GET /assets/images/49ef30c52eindex.php?path=//proc/27/net/rpc/auth.unix.gid HTTP/1.1" 200 4195 "https://www.pash.pem-web.co.uk/assets/images/49ef30c52eindex.php?path=//proc/27/net/rpc" "Mozilla/5.0 AppleWebKit/537.36 (KHTML, like Gecko; compatible; GPTBot/1.4; +https://openai.com/gptbot)"
74.7.241.17 - - [16/Aug/2026:14:38:28 +0100] "GET /e2dbb/?edit=packet&fm=true&path=/proc/53/net/ HTTP/1.1" 200 17663 "https://pash.pem-web.co.uk/e2dbb/?fm=true&path=/proc/53/net" "Mozilla/5.0 AppleWebKit/537.36 (KHTML, like Gecko; compatible; GPTBot/1.4; +https://openai.com/gptbot)"
74.7.227.149 - - [16/Aug/2026:14:38:30 +0100] "GET /assets/images/49ef30c52eindex.php?path=//proc/27/net/rpc/auth.unix.ip HTTP/1.1" 200 4181 "https://www.pash.pem-web.co.uk/assets/images/49ef30c52eindex.php?path=//proc/27/net/rpc" "Mozilla/5.0 AppleWebKit/537.36 (KHTML, like Gecko; compatible; GPTBot/1.4; +https://openai.com/gptbot)"
74.7.241.17 - - [16/Aug/2026:14:38:30 +0100] "GET /e2dbb/?edit=psched&fm=true&path=/proc/41/net/ HTTP/1.1" 200 17578 "https://pash.pem-web.co.uk/e2dbb/?fm=true&path=/proc/41/net" "Mozilla/5.0 AppleWebKit/537.36 (KHTML, like Gecko; compatible; GPTBot/1.4; +https://openai.com/gptbot)"
74.7.227.149 - - [16/Aug/2026:14:38:32 +0100] "GET /assets/images/49ef30c52eindex.php?path=//proc/41/net/rpc/auth.unix.ip HTTP/1.1" 200 4181 "https://www.pash.pem-web.co.uk/assets/images/49ef30c52eindex.php?path=//proc/41/net/rpc" "Mozilla/5.0 AppleWebKit/537.36 (KHTML, like Gecko; compatible; GPTBot/1.4; +https://openai.com/gptbot)"
74.7.241.17 - - [16/Aug/2026:14:38:33 +0100] "GET /e2dbb/?edit=packet&fm=true&path=/proc/17/net/ HTTP/1.1" 200 17663 "https://pash.pem-web.co.uk/e2dbb/?fm=true&path=/proc/17/net" "Mozilla/5.0 AppleWebKit/537.36 (KHTML, like Gecko; compatible; GPTBot/1.4; +https://openai.com/gptbot)"
74.7.227.149 - - [16/Aug/2026:14:38:34 +0100] "GET /assets/images/49ef30c52eindex.php?path=//proc/51/net/rpc/auth.unix.ip HTTP/1.1" 200 4181 "https://www.pash.pem-web.co.uk/assets/images/49ef30c52eindex.php?path=//proc/51/net/rpc" "Mozilla/5.0 AppleWebKit/537.36 (KHTML, like Gecko; compatible; GPTBot/1.4; +https://openai.com/gptbot)"
74.7.241.17 - - [16/Aug/2026:14:38:35 +0100] "GET /e2dbb/?edit=packet&fm=true&path=/proc/57/net/ HTTP/1.1" 200 17663 "https://pash.pem-web.co.uk/e2dbb/?fm=true&path=/proc/57/net" "Mozilla/5.0 AppleWebKit/537.36 (KHTML, like Gecko; compatible; GPTBot/1.4; +https://openai.com/gptbot)"
74.7.227.149 - - [16/Aug/2026:14:38:37 +0100] "GET /assets/images/49ef30c52eindex.php?path=//proc/41/net/rpc/auth.unix.gid HTTP/1.1" 200 4195 "https://www.pash.pem-web.co.uk/assets/images/49ef30c52eindex.php?path=//proc/41/net/rpc" "Mozilla/5.0 AppleWebKit/537.36 (KHTML, like Gecko; compatible; GPTBot/1.4; +https://openai.com/gptbot)"
74.7.241.17 - - [16/Aug/2026:14:38:37 +0100] "GET /e2dbb/?fm=true&path=/proc/41/net/&rename=igmp HTTP/1.1" 200 16789 "https://pash.pem-web.co.uk/e2dbb/?fm=true&path=/proc/41/net" "Mozilla/5.0 AppleWebKit/537.36 (KHTML, like Gecko; compatible; GPTBot/1.4; +https://openai.com/gptbot)"
74.7.227.149 - - [16/Aug/2026:14:38:39 +0100] "GET /assets/images/49ef30c52eindex.php?filesrc=//proc/41/net/stat/nf_conntrack&path=//proc/41/net/stat HTTP/1.1" 200 11660 "https://www.pash.pem-web.co.uk/assets/images/49ef30c52eindex.php?path=//proc/41/net/stat" "Mozilla/5.0 AppleWebKit/537.36 (KHTML, like Gecko; compatible; GPTBot/1.4; +https://openai.com/gptbot)"
74.7.241.17 - - [16/Aug/2026:14:38:40 +0100] "GET /e2dbb/?edit=packet&fm=true&path=/proc/41/net/ HTTP/1.1" 200 17663 "https://pash.pem-web.co.uk/e2dbb/?fm=true&path=/proc/41/net" "Mozilla/5.0 AppleWebKit/537.36 (KHTML, like Gecko; compatible; GPTBot/1.4; +https://openai.com/gptbot)"
74.7.227.149 - - [16/Aug/2026:14:38:41 +0100] "GET /assets/images/49ef30c52eindex.php?filesrc=//proc/51/net/stat/nf_conntrack&path=//proc/51/net/stat HTTP/1.1" 200 11660 "https://www.pash.pem-web.co.uk/assets/images/49ef30c52eindex.php?path=//proc/51/net/stat" "Mozilla/5.0 AppleWebKit/537.36 (KHTML, like Gecko; compatible; GPTBot/1.4; +https://openai.com/gptbot)"
74.7.241.17 - - [16/Aug/2026:14:38:42 +0100] "GET /e2dbb/?edit=psched&fm=true&path=/proc/39/net/ HTTP/1.1" 200 17578 "https://pash.pem-web.co.uk/e2dbb/?fm=true&path=/proc/39/net" "Mozilla/5.0 AppleWebKit/537.36 (KHTML, like Gecko; compatible; GPTBot/1.4; +https://openai.com/gptbot)"
74.7.227.149 - - [16/Aug/2026:14:38:43 +0100] "GET /assets/images/49ef30c52eindex.php?filesrc=//proc/24/task/24/net/rpc/auth.unix.ip/channel&path=//proc/24/task/24/net/rpc/auth.unix.ip HTTP/1.1" 200 1757 "https://www.pash.pem-web.co.uk/assets/images/49ef30c52eindex.php?path=//proc/24/task/24/net/rpc/auth.unix.ip" "Mozilla/5.0 AppleWebKit/537.36 (KHTML, like Gecko; compatible; GPTBot/1.4; +https://openai.com/gptbot)"
74.7.241.17 - - [16/Aug/2026:14:38:45 +0100] "GET /e2dbb/?fm=true&path=/proc/39/net/&rename=icmp HTTP/1.1" 200 16789 "https://pash.pem-web.co.uk/e2dbb/?fm=true&path=/proc/39/net" "Mozilla/5.0 AppleWebKit/537.36 (KHTML, like Gecko; compatible; GPTBot/1.4; +https://openai.com/gptbot)"
74.7.227.149 - - [16/Aug/2026:14:38:46 +0100] "GET /assets/images/49ef30c52eindex.php?filesrc=//proc/24/task/24/net/rpc/auth.unix.ip/flush&path=//proc/24/task/24/net/rpc/auth.unix.ip HTTP/1.1" 200 1755 "https://www.pash.pem-web.co.uk/assets/images/49ef30c52eindex.php?path=//proc/24/task/24/net/rpc/auth.unix.ip" "Mozilla/5.0 AppleWebKit/537.36 (KHTML, like Gecko; compatible; GPTBot/1.4; +https://openai.com/gptbot)"
74.7.241.17 - - [16/Aug/2026:14:38:47 +0100] "GET /e2dbb/?fm=true&path=/proc/41/net/&rename=icmp HTTP/1.1" 200 16789 "https://pash.pem-web.co.uk/e2dbb/?fm=true&path=/proc/41/net" "Mozilla/5.0 AppleWebKit/537.36 (KHTML, like Gecko; compatible; GPTBot/1.4; +https://openai.com/gptbot)"
74.7.227.149 - - [16/Aug/2026:14:38:48 +0100] "GET /assets/images/49ef30c52eindex.php?filesrc=//proc/39/task/39/net/rpc/auth.unix.ip/channel&path=//proc/39/task/39/net/rpc/auth.unix.ip HTTP/1.1" 200 1757 "https://www.pash.pem-web.co.uk/assets/images/49ef30c52eindex.php?path=//proc/39/task/39/net/rpc/auth.unix.ip" "Mozilla/5.0 AppleWebKit/537.36 (KHTML, like Gecko; compatible; GPTBot/1.4; +https://openai.com/gptbot)"
74.7.241.17 - - [16/Aug/2026:14:38:49 +0100] "GET /e2dbb/?fm=true&path=/proc/53/net/&rename=igmp HTTP/1.1" 200 16792 "https://pash.pem-web.co.uk/e2dbb/?fm=true&path=/proc/53/net" "Mozilla/5.0 AppleWebKit/537.36 (KHTML, like Gecko; compatible; GPTBot/1.4; +https://openai.com/gptbot)"
74.7.227.149 - - [16/Aug/2026:14:38:51 +0100] "GET /assets/images/49ef30c52eindex.php?filesrc=//proc/20/task/20/net/rpc/auth.unix.ip/flush&path=//proc/20/task/20/net/rpc/auth.unix.ip HTTP/1.1" 200 1755 "https://www.pash.pem-web.co.uk/assets/images/49ef30c52eindex.php?path=//proc/20/task/20/net/rpc/auth.unix.ip" "Mozilla/5.0 AppleWebKit/537.36 (KHTML, like Gecko; compatible; GPTBot/1.4; +https://openai.com/gptbot)"
74.7.241.17 - - [16/Aug/2026:14:38:52 +0100] "GET /e2dbb/?fm=true&path=/proc/57/net/&rename=icmp HTTP/1.1" 200 16789 "https://pash.pem-web.co.uk/e2dbb/?fm=true&path=/proc/57/net" "Mozilla/5.0 AppleWebKit/537.36 (KHTML, like Gecko; compatible; GPTBot/1.4; +https://openai.com/gptbot)"
74.7.241.190 - - [16/Aug/2026:14:38:53 +0100] "GET /robots.txt HTTP/1.1" 404 - "-" "Mozilla/5.0 (Macintosh; Intel Mac OS X 10_15_7) AppleWebKit/537.36 (KHTML, like Gecko) Chrome/131.0.0.0 Safari/537.36; compatible; OAI-SearchBot/1.4; robots.txt; +https://openai.com/searchbot"
74.7.227.149 - - [16/Aug/2026:14:38:53 +0100] "GET /assets/images/49ef30c52eindex.php?filesrc=//proc/11/task/11/net/rpc/auth.unix.ip/content&path=//proc/11/task/11/net/rpc/auth.unix.ip HTTP/1.1" 200 1757 "https://www.pash.pem-web.co.uk/assets/images/49ef30c52eindex.php?path=//proc/11/task/11/net/rpc/auth.unix.ip" "Mozilla/5.0 AppleWebKit/537.36 (KHTML, like Gecko; compatible; GPTBot/1.4; +https://openai.com/gptbot)"
74.7.241.17 - - [16/Aug/2026:14:38:54 +0100] "GET /e2dbb/?edit=psched&fm=true&path=/proc/17/net/ HTTP/1.1" 200 17578 "https://pash.pem-web.co.uk/e2dbb/?fm=true&path=/proc/17/net" "Mozilla/5.0 AppleWebKit/537.36 (KHTML, like Gecko; compatible; GPTBot/1.4; +https://openai.com/gptbot)"
74.7.227.149 - - [16/Aug/2026:14:38:55 +0100] "GET /assets/images/49ef30c52eindex.php?path=//proc/27/net/dev_snmp6 HTTP/1.1" 200 3235 "https://www.pash.pem-web.co.uk/assets/images/49ef30c52eindex.php?path=//proc/27/net" "Mozilla/5.0 AppleWebKit/537.36 (KHTML, like Gecko; compatible; GPTBot/1.4; +https://openai.com/gptbot)"
74.7.241.17 - - [16/Aug/2026:14:38:57 +0100] "GET /e2dbb/?fm=true&path=/proc/46/net/&rename=igmp HTTP/1.1" 200 16789 "https://pash.pem-web.co.uk/e2dbb/?fm=true&path=/proc/46/net" "Mozilla/5.0 AppleWebKit/537.36 (KHTML, like Gecko; compatible; GPTBot/1.4; +https://openai.com/gptbot)"
74.7.227.149 - - [16/Aug/2026:14:38:57 +0100] "GET /assets/images/49ef30c52eindex.php?path=//proc/51/net/dev_snmp6 HTTP/1.1" 200 3235 "https://www.pash.pem-web.co.uk/assets/images/49ef30c52eindex.php?path=//proc/51/net" "Mozilla/5.0 AppleWebKit/537.36 (KHTML, like Gecko; compatible; GPTBot/1.4; +https://openai.com/gptbot)"
74.7.241.17 - - [16/Aug/2026:14:38:59 +0100] "GET /e2dbb/?fm=true&path=/proc/45/net/&rename=icmp HTTP/1.1" 200 16789 "https://pash.pem-web.co.uk/e2dbb/?fm=true&path=/proc/45/net" "Mozilla/5.0 AppleWebKit/537.36 (KHTML, like Gecko; compatible; GPTBot/1.4; +https://openai.com/gptbot)"
74.7.227.149 - - [16/Aug/2026:14:39:00 +0100] "GET /assets/images/49ef30c52eindex.php?path=//proc/41/net/dev_snmp6 HTTP/1.1" 200 3235 "https://www.pash.pem-web.co.uk/assets/images/49ef30c52eindex.php?path=//proc/41/net" "Mozilla/5.0 AppleWebKit/537.36 (KHTML, like Gecko; compatible; GPTBot/1.4; +https://openai.com/gptbot)"
74.7.227.149 - - [16/Aug/2026:14:39:02 +0100] "GET /assets/images/49ef30c52eindex.php?path=//proc/51/attr HTTP/1.1" 200 5973 "https://www.pash.pem-web.co.uk/assets/images/49ef30c52eindex.php?path=//proc/51" "Mozilla/5.0 AppleWebKit/537.36 (KHTML, like Gecko; compatible; GPTBot/1.4; +https://openai.com/gptbot)"
74.7.241.17 - - [16/Aug/2026:14:39:02 +0100] "GET /e2dbb/?edit=psched&fm=true&path=/proc/57/net/ HTTP/1.1" 200 17581 "https://pash.pem-web.co.uk/e2dbb/?fm=true&path=/proc/57/net" "Mozilla/5.0 AppleWebKit/537.36 (KHTML, like Gecko; compatible; GPTBot/1.4; +https://openai.com/gptbot)"
74.7.227.149 - - [16/Aug/2026:14:39:04 +0100] "GET /assets/images/49ef30c52eindex.php?path=//proc/51/ns HTTP/1.1" 200 1789 "https://www.pash.pem-web.co.uk/assets/images/49ef30c52eindex.php?path=//proc/51" "Mozilla/5.0 AppleWebKit/537.36 (KHTML, like Gecko; compatible; GPTBot/1.4; +https://openai.com/gptbot)"
74.7.241.17 - - [16/Aug/2026:14:39:04 +0100] "GET /e2dbb/?fm=true&path=/proc/49/net/&rename=igmp HTTP/1.1" 200 16789 "https://pash.pem-web.co.uk/e2dbb/?fm=true&path=/proc/49/net" "Mozilla/5.0 AppleWebKit/537.36 (KHTML, like Gecko; compatible; GPTBot/1.4; +https://openai.com/gptbot)"
74.7.227.149 - - [16/Aug/2026:14:39:07 +0100] "GET /assets/images/49ef30c52eindex.php?path=//proc/41/ns HTTP/1.1" 200 1789 "https://www.pash.pem-web.co.uk/assets/images/49ef30c52eindex.php?path=//proc/41" "Mozilla/5.0 AppleWebKit/537.36 (KHTML, like Gecko; compatible; GPTBot/1.4; +https://openai.com/gptbot)"
74.7.241.17 - - [16/Aug/2026:14:39:07 +0100] "GET /e2dbb/?edit=packet&fm=true&path=/proc/45/net/ HTTP/1.1" 200 17663 "https://pash.pem-web.co.uk/e2dbb/?fm=true&path=/proc/45/net" "Mozilla/5.0 AppleWebKit/537.36 (KHTML, like Gecko; compatible; GPTBot/1.4; +https://openai.com/gptbot)"
74.7.227.149 - - [16/Aug/2026:14:39:09 +0100] "GET /assets/images/49ef30c52eindex.php?path=//proc/27/ns HTTP/1.1" 200 1789 "https://www.pash.pem-web.co.uk/assets/images/49ef30c52eindex.php?path=//proc/27" "Mozilla/5.0 AppleWebKit/537.36 (KHTML, like Gecko; compatible; GPTBot/1.4; +https://openai.com/gptbot)"
74.7.241.17 - - [16/Aug/2026:14:39:09 +0100] "GET /e2dbb/?edit=psched&fm=true&path=/proc/47/net/ HTTP/1.1" 200 17578 "https://pash.pem-web.co.uk/e2dbb/?fm=true&path=/proc/47/net" "Mozilla/5.0 AppleWebKit/537.36 (KHTML, like Gecko; compatible; GPTBot/1.4; +https://openai.com/gptbot)"
74.7.227.149 - - [16/Aug/2026:14:39:11 +0100] "GET /assets/images/49ef30c52eindex.php?filesrc=//proc/51/net/rpc/auth.unix.ip/flush&path=//proc/51/net/rpc/auth.unix.ip HTTP/1.1" 200 1642 "https://www.pash.pem-web.co.uk/assets/images/49ef30c52eindex.php?path=//proc/51/net/rpc/auth.unix.ip" "Mozilla/5.0 AppleWebKit/537.36 (KHTML, like Gecko; compatible; GPTBot/1.4; +https://openai.com/gptbot)"
74.7.241.17 - - [16/Aug/2026:14:39:12 +0100] "GET /e2dbb/?fm=true&path=/proc/47/net/&rename=igmp HTTP/1.1" 200 16789 "https://pash.pem-web.co.uk/e2dbb/?fm=true&path=/proc/47/net" "Mozilla/5.0 AppleWebKit/537.36 (KHTML, like Gecko; compatible; GPTBot/1.4; +https://openai.com/gptbot)"
74.7.227.149 - - [16/Aug/2026:14:39:13 +0100] "GET /assets/images/49ef30c52eindex.php?filesrc=//proc/41/net/rpc/auth.unix.gid/channel&path=//proc/41/net/rpc/auth.unix.gid HTTP/1.1" 200 1647 "https://www.pash.pem-web.co.uk/assets/images/49ef30c52eindex.php?path=//proc/41/net/rpc/auth.unix.gid" "Mozilla/5.0 AppleWebKit/537.36 (KHTML, like Gecko; compatible; GPTBot/1.4; +https://openai.com/gptbot)"
74.7.241.17 - - [16/Aug/2026:14:39:14 +0100] "GET /e2dbb/?fm=true&path=/proc/46/net/&rename=icmp HTTP/1.1" 200 16789 "https://pash.pem-web.co.uk/e2dbb/?fm=true&path=/proc/46/net" "Mozilla/5.0 AppleWebKit/537.36 (KHTML, like Gecko; compatible; GPTBot/1.4; +https://openai.com/gptbot)"
74.7.227.149 - - [16/Aug/2026:14:39:16 +0100] "GET /assets/images/49ef30c52eindex.php?filesrc=//proc/27/net/rpc/auth.unix.gid/channel&path=//proc/27/net/rpc/auth.unix.gid HTTP/1.1" 200 1647 "https://www.pash.pem-web.co.uk/assets/images/49ef30c52eindex.php?path=//proc/27/net/rpc/auth.unix.gid" "Mozilla/5.0 AppleWebKit/537.36 (KHTML, like Gecko; compatible; GPTBot/1.4; +https://openai.com/gptbot)"
74.7.241.17 - - [16/Aug/2026:14:39:17 +0100] "GET /e2dbb/?fm=true&path=/proc/49/net/&rename=icmp HTTP/1.1" 200 16789 "https://pash.pem-web.co.uk/e2dbb/?fm=true&path=/proc/49/net" "Mozilla/5.0 AppleWebKit/537.36 (KHTML, like Gecko; compatible; GPTBot/1.4; +https://openai.com/gptbot)"
74.7.227.149 - - [16/Aug/2026:14:39:18 +0100] "GET /assets/images/49ef30c52eindex.php?filesrc=//proc/51/net/rpc/auth.unix.ip/channel&path=//proc/51/net/rpc/auth.unix.ip HTTP/1.1" 200 1644 "https://www.pash.pem-web.co.uk/assets/images/49ef30c52eindex.php?path=//proc/51/net/rpc/auth.unix.ip" "Mozilla/5.0 AppleWebKit/537.36 (KHTML, like Gecko; compatible; GPTBot/1.4; +https://openai.com/gptbot)"
74.7.241.17 - - [16/Aug/2026:14:39:19 +0100] "GET /e2dbb/?fm=true&path=/proc/54/net/&rename=igmp HTTP/1.1" 200 16789 "https://pash.pem-web.co.uk/e2dbb/?fm=true&path=/proc/54/net" "Mozilla/5.0 AppleWebKit/537.36 (KHTML, like Gecko; compatible; GPTBot/1.4; +https://openai.com/gptbot)"
74.7.227.149 - - [16/Aug/2026:14:39:21 +0100] "GET /assets/images/49ef30c52eindex.php?filesrc=//proc/27/net/dev_snmp6/lo&path=//proc/27/net/dev_snmp6 HTTP/1.1" 200 3994 "https://www.pash.pem-web.co.uk/assets/images/49ef30c52eindex.php?path=//proc/27/net/dev_snmp6" "Mozilla/5.0 AppleWebKit/537.36 (KHTML, like Gecko; compatible; GPTBot/1.4; +https://openai.com/gptbot)"
74.7.241.17 - - [16/Aug/2026:14:39:22 +0100] "GET /e2dbb/?edit=packet&fm=true&path=/proc/46/net/ HTTP/1.1" 200 17663 "https://pash.pem-web.co.uk/e2dbb/?fm=true&path=/proc/46/net" "Mozilla/5.0 AppleWebKit/537.36 (KHTML, like Gecko; compatible; GPTBot/1.4; +https://openai.com/gptbot)"
74.7.227.149 - - [16/Aug/2026:14:39:23 +0100] "GET /assets/images/49ef30c52eindex.php?filesrc=//proc/51/net/dev_snmp6/lo&path=//proc/51/net/dev_snmp6 HTTP/1.1" 200 3994 "https://www.pash.pem-web.co.uk/assets/images/49ef30c52eindex.php?path=//proc/51/net/dev_snmp6" "Mozilla/5.0 AppleWebKit/537.36 (KHTML, like Gecko; compatible; GPTBot/1.4; +https://openai.com/gptbot)"
74.7.241.17 - - [16/Aug/2026:14:39:24 +0100] "GET /e2dbb/?edit=psched&fm=true&path=/proc/46/net/ HTTP/1.1" 200 17578 "https://pash.pem-web.co.uk/e2dbb/?fm=true&path=/proc/46/net" "Mozilla/5.0 AppleWebKit/537.36 (KHTML, like Gecko; compatible; GPTBot/1.4; +https://openai.com/gptbot)"
74.7.227.149 - - [16/Aug/2026:14:39:25 +0100] "GET /assets/images/49ef30c52eindex.php?filesrc=//proc/41/net/dev_snmp6/lo&path=//proc/41/net/dev_snmp6 HTTP/1.1" 200 3994 "https://www.pash.pem-web.co.uk/assets/images/49ef30c52eindex.php?path=//proc/41/net/dev_snmp6" "Mozilla/5.0 AppleWebKit/537.36 (KHTML, like Gecko; compatible; GPTBot/1.4; +https://openai.com/gptbot)"
74.7.241.17 - - [16/Aug/2026:14:39:26 +0100] "GET /e2dbb/?edit=packet&fm=true&path=/proc/49/net/ HTTP/1.1" 200 17663 "https://pash.pem-web.co.uk/e2dbb/?fm=true&path=/proc/49/net" "Mozilla/5.0 AppleWebKit/537.36 (KHTML, like Gecko; compatible; GPTBot/1.4; +https://openai.com/gptbot)"
74.7.227.149 - - [16/Aug/2026:14:39:27 +0100] "GET /assets/images/49ef30c52eindex.php?filesrc=//proc/27/net/dev_snmp6/eth0&path=//proc/27/net/dev_snmp6 HTTP/1.1" 200 4257 "https://www.pash.pem-web.co.uk/assets/images/49ef30c52eindex.php?path=//proc/27/net/dev_snmp6" "Mozilla/5.0 AppleWebKit/537.36 (KHTML, like Gecko; compatible; GPTBot/1.4; +https://openai.com/gptbot)"
74.7.241.17 - - [16/Aug/2026:14:39:29 +0100] "GET /e2dbb/?edit=psched&fm=true&path=/proc/49/net/ HTTP/1.1" 200 17578 "https://pash.pem-web.co.uk/e2dbb/?fm=true&path=/proc/49/net" "Mozilla/5.0 AppleWebKit/537.36 (KHTML, like Gecko; compatible; GPTBot/1.4; +https://openai.com/gptbot)"
74.7.227.149 - - [16/Aug/2026:14:39:30 +0100] "GET /assets/images/49ef30c52eindex.php?filesrc=//proc/41/net/rpc/auth.unix.ip/channel&path=//proc/41/net/rpc/auth.unix.ip HTTP/1.1" 200 1644 "https://www.pash.pem-web.co.uk/assets/images/49ef30c52eindex.php?path=//proc/41/net/rpc/auth.unix.ip" "Mozilla/5.0 AppleWebKit/537.36 (KHTML, like Gecko; compatible; GPTBot/1.4; +https://openai.com/gptbot)"
74.7.241.17 - - [16/Aug/2026:14:39:31 +0100] "GET /e2dbb/?fm=true&path=/proc/45/net/&rename=igmp HTTP/1.1" 200 16789 "https://pash.pem-web.co.uk/e2dbb/?fm=true&path=/proc/45/net" "Mozilla/5.0 AppleWebKit/537.36 (KHTML, like Gecko; compatible; GPTBot/1.4; +https://openai.com/gptbot)"
74.7.227.149 - - [16/Aug/2026:14:39:32 +0100] "GET /assets/images/49ef30c52eindex.php?filesrc=//proc/41/net/rpc/auth.unix.ip/flush&path=//proc/41/net/rpc/auth.unix.ip HTTP/1.1" 200 1642 "https://www.pash.pem-web.co.uk/assets/images/49ef30c52eindex.php?path=//proc/41/net/rpc/auth.unix.ip" "Mozilla/5.0 AppleWebKit/537.36 (KHTML, like Gecko; compatible; GPTBot/1.4; +https://openai.com/gptbot)"
74.7.241.17 - - [16/Aug/2026:14:39:34 +0100] "GET /e2dbb/?fm=true&path=/proc/57/net/&rename=igmp HTTP/1.1" 200 16789 "https://pash.pem-web.co.uk/e2dbb/?fm=true&path=/proc/57/net" "Mozilla/5.0 AppleWebKit/537.36 (KHTML, like Gecko; compatible; GPTBot/1.4; +https://openai.com/gptbot)"
74.7.227.149 - - [16/Aug/2026:14:39:34 +0100] "GET /assets/images/49ef30c52eindex.php?filesrc=//proc/51/net/rpc/auth.unix.gid/channel&path=//proc/51/net/rpc/auth.unix.gid HTTP/1.1" 200 1647 "https://www.pash.pem-web.co.uk/assets/images/49ef30c52eindex.php?path=//proc/51/net/rpc/auth.unix.gid" "Mozilla/5.0 AppleWebKit/537.36 (KHTML, like Gecko; compatible; GPTBot/1.4; +https://openai.com/gptbot)"
74.7.241.17 - - [16/Aug/2026:14:39:36 +0100] "GET /e2dbb/?edit=packet&fm=true&path=/proc/54/net/ HTTP/1.1" 200 17663 "https://pash.pem-web.co.uk/e2dbb/?fm=true&path=/proc/54/net" "Mozilla/5.0 AppleWebKit/537.36 (KHTML, like Gecko; compatible; GPTBot/1.4; +https://openai.com/gptbot)"
74.7.227.149 - - [16/Aug/2026:14:39:36 +0100] "GET /assets/images/49ef30c52eindex.php?filesrc=//proc/27/net/rpc/auth.unix.ip/flush&path=//proc/27/net/rpc/auth.unix.ip HTTP/1.1" 200 1642 "https://www.pash.pem-web.co.uk/assets/images/49ef30c52eindex.php?path=//proc/27/net/rpc/auth.unix.ip" "Mozilla/5.0 AppleWebKit/537.36 (KHTML, like Gecko; compatible; GPTBot/1.4; +https://openai.com/gptbot)"
74.7.241.17 - - [16/Aug/2026:14:39:39 +0100] "GET /e2dbb/?fm=true&path=/proc/17/net/&rename=igmp HTTP/1.1" 200 16789 "https://pash.pem-web.co.uk/e2dbb/?fm=true&path=/proc/17/net" "Mozilla/5.0 AppleWebKit/537.36 (KHTML, like Gecko; compatible; GPTBot/1.4; +https://openai.com/gptbot)"
74.7.227.149 - - [16/Aug/2026:14:39:39 +0100] "GET /assets/images/49ef30c52eindex.php?filesrc=//proc/27/net/rpc/auth.unix.ip/channel&path=//proc/27/net/rpc/auth.unix.ip HTTP/1.1" 200 1644 "https://www.pash.pem-web.co.uk/assets/images/49ef30c52eindex.php?path=//proc/27/net/rpc/auth.unix.ip" "Mozilla/5.0 AppleWebKit/537.36 (KHTML, like Gecko; compatible; GPTBot/1.4; +https://openai.com/gptbot)"
74.7.227.149 - - [16/Aug/2026:14:39:41 +0100] "GET /assets/images/49ef30c52eindex.php?path=//proc/51/map_files HTTP/1.1" 200 1803 "https://www.pash.pem-web.co.uk/assets/images/49ef30c52eindex.php?path=//proc/51" "Mozilla/5.0 AppleWebKit/537.36 (KHTML, like Gecko; compatible; GPTBot/1.4; +https://openai.com/gptbot)"
74.7.241.17 - - [16/Aug/2026:14:39:41 +0100] "GET /e2dbb/?edit=psched&fm=true&path=/proc/45/net/ HTTP/1.1" 200 17578 "https://pash.pem-web.co.uk/e2dbb/?fm=true&path=/proc/45/net" "Mozilla/5.0 AppleWebKit/537.36 (KHTML, like Gecko; compatible; GPTBot/1.4; +https://openai.com/gptbot)"
74.7.227.149 - - [16/Aug/2026:14:39:43 +0100] "GET /assets/images/49ef30c52eindex.php?path=//proc/41/map_files HTTP/1.1" 200 1803 "https://www.pash.pem-web.co.uk/assets/images/49ef30c52eindex.php?path=//proc/41" "Mozilla/5.0 AppleWebKit/537.36 (KHTML, like Gecko; compatible; GPTBot/1.4; +https://openai.com/gptbot)"
74.7.241.17 - - [16/Aug/2026:14:39:43 +0100] "GET /e2dbb/?fm=true&path=/proc/54/net/&rename=icmp HTTP/1.1" 200 16789 "https://pash.pem-web.co.uk/e2dbb/?fm=true&path=/proc/54/net" "Mozilla/5.0 AppleWebKit/537.36 (KHTML, like Gecko; compatible; GPTBot/1.4; +https://openai.com/gptbot)"
74.7.227.149 - - [16/Aug/2026:14:39:46 +0100] "GET /assets/images/49ef30c52eindex.php?path=//proc/27/map_files HTTP/1.1" 200 1803 "https://www.pash.pem-web.co.uk/assets/images/49ef30c52eindex.php?path=//proc/27" "Mozilla/5.0 AppleWebKit/537.36 (KHTML, like Gecko; compatible; GPTBot/1.4; +https://openai.com/gptbot)"
74.7.241.17 - - [16/Aug/2026:14:39:46 +0100] "GET /e2dbb/?fm=true&path=/proc/48/net/&rename=icmp HTTP/1.1" 200 16792 "https://pash.pem-web.co.uk/e2dbb/?fm=true&path=/proc/48/net" "Mozilla/5.0 AppleWebKit/537.36 (KHTML, like Gecko; compatible; GPTBot/1.4; +https://openai.com/gptbot)"
74.7.227.149 - - [16/Aug/2026:14:39:48 +0100] "GET /assets/images/49ef30c52eindex.php?filesrc=//proc/27/net/rpc/auth.unix.ip/content&path=//proc/27/net/rpc/auth.unix.ip HTTP/1.1" 200 1644 "https://www.pash.pem-web.co.uk/assets/images/49ef30c52eindex.php?path=//proc/27/net/rpc/auth.unix.ip" "Mozilla/5.0 AppleWebKit/537.36 (KHTML, like Gecko; compatible; GPTBot/1.4; +https://openai.com/gptbot)"
74.7.241.17 - - [16/Aug/2026:14:39:48 +0100] "GET /e2dbb/?edit=packet&fm=true&path=/proc/48/net/ HTTP/1.1" 200 17663 "https://pash.pem-web.co.uk/e2dbb/?fm=true&path=/proc/48/net" "Mozilla/5.0 AppleWebKit/537.36 (KHTML, like Gecko; compatible; GPTBot/1.4; +https://openai.com/gptbot)"
74.7.227.149 - - [16/Aug/2026:14:39:50 +0100] "GET /assets/images/49ef30c52eindex.php?filesrc=//proc/51/net/rpc/auth.unix.gid/content&path=//proc/51/net/rpc/auth.unix.gid HTTP/1.1" 200 1647 "https://www.pash.pem-web.co.uk/assets/images/49ef30c52eindex.php?path=//proc/51/net/rpc/auth.unix.gid" "Mozilla/5.0 AppleWebKit/537.36 (KHTML, like Gecko; compatible; GPTBot/1.4; +https://openai.com/gptbot)"
74.7.241.17 - - [16/Aug/2026:14:39:51 +0100] "GET /e2dbb/?edit=packet&fm=true&path=/proc/39/net/ HTTP/1.1" 200 17663 "https://pash.pem-web.co.uk/e2dbb/?fm=true&path=/proc/39/net" "Mozilla/5.0 AppleWebKit/537.36 (KHTML, like Gecko; compatible; GPTBot/1.4; +https://openai.com/gptbot)"
74.7.227.149 - - [16/Aug/2026:14:39:52 +0100] "GET /assets/images/49ef30c52eindex.php?filesrc=//proc/41/net/rpc/auth.unix.gid/content&path=//proc/41/net/rpc/auth.unix.gid HTTP/1.1" 200 1647 "https://www.pash.pem-web.co.uk/assets/images/49ef30c52eindex.php?path=//proc/41/net/rpc/auth.unix.gid" "Mozilla/5.0 AppleWebKit/537.36 (KHTML, like Gecko; compatible; GPTBot/1.4; +https://openai.com/gptbot)"
74.7.241.17 - - [16/Aug/2026:14:39:53 +0100] "GET /e2dbb/?edit=psched&fm=true&path=/proc/48/net/ HTTP/1.1" 200 17578 "https://pash.pem-web.co.uk/e2dbb/?fm=true&path=/proc/48/net" "Mozilla/5.0 AppleWebKit/537.36 (KHTML, like Gecko; compatible; GPTBot/1.4; +https://openai.com/gptbot)"
74.7.227.149 - - [16/Aug/2026:14:39:55 +0100] "GET /assets/images/49ef30c52eindex.php?filesrc=//proc/41/net/rpc/auth.unix.ip/content&path=//proc/41/net/rpc/auth.unix.ip HTTP/1.1" 200 1644 "https://www.pash.pem-web.co.uk/assets/images/49ef30c52eindex.php?path=//proc/41/net/rpc/auth.unix.ip" "Mozilla/5.0 AppleWebKit/537.36 (KHTML, like Gecko; compatible; GPTBot/1.4; +https://openai.com/gptbot)"
74.7.241.17 - - [16/Aug/2026:14:39:55 +0100] "GET /e2dbb/?fm=true&path=/proc/47/net/&rename=icmp HTTP/1.1" 200 16789 "https://pash.pem-web.co.uk/e2dbb/?fm=true&path=/proc/47/net" "Mozilla/5.0 AppleWebKit/537.36 (KHTML, like Gecko; compatible; GPTBot/1.4; +https://openai.com/gptbot)"
74.7.227.149 - - [16/Aug/2026:14:39:57 +0100] "GET /assets/images/49ef30c52eindex.php?filesrc=//proc/27/net/rpc/auth.unix.gid/content&path=//proc/27/net/rpc/auth.unix.gid HTTP/1.1" 200 1647 "https://www.pash.pem-web.co.uk/assets/images/49ef30c52eindex.php?path=//proc/27/net/rpc/auth.unix.gid" "Mozilla/5.0 AppleWebKit/537.36 (KHTML, like Gecko; compatible; GPTBot/1.4; +https://openai.com/gptbot)"
74.7.241.17 - - [16/Aug/2026:14:39:58 +0100] "GET /e2dbb/?fm=true&path=/proc/48/net/&rename=igmp HTTP/1.1" 200 16789 "https://pash.pem-web.co.uk/e2dbb/?fm=true&path=/proc/48/net" "Mozilla/5.0 AppleWebKit/537.36 (KHTML, like Gecko; compatible; GPTBot/1.4; +https://openai.com/gptbot)"
74.7.227.149 - - [16/Aug/2026:14:39:59 +0100] "GET /assets/images/49ef30c52eindex.php?filesrc=//proc/51/net/rpc/auth.unix.ip/content&path=//proc/51/net/rpc/auth.unix.ip HTTP/1.1" 200 1644 "https://www.pash.pem-web.co.uk/assets/images/49ef30c52eindex.php?path=//proc/51/net/rpc/auth.unix.ip" "Mozilla/5.0 AppleWebKit/537.36 (KHTML, like Gecko; compatible; GPTBot/1.4; +https://openai.com/gptbot)"
74.7.241.17 - - [16/Aug/2026:14:40:00 +0100] "GET /e2dbb/?edit=psched&fm=true&path=/proc/54/net/ HTTP/1.1" 200 17578 "https://pash.pem-web.co.uk/e2dbb/?fm=true&path=/proc/54/net" "Mozilla/5.0 AppleWebKit/537.36 (KHTML, like Gecko; compatible; GPTBot/1.4; +https://openai.com/gptbot)"
74.7.227.149 - - [16/Aug/2026:14:40:02 +0100] "GET /assets/images/49ef30c52eindex.php?filesrc=//proc/32/task/32/net/rpc/auth.unix.ip/content&path=//proc/32/task/32/net/rpc/auth.unix.ip HTTP/1.1" 200 1757 "https://www.pash.pem-web.co.uk/assets/images/49ef30c52eindex.php?path=//proc/32/task/32/net/rpc/auth.unix.ip" "Mozilla/5.0 AppleWebKit/537.36 (KHTML, like Gecko; compatible; GPTBot/1.4; +https://openai.com/gptbot)"
74.7.241.17 - - [16/Aug/2026:14:40:03 +0100] "GET /e2dbb/?edit=psched&fm=true&path=/proc/53/net/ HTTP/1.1" 200 17578 "https://pash.pem-web.co.uk/e2dbb/?fm=true&path=/proc/53/net" "Mozilla/5.0 AppleWebKit/537.36 (KHTML, like Gecko; compatible; GPTBot/1.4; +https://openai.com/gptbot)"
74.7.227.149 - - [16/Aug/2026:14:40:04 +0100] "GET /assets/images/49ef30c52eindex.php?filesrc=//proc/39/task/39/net/rpc/auth.unix.ip/content&path=//proc/39/task/39/net/rpc/auth.unix.ip HTTP/1.1" 200 1757 "https://www.pash.pem-web.co.uk/assets/images/49ef30c52eindex.php?path=//proc/39/task/39/net/rpc/auth.unix.ip" "Mozilla/5.0 AppleWebKit/537.36 (KHTML, like Gecko; compatible; GPTBot/1.4; +https://openai.com/gptbot)"
74.7.241.17 - - [16/Aug/2026:14:40:05 +0100] "GET /e2dbb/?fm=true&path=/proc/39/net/&rename=igmp HTTP/1.1" 200 16789 "https://pash.pem-web.co.uk/e2dbb/?fm=true&path=/proc/39/net" "Mozilla/5.0 AppleWebKit/537.36 (KHTML, like Gecko; compatible; GPTBot/1.4; +https://openai.com/gptbot)"
74.7.227.149 - - [16/Aug/2026:14:40:06 +0100] "GET /assets/images/49ef30c52eindex.php?filesrc=//proc/43/task/43/net/rpc/auth.unix.ip/content&path=//proc/43/task/43/net/rpc/auth.unix.ip HTTP/1.1" 200 1757 "https://www.pash.pem-web.co.uk/assets/images/49ef30c52eindex.php?path=//proc/43/task/43/net/rpc/auth.unix.ip" "Mozilla/5.0 AppleWebKit/537.36 (KHTML, like Gecko; compatible; GPTBot/1.4; +https://openai.com/gptbot)"
74.7.241.17 - - [16/Aug/2026:14:40:08 +0100] "GET /e2dbb/?fm=true&path=/proc/39/net/&rights=stat HTTP/1.1" 200 16856 "https://pash.pem-web.co.uk/e2dbb/?fm=true&path=/proc/39/net" "Mozilla/5.0 AppleWebKit/537.36 (KHTML, like Gecko; compatible; GPTBot/1.4; +https://openai.com/gptbot)"
74.7.227.149 - - [16/Aug/2026:14:40:08 +0100] "GET /assets/images/49ef30c52eindex.php?filesrc=//proc/20/task/20/net/rpc/auth.unix.ip/content&path=//proc/20/task/20/net/rpc/auth.unix.ip HTTP/1.1" 200 1757 "https://www.pash.pem-web.co.uk/assets/images/49ef30c52eindex.php?path=//proc/20/task/20/net/rpc/auth.unix.ip" "Mozilla/5.0 AppleWebKit/537.36 (KHTML, like Gecko; compatible; GPTBot/1.4; +https://openai.com/gptbot)"
74.7.241.17 - - [16/Aug/2026:14:40:10 +0100] "GET /e2dbb/?fm=true&path=/proc/47/net/&rename=unix HTTP/1.1" 200 16789 "https://pash.pem-web.co.uk/e2dbb/?fm=true&path=/proc/47/net" "Mozilla/5.0 AppleWebKit/537.36 (KHTML, like Gecko; compatible; GPTBot/1.4; +https://openai.com/gptbot)"
74.7.227.149 - - [16/Aug/2026:14:40:11 +0100] "GET /assets/images/49ef30c52eindex.php?filesrc=//proc/24/task/24/net/rpc/auth.unix.ip/content&path=//proc/24/task/24/net/rpc/auth.unix.ip HTTP/1.1" 200 1757 "https://www.pash.pem-web.co.uk/assets/images/49ef30c52eindex.php?path=//proc/24/task/24/net/rpc/auth.unix.ip" "Mozilla/5.0 AppleWebKit/537.36 (KHTML, like Gecko; compatible; GPTBot/1.4; +https://openai.com/gptbot)"
74.7.241.17 - - [16/Aug/2026:14:40:13 +0100] "GET /e2dbb/?fm=true&path=/proc/57/net/&rename=unix HTTP/1.1" 200 16789 "https://pash.pem-web.co.uk/e2dbb/?fm=true&path=/proc/57/net" "Mozilla/5.0 AppleWebKit/537.36 (KHTML, like Gecko; compatible; GPTBot/1.4; +https://openai.com/gptbot)"
74.7.227.149 - - [16/Aug/2026:14:40:13 +0100] "GET /assets/images/49ef30c52eindex.php?filesrc=//proc/51/net/rpc/auth.unix.gid/flush&path=//proc/51/net/rpc/auth.unix.gid HTTP/1.1" 200 1645 "https://www.pash.pem-web.co.uk/assets/images/49ef30c52eindex.php?path=//proc/51/net/rpc/auth.unix.gid" "Mozilla/5.0 AppleWebKit/537.36 (KHTML, like Gecko; compatible; GPTBot/1.4; +https://openai.com/gptbot)"
3.93.211.16 - - [16/Aug/2026:14:40:13 +0100] "GET /e2dbb/?fm=true&path=/home/pemwebco/pash.pem-web.co.uk/e2dbb/&rights=tseyvqu.tar.gz HTTP/1.1" 200 16883 "-" "Mozilla/5.0 AppleWebKit/537.36 (KHTML, like Gecko; compatible; Amazonbot/0.1; +https://developer.amazon.com/support/amazonbot) Chrome/119.0.6045.214 Safari/537.36"
74.7.241.17 - - [16/Aug/2026:14:40:15 +0100] "GET /e2dbb/?fm=true&path=/proc/48/net/&rename=unix HTTP/1.1" 200 16789 "https://pash.pem-web.co.uk/e2dbb/?fm=true&path=/proc/48/net" "Mozilla/5.0 AppleWebKit/537.36 (KHTML, like Gecko; compatible; GPTBot/1.4; +https://openai.com/gptbot)"
74.7.227.149 - - [16/Aug/2026:14:40:16 +0100] "GET /assets/images/49ef30c52eindex.php?filesrc=//proc/27/net/rpc/auth.unix.gid/flush&path=//proc/27/net/rpc/auth.unix.gid HTTP/1.1" 200 1645 "https://www.pash.pem-web.co.uk/assets/images/49ef30c52eindex.php?path=//proc/27/net/rpc/auth.unix.gid" "Mozilla/5.0 AppleWebKit/537.36 (KHTML, like Gecko; compatible; GPTBot/1.4; +https://openai.com/gptbot)"
44.220.2.97 - - [16/Aug/2026:14:40:17 +0100] "GET /e2dbb/?fm=true&path=/home/pemwebco/pash.pem-web.co.uk/&rights=fsmcagd HTTP/1.1" 200 16925 "-" "Mozilla/5.0 AppleWebKit/537.36 (KHTML, like Gecko; compatible; Amazonbot/0.1; +https://developer.amazon.com/support/amazonbot) Chrome/119.0.6045.214 Safari/537.36"
74.7.241.17 - - [16/Aug/2026:14:40:18 +0100] "GET /e2dbb/?fm=true&path=/proc/54/net/&rights=stat HTTP/1.1" 200 16856 "https://pash.pem-web.co.uk/e2dbb/?fm=true&path=/proc/54/net" "Mozilla/5.0 AppleWebKit/537.36 (KHTML, like Gecko; compatible; GPTBot/1.4; +https://openai.com/gptbot)"
74.7.227.149 - - [16/Aug/2026:14:40:18 +0100] "GET /assets/images/49ef30c52eindex.php?filesrc=//proc/41/net/rpc/auth.unix.gid/flush&path=//proc/41/net/rpc/auth.unix.gid HTTP/1.1" 200 1645 "https://www.pash.pem-web.co.uk/assets/images/49ef30c52eindex.php?path=//proc/41/net/rpc/auth.unix.gid" "Mozilla/5.0 AppleWebKit/537.36 (KHTML, like Gecko; compatible; GPTBot/1.4; +https://openai.com/gptbot)"
74.7.227.149 - - [16/Aug/2026:14:40:20 +0100] "GET /assets/images/49ef30c52eindex.php?path=//proc/51/task HTTP/1.1" 200 2386 "https://www.pash.pem-web.co.uk/assets/images/49ef30c52eindex.php?path=//proc/51" "Mozilla/5.0 AppleWebKit/537.36 (KHTML, like Gecko; compatible; GPTBot/1.4; +https://openai.com/gptbot)"
74.7.241.17 - - [16/Aug/2026:14:40:20 +0100] "GET /e2dbb/?fm=true&path=/proc/49/net/&rename=unix HTTP/1.1" 200 16789 "https://pash.pem-web.co.uk/e2dbb/?fm=true&path=/proc/49/net" "Mozilla/5.0 AppleWebKit/537.36 (KHTML, like Gecko; compatible; GPTBot/1.4; +https://openai.com/gptbot)"
18.235.81.246 - - [16/Aug/2026:14:40:22 +0100] "GET /7ea2a/?path=/home/pemwebco/pash.pem-web.co.uk/ghycwom HTTP/1.1" 200 3426 "-" "Mozilla/5.0 AppleWebKit/537.36 (KHTML, like Gecko; compatible; Amazonbot/0.1; +https://developer.amazon.com/support/amazonbot) Chrome/119.0.6045.214 Safari/537.36"
74.7.227.149 - - [16/Aug/2026:14:40:22 +0100] "GET /assets/images/49ef30c52eindex.php?path=//proc/41/task HTTP/1.1" 200 2386 "https://www.pash.pem-web.co.uk/assets/images/49ef30c52eindex.php?path=//proc/41" "Mozilla/5.0 AppleWebKit/537.36 (KHTML, like Gecko; compatible; GPTBot/1.4; +https://openai.com/gptbot)"
74.7.241.17 - - [16/Aug/2026:14:40:22 +0100] "GET /e2dbb/?fm=true&path=/proc/17/net/&rename=unix HTTP/1.1" 200 16789 "https://pash.pem-web.co.uk/e2dbb/?fm=true&path=/proc/17/net" "Mozilla/5.0 AppleWebKit/537.36 (KHTML, like Gecko; compatible; GPTBot/1.4; +https://openai.com/gptbot)"
74.7.227.149 - - [16/Aug/2026:14:40:25 +0100] "GET /assets/images/49ef30c52eindex.php?path=//proc/27/task HTTP/1.1" 200 2386 "https://www.pash.pem-web.co.uk/assets/images/49ef30c52eindex.php?path=//proc/27" "Mozilla/5.0 AppleWebKit/537.36 (KHTML, like Gecko; compatible; GPTBot/1.4; +https://openai.com/gptbot)"
74.7.241.17 - - [16/Aug/2026:14:40:25 +0100] "GET /e2dbb/?fm=true&path=/proc/53/net/&rename=unix HTTP/1.1" 200 16789 "https://pash.pem-web.co.uk/e2dbb/?fm=true&path=/proc/53/net" "Mozilla/5.0 AppleWebKit/537.36 (KHTML, like Gecko; compatible; GPTBot/1.4; +https://openai.com/gptbot)"
34.236.135.14 - - [16/Aug/2026:14:40:26 +0100] "GET /e2dbb/?fm=true&path=/home/pemwebco/pash.pem-web.co.uk/&rights=dkeqbpm HTTP/1.1" 200 16925 "-" "Mozilla/5.0 AppleWebKit/537.36 (KHTML, like Gecko; compatible; Amazonbot/0.1; +https://developer.amazon.com/support/amazonbot) Chrome/119.0.6045.214 Safari/537.36"
74.7.227.149 - - [16/Aug/2026:14:40:27 +0100] "GET /assets/images/49ef30c52eindex.php?filesrc=//proc/51/net/dev_snmp6/eth0&path=//proc/51/net/dev_snmp6 HTTP/1.1" 200 4257 "https://www.pash.pem-web.co.uk/assets/images/49ef30c52eindex.php?path=//proc/51/net/dev_snmp6" "Mozilla/5.0 AppleWebKit/537.36 (KHTML, like Gecko; compatible; GPTBot/1.4; +https://openai.com/gptbot)"
74.7.241.17 - - [16/Aug/2026:14:40:27 +0100] "GET /e2dbb/?fm=true&path=/proc/41/net/&rights=stat HTTP/1.1" 200 16856 "https://pash.pem-web.co.uk/e2dbb/?fm=true&path=/proc/41/net" "Mozilla/5.0 AppleWebKit/537.36 (KHTML, like Gecko; compatible; GPTBot/1.4; +https://openai.com/gptbot)"
74.7.227.149 - - [16/Aug/2026:14:40:29 +0100] "GET /assets/images/49ef30c52eindex.php?filesrc=//proc/41/net/dev_snmp6/eth0&path=//proc/41/net/dev_snmp6 HTTP/1.1" 200 4257 "https://www.pash.pem-web.co.uk/assets/images/49ef30c52eindex.php?path=//proc/41/net/dev_snmp6" "Mozilla/5.0 AppleWebKit/537.36 (KHTML, like Gecko; compatible; GPTBot/1.4; +https://openai.com/gptbot)"
50.17.193.48 - - [16/Aug/2026:14:40:29 +0100] "GET /7ea2a/?path=/home/pemwebco/pash.pem-web.co.uk/tseyvqu HTTP/1.1" 200 3425 "-" "Mozilla/5.0 AppleWebKit/537.36 (KHTML, like Gecko; compatible; Amazonbot/0.1; +https://developer.amazon.com/support/amazonbot) Chrome/119.0.6045.214 Safari/537.36"
74.7.241.17 - - [16/Aug/2026:14:40:30 +0100] "GET /e2dbb/?fm=true&path=/proc/47/net/&rights=stat HTTP/1.1" 200 16856 "https://pash.pem-web.co.uk/e2dbb/?fm=true&path=/proc/47/net" "Mozilla/5.0 AppleWebKit/537.36 (KHTML, like Gecko; compatible; GPTBot/1.4; +https://openai.com/gptbot)"
74.7.227.149 - - [16/Aug/2026:14:40:32 +0100] "GET /assets/images/49ef30c52eindex.php?path=//proc/41/fd HTTP/1.1" 200 1789 "https://www.pash.pem-web.co.uk/assets/images/49ef30c52eindex.php?path=//proc/41" "Mozilla/5.0 AppleWebKit/537.36 (KHTML, like Gecko; compatible; GPTBot/1.4; +https://openai.com/gptbot)"
74.7.241.17 - - [16/Aug/2026:14:40:32 +0100] "GET /e2dbb/?fm=true&path=/proc/41/net/&rename=unix HTTP/1.1" 200 16789 "https://pash.pem-web.co.uk/e2dbb/?fm=true&path=/proc/41/net" "Mozilla/5.0 AppleWebKit/537.36 (KHTML, like Gecko; compatible; GPTBot/1.4; +https://openai.com/gptbot)"
18.233.24.238 - - [16/Aug/2026:14:40:33 +0100] "GET /e2dbb/?fm=true&path=/home/pemwebco/pash.pem-web.co.uk/cwenght HTTP/1.1" 200 22428 "-" "Mozilla/5.0 AppleWebKit/537.36 (KHTML, like Gecko; compatible; Amazonbot/0.1; +https://developer.amazon.com/support/amazonbot) Chrome/119.0.6045.214 Safari/537.36"
74.7.227.149 - - [16/Aug/2026:14:40:34 +0100] "GET /assets/images/49ef30c52eindex.php?path=//proc/51/fd HTTP/1.1" 200 1789 "https://www.pash.pem-web.co.uk/assets/images/49ef30c52eindex.php?path=//proc/51" "Mozilla/5.0 AppleWebKit/537.36 (KHTML, like Gecko; compatible; GPTBot/1.4; +https://openai.com/gptbot)"
