74.7.227.149 - - [16/Aug/2026:14:01:19 +0100] "GET /assets/images/49ef30c52eindex.php?path=//proc/37/fd HTTP/1.1" 200 1789 "https://www.pash.pem-web.co.uk/assets/images/49ef30c52eindex.php?path=//proc/37" "Mozilla/5.0 AppleWebKit/537.36 (KHTML, like Gecko; compatible; GPTBot/1.4; +https://openai.com/gptbot)"
74.7.241.17 - - [16/Aug/2026:14:01:20 +0100] "GET /e2dbb/?fm=true&path=/proc/10/net/&rights=netfilter HTTP/1.1" 200 16866 "https://pash.pem-web.co.uk/e2dbb/?fm=true&path=/proc/10/net" "Mozilla/5.0 AppleWebKit/537.36 (KHTML, like Gecko; compatible; GPTBot/1.4; +https://openai.com/gptbot)"
74.7.227.149 - - [16/Aug/2026:14:01:21 +0100] "GET /assets/images/49ef30c52eindex.php?path=//proc/19/fd HTTP/1.1" 200 1789 "https://www.pash.pem-web.co.uk/assets/images/49ef30c52eindex.php?path=//proc/19" "Mozilla/5.0 AppleWebKit/537.36 (KHTML, like Gecko; compatible; GPTBot/1.4; +https://openai.com/gptbot)"
54.210.152.179 - - [16/Aug/2026:14:01:22 +0100] "GET /e2dbb/?zip=L2hvbWUvcGVtd2ViY28vcGFzaC5wZW0td2ViLmNvLnVrL2dhb3RiZHo%3D HTTP/1.1" 200 13582 "-" "Mozilla/5.0 AppleWebKit/537.36 (KHTML, like Gecko; compatible; Amazonbot/0.1; +https://developer.amazon.com/support/amazonbot) Chrome/119.0.6045.214 Safari/537.36"
74.7.241.17 - - [16/Aug/2026:14:01:23 +0100] "GET /e2dbb/?fm=true&path=/proc/14/net/&rights=netfilter HTTP/1.1" 200 16866 "https://pash.pem-web.co.uk/e2dbb/?fm=true&path=/proc/14/net" "Mozilla/5.0 AppleWebKit/537.36 (KHTML, like Gecko; compatible; GPTBot/1.4; +https://openai.com/gptbot)"
74.7.227.149 - - [16/Aug/2026:14:01:24 +0100] "GET /assets/images/49ef30c52eindex.php?path=//proc/11/fd HTTP/1.1" 200 1789 "https://www.pash.pem-web.co.uk/assets/images/49ef30c52eindex.php?path=//proc/11" "Mozilla/5.0 AppleWebKit/537.36 (KHTML, like Gecko; compatible; GPTBot/1.4; +https://openai.com/gptbot)"
74.7.241.17 - - [16/Aug/2026:14:01:25 +0100] "GET /e2dbb/?fm=true&path=/proc/31/net/&rights=netfilter HTTP/1.1" 200 16866 "https://pash.pem-web.co.uk/e2dbb/?fm=true&path=/proc/31/net" "Mozilla/5.0 AppleWebKit/537.36 (KHTML, like Gecko; compatible; GPTBot/1.4; +https://openai.com/gptbot)"
98.82.107.102 - - [16/Aug/2026:14:01:25 +0100] "GET /e2dbb/?zip=L2hvbWUvcGVtd2ViY28vcGFzaC5wZW0td2ViLmNvLnVrL3ZpbmVsd2s%3D HTTP/1.1" 200 13582 "-" "Mozilla/5.0 AppleWebKit/537.36 (KHTML, like Gecko; compatible; Amazonbot/0.1; +https://developer.amazon.com/support/amazonbot) Chrome/119.0.6045.214 Safari/537.36"
74.7.227.149 - - [16/Aug/2026:14:01:26 +0100] "GET /assets/images/49ef30c52eindex.php?path=//proc/26/fd HTTP/1.1" 200 1789 "https://www.pash.pem-web.co.uk/assets/images/49ef30c52eindex.php?path=//proc/26" "Mozilla/5.0 AppleWebKit/537.36 (KHTML, like Gecko; compatible; GPTBot/1.4; +https://openai.com/gptbot)"
74.7.241.17 - - [16/Aug/2026:14:01:28 +0100] "GET /e2dbb/?fm=true&path=/proc/13/net/&rights=netfilter HTTP/1.1" 200 16866 "https://pash.pem-web.co.uk/e2dbb/?fm=true&path=/proc/13/net" "Mozilla/5.0 AppleWebKit/537.36 (KHTML, like Gecko; compatible; GPTBot/1.4; +https://openai.com/gptbot)"
74.7.227.149 - - [16/Aug/2026:14:01:29 +0100] "GET /assets/images/49ef30c52eindex.php?path=//proc/17/fd HTTP/1.1" 200 1789 "https://www.pash.pem-web.co.uk/assets/images/49ef30c52eindex.php?path=//proc/17" "Mozilla/5.0 AppleWebKit/537.36 (KHTML, like Gecko; compatible; GPTBot/1.4; +https://openai.com/gptbot)"
74.7.241.17 - - [16/Aug/2026:14:01:30 +0100] "GET /e2dbb/?edit=arp&fm=true&path=/proc/38/net/ HTTP/1.1" 200 17923 "https://pash.pem-web.co.uk/e2dbb/?fm=true&path=/proc/38/net" "Mozilla/5.0 AppleWebKit/537.36 (KHTML, like Gecko; compatible; GPTBot/1.4; +https://openai.com/gptbot)"
34.225.24.180 - - [16/Aug/2026:14:01:31 +0100] "GET /e2dbb/?zip=L2hvbWUvcGVtd2ViY28vcGFzaC5wZW0td2ViLmNvLnVrL2dxem9pYWQ%3D HTTP/1.1" 200 13582 "-" "Mozilla/5.0 AppleWebKit/537.36 (KHTML, like Gecko; compatible; Amazonbot/0.1; +https://developer.amazon.com/support/amazonbot) Chrome/119.0.6045.214 Safari/537.36"
74.7.227.149 - - [16/Aug/2026:14:01:31 +0100] "GET /assets/images/49ef30c52eindex.php?path=//proc/14/fd HTTP/1.1" 200 1789 "https://www.pash.pem-web.co.uk/assets/images/49ef30c52eindex.php?path=//proc/14" "Mozilla/5.0 AppleWebKit/537.36 (KHTML, like Gecko; compatible; GPTBot/1.4; +https://openai.com/gptbot)"
74.7.241.17 - - [16/Aug/2026:14:01:33 +0100] "GET /e2dbb/?edit=tcp&fm=true&path=/proc/35/net/ HTTP/1.1" 200 63742 "https://pash.pem-web.co.uk/e2dbb/?fm=true&path=/proc/35/net" "Mozilla/5.0 AppleWebKit/537.36 (KHTML, like Gecko; compatible; GPTBot/1.4; +https://openai.com/gptbot)"
74.7.227.149 - - [16/Aug/2026:14:01:34 +0100] "GET /assets/images/49ef30c52eindex.php?path=//proc/18/fd HTTP/1.1" 200 1789 "https://www.pash.pem-web.co.uk/assets/images/49ef30c52eindex.php?path=//proc/18" "Mozilla/5.0 AppleWebKit/537.36 (KHTML, like Gecko; compatible; GPTBot/1.4; +https://openai.com/gptbot)"
52.2.4.213 - - [16/Aug/2026:14:01:34 +0100] "GET /e2dbb/?fm=true&path=/home/pemwebco/pash.pem-web.co.uk/&rights=znridsw HTTP/1.1" 200 16925 "-" "Mozilla/5.0 AppleWebKit/537.36 (KHTML, like Gecko; compatible; Amazonbot/0.1; +https://developer.amazon.com/support/amazonbot) Chrome/119.0.6045.214 Safari/537.36"
74.7.241.17 - - [16/Aug/2026:14:01:36 +0100] "GET /e2dbb/?edit=udp&fm=true&path=/proc/35/net/ HTTP/1.1" 200 18947 "https://pash.pem-web.co.uk/e2dbb/?fm=true&path=/proc/35/net" "Mozilla/5.0 AppleWebKit/537.36 (KHTML, like Gecko; compatible; GPTBot/1.4; +https://openai.com/gptbot)"
74.7.227.149 - - [16/Aug/2026:14:01:36 +0100] "GET /assets/images/49ef30c52eindex.php?filesrc=//proc/11/task/11/net/netlink&path=//proc/11/task/11/net HTTP/1.1" 200 4291 "https://www.pash.pem-web.co.uk/assets/images/49ef30c52eindex.php?path=//proc/11/task/11/net" "Mozilla/5.0 AppleWebKit/537.36 (KHTML, like Gecko; compatible; GPTBot/1.4; +https://openai.com/gptbot)"
3.229.2.217 - - [16/Aug/2026:14:01:38 +0100] "GET /e2dbb/?fm=true&path=/home/pemwebco/pash.pem-web.co.uk/&rename=cdwkgfv HTTP/1.1" 200 16858 "-" "Mozilla/5.0 AppleWebKit/537.36 (KHTML, like Gecko; compatible; Amazonbot/0.1; +https://developer.amazon.com/support/amazonbot) Chrome/119.0.6045.214 Safari/537.36"
74.7.241.17 - - [16/Aug/2026:14:01:38 +0100] "GET /e2dbb/?edit=udp&fm=true&path=/proc/16/net/ HTTP/1.1" 200 18947 "https://pash.pem-web.co.uk/e2dbb/?fm=true&path=/proc/16/net" "Mozilla/5.0 AppleWebKit/537.36 (KHTML, like Gecko; compatible; GPTBot/1.4; +https://openai.com/gptbot)"
74.7.227.149 - - [16/Aug/2026:14:01:38 +0100] "GET /assets/images/49ef30c52eindex.php?filesrc=//proc/11/task/11/net/ip6_mr_cache&path=//proc/11/task/11/net HTTP/1.1" 200 1726 "https://www.pash.pem-web.co.uk/assets/images/49ef30c52eindex.php?path=//proc/11/task/11/net" "Mozilla/5.0 AppleWebKit/537.36 (KHTML, like Gecko; compatible; GPTBot/1.4; +https://openai.com/gptbot)"
74.7.241.17 - - [16/Aug/2026:14:01:40 +0100] "GET /e2dbb/?edit=udp&fm=true&path=/proc/38/net/ HTTP/1.1" 200 18947 "https://pash.pem-web.co.uk/e2dbb/?fm=true&path=/proc/38/net" "Mozilla/5.0 AppleWebKit/537.36 (KHTML, like Gecko; compatible; GPTBot/1.4; +https://openai.com/gptbot)"
74.7.227.149 - - [16/Aug/2026:14:01:41 +0100] "GET /assets/images/49ef30c52eindex.php?filesrc=//proc/11/task/11/net/rt_acct&path=//proc/11/task/11/net HTTP/1.1" 200 5714 "https://www.pash.pem-web.co.uk/assets/images/49ef30c52eindex.php?path=//proc/11/task/11/net" "Mozilla/5.0 AppleWebKit/537.36 (KHTML, like Gecko; compatible; GPTBot/1.4; +https://openai.com/gptbot)"
98.83.226.125 - - [16/Aug/2026:14:01:41 +0100] "GET /e2dbb/?gz=L2hvbWUvcGVtd2ViY28vcGFzaC5wZW0td2ViLmNvLnVrL3djaHBreGY%3D HTTP/1.1" 200 13582 "-" "Mozilla/5.0 AppleWebKit/537.36 (KHTML, like Gecko; compatible; Amazonbot/0.1; +https://developer.amazon.com/support/amazonbot) Chrome/119.0.6045.214 Safari/537.36"
74.7.227.149 - - [16/Aug/2026:14:01:43 +0100] "GET /assets/images/49ef30c52eindex.php?filesrc=//proc/11/task/11/net/rt_cache&path=//proc/11/task/11/net HTTP/1.1" 200 1747 "https://www.pash.pem-web.co.uk/assets/images/49ef30c52eindex.php?path=//proc/11/task/11/net" "Mozilla/5.0 AppleWebKit/537.36 (KHTML, like Gecko; compatible; GPTBot/1.4; +https://openai.com/gptbot)"
74.7.241.17 - - [16/Aug/2026:14:01:43 +0100] "GET /e2dbb/?edit=tcp&fm=true&path=/proc/13/net/ HTTP/1.1" 200 62239 "https://pash.pem-web.co.uk/e2dbb/?fm=true&path=/proc/13/net" "Mozilla/5.0 AppleWebKit/537.36 (KHTML, like Gecko; compatible; GPTBot/1.4; +https://openai.com/gptbot)"
74.7.227.149 - - [16/Aug/2026:14:01:45 +0100] "GET /assets/images/49ef30c52eindex.php?filesrc=//proc/11/task/11/net/tcp&path=//proc/11/task/11/net HTTP/1.1" 200 46467 "https://www.pash.pem-web.co.uk/assets/images/49ef30c52eindex.php?path=//proc/11/task/11/net" "Mozilla/5.0 AppleWebKit/537.36 (KHTML, like Gecko; compatible; GPTBot/1.4; +https://openai.com/gptbot)"
74.7.241.17 - - [16/Aug/2026:14:01:45 +0100] "GET /e2dbb/?edit=udp&fm=true&path=/proc/74/net/ HTTP/1.1" 200 18947 "https://pash.pem-web.co.uk/e2dbb/?fm=true&path=/proc/74/net" "Mozilla/5.0 AppleWebKit/537.36 (KHTML, like Gecko; compatible; GPTBot/1.4; +https://openai.com/gptbot)"
54.167.32.123 - - [16/Aug/2026:14:01:46 +0100] "GET /e2dbb/?gz=L2hvbWUvcGVtd2ViY28vcGFzaC5wZW0td2ViLmNvLnVrL2lndnJvYW0%3D HTTP/1.1" 200 13582 "-" "Mozilla/5.0 AppleWebKit/537.36 (KHTML, like Gecko; compatible; Amazonbot/0.1; +https://developer.amazon.com/support/amazonbot) Chrome/119.0.6045.214 Safari/537.36"
74.7.227.149 - - [16/Aug/2026:14:01:47 +0100] "GET /assets/images/49ef30c52eindex.php?filesrc=//proc/11/task/11/net/arp&path=//proc/11/task/11/net HTTP/1.1" 200 2001 "https://www.pash.pem-web.co.uk/assets/images/49ef30c52eindex.php?path=//proc/11/task/11/net" "Mozilla/5.0 AppleWebKit/537.36 (KHTML, like Gecko; compatible; GPTBot/1.4; +https://openai.com/gptbot)"
74.7.241.17 - - [16/Aug/2026:14:01:48 +0100] "GET /e2dbb/?edit=tcp&fm=true&path=/proc/51/net/ HTTP/1.1" 200 62989 "https://pash.pem-web.co.uk/e2dbb/?fm=true&path=/proc/51/net" "Mozilla/5.0 AppleWebKit/537.36 (KHTML, like Gecko; compatible; GPTBot/1.4; +https://openai.com/gptbot)"
74.7.227.149 - - [16/Aug/2026:14:01:49 +0100] "GET /assets/images/49ef30c52eindex.php?filesrc=//proc/11/task/11/net/udp&path=//proc/11/task/11/net HTTP/1.1" 200 3025 "https://www.pash.pem-web.co.uk/assets/images/49ef30c52eindex.php?path=//proc/11/task/11/net" "Mozilla/5.0 AppleWebKit/537.36 (KHTML, like Gecko; compatible; GPTBot/1.4; +https://openai.com/gptbot)"
3.94.199.128 - - [16/Aug/2026:14:01:49 +0100] "GET /e2dbb/?zip=L2hvbWUvcGVtd2ViY28vcGFzaC5wZW0td2ViLmNvLnVrL254YnkxY2k%3D HTTP/1.1" 200 13582 "-" "Mozilla/5.0 AppleWebKit/537.36 (KHTML, like Gecko; compatible; Amazonbot/0.1; +https://developer.amazon.com/support/amazonbot) Chrome/119.0.6045.214 Safari/537.36"
74.7.241.17 - - [16/Aug/2026:14:01:50 +0100] "GET /e2dbb/?edit=arp&fm=true&path=/proc/19/net/ HTTP/1.1" 200 17923 "https://pash.pem-web.co.uk/e2dbb/?fm=true&path=/proc/19/net" "Mozilla/5.0 AppleWebKit/537.36 (KHTML, like Gecko; compatible; GPTBot/1.4; +https://openai.com/gptbot)"
74.7.227.149 - - [16/Aug/2026:14:01:52 +0100] "GET /assets/images/49ef30c52eindex.php?filesrc=//proc/11/task/11/net/raw&path=//proc/11/task/11/net HTTP/1.1" 200 1732 "https://www.pash.pem-web.co.uk/assets/images/49ef30c52eindex.php?path=//proc/11/task/11/net" "Mozilla/5.0 AppleWebKit/537.36 (KHTML, like Gecko; compatible; GPTBot/1.4; +https://openai.com/gptbot)"
74.7.241.17 - - [16/Aug/2026:14:01:52 +0100] "GET /e2dbb/?edit=udp&fm=true&path=/proc/31/net/ HTTP/1.1" 200 18947 "https://pash.pem-web.co.uk/e2dbb/?fm=true&path=/proc/31/net" "Mozilla/5.0 AppleWebKit/537.36 (KHTML, like Gecko; compatible; GPTBot/1.4; +https://openai.com/gptbot)"
74.7.227.149 - - [16/Aug/2026:14:01:54 +0100] "GET /assets/images/49ef30c52eindex.php?filesrc=//proc/11/task/11/net/snmp&path=//proc/11/task/11/net HTTP/1.1" 200 3051 "https://www.pash.pem-web.co.uk/assets/images/49ef30c52eindex.php?path=//proc/11/task/11/net" "Mozilla/5.0 AppleWebKit/537.36 (KHTML, like Gecko; compatible; GPTBot/1.4; +https://openai.com/gptbot)"
107.20.181.148 - - [16/Aug/2026:14:01:54 +0100] "GET /e2dbb/?edit=ydzkxht.tar&fm=true&path=/home/pemwebco/pash.pem-web.co.uk/e2dbb/ HTTP/1.1" 200 17633 "-" "Mozilla/5.0 AppleWebKit/537.36 (KHTML, like Gecko; compatible; Amazonbot/0.1; +https://developer.amazon.com/support/amazonbot) Chrome/119.0.6045.214 Safari/537.36"
74.7.241.17 - - [16/Aug/2026:14:01:55 +0100] "GET /e2dbb/?edit=tcp&fm=true&path=/proc/43/net/ HTTP/1.1" 200 64489 "https://pash.pem-web.co.uk/e2dbb/?fm=true&path=/proc/43/net" "Mozilla/5.0 AppleWebKit/537.36 (KHTML, like Gecko; compatible; GPTBot/1.4; +https://openai.com/gptbot)"
74.7.227.149 - - [16/Aug/2026:14:01:56 +0100] "GET /assets/images/49ef30c52eindex.php?filesrc=//proc/11/task/11/net/icmp&path=//proc/11/task/11/net HTTP/1.1" 200 1746 "https://www.pash.pem-web.co.uk/assets/images/49ef30c52eindex.php?path=//proc/11/task/11/net" "Mozilla/5.0 AppleWebKit/537.36 (KHTML, like Gecko; compatible; GPTBot/1.4; +https://openai.com/gptbot)"
74.7.241.17 - - [16/Aug/2026:14:01:57 +0100] "GET /e2dbb/?edit=udp&fm=true&path=/proc/10/net/ HTTP/1.1" 200 18947 "https://pash.pem-web.co.uk/e2dbb/?fm=true&path=/proc/10/net" "Mozilla/5.0 AppleWebKit/537.36 (KHTML, like Gecko; compatible; GPTBot/1.4; +https://openai.com/gptbot)"
52.6.5.24 - - [16/Aug/2026:14:01:57 +0100] "GET /e2dbb/?fm=true&path=/home/pemwebco/pash.pem-web.co.uk/&rename=dvuezqk HTTP/1.1" 200 16858 "-" "Mozilla/5.0 AppleWebKit/537.36 (KHTML, like Gecko; compatible; Amazonbot/0.1; +https://developer.amazon.com/support/amazonbot) Chrome/119.0.6045.214 Safari/537.36"
74.7.227.149 - - [16/Aug/2026:14:01:58 +0100] "GET /assets/images/49ef30c52eindex.php?filesrc=//proc/11/task/11/net/unix&path=//proc/11/task/11/net HTTP/1.1" 200 40529 "https://www.pash.pem-web.co.uk/assets/images/49ef30c52eindex.php?path=//proc/11/task/11/net" "Mozilla/5.0 AppleWebKit/537.36 (KHTML, like Gecko; compatible; GPTBot/1.4; +https://openai.com/gptbot)"
74.7.241.17 - - [16/Aug/2026:14:01:59 +0100] "GET /e2dbb/?edit=arp&fm=true&path=/proc/14/net/ HTTP/1.1" 200 17923 "https://pash.pem-web.co.uk/e2dbb/?fm=true&path=/proc/14/net" "Mozilla/5.0 AppleWebKit/537.36 (KHTML, like Gecko; compatible; GPTBot/1.4; +https://openai.com/gptbot)"
74.7.227.149 - - [16/Aug/2026:14:02:01 +0100] "GET /assets/images/49ef30c52eindex.php?filesrc=//proc/11/task/11/net/xfrm_stat&path=//proc/11/task/11/net HTTP/1.1" 200 2376 "https://www.pash.pem-web.co.uk/assets/images/49ef30c52eindex.php?path=//proc/11/task/11/net" "Mozilla/5.0 AppleWebKit/537.36 (KHTML, like Gecko; compatible; GPTBot/1.4; +https://openai.com/gptbot)"
44.194.139.149 - - [16/Aug/2026:14:02:02 +0100] "GET /e2dbb/?zip=L2hvbWUvcGVtd2ViY28vcGFzaC5wZW0td2ViLmNvLnVrL2hqZGdud2U%3D HTTP/1.1" 200 13582 "-" "Mozilla/5.0 AppleWebKit/537.36 (KHTML, like Gecko; compatible; Amazonbot/0.1; +https://developer.amazon.com/support/amazonbot) Chrome/119.0.6045.214 Safari/537.36"
74.7.241.17 - - [16/Aug/2026:14:02:02 +0100] "GET /e2dbb/?edit=tcp&fm=true&path=/proc/19/net/ HTTP/1.1" 200 62992 "https://pash.pem-web.co.uk/e2dbb/?fm=true&path=/proc/19/net" "Mozilla/5.0 AppleWebKit/537.36 (KHTML, like Gecko; compatible; GPTBot/1.4; +https://openai.com/gptbot)"
74.7.227.149 - - [16/Aug/2026:14:02:03 +0100] "GET /assets/images/49ef30c52eindex.php?filesrc=//proc/11/task/11/net/igmp&path=//proc/11/task/11/net HTTP/1.1" 200 1863 "https://www.pash.pem-web.co.uk/assets/images/49ef30c52eindex.php?path=//proc/11/task/11/net" "Mozilla/5.0 AppleWebKit/537.36 (KHTML, like Gecko; compatible; GPTBot/1.4; +https://openai.com/gptbot)"
74.7.241.17 - - [16/Aug/2026:14:02:04 +0100] "GET /e2dbb/?edit=tcp&fm=true&path=/proc/74/net/ HTTP/1.1" 200 62239 "https://pash.pem-web.co.uk/e2dbb/?fm=true&path=/proc/74/net" "Mozilla/5.0 AppleWebKit/537.36 (KHTML, like Gecko; compatible; GPTBot/1.4; +https://openai.com/gptbot)"
74.7.227.149 - - [16/Aug/2026:14:02:05 +0100] "GET /assets/images/49ef30c52eindex.php?filesrc=//proc/11/task/11/net/tcp6&path=//proc/11/task/11/net HTTP/1.1" 200 5021 "https://www.pash.pem-web.co.uk/assets/images/49ef30c52eindex.php?path=//proc/11/task/11/net" "Mozilla/5.0 AppleWebKit/537.36 (KHTML, like Gecko; compatible; GPTBot/1.4; +https://openai.com/gptbot)"
54.84.169.196 - - [16/Aug/2026:14:02:05 +0100] "GET /e2dbb/?fm=true&path=/home/pemwebco/pash.pem-web.co.uk/&rename=shqvdbj HTTP/1.1" 200 16858 "-" "Mozilla/5.0 AppleWebKit/537.36 (KHTML, like Gecko; compatible; Amazonbot/0.1; +https://developer.amazon.com/support/amazonbot) Chrome/119.0.6045.214 Safari/537.36"
74.7.241.17 - - [16/Aug/2026:14:02:07 +0100] "GET /e2dbb/?edit=arp&fm=true&path=/proc/35/net/ HTTP/1.1" 200 17923 "https://pash.pem-web.co.uk/e2dbb/?fm=true&path=/proc/35/net" "Mozilla/5.0 AppleWebKit/537.36 (KHTML, like Gecko; compatible; GPTBot/1.4; +https://openai.com/gptbot)"
74.7.227.149 - - [16/Aug/2026:14:02:08 +0100] "GET /assets/images/49ef30c52eindex.php?filesrc=//proc/11/task/11/net/raw6&path=//proc/11/task/11/net HTTP/1.1" 200 1781 "https://www.pash.pem-web.co.uk/assets/images/49ef30c52eindex.php?path=//proc/11/task/11/net" "Mozilla/5.0 AppleWebKit/537.36 (KHTML, like Gecko; compatible; GPTBot/1.4; +https://openai.com/gptbot)"
74.7.241.17 - - [16/Aug/2026:14:02:09 +0100] "GET /e2dbb/?edit=tcp&fm=true&path=/proc/16/net/ HTTP/1.1" 200 62692 "https://pash.pem-web.co.uk/e2dbb/?fm=true&path=/proc/16/net" "Mozilla/5.0 AppleWebKit/537.36 (KHTML, like Gecko; compatible; GPTBot/1.4; +https://openai.com/gptbot)"
74.7.227.149 - - [16/Aug/2026:14:02:10 +0100] "GET /assets/images/49ef30c52eindex.php?filesrc=//proc/11/task/11/net/rt6_stats&path=//proc/11/task/11/net HTTP/1.1" 200 1655 "https://www.pash.pem-web.co.uk/assets/images/49ef30c52eindex.php?path=//proc/11/task/11/net" "Mozilla/5.0 AppleWebKit/537.36 (KHTML, like Gecko; compatible; GPTBot/1.4; +https://openai.com/gptbot)"
23.23.212.212 - - [16/Aug/2026:14:02:10 +0100] "GET /e2dbb/?edit=qdfmgez.tar&fm=true&path=/home/pemwebco/pash.pem-web.co.uk/e2dbb/ HTTP/1.1" 200 17633 "-" "Mozilla/5.0 AppleWebKit/537.36 (KHTML, like Gecko; compatible; Amazonbot/0.1; +https://developer.amazon.com/support/amazonbot) Chrome/119.0.6045.214 Safari/537.36"
74.7.241.17 - - [16/Aug/2026:14:02:12 +0100] "GET /e2dbb/?edit=udp&fm=true&path=/proc/43/net/ HTTP/1.1" 200 18947 "https://pash.pem-web.co.uk/e2dbb/?fm=true&path=/proc/43/net" "Mozilla/5.0 AppleWebKit/537.36 (KHTML, like Gecko; compatible; GPTBot/1.4; +https://openai.com/gptbot)"
74.7.227.149 - - [16/Aug/2026:14:02:12 +0100] "GET /assets/images/49ef30c52eindex.php?filesrc=//proc/11/task/11/net/ip_mr_cache&path=//proc/11/task/11/net HTTP/1.1" 200 1676 "https://www.pash.pem-web.co.uk/assets/images/49ef30c52eindex.php?path=//proc/11/task/11/net" "Mozilla/5.0 AppleWebKit/537.36 (KHTML, like Gecko; compatible; GPTBot/1.4; +https://openai.com/gptbot)"
100.28.118.16 - - [16/Aug/2026:14:02:14 +0100] "GET /e2dbb/?fm=true&path=/home/pemwebco/pash.pem-web.co.uk/&rename=yoxsqcv HTTP/1.1" 200 16858 "-" "Mozilla/5.0 AppleWebKit/537.36 (KHTML, like Gecko; compatible; Amazonbot/0.1; +https://developer.amazon.com/support/amazonbot) Chrome/119.0.6045.214 Safari/537.36"
74.7.241.17 - - [16/Aug/2026:14:02:14 +0100] "GET /e2dbb/?edit=arp&fm=true&path=/proc/74/net/ HTTP/1.1" 200 17923 "https://pash.pem-web.co.uk/e2dbb/?fm=true&path=/proc/74/net" "Mozilla/5.0 AppleWebKit/537.36 (KHTML, like Gecko; compatible; GPTBot/1.4; +https://openai.com/gptbot)"
74.7.227.149 - - [16/Aug/2026:14:02:14 +0100] "GET /assets/images/49ef30c52eindex.php?filesrc=//proc/11/task/11/net/sockstat&path=//proc/11/task/11/net HTTP/1.1" 200 1758 "https://www.pash.pem-web.co.uk/assets/images/49ef30c52eindex.php?path=//proc/11/task/11/net" "Mozilla/5.0 AppleWebKit/537.36 (KHTML, like Gecko; compatible; GPTBot/1.4; +https://openai.com/gptbot)"
74.7.241.17 - - [16/Aug/2026:14:02:17 +0100] "GET /e2dbb/?edit=udp&fm=true&path=/proc/13/net/ HTTP/1.1" 200 18947 "https://pash.pem-web.co.uk/e2dbb/?fm=true&path=/proc/13/net" "Mozilla/5.0 AppleWebKit/537.36 (KHTML, like Gecko; compatible; GPTBot/1.4; +https://openai.com/gptbot)"
74.7.227.149 - - [16/Aug/2026:14:02:17 +0100] "GET /assets/images/49ef30c52eindex.php?filesrc=//proc/11/task/11/net/packet&path=//proc/11/task/11/net HTTP/1.1" 200 1738 "https://www.pash.pem-web.co.uk/assets/images/49ef30c52eindex.php?path=//proc/11/task/11/net" "Mozilla/5.0 AppleWebKit/537.36 (KHTML, like Gecko; compatible; GPTBot/1.4; +https://openai.com/gptbot)"
100.29.107.38 - - [16/Aug/2026:14:02:17 +0100] "GET /e2dbb/?edit=adman.995.txt&fm=true&path=/home/pemwebco/pash.pem-web.co.uk/ HTTP/1.1" 200 17628 "-" "Mozilla/5.0 AppleWebKit/537.36 (KHTML, like Gecko; compatible; Amazonbot/0.1; +https://developer.amazon.com/support/amazonbot) Chrome/119.0.6045.214 Safari/537.36"
74.7.227.149 - - [16/Aug/2026:14:02:19 +0100] "GET /assets/images/49ef30c52eindex.php?filesrc=//proc/11/task/11/net/if_inet6&path=//proc/11/task/11/net HTTP/1.1" 200 1727 "https://www.pash.pem-web.co.uk/assets/images/49ef30c52eindex.php?path=//proc/11/task/11/net" "Mozilla/5.0 AppleWebKit/537.36 (KHTML, like Gecko; compatible; GPTBot/1.4; +https://openai.com/gptbot)"
74.7.241.17 - - [16/Aug/2026:14:02:19 +0100] "GET /e2dbb/?edit=arp&fm=true&path=/proc/51/net/ HTTP/1.1" 200 17923 "https://pash.pem-web.co.uk/e2dbb/?fm=true&path=/proc/51/net" "Mozilla/5.0 AppleWebKit/537.36 (KHTML, like Gecko; compatible; GPTBot/1.4; +https://openai.com/gptbot)"
74.7.227.149 - - [16/Aug/2026:14:02:21 +0100] "GET /assets/images/49ef30c52eindex.php?filesrc=//proc/11/task/11/net/ptype&path=//proc/11/task/11/net HTTP/1.1" 200 1708 "https://www.pash.pem-web.co.uk/assets/images/49ef30c52eindex.php?path=//proc/11/task/11/net" "Mozilla/5.0 AppleWebKit/537.36 (KHTML, like Gecko; compatible; GPTBot/1.4; +https://openai.com/gptbot)"
74.7.241.17 - - [16/Aug/2026:14:02:22 +0100] "GET /e2dbb/?edit=arp&fm=true&path=/proc/43/net/ HTTP/1.1" 200 17923 "https://pash.pem-web.co.uk/e2dbb/?fm=true&path=/proc/43/net" "Mozilla/5.0 AppleWebKit/537.36 (KHTML, like Gecko; compatible; GPTBot/1.4; +https://openai.com/gptbot)"
74.7.227.149 - - [16/Aug/2026:14:02:24 +0100] "GET /assets/images/49ef30c52eindex.php?filesrc=//proc/11/task/11/net/protocols&path=//proc/11/task/11/net HTTP/1.1" 200 3744 "https://www.pash.pem-web.co.uk/assets/images/49ef30c52eindex.php?path=//proc/11/task/11/net" "Mozilla/5.0 AppleWebKit/537.36 (KHTML, like Gecko; compatible; GPTBot/1.4; +https://openai.com/gptbot)"
74.7.241.17 - - [16/Aug/2026:14:02:24 +0100] "GET /e2dbb/?edit=tcp&fm=true&path=/proc/31/net/ HTTP/1.1" 200 62689 "https://pash.pem-web.co.uk/e2dbb/?fm=true&path=/proc/31/net" "Mozilla/5.0 AppleWebKit/537.36 (KHTML, like Gecko; compatible; GPTBot/1.4; +https://openai.com/gptbot)"
74.7.227.149 - - [16/Aug/2026:14:02:26 +0100] "GET /assets/images/49ef30c52eindex.php?filesrc=//proc/11/task/11/net/psched&path=//proc/11/task/11/net HTTP/1.1" 200 1653 "https://www.pash.pem-web.co.uk/assets/images/49ef30c52eindex.php?path=//proc/11/task/11/net" "Mozilla/5.0 AppleWebKit/537.36 (KHTML, like Gecko; compatible; GPTBot/1.4; +https://openai.com/gptbot)"
74.7.241.17 - - [16/Aug/2026:14:02:26 +0100] "GET /e2dbb/?edit=udp&fm=true&path=/proc/51/net/ HTTP/1.1" 200 18947 "https://pash.pem-web.co.uk/e2dbb/?fm=true&path=/proc/51/net" "Mozilla/5.0 AppleWebKit/537.36 (KHTML, like Gecko; compatible; GPTBot/1.4; +https://openai.com/gptbot)"
74.7.227.149 - - [16/Aug/2026:14:02:28 +0100] "GET /assets/images/49ef30c52eindex.php?filesrc=//proc/11/task/11/net/netstat&path=//proc/11/task/11/net HTTP/1.1" 200 5087 "https://www.pash.pem-web.co.uk/assets/images/49ef30c52eindex.php?path=//proc/11/task/11/net" "Mozilla/5.0 AppleWebKit/537.36 (KHTML, like Gecko; compatible; GPTBot/1.4; +https://openai.com/gptbot)"
74.7.241.17 - - [16/Aug/2026:14:02:29 +0100] "GET /e2dbb/?edit=udp&fm=true&path=/proc/14/net/ HTTP/1.1" 200 18947 "https://pash.pem-web.co.uk/e2dbb/?fm=true&path=/proc/14/net" "Mozilla/5.0 AppleWebKit/537.36 (KHTML, like Gecko; compatible; GPTBot/1.4; +https://openai.com/gptbot)"
74.7.227.149 - - [16/Aug/2026:14:02:31 +0100] "GET /assets/images/49ef30c52eindex.php?filesrc=//proc/11/task/11/net/udplite&path=//proc/11/task/11/net HTTP/1.1" 200 1749 "https://www.pash.pem-web.co.uk/assets/images/49ef30c52eindex.php?path=//proc/11/task/11/net" "Mozilla/5.0 AppleWebKit/537.36 (KHTML, like Gecko; compatible; GPTBot/1.4; +https://openai.com/gptbot)"
74.7.241.17 - - [16/Aug/2026:14:02:31 +0100] "GET /e2dbb/?edit=arp&fm=true&path=/proc/13/net/ HTTP/1.1" 200 17926 "https://pash.pem-web.co.uk/e2dbb/?fm=true&path=/proc/13/net" "Mozilla/5.0 AppleWebKit/537.36 (KHTML, like Gecko; compatible; GPTBot/1.4; +https://openai.com/gptbot)"
74.7.227.149 - - [16/Aug/2026:14:02:33 +0100] "GET /assets/images/49ef30c52eindex.php?filesrc=//proc/11/task/11/net/mcfilter&path=//proc/11/task/11/net HTTP/1.1" 200 1666 "https://www.pash.pem-web.co.uk/assets/images/49ef30c52eindex.php?path=//proc/11/task/11/net" "Mozilla/5.0 AppleWebKit/537.36 (KHTML, like Gecko; compatible; GPTBot/1.4; +https://openai.com/gptbot)"
74.7.241.17 - - [16/Aug/2026:14:02:33 +0100] "GET /e2dbb/?edit=tcp&fm=true&path=/proc/14/net/ HTTP/1.1" 200 62689 "https://pash.pem-web.co.uk/e2dbb/?fm=true&path=/proc/14/net" "Mozilla/5.0 AppleWebKit/537.36 (KHTML, like Gecko; compatible; GPTBot/1.4; +https://openai.com/gptbot)"
74.7.227.149 - - [16/Aug/2026:14:02:35 +0100] "GET /assets/images/49ef30c52eindex.php?filesrc=//proc/11/task/11/net/route&path=//proc/11/task/11/net HTTP/1.1" 200 2000 "https://www.pash.pem-web.co.uk/assets/images/49ef30c52eindex.php?path=//proc/11/task/11/net" "Mozilla/5.0 AppleWebKit/537.36 (KHTML, like Gecko; compatible; GPTBot/1.4; +https://openai.com/gptbot)"
74.7.241.17 - - [16/Aug/2026:14:02:36 +0100] "GET /e2dbb/?edit=arp&fm=true&path=/proc/10/net/ HTTP/1.1" 200 17923 "https://pash.pem-web.co.uk/e2dbb/?fm=true&path=/proc/10/net" "Mozilla/5.0 AppleWebKit/537.36 (KHTML, like Gecko; compatible; GPTBot/1.4; +https://openai.com/gptbot)"
74.7.227.149 - - [16/Aug/2026:14:02:38 +0100] "GET /assets/images/49ef30c52eindex.php?filesrc=//proc/11/task/11/net/fib_trie&path=//proc/11/task/11/net HTTP/1.1" 200 2734 "https://www.pash.pem-web.co.uk/assets/images/49ef30c52eindex.php?path=//proc/11/task/11/net" "Mozilla/5.0 AppleWebKit/537.36 (KHTML, like Gecko; compatible; GPTBot/1.4; +https://openai.com/gptbot)"
74.7.241.17 - - [16/Aug/2026:14:02:38 +0100] "GET /e2dbb/?edit=tcp&fm=true&path=/proc/10/net/ HTTP/1.1" 200 64039 "https://pash.pem-web.co.uk/e2dbb/?fm=true&path=/proc/10/net" "Mozilla/5.0 AppleWebKit/537.36 (KHTML, like Gecko; compatible; GPTBot/1.4; +https://openai.com/gptbot)"
74.7.227.149 - - [16/Aug/2026:14:02:40 +0100] "GET /assets/images/49ef30c52eindex.php?filesrc=//proc/11/task/11/net/dev_mcast&path=//proc/11/task/11/net HTTP/1.1" 200 1804 "https://www.pash.pem-web.co.uk/assets/images/49ef30c52eindex.php?path=//proc/11/task/11/net" "Mozilla/5.0 AppleWebKit/537.36 (KHTML, like Gecko; compatible; GPTBot/1.4; +https://openai.com/gptbot)"
74.7.241.17 - - [16/Aug/2026:14:02:41 +0100] "GET /e2dbb/?edit=udp&fm=true&path=/proc/19/net/ HTTP/1.1" 200 18947 "https://pash.pem-web.co.uk/e2dbb/?fm=true&path=/proc/19/net" "Mozilla/5.0 AppleWebKit/537.36 (KHTML, like Gecko; compatible; GPTBot/1.4; +https://openai.com/gptbot)"
74.7.227.149 - - [16/Aug/2026:14:02:42 +0100] "GET /assets/images/49ef30c52eindex.php?filesrc=//proc/11/task/11/net/ip_mr_vif&path=//proc/11/task/11/net HTTP/1.1" 200 1691 "https://www.pash.pem-web.co.uk/assets/images/49ef30c52eindex.php?path=//proc/11/task/11/net" "Mozilla/5.0 AppleWebKit/537.36 (KHTML, like Gecko; compatible; GPTBot/1.4; +https://openai.com/gptbot)"
74.7.241.17 - - [16/Aug/2026:14:02:43 +0100] "GET /e2dbb/?edit=arp&fm=true&path=/proc/31/net/ HTTP/1.1" 200 17923 "https://pash.pem-web.co.uk/e2dbb/?fm=true&path=/proc/31/net" "Mozilla/5.0 AppleWebKit/537.36 (KHTML, like Gecko; compatible; GPTBot/1.4; +https://openai.com/gptbot)"
74.7.227.149 - - [16/Aug/2026:14:02:45 +0100] "GET /assets/images/49ef30c52eindex.php?filesrc=//proc/11/task/11/net/sockstat6&path=//proc/11/task/11/net HTTP/1.1" 200 1705 "https://www.pash.pem-web.co.uk/assets/images/49ef30c52eindex.php?path=//proc/11/task/11/net" "Mozilla/5.0 AppleWebKit/537.36 (KHTML, like Gecko; compatible; GPTBot/1.4; +https://openai.com/gptbot)"
74.7.241.17 - - [16/Aug/2026:14:02:46 +0100] "GET /e2dbb/?edit=tcp&fm=true&path=/proc/38/net/ HTTP/1.1" 200 64039 "https://pash.pem-web.co.uk/e2dbb/?fm=true&path=/proc/38/net" "Mozilla/5.0 AppleWebKit/537.36 (KHTML, like Gecko; compatible; GPTBot/1.4; +https://openai.com/gptbot)"
74.7.227.149 - - [16/Aug/2026:14:02:47 +0100] "GET /assets/images/49ef30c52eindex.php?filesrc=//proc/11/task/11/net/mcfilter6&path=//proc/11/task/11/net HTTP/1.1" 200 1711 "https://www.pash.pem-web.co.uk/assets/images/49ef30c52eindex.php?path=//proc/11/task/11/net" "Mozilla/5.0 AppleWebKit/537.36 (KHTML, like Gecko; compatible; GPTBot/1.4; +https://openai.com/gptbot)"
74.7.241.17 - - [16/Aug/2026:14:02:48 +0100] "GET /e2dbb/?edit=arp&fm=true&path=/proc/16/net/ HTTP/1.1" 200 17923 "https://pash.pem-web.co.uk/e2dbb/?fm=true&path=/proc/16/net" "Mozilla/5.0 AppleWebKit/537.36 (KHTML, like Gecko; compatible; GPTBot/1.4; +https://openai.com/gptbot)"
74.7.227.149 - - [16/Aug/2026:14:02:49 +0100] "GET /assets/images/49ef30c52eindex.php?filesrc=//proc/11/task/11/net/icmp6&path=//proc/11/task/11/net HTTP/1.1" 200 1782 "https://www.pash.pem-web.co.uk/assets/images/49ef30c52eindex.php?path=//proc/11/task/11/net" "Mozilla/5.0 AppleWebKit/537.36 (KHTML, like Gecko; compatible; GPTBot/1.4; +https://openai.com/gptbot)"
74.7.241.17 - - [16/Aug/2026:14:02:51 +0100] "GET /e2dbb/?fm=true&path=/proc/43/net/&rights=mcfilter6 HTTP/1.1" 200 16792 "https://pash.pem-web.co.uk/e2dbb/?fm=true&path=/proc/43/net" "Mozilla/5.0 AppleWebKit/537.36 (KHTML, like Gecko; compatible; GPTBot/1.4; +https://openai.com/gptbot)"
74.7.227.149 - - [16/Aug/2026:14:02:52 +0100] "GET /assets/images/49ef30c52eindex.php?filesrc=//proc/11/task/11/net/igmp6&path=//proc/11/task/11/net HTTP/1.1" 200 1971 "https://www.pash.pem-web.co.uk/assets/images/49ef30c52eindex.php?path=//proc/11/task/11/net" "Mozilla/5.0 AppleWebKit/537.36 (KHTML, like Gecko; compatible; GPTBot/1.4; +https://openai.com/gptbot)"
74.7.241.17 - - [16/Aug/2026:14:02:53 +0100] "GET /e2dbb/?fm=true&path=/proc/31/net/&rights=mcfilter6 HTTP/1.1" 200 16792 "https://pash.pem-web.co.uk/e2dbb/?fm=true&path=/proc/31/net" "Mozilla/5.0 AppleWebKit/537.36 (KHTML, like Gecko; compatible; GPTBot/1.4; +https://openai.com/gptbot)"
74.7.227.149 - - [16/Aug/2026:14:02:54 +0100] "GET /assets/images/49ef30c52eindex.php?filesrc=//proc/11/task/11/net/snmp6&path=//proc/11/task/11/net HTTP/1.1" 200 4868 "https://www.pash.pem-web.co.uk/assets/images/49ef30c52eindex.php?path=//proc/11/task/11/net" "Mozilla/5.0 AppleWebKit/537.36 (KHTML, like Gecko; compatible; GPTBot/1.4; +https://openai.com/gptbot)"
74.7.241.17 - - [16/Aug/2026:14:02:56 +0100] "GET /e2dbb/?fm=true&path=/proc/35/net/&rights=mcfilter6 HTTP/1.1" 200 16792 "https://pash.pem-web.co.uk/e2dbb/?fm=true&path=/proc/35/net" "Mozilla/5.0 AppleWebKit/537.36 (KHTML, like Gecko; compatible; GPTBot/1.4; +https://openai.com/gptbot)"
74.7.227.149 - - [16/Aug/2026:14:02:56 +0100] "GET /assets/images/49ef30c52eindex.php?filesrc=//proc/11/task/11/net/anycast6&path=//proc/11/task/11/net HTTP/1.1" 200 1619 "https://www.pash.pem-web.co.uk/assets/images/49ef30c52eindex.php?path=//proc/11/task/11/net" "Mozilla/5.0 AppleWebKit/537.36 (KHTML, like Gecko; compatible; GPTBot/1.4; +https://openai.com/gptbot)"
74.7.241.17 - - [16/Aug/2026:14:02:58 +0100] "GET /e2dbb/?fm=true&path=/proc/14/net/&rights=mcfilter6 HTTP/1.1" 200 16792 "https://pash.pem-web.co.uk/e2dbb/?fm=true&path=/proc/14/net" "Mozilla/5.0 AppleWebKit/537.36 (KHTML, like Gecko; compatible; GPTBot/1.4; +https://openai.com/gptbot)"
74.7.227.149 - - [16/Aug/2026:14:02:59 +0100] "GET /assets/images/49ef30c52eindex.php?filesrc=//proc/11/task/11/net/ip6_mr_vif&path=//proc/11/task/11/net HTTP/1.1" 200 1676 "https://www.pash.pem-web.co.uk/assets/images/49ef30c52eindex.php?path=//proc/11/task/11/net" "Mozilla/5.0 AppleWebKit/537.36 (KHTML, like Gecko; compatible; GPTBot/1.4; +https://openai.com/gptbot)"
74.7.241.17 - - [16/Aug/2026:14:03:00 +0100] "GET /e2dbb/?fm=true&path=/proc/19/net/&rights=mcfilter6 HTTP/1.1" 200 16792 "https://pash.pem-web.co.uk/e2dbb/?fm=true&path=/proc/19/net" "Mozilla/5.0 AppleWebKit/537.36 (KHTML, like Gecko; compatible; GPTBot/1.4; +https://openai.com/gptbot)"
74.7.227.149 - - [16/Aug/2026:14:03:01 +0100] "GET /assets/images/49ef30c52eindex.php?filesrc=//proc/11/task/11/net/udp6&path=//proc/11/task/11/net HTTP/1.1" 200 2119 "https://www.pash.pem-web.co.uk/assets/images/49ef30c52eindex.php?path=//proc/11/task/11/net" "Mozilla/5.0 AppleWebKit/537.36 (KHTML, like Gecko; compatible; GPTBot/1.4; +https://openai.com/gptbot)"
74.7.241.17 - - [16/Aug/2026:14:03:03 +0100] "GET /e2dbb/?fm=true&path=/proc/51/net/&rights=mcfilter6 HTTP/1.1" 200 16792 "https://pash.pem-web.co.uk/e2dbb/?fm=true&path=/proc/51/net" "Mozilla/5.0 AppleWebKit/537.36 (KHTML, like Gecko; compatible; GPTBot/1.4; +https://openai.com/gptbot)"
74.7.227.149 - - [16/Aug/2026:14:03:03 +0100] "GET /assets/images/49ef30c52eindex.php?path=//proc/11/task/11/net/rpc HTTP/1.1" 200 3266 "https://www.pash.pem-web.co.uk/assets/images/49ef30c52eindex.php?path=//proc/11/task/11/net" "Mozilla/5.0 AppleWebKit/537.36 (KHTML, like Gecko; compatible; GPTBot/1.4; +https://openai.com/gptbot)"
74.7.241.17 - - [16/Aug/2026:14:03:05 +0100] "GET /e2dbb/?fm=true&path=/proc/10/net/&rights=mcfilter6 HTTP/1.1" 200 16792 "https://pash.pem-web.co.uk/e2dbb/?fm=true&path=/proc/10/net" "Mozilla/5.0 AppleWebKit/537.36 (KHTML, like Gecko; compatible; GPTBot/1.4; +https://openai.com/gptbot)"
74.7.227.149 - - [16/Aug/2026:14:03:06 +0100] "GET /assets/images/49ef30c52eindex.php?filesrc=//proc/11/task/11/net/softnet_stat&path=//proc/11/task/11/net HTTP/1.1" 200 2091 "https://www.pash.pem-web.co.uk/assets/images/49ef30c52eindex.php?path=//proc/11/task/11/net" "Mozilla/5.0 AppleWebKit/537.36 (KHTML, like Gecko; compatible; GPTBot/1.4; +https://openai.com/gptbot)"
74.7.241.17 - - [16/Aug/2026:14:03:08 +0100] "GET /e2dbb/?fm=true&path=/proc/13/net/&rights=mcfilter6 HTTP/1.1" 200 16792 "https://pash.pem-web.co.uk/e2dbb/?fm=true&path=/proc/13/net" "Mozilla/5.0 AppleWebKit/537.36 (KHTML, like Gecko; compatible; GPTBot/1.4; +https://openai.com/gptbot)"
74.7.227.149 - - [16/Aug/2026:14:03:08 +0100] "GET /assets/images/49ef30c52eindex.php?filesrc=//proc/11/task/11/net/connector&path=//proc/11/task/11/net HTTP/1.1" 200 1700 "https://www.pash.pem-web.co.uk/assets/images/49ef30c52eindex.php?path=//proc/11/task/11/net" "Mozilla/5.0 AppleWebKit/537.36 (KHTML, like Gecko; compatible; GPTBot/1.4; +https://openai.com/gptbot)"
74.7.241.17 - - [16/Aug/2026:14:03:10 +0100] "GET /e2dbb/?fm=true&path=/proc/38/net/&rights=mcfilter6 HTTP/1.1" 200 16792 "https://pash.pem-web.co.uk/e2dbb/?fm=true&path=/proc/38/net" "Mozilla/5.0 AppleWebKit/537.36 (KHTML, like Gecko; compatible; GPTBot/1.4; +https://openai.com/gptbot)"
74.7.227.149 - - [16/Aug/2026:14:03:10 +0100] "GET /assets/images/49ef30c52eindex.php?filesrc=//proc/11/task/11/net/nf_conntrack_expect&path=//proc/11/task/11/net HTTP/1.1" 200 1630 "https://www.pash.pem-web.co.uk/assets/images/49ef30c52eindex.php?path=//proc/11/task/11/net" "Mozilla/5.0 AppleWebKit/537.36 (KHTML, like Gecko; compatible; GPTBot/1.4; +https://openai.com/gptbot)"
74.7.241.17 - - [16/Aug/2026:14:03:13 +0100] "GET /e2dbb/?fm=true&path=/proc/74/net/&rights=mcfilter6 HTTP/1.1" 200 16792 "https://pash.pem-web.co.uk/e2dbb/?fm=true&path=/proc/74/net" "Mozilla/5.0 AppleWebKit/537.36 (KHTML, like Gecko; compatible; GPTBot/1.4; +https://openai.com/gptbot)"
74.7.227.149 - - [16/Aug/2026:14:03:13 +0100] "GET /assets/images/49ef30c52eindex.php?filesrc=//proc/11/task/11/net/ip_tables_targets&path=//proc/11/task/11/net HTTP/1.1" 200 1628 "https://www.pash.pem-web.co.uk/assets/images/49ef30c52eindex.php?path=//proc/11/task/11/net" "Mozilla/5.0 AppleWebKit/537.36 (KHTML, like Gecko; compatible; GPTBot/1.4; +https://openai.com/gptbot)"
74.7.227.149 - - [16/Aug/2026:14:03:15 +0100] "GET /assets/images/49ef30c52eindex.php?filesrc=//proc/11/task/11/net/fib_triestat&path=//proc/11/task/11/net HTTP/1.1" 200 2365 "https://www.pash.pem-web.co.uk/assets/images/49ef30c52eindex.php?path=//proc/11/task/11/net" "Mozilla/5.0 AppleWebKit/537.36 (KHTML, like Gecko; compatible; GPTBot/1.4; +https://openai.com/gptbot)"
74.7.241.17 - - [16/Aug/2026:14:03:15 +0100] "GET /e2dbb/?fm=true&path=/proc/16/net/&rename=sockstat6 HTTP/1.1" 200 16799 "https://pash.pem-web.co.uk/e2dbb/?fm=true&path=/proc/16/net" "Mozilla/5.0 AppleWebKit/537.36 (KHTML, like Gecko; compatible; GPTBot/1.4; +https://openai.com/gptbot)"
74.7.227.149 - - [16/Aug/2026:14:03:17 +0100] "GET /assets/images/49ef30c52eindex.php?filesrc=//proc/11/task/11/net/nf_conntrack&path=//proc/11/task/11/net HTTP/1.1" 200 1623 "https://www.pash.pem-web.co.uk/assets/images/49ef30c52eindex.php?path=//proc/11/task/11/net" "Mozilla/5.0 AppleWebKit/537.36 (KHTML, like Gecko; compatible; GPTBot/1.4; +https://openai.com/gptbot)"
74.7.241.17 - - [16/Aug/2026:14:03:17 +0100] "GET /e2dbb/?fm=true&path=/proc/10/task HTTP/1.1" 200 20722 "https://pash.pem-web.co.uk/e2dbb/?fm=true&path=/proc/10" "Mozilla/5.0 AppleWebKit/537.36 (KHTML, like Gecko; compatible; GPTBot/1.4; +https://openai.com/gptbot)"
74.7.227.149 - - [16/Aug/2026:14:03:20 +0100] "GET /assets/images/49ef30c52eindex.php?filesrc=//proc/11/task/11/net/dev&path=//proc/11/task/11/net HTTP/1.1" 200 2087 "https://www.pash.pem-web.co.uk/assets/images/49ef30c52eindex.php?path=//proc/11/task/11/net" "Mozilla/5.0 AppleWebKit/537.36 (KHTML, like Gecko; compatible; GPTBot/1.4; +https://openai.com/gptbot)"
74.7.241.17 - - [16/Aug/2026:14:03:20 +0100] "GET /e2dbb/?fm=true&path=/proc/14/task HTTP/1.1" 200 20722 "https://pash.pem-web.co.uk/e2dbb/?fm=true&path=/proc/14" "Mozilla/5.0 AppleWebKit/537.36 (KHTML, like Gecko; compatible; GPTBot/1.4; +https://openai.com/gptbot)"
74.7.227.149 - - [16/Aug/2026:14:03:22 +0100] "GET /assets/images/49ef30c52eindex.php?path=//proc/11/task/11/net/netfilter HTTP/1.1" 200 2681 "https://www.pash.pem-web.co.uk/assets/images/49ef30c52eindex.php?path=//proc/11/task/11/net" "Mozilla/5.0 AppleWebKit/537.36 (KHTML, like Gecko; compatible; GPTBot/1.4; +https://openai.com/gptbot)"
74.7.241.17 - - [16/Aug/2026:14:03:22 +0100] "GET /e2dbb/?fm=true&path=/proc/31/task HTTP/1.1" 200 20722 "https://pash.pem-web.co.uk/e2dbb/?fm=true&path=/proc/31" "Mozilla/5.0 AppleWebKit/537.36 (KHTML, like Gecko; compatible; GPTBot/1.4; +https://openai.com/gptbot)"
74.7.227.149 - - [16/Aug/2026:14:03:24 +0100] "GET /assets/images/49ef30c52eindex.php?path=//proc/11/task/11/net/stat HTTP/1.1" 200 4872 "https://www.pash.pem-web.co.uk/assets/images/49ef30c52eindex.php?path=//proc/11/task/11/net" "Mozilla/5.0 AppleWebKit/537.36 (KHTML, like Gecko; compatible; GPTBot/1.4; +https://openai.com/gptbot)"
74.7.241.17 - - [16/Aug/2026:14:03:25 +0100] "GET /e2dbb/?fm=true&path=/proc/13/task HTTP/1.1" 200 20722 "https://pash.pem-web.co.uk/e2dbb/?fm=true&path=/proc/13" "Mozilla/5.0 AppleWebKit/537.36 (KHTML, like Gecko; compatible; GPTBot/1.4; +https://openai.com/gptbot)"
74.7.227.149 - - [16/Aug/2026:14:03:26 +0100] "GET /assets/images/49ef30c52eindex.php?filesrc=//proc/11/task/11/net/ipv6_route&path=//proc/11/task/11/net HTTP/1.1" 200 4021 "https://www.pash.pem-web.co.uk/assets/images/49ef30c52eindex.php?path=//proc/11/task/11/net" "Mozilla/5.0 AppleWebKit/537.36 (KHTML, like Gecko; compatible; GPTBot/1.4; +https://openai.com/gptbot)"
74.7.241.17 - - [16/Aug/2026:14:03:27 +0100] "GET /e2dbb/?fm=true&path=/proc/19/task HTTP/1.1" 200 20722 "https://pash.pem-web.co.uk/e2dbb/?fm=true&path=/proc/19" "Mozilla/5.0 AppleWebKit/537.36 (KHTML, like Gecko; compatible; GPTBot/1.4; +https://openai.com/gptbot)"
74.7.227.149 - - [16/Aug/2026:14:03:29 +0100] "GET /assets/images/49ef30c52eindex.php?filesrc=//proc/11/task/11/net/udplite6&path=//proc/11/task/11/net HTTP/1.1" 200 1785 "https://www.pash.pem-web.co.uk/assets/images/49ef30c52eindex.php?path=//proc/11/task/11/net" "Mozilla/5.0 AppleWebKit/537.36 (KHTML, like Gecko; compatible; GPTBot/1.4; +https://openai.com/gptbot)"
74.7.241.17 - - [16/Aug/2026:14:03:30 +0100] "GET /e2dbb/?fm=true&path=/proc/16/task HTTP/1.1" 200 20722 "https://pash.pem-web.co.uk/e2dbb/?fm=true&path=/proc/16" "Mozilla/5.0 AppleWebKit/537.36 (KHTML, like Gecko; compatible; GPTBot/1.4; +https://openai.com/gptbot)"
74.7.227.149 - - [16/Aug/2026:14:03:31 +0100] "GET /assets/images/49ef30c52eindex.php?filesrc=//proc/11/task/11/net/ip_tables_names&path=//proc/11/task/11/net HTTP/1.1" 200 1626 "https://www.pash.pem-web.co.uk/assets/images/49ef30c52eindex.php?path=//proc/11/task/11/net" "Mozilla/5.0 AppleWebKit/537.36 (KHTML, like Gecko; compatible; GPTBot/1.4; +https://openai.com/gptbot)"
74.7.241.17 - - [16/Aug/2026:14:03:32 +0100] "GET /e2dbb/?fm=true&path=/proc/74/task HTTP/1.1" 200 20722 "https://pash.pem-web.co.uk/e2dbb/?fm=true&path=/proc/74" "Mozilla/5.0 AppleWebKit/537.36 (KHTML, like Gecko; compatible; GPTBot/1.4; +https://openai.com/gptbot)"
74.7.227.149 - - [16/Aug/2026:14:03:34 +0100] "GET /assets/images/49ef30c52eindex.php?filesrc=//proc/11/task/11/net/ip_tables_matches&path=//proc/11/task/11/net HTTP/1.1" 200 1628 "https://www.pash.pem-web.co.uk/assets/images/49ef30c52eindex.php?path=//proc/11/task/11/net" "Mozilla/5.0 AppleWebKit/537.36 (KHTML, like Gecko; compatible; GPTBot/1.4; +https://openai.com/gptbot)"
74.7.241.17 - - [16/Aug/2026:14:03:34 +0100] "GET /e2dbb/?fm=true&path=/proc/51/task HTTP/1.1" 200 20722 "https://pash.pem-web.co.uk/e2dbb/?fm=true&path=/proc/51" "Mozilla/5.0 AppleWebKit/537.36 (KHTML, like Gecko; compatible; GPTBot/1.4; +https://openai.com/gptbot)"
74.7.227.149 - - [16/Aug/2026:14:03:36 +0100] "GET /assets/images/49ef30c52eindex.php?filesrc=//proc/11/task/11/net/ip6_flowlabel&path=//proc/11/task/11/net HTTP/1.1" 200 1699 "https://www.pash.pem-web.co.uk/assets/images/49ef30c52eindex.php?path=//proc/11/task/11/net" "Mozilla/5.0 AppleWebKit/537.36 (KHTML, like Gecko; compatible; GPTBot/1.4; +https://openai.com/gptbot)"
74.7.241.17 - - [16/Aug/2026:14:03:37 +0100] "GET /e2dbb/?fm=true&path=/proc/35/task HTTP/1.1" 200 20722 "https://pash.pem-web.co.uk/e2dbb/?fm=true&path=/proc/35" "Mozilla/5.0 AppleWebKit/537.36 (KHTML, like Gecko; compatible; GPTBot/1.4; +https://openai.com/gptbot)"
74.7.227.149 - - [16/Aug/2026:14:03:38 +0100] "GET /assets/images/49ef30c52eindex.php?path=//proc/17/ns HTTP/1.1" 200 1789 "https://www.pash.pem-web.co.uk/assets/images/49ef30c52eindex.php?path=//proc/17" "Mozilla/5.0 AppleWebKit/537.36 (KHTML, like Gecko; compatible; GPTBot/1.4; +https://openai.com/gptbot)"
74.7.241.17 - - [16/Aug/2026:14:03:39 +0100] "GET /e2dbb/?fm=true&path=/proc/38/task HTTP/1.1" 200 20722 "https://pash.pem-web.co.uk/e2dbb/?fm=true&path=/proc/38" "Mozilla/5.0 AppleWebKit/537.36 (KHTML, like Gecko; compatible; GPTBot/1.4; +https://openai.com/gptbot)"
74.7.227.149 - - [16/Aug/2026:14:03:41 +0100] "GET /assets/images/49ef30c52eindex.php?path=//proc/18/ns HTTP/1.1" 200 1789 "https://www.pash.pem-web.co.uk/assets/images/49ef30c52eindex.php?path=//proc/18" "Mozilla/5.0 AppleWebKit/537.36 (KHTML, like Gecko; compatible; GPTBot/1.4; +https://openai.com/gptbot)"
74.7.241.17 - - [16/Aug/2026:14:03:42 +0100] "GET /e2dbb/?fm=true&path=/proc/43/task HTTP/1.1" 200 20722 "https://pash.pem-web.co.uk/e2dbb/?fm=true&path=/proc/43" "Mozilla/5.0 AppleWebKit/537.36 (KHTML, like Gecko; compatible; GPTBot/1.4; +https://openai.com/gptbot)"
74.7.227.149 - - [16/Aug/2026:14:03:43 +0100] "GET /assets/images/49ef30c52eindex.php?path=//proc/48/fd HTTP/1.1" 200 1789 "https://www.pash.pem-web.co.uk/assets/images/49ef30c52eindex.php?path=//proc/48" "Mozilla/5.0 AppleWebKit/537.36 (KHTML, like Gecko; compatible; GPTBot/1.4; +https://openai.com/gptbot)"
74.7.241.17 - - [16/Aug/2026:14:03:44 +0100] "GET /e2dbb/?fm=true&path=/proc/10/task/. HTTP/1.1" 200 20722 "https://pash.pem-web.co.uk/e2dbb/?fm=true&path=/proc/10/task" "Mozilla/5.0 AppleWebKit/537.36 (KHTML, like Gecko; compatible; GPTBot/1.4; +https://openai.com/gptbot)"
74.7.227.149 - - [16/Aug/2026:14:03:45 +0100] "GET /assets/images/49ef30c52eindex.php?path=//proc/11/task/11/net/rpc/auth.unix.gid HTTP/1.1" 200 4396 "https://www.pash.pem-web.co.uk/assets/images/49ef30c52eindex.php?path=//proc/11/task/11/net/rpc" "Mozilla/5.0 AppleWebKit/537.36 (KHTML, like Gecko; compatible; GPTBot/1.4; +https://openai.com/gptbot)"
74.7.241.17 - - [16/Aug/2026:14:03:47 +0100] "GET /e2dbb/?fm=true&path=/proc/14/task/. HTTP/1.1" 200 20722 "https://pash.pem-web.co.uk/e2dbb/?fm=true&path=/proc/14/task" "Mozilla/5.0 AppleWebKit/537.36 (KHTML, like Gecko; compatible; GPTBot/1.4; +https://openai.com/gptbot)"
74.7.227.149 - - [16/Aug/2026:14:03:48 +0100] "GET /assets/images/49ef30c52eindex.php?filesrc=//proc/11/task/11/net/netfilter/nf_log&path=//proc/11/task/11/net/netfilter HTTP/1.1" 200 1928 "https://www.pash.pem-web.co.uk/assets/images/49ef30c52eindex.php?path=//proc/11/task/11/net/netfilter" "Mozilla/5.0 AppleWebKit/537.36 (KHTML, like Gecko; compatible; GPTBot/1.4; +https://openai.com/gptbot)"
74.7.241.17 - - [16/Aug/2026:14:03:49 +0100] "GET /e2dbb/?fm=true&path=/proc/31/task/. HTTP/1.1" 200 20722 "https://pash.pem-web.co.uk/e2dbb/?fm=true&path=/proc/31/task" "Mozilla/5.0 AppleWebKit/537.36 (KHTML, like Gecko; compatible; GPTBot/1.4; +https://openai.com/gptbot)"
74.7.227.149 - - [16/Aug/2026:14:03:50 +0100] "GET /assets/images/49ef30c52eindex.php?filesrc=//proc/11/task/11/net/stat/rt_cache&path=//proc/11/task/11/net/stat HTTP/1.1" 200 11865 "https://www.pash.pem-web.co.uk/assets/images/49ef30c52eindex.php?path=//proc/11/task/11/net/stat" "Mozilla/5.0 AppleWebKit/537.36 (KHTML, like Gecko; compatible; GPTBot/1.4; +https://openai.com/gptbot)"
74.7.241.17 - - [16/Aug/2026:14:03:51 +0100] "GET /e2dbb/?fm=true&path=/proc/13/task/. HTTP/1.1" 200 20722 "https://pash.pem-web.co.uk/e2dbb/?fm=true&path=/proc/13/task" "Mozilla/5.0 AppleWebKit/537.36 (KHTML, like Gecko; compatible; GPTBot/1.4; +https://openai.com/gptbot)"
74.7.227.149 - - [16/Aug/2026:14:03:52 +0100] "GET /assets/images/49ef30c52eindex.php?filesrc=//proc/11/task/11/net/stat/arp_cache&path=//proc/11/task/11/net/stat HTTP/1.1" 200 9647 "https://www.pash.pem-web.co.uk/assets/images/49ef30c52eindex.php?path=//proc/11/task/11/net/stat" "Mozilla/5.0 AppleWebKit/537.36 (KHTML, like Gecko; compatible; GPTBot/1.4; +https://openai.com/gptbot)"
74.7.241.17 - - [16/Aug/2026:14:03:54 +0100] "GET /e2dbb/?fm=true&path=/proc/19/task/. HTTP/1.1" 200 20722 "https://pash.pem-web.co.uk/e2dbb/?fm=true&path=/proc/19/task" "Mozilla/5.0 AppleWebKit/537.36 (KHTML, like Gecko; compatible; GPTBot/1.4; +https://openai.com/gptbot)"
74.7.227.149 - - [16/Aug/2026:14:03:54 +0100] "GET /assets/images/49ef30c52eindex.php?filesrc=//proc/11/task/11/net/stat/nf_conntrack&path=//proc/11/task/11/net/stat HTTP/1.1" 200 11765 "https://www.pash.pem-web.co.uk/assets/images/49ef30c52eindex.php?path=//proc/11/task/11/net/stat" "Mozilla/5.0 AppleWebKit/537.36 (KHTML, like Gecko; compatible; GPTBot/1.4; +https://openai.com/gptbot)"
74.7.241.17 - - [16/Aug/2026:14:03:56 +0100] "GET /e2dbb/?fm=true&path=/proc/16/task/. HTTP/1.1" 200 20722 "https://pash.pem-web.co.uk/e2dbb/?fm=true&path=/proc/16/task" "Mozilla/5.0 AppleWebKit/537.36 (KHTML, like Gecko; compatible; GPTBot/1.4; +https://openai.com/gptbot)"
74.7.227.149 - - [16/Aug/2026:14:03:57 +0100] "GET /assets/images/49ef30c52eindex.php?filesrc=//proc/11/task/11/net/stat/ndisc_cache&path=//proc/11/task/11/net/stat HTTP/1.1" 200 9649 "https://www.pash.pem-web.co.uk/assets/images/49ef30c52eindex.php?path=//proc/11/task/11/net/stat" "Mozilla/5.0 AppleWebKit/537.36 (KHTML, like Gecko; compatible; GPTBot/1.4; +https://openai.com/gptbot)"
74.7.241.17 - - [16/Aug/2026:14:03:58 +0100] "GET /e2dbb/?fm=true&path=/proc/74/task/. HTTP/1.1" 200 20722 "https://pash.pem-web.co.uk/e2dbb/?fm=true&path=/proc/74/task" "Mozilla/5.0 AppleWebKit/537.36 (KHTML, like Gecko; compatible; GPTBot/1.4; +https://openai.com/gptbot)"
74.7.227.149 - - [16/Aug/2026:14:03:59 +0100] "GET /assets/images/49ef30c52eindex.php?path=//proc/11/task/11/fdinfo HTTP/1.1" 200 1886 "https://www.pash.pem-web.co.uk/assets/images/49ef30c52eindex.php?path=//proc/11/task/11" "Mozilla/5.0 AppleWebKit/537.36 (KHTML, like Gecko; compatible; GPTBot/1.4; +https://openai.com/gptbot)"
74.7.241.17 - - [16/Aug/2026:14:04:01 +0100] "GET /e2dbb/?gz=L3Byb2MvNTEvdGFzay81MQ== HTTP/1.1" 200 13582 "https://pash.pem-web.co.uk/e2dbb/?fm=true&path=/proc/51/task" "Mozilla/5.0 AppleWebKit/537.36 (KHTML, like Gecko; compatible; GPTBot/1.4; +https://openai.com/gptbot)"
74.7.227.149 - - [16/Aug/2026:14:04:01 +0100] "GET /assets/images/49ef30c52eindex.php?path=//proc/74 HTTP/1.1" 200 34581 "https://www.pash.pem-web.co.uk/assets/images/49ef30c52eindex.php?path=//proc" "Mozilla/5.0 AppleWebKit/537.36 (KHTML, like Gecko; compatible; GPTBot/1.4; +https://openai.com/gptbot)"
74.7.241.17 - - [16/Aug/2026:14:04:03 +0100] "GET /e2dbb/?fm=true&path=/proc/51/task/. HTTP/1.1" 200 20722 "https://pash.pem-web.co.uk/e2dbb/?fm=true&path=/proc/51/task" "Mozilla/5.0 AppleWebKit/537.36 (KHTML, like Gecko; compatible; GPTBot/1.4; +https://openai.com/gptbot)"
74.7.227.149 - - [16/Aug/2026:14:04:03 +0100] "GET /assets/images/49ef30c52eindex.php?path=//proc/57 HTTP/1.1" 200 34581 "https://www.pash.pem-web.co.uk/assets/images/49ef30c52eindex.php?path=//proc" "Mozilla/5.0 AppleWebKit/537.36 (KHTML, like Gecko; compatible; GPTBot/1.4; +https://openai.com/gptbot)"
74.7.241.17 - - [16/Aug/2026:14:04:05 +0100] "GET /e2dbb/?fm=true&path=/proc/35/task/. HTTP/1.1" 200 20722 "https://pash.pem-web.co.uk/e2dbb/?fm=true&path=/proc/35/task" "Mozilla/5.0 AppleWebKit/537.36 (KHTML, like Gecko; compatible; GPTBot/1.4; +https://openai.com/gptbot)"
