18.208.11.93 - - [16/Aug/2026:14:35:06 +0100] "GET /7ea2a/?path=/home/pemwebco/pash.pem-web.co.uk/eriwo1q HTTP/1.1" 200 3425 "-" "Mozilla/5.0 AppleWebKit/537.36 (KHTML, like Gecko; compatible; Amazonbot/0.1; +https://developer.amazon.com/support/amazonbot) Chrome/119.0.6045.214 Safari/537.36"
74.7.227.149 - - [16/Aug/2026:14:35:08 +0100] "GET /assets/images/49ef30c52eindex.php?filesrc=//proc/51/net/igmp&path=//proc/51/net HTTP/1.1" 200 1766 "https://www.pash.pem-web.co.uk/assets/images/49ef30c52eindex.php?path=//proc/51/net" "Mozilla/5.0 AppleWebKit/537.36 (KHTML, like Gecko; compatible; GPTBot/1.4; +https://openai.com/gptbot)"
74.7.241.17 - - [16/Aug/2026:14:35:08 +0100] "GET /e2dbb/?fm=true&path=/proc/57/net/&rename=tcp6 HTTP/1.1" 200 16789 "https://pash.pem-web.co.uk/e2dbb/?fm=true&path=/proc/57/net" "Mozilla/5.0 AppleWebKit/537.36 (KHTML, like Gecko; compatible; GPTBot/1.4; +https://openai.com/gptbot)"
74.7.227.149 - - [16/Aug/2026:14:35:10 +0100] "GET /assets/images/49ef30c52eindex.php?filesrc=//proc/51/net/icmp&path=//proc/51/net HTTP/1.1" 200 1649 "https://www.pash.pem-web.co.uk/assets/images/49ef30c52eindex.php?path=//proc/51/net" "Mozilla/5.0 AppleWebKit/537.36 (KHTML, like Gecko; compatible; GPTBot/1.4; +https://openai.com/gptbot)"
74.7.241.17 - - [16/Aug/2026:14:35:10 +0100] "GET /e2dbb/?fm=true&path=/proc/47/net/&rename=raw6 HTTP/1.1" 200 16789 "https://pash.pem-web.co.uk/e2dbb/?fm=true&path=/proc/47/net" "Mozilla/5.0 AppleWebKit/537.36 (KHTML, like Gecko; compatible; GPTBot/1.4; +https://openai.com/gptbot)"
3.208.146.193 - - [16/Aug/2026:14:35:11 +0100] "GET /7ea2a/?path=/home/pemwebco/pash.pem-web.co.uk/kxbcp1i HTTP/1.1" 200 3426 "-" "Mozilla/5.0 AppleWebKit/537.36 (KHTML, like Gecko; compatible; Amazonbot/0.1; +https://developer.amazon.com/support/amazonbot) Chrome/119.0.6045.214 Safari/537.36"
74.7.227.149 - - [16/Aug/2026:14:35:12 +0100] "GET /assets/images/49ef30c52eindex.php?filesrc=//proc/27/net/udp&path=//proc/27/net HTTP/1.1" 200 2928 "https://www.pash.pem-web.co.uk/assets/images/49ef30c52eindex.php?path=//proc/27/net" "Mozilla/5.0 AppleWebKit/537.36 (KHTML, like Gecko; compatible; GPTBot/1.4; +https://openai.com/gptbot)"
74.7.241.17 - - [16/Aug/2026:14:35:13 +0100] "GET /e2dbb/?fm=true&path=/proc/45/net/&rename=raw6 HTTP/1.1" 200 16789 "https://pash.pem-web.co.uk/e2dbb/?fm=true&path=/proc/45/net" "Mozilla/5.0 AppleWebKit/537.36 (KHTML, like Gecko; compatible; GPTBot/1.4; +https://openai.com/gptbot)"
54.210.152.179 - - [16/Aug/2026:14:35:14 +0100] "GET /7ea2a/?path=/home/pemwebco/pash.pem-web.co.uk/ymcs1qz HTTP/1.1" 200 3427 "-" "Mozilla/5.0 AppleWebKit/537.36 (KHTML, like Gecko; compatible; Amazonbot/0.1; +https://developer.amazon.com/support/amazonbot) Chrome/119.0.6045.214 Safari/537.36"
74.7.227.149 - - [16/Aug/2026:14:35:15 +0100] "GET /assets/images/49ef30c52eindex.php?filesrc=//proc/41/net/raw&path=//proc/41/net HTTP/1.1" 200 1635 "https://www.pash.pem-web.co.uk/assets/images/49ef30c52eindex.php?path=//proc/41/net" "Mozilla/5.0 AppleWebKit/537.36 (KHTML, like Gecko; compatible; GPTBot/1.4; +https://openai.com/gptbot)"
74.7.241.17 - - [16/Aug/2026:14:35:15 +0100] "GET /e2dbb/?fm=true&path=/proc/45/net/&rename=udp6 HTTP/1.1" 200 16789 "https://pash.pem-web.co.uk/e2dbb/?fm=true&path=/proc/45/net" "Mozilla/5.0 AppleWebKit/537.36 (KHTML, like Gecko; compatible; GPTBot/1.4; +https://openai.com/gptbot)"
74.7.227.149 - - [16/Aug/2026:14:35:17 +0100] "GET /assets/images/49ef30c52eindex.php?filesrc=//proc/27/net/unix&path=//proc/27/net HTTP/1.1" 200 40977 "https://www.pash.pem-web.co.uk/assets/images/49ef30c52eindex.php?path=//proc/27/net" "Mozilla/5.0 AppleWebKit/537.36 (KHTML, like Gecko; compatible; GPTBot/1.4; +https://openai.com/gptbot)"
44.213.36.21 - - [16/Aug/2026:14:35:18 +0100] "GET /e2dbb/?fm=true&path=/home/pemwebco/pash.pem-web.co.uk/e2dbb/&rights=scbwu1v.tar.gz HTTP/1.1" 200 16886 "-" "Mozilla/5.0 AppleWebKit/537.36 (KHTML, like Gecko; compatible; Amazonbot/0.1; +https://developer.amazon.com/support/amazonbot) Chrome/119.0.6045.214 Safari/537.36"
74.7.241.17 - - [16/Aug/2026:14:35:18 +0100] "GET /e2dbb/?fm=true&path=/proc/57/net/&rename=udp6 HTTP/1.1" 200 16789 "https://pash.pem-web.co.uk/e2dbb/?fm=true&path=/proc/57/net" "Mozilla/5.0 AppleWebKit/537.36 (KHTML, like Gecko; compatible; GPTBot/1.4; +https://openai.com/gptbot)"
74.7.227.149 - - [16/Aug/2026:14:35:19 +0100] "GET /assets/images/49ef30c52eindex.php?filesrc=//proc/51/net/unix&path=//proc/51/net HTTP/1.1" 200 40977 "https://www.pash.pem-web.co.uk/assets/images/49ef30c52eindex.php?path=//proc/51/net" "Mozilla/5.0 AppleWebKit/537.36 (KHTML, like Gecko; compatible; GPTBot/1.4; +https://openai.com/gptbot)"
74.7.241.17 - - [16/Aug/2026:14:35:20 +0100] "GET /e2dbb/?fm=true&path=/proc/46/net/&rename=raw6 HTTP/1.1" 200 16792 "https://pash.pem-web.co.uk/e2dbb/?fm=true&path=/proc/46/net" "Mozilla/5.0 AppleWebKit/537.36 (KHTML, like Gecko; compatible; GPTBot/1.4; +https://openai.com/gptbot)"
3.89.176.255 - - [16/Aug/2026:14:35:22 +0100] "GET /7ea2a/?path=/home/pemwebco/pash.pem-web.co.uk/ulxpesd HTTP/1.1" 200 3425 "-" "Mozilla/5.0 AppleWebKit/537.36 (KHTML, like Gecko; compatible; Amazonbot/0.1; +https://developer.amazon.com/support/amazonbot) Chrome/119.0.6045.214 Safari/537.36"
74.7.227.149 - - [16/Aug/2026:14:35:22 +0100] "GET /assets/images/49ef30c52eindex.php?filesrc=//proc/27/net/raw&path=//proc/27/net HTTP/1.1" 200 1635 "https://www.pash.pem-web.co.uk/assets/images/49ef30c52eindex.php?path=//proc/27/net" "Mozilla/5.0 AppleWebKit/537.36 (KHTML, like Gecko; compatible; GPTBot/1.4; +https://openai.com/gptbot)"
74.7.241.17 - - [16/Aug/2026:14:35:22 +0100] "GET /e2dbb/?fm=true&path=/proc/41/net/&rename=raw6 HTTP/1.1" 200 16792 "https://pash.pem-web.co.uk/e2dbb/?fm=true&path=/proc/41/net" "Mozilla/5.0 AppleWebKit/537.36 (KHTML, like Gecko; compatible; GPTBot/1.4; +https://openai.com/gptbot)"
74.7.227.149 - - [16/Aug/2026:14:35:24 +0100] "GET /assets/images/49ef30c52eindex.php?filesrc=//proc/27/net/icmp&path=//proc/27/net HTTP/1.1" 200 1649 "https://www.pash.pem-web.co.uk/assets/images/49ef30c52eindex.php?path=//proc/27/net" "Mozilla/5.0 AppleWebKit/537.36 (KHTML, like Gecko; compatible; GPTBot/1.4; +https://openai.com/gptbot)"
74.7.241.17 - - [16/Aug/2026:14:35:25 +0100] "GET /e2dbb/?fm=true&path=/proc/39/net/&rename=raw6 HTTP/1.1" 200 16789 "https://pash.pem-web.co.uk/e2dbb/?fm=true&path=/proc/39/net" "Mozilla/5.0 AppleWebKit/537.36 (KHTML, like Gecko; compatible; GPTBot/1.4; +https://openai.com/gptbot)"
3.216.13.10 - - [16/Aug/2026:14:35:26 +0100] "GET /7ea2a/?path=/home/pemwebco/pash.pem-web.co.uk/dwqicar HTTP/1.1" 200 3424 "-" "Mozilla/5.0 AppleWebKit/537.36 (KHTML, like Gecko; compatible; Amazonbot/0.1; +https://developer.amazon.com/support/amazonbot) Chrome/119.0.6045.214 Safari/537.36"
74.7.227.149 - - [16/Aug/2026:14:35:26 +0100] "GET /assets/images/49ef30c52eindex.php?filesrc=//proc/41/net/ip_mr_vif&path=//proc/41/net HTTP/1.1" 200 1594 "https://www.pash.pem-web.co.uk/assets/images/49ef30c52eindex.php?path=//proc/41/net" "Mozilla/5.0 AppleWebKit/537.36 (KHTML, like Gecko; compatible; GPTBot/1.4; +https://openai.com/gptbot)"
74.7.241.17 - - [16/Aug/2026:14:35:27 +0100] "GET /e2dbb/?fm=true&path=/proc/47/net/&rename=udp6 HTTP/1.1" 200 16789 "https://pash.pem-web.co.uk/e2dbb/?fm=true&path=/proc/47/net" "Mozilla/5.0 AppleWebKit/537.36 (KHTML, like Gecko; compatible; GPTBot/1.4; +https://openai.com/gptbot)"
74.7.227.149 - - [16/Aug/2026:14:35:29 +0100] "GET /assets/images/49ef30c52eindex.php?filesrc=//proc/51/net/ip_mr_vif&path=//proc/51/net HTTP/1.1" 200 1594 "https://www.pash.pem-web.co.uk/assets/images/49ef30c52eindex.php?path=//proc/51/net" "Mozilla/5.0 AppleWebKit/537.36 (KHTML, like Gecko; compatible; GPTBot/1.4; +https://openai.com/gptbot)"
74.7.241.17 - - [16/Aug/2026:14:35:30 +0100] "GET /e2dbb/?fm=true&path=/proc/48/net/&rename=raw6 HTTP/1.1" 200 16789 "https://pash.pem-web.co.uk/e2dbb/?fm=true&path=/proc/48/net" "Mozilla/5.0 AppleWebKit/537.36 (KHTML, like Gecko; compatible; GPTBot/1.4; +https://openai.com/gptbot)"
74.7.227.149 - - [16/Aug/2026:14:35:31 +0100] "GET /assets/images/49ef30c52eindex.php?filesrc=//proc/27/net/ip_mr_vif&path=//proc/27/net HTTP/1.1" 200 1594 "https://www.pash.pem-web.co.uk/assets/images/49ef30c52eindex.php?path=//proc/27/net" "Mozilla/5.0 AppleWebKit/537.36 (KHTML, like Gecko; compatible; GPTBot/1.4; +https://openai.com/gptbot)"
3.94.199.128 - - [16/Aug/2026:14:35:32 +0100] "GET /e2dbb/?fm=true&path=/home/pemwebco/pash.pem-web.co.uk/e2dbb/&rights=bd1nmag.tar.gz HTTP/1.1" 200 16886 "-" "Mozilla/5.0 AppleWebKit/537.36 (KHTML, like Gecko; compatible; Amazonbot/0.1; +https://developer.amazon.com/support/amazonbot) Chrome/119.0.6045.214 Safari/537.36"
74.7.241.17 - - [16/Aug/2026:14:35:32 +0100] "GET /e2dbb/?fm=true&path=/proc/54/net/&rename=udp6 HTTP/1.1" 200 16789 "https://pash.pem-web.co.uk/e2dbb/?fm=true&path=/proc/54/net" "Mozilla/5.0 AppleWebKit/537.36 (KHTML, like Gecko; compatible; GPTBot/1.4; +https://openai.com/gptbot)"
74.7.227.149 - - [16/Aug/2026:14:35:33 +0100] "GET /assets/images/49ef30c52eindex.php?filesrc=//proc/27/net/ip6_mr_cache&path=//proc/27/net HTTP/1.1" 200 1629 "https://www.pash.pem-web.co.uk/assets/images/49ef30c52eindex.php?path=//proc/27/net" "Mozilla/5.0 AppleWebKit/537.36 (KHTML, like Gecko; compatible; GPTBot/1.4; +https://openai.com/gptbot)"
18.213.240.226 - - [16/Aug/2026:14:35:34 +0100] "GET /e2dbb/?fm=true&path=/home/pemwebco/pash.pem-web.co.uk/e2dbb/&rights=ykwvmrf.tar HTTP/1.1" 200 16877 "-" "Mozilla/5.0 AppleWebKit/537.36 (KHTML, like Gecko; compatible; Amazonbot/0.1; +https://developer.amazon.com/support/amazonbot) Chrome/119.0.6045.214 Safari/537.36"
74.7.241.17 - - [16/Aug/2026:14:35:34 +0100] "GET /e2dbb/?fm=true&path=/proc/17/net/&rename=raw6 HTTP/1.1" 200 16789 "https://pash.pem-web.co.uk/e2dbb/?fm=true&path=/proc/17/net" "Mozilla/5.0 AppleWebKit/537.36 (KHTML, like Gecko; compatible; GPTBot/1.4; +https://openai.com/gptbot)"
74.7.227.149 - - [16/Aug/2026:14:35:35 +0100] "GET /assets/images/49ef30c52eindex.php?filesrc=//proc/41/net/ip6_mr_cache&path=//proc/41/net HTTP/1.1" 200 1629 "https://www.pash.pem-web.co.uk/assets/images/49ef30c52eindex.php?path=//proc/41/net" "Mozilla/5.0 AppleWebKit/537.36 (KHTML, like Gecko; compatible; GPTBot/1.4; +https://openai.com/gptbot)"
74.7.241.17 - - [16/Aug/2026:14:35:37 +0100] "GET /e2dbb/?fm=true&path=/proc/39/net/&rename=tcp6 HTTP/1.1" 200 16789 "https://pash.pem-web.co.uk/e2dbb/?fm=true&path=/proc/39/net" "Mozilla/5.0 AppleWebKit/537.36 (KHTML, like Gecko; compatible; GPTBot/1.4; +https://openai.com/gptbot)"
74.7.227.149 - - [16/Aug/2026:14:35:38 +0100] "GET /assets/images/49ef30c52eindex.php?filesrc=//proc/51/net/ip6_mr_cache&path=//proc/51/net HTTP/1.1" 200 1629 "https://www.pash.pem-web.co.uk/assets/images/49ef30c52eindex.php?path=//proc/51/net" "Mozilla/5.0 AppleWebKit/537.36 (KHTML, like Gecko; compatible; GPTBot/1.4; +https://openai.com/gptbot)"
74.7.241.17 - - [16/Aug/2026:14:35:39 +0100] "GET /e2dbb/?fm=true&path=/proc/53/net/&rename=udp6 HTTP/1.1" 200 16789 "https://pash.pem-web.co.uk/e2dbb/?fm=true&path=/proc/53/net" "Mozilla/5.0 AppleWebKit/537.36 (KHTML, like Gecko; compatible; GPTBot/1.4; +https://openai.com/gptbot)"
74.7.227.149 - - [16/Aug/2026:14:35:40 +0100] "GET /assets/images/49ef30c52eindex.php?filesrc=//proc/51/net/mcfilter6&path=//proc/51/net HTTP/1.1" 200 1614 "https://www.pash.pem-web.co.uk/assets/images/49ef30c52eindex.php?path=//proc/51/net" "Mozilla/5.0 AppleWebKit/537.36 (KHTML, like Gecko; compatible; GPTBot/1.4; +https://openai.com/gptbot)"
34.204.150.196 - - [16/Aug/2026:14:35:41 +0100] "GET /7ea2a/?path=/home/pemwebco/pash.pem-web.co.uk/upnjlsv HTTP/1.1" 200 3427 "-" "Mozilla/5.0 AppleWebKit/537.36 (KHTML, like Gecko; compatible; Amazonbot/0.1; +https://developer.amazon.com/support/amazonbot) Chrome/119.0.6045.214 Safari/537.36"
74.7.241.17 - - [16/Aug/2026:14:35:42 +0100] "GET /e2dbb/?fm=true&path=/proc/17/net/&rename=udp6 HTTP/1.1" 200 16789 "https://pash.pem-web.co.uk/e2dbb/?fm=true&path=/proc/17/net" "Mozilla/5.0 AppleWebKit/537.36 (KHTML, like Gecko; compatible; GPTBot/1.4; +https://openai.com/gptbot)"
74.7.227.149 - - [16/Aug/2026:14:35:42 +0100] "GET /assets/images/49ef30c52eindex.php?filesrc=//proc/41/net/sockstat6&path=//proc/41/net HTTP/1.1" 200 1608 "https://www.pash.pem-web.co.uk/assets/images/49ef30c52eindex.php?path=//proc/41/net" "Mozilla/5.0 AppleWebKit/537.36 (KHTML, like Gecko; compatible; GPTBot/1.4; +https://openai.com/gptbot)"
74.7.241.17 - - [16/Aug/2026:14:35:44 +0100] "GET /e2dbb/?fm=true&path=/proc/47/net/&rename=tcp6 HTTP/1.1" 200 16789 "https://pash.pem-web.co.uk/e2dbb/?fm=true&path=/proc/47/net" "Mozilla/5.0 AppleWebKit/537.36 (KHTML, like Gecko; compatible; GPTBot/1.4; +https://openai.com/gptbot)"
52.5.232.250 - - [16/Aug/2026:14:35:44 +0100] "GET /e2dbb/?fm=true&path=/home/pemwebco/pash.pem-web.co.uk/e2dbb/&rights=cvzu1xy.tar.gz HTTP/1.1" 200 16886 "-" "Mozilla/5.0 AppleWebKit/537.36 (KHTML, like Gecko; compatible; Amazonbot/0.1; +https://developer.amazon.com/support/amazonbot) Chrome/119.0.6045.214 Safari/537.36"
74.7.227.149 - - [16/Aug/2026:14:35:45 +0100] "GET /assets/images/49ef30c52eindex.php?filesrc=//proc/51/net/sockstat6&path=//proc/51/net HTTP/1.1" 200 1608 "https://www.pash.pem-web.co.uk/assets/images/49ef30c52eindex.php?path=//proc/51/net" "Mozilla/5.0 AppleWebKit/537.36 (KHTML, like Gecko; compatible; GPTBot/1.4; +https://openai.com/gptbot)"
74.7.241.17 - - [16/Aug/2026:14:35:46 +0100] "GET /e2dbb/?fm=true&path=/proc/53/net/&rename=raw6 HTTP/1.1" 200 16789 "https://pash.pem-web.co.uk/e2dbb/?fm=true&path=/proc/53/net" "Mozilla/5.0 AppleWebKit/537.36 (KHTML, like Gecko; compatible; GPTBot/1.4; +https://openai.com/gptbot)"
44.218.170.184 - - [16/Aug/2026:14:35:47 +0100] "GET /7ea2a/?path=/home/pemwebco/pash.pem-web.co.uk/oavnump HTTP/1.1" 200 3427 "-" "Mozilla/5.0 AppleWebKit/537.36 (KHTML, like Gecko; compatible; Amazonbot/0.1; +https://developer.amazon.com/support/amazonbot) Chrome/119.0.6045.214 Safari/537.36"
74.7.227.149 - - [16/Aug/2026:14:35:47 +0100] "GET /assets/images/49ef30c52eindex.php?filesrc=//proc/41/net/mcfilter6&path=//proc/41/net HTTP/1.1" 200 1614 "https://www.pash.pem-web.co.uk/assets/images/49ef30c52eindex.php?path=//proc/41/net" "Mozilla/5.0 AppleWebKit/537.36 (KHTML, like Gecko; compatible; GPTBot/1.4; +https://openai.com/gptbot)"
74.7.241.17 - - [16/Aug/2026:14:35:49 +0100] "GET /e2dbb/?fm=true&path=/proc/48/net/&rename=udp6 HTTP/1.1" 200 16789 "https://pash.pem-web.co.uk/e2dbb/?fm=true&path=/proc/48/net" "Mozilla/5.0 AppleWebKit/537.36 (KHTML, like Gecko; compatible; GPTBot/1.4; +https://openai.com/gptbot)"
74.7.227.149 - - [16/Aug/2026:14:35:49 +0100] "GET /assets/images/49ef30c52eindex.php?filesrc=//proc/27/net/sockstat6&path=//proc/27/net HTTP/1.1" 200 1608 "https://www.pash.pem-web.co.uk/assets/images/49ef30c52eindex.php?path=//proc/27/net" "Mozilla/5.0 AppleWebKit/537.36 (KHTML, like Gecko; compatible; GPTBot/1.4; +https://openai.com/gptbot)"
100.28.57.133 - - [16/Aug/2026:14:35:50 +0100] "GET /7ea2a/?path=/home/pemwebco/pash.pem-web.co.uk/ucsvlwn HTTP/1.1" 200 3426 "-" "Mozilla/5.0 AppleWebKit/537.36 (KHTML, like Gecko; compatible; Amazonbot/0.1; +https://developer.amazon.com/support/amazonbot) Chrome/119.0.6045.214 Safari/537.36"
74.7.241.17 - - [16/Aug/2026:14:35:51 +0100] "GET /e2dbb/?fm=true&path=/proc/17/net/&rename=tcp6 HTTP/1.1" 200 16789 "https://pash.pem-web.co.uk/e2dbb/?fm=true&path=/proc/17/net" "Mozilla/5.0 AppleWebKit/537.36 (KHTML, like Gecko; compatible; GPTBot/1.4; +https://openai.com/gptbot)"
74.7.227.149 - - [16/Aug/2026:14:35:52 +0100] "GET /assets/images/49ef30c52eindex.php?filesrc=//proc/51/net/icmp6&path=//proc/51/net HTTP/1.1" 200 1685 "https://www.pash.pem-web.co.uk/assets/images/49ef30c52eindex.php?path=//proc/51/net" "Mozilla/5.0 AppleWebKit/537.36 (KHTML, like Gecko; compatible; GPTBot/1.4; +https://openai.com/gptbot)"
74.7.241.17 - - [16/Aug/2026:14:35:54 +0100] "GET /e2dbb/?fm=true&path=/proc/54/net/&rename=raw6 HTTP/1.1" 200 16792 "https://pash.pem-web.co.uk/e2dbb/?fm=true&path=/proc/54/net" "Mozilla/5.0 AppleWebKit/537.36 (KHTML, like Gecko; compatible; GPTBot/1.4; +https://openai.com/gptbot)"
74.7.227.149 - - [16/Aug/2026:14:35:54 +0100] "GET /assets/images/49ef30c52eindex.php?filesrc=//proc/41/net/igmp6&path=//proc/41/net HTTP/1.1" 200 1874 "https://www.pash.pem-web.co.uk/assets/images/49ef30c52eindex.php?path=//proc/41/net" "Mozilla/5.0 AppleWebKit/537.36 (KHTML, like Gecko; compatible; GPTBot/1.4; +https://openai.com/gptbot)"
74.7.227.149 - - [16/Aug/2026:14:35:56 +0100] "GET /assets/images/49ef30c52eindex.php?filesrc=//proc/51/net/rt6_stats&path=//proc/51/net HTTP/1.1" 200 1558 "https://www.pash.pem-web.co.uk/assets/images/49ef30c52eindex.php?path=//proc/51/net" "Mozilla/5.0 AppleWebKit/537.36 (KHTML, like Gecko; compatible; GPTBot/1.4; +https://openai.com/gptbot)"
74.7.241.17 - - [16/Aug/2026:14:35:56 +0100] "GET /e2dbb/?fm=true&path=/proc/41/net/&rename=tcp6 HTTP/1.1" 200 16789 "https://pash.pem-web.co.uk/e2dbb/?fm=true&path=/proc/41/net" "Mozilla/5.0 AppleWebKit/537.36 (KHTML, like Gecko; compatible; GPTBot/1.4; +https://openai.com/gptbot)"
74.7.227.149 - - [16/Aug/2026:14:35:58 +0100] "GET /assets/images/49ef30c52eindex.php?filesrc=//proc/51/net/igmp6&path=//proc/51/net HTTP/1.1" 200 1874 "https://www.pash.pem-web.co.uk/assets/images/49ef30c52eindex.php?path=//proc/51/net" "Mozilla/5.0 AppleWebKit/537.36 (KHTML, like Gecko; compatible; GPTBot/1.4; +https://openai.com/gptbot)"
74.7.241.17 - - [16/Aug/2026:14:35:59 +0100] "GET /e2dbb/?fm=true&path=/proc/41/net/&rename=udp6 HTTP/1.1" 200 16789 "https://pash.pem-web.co.uk/e2dbb/?fm=true&path=/proc/41/net" "Mozilla/5.0 AppleWebKit/537.36 (KHTML, like Gecko; compatible; GPTBot/1.4; +https://openai.com/gptbot)"
74.7.227.149 - - [16/Aug/2026:14:36:01 +0100] "GET /assets/images/49ef30c52eindex.php?filesrc=//proc/27/net/igmp6&path=//proc/27/net HTTP/1.1" 200 1874 "https://www.pash.pem-web.co.uk/assets/images/49ef30c52eindex.php?path=//proc/27/net" "Mozilla/5.0 AppleWebKit/537.36 (KHTML, like Gecko; compatible; GPTBot/1.4; +https://openai.com/gptbot)"
74.7.241.17 - - [16/Aug/2026:14:36:01 +0100] "GET /e2dbb/?fm=true&path=/proc/45/net/&rename=tcp6 HTTP/1.1" 200 16789 "https://pash.pem-web.co.uk/e2dbb/?fm=true&path=/proc/45/net" "Mozilla/5.0 AppleWebKit/537.36 (KHTML, like Gecko; compatible; GPTBot/1.4; +https://openai.com/gptbot)"
74.7.227.149 - - [16/Aug/2026:14:36:03 +0100] "GET /assets/images/49ef30c52eindex.php?filesrc=//proc/41/net/rt6_stats&path=//proc/41/net HTTP/1.1" 200 1558 "https://www.pash.pem-web.co.uk/assets/images/49ef30c52eindex.php?path=//proc/41/net" "Mozilla/5.0 AppleWebKit/537.36 (KHTML, like Gecko; compatible; GPTBot/1.4; +https://openai.com/gptbot)"
74.7.241.17 - - [16/Aug/2026:14:36:04 +0100] "GET /e2dbb/?fm=true&path=/proc/39/net/&rename=udp6 HTTP/1.1" 200 16789 "https://pash.pem-web.co.uk/e2dbb/?fm=true&path=/proc/39/net" "Mozilla/5.0 AppleWebKit/537.36 (KHTML, like Gecko; compatible; GPTBot/1.4; +https://openai.com/gptbot)"
74.7.227.149 - - [16/Aug/2026:14:36:05 +0100] "GET /assets/images/49ef30c52eindex.php?filesrc=//proc/27/net/icmp6&path=//proc/27/net HTTP/1.1" 200 1685 "https://www.pash.pem-web.co.uk/assets/images/49ef30c52eindex.php?path=//proc/27/net" "Mozilla/5.0 AppleWebKit/537.36 (KHTML, like Gecko; compatible; GPTBot/1.4; +https://openai.com/gptbot)"
74.7.241.17 - - [16/Aug/2026:14:36:06 +0100] "GET /e2dbb/?fm=true&path=/proc/49/net/&rename=udp6 HTTP/1.1" 200 16789 "https://pash.pem-web.co.uk/e2dbb/?fm=true&path=/proc/49/net" "Mozilla/5.0 AppleWebKit/537.36 (KHTML, like Gecko; compatible; GPTBot/1.4; +https://openai.com/gptbot)"
74.7.227.149 - - [16/Aug/2026:14:36:08 +0100] "GET /assets/images/49ef30c52eindex.php?filesrc=//proc/27/net/snmp6&path=//proc/27/net HTTP/1.1" 200 4771 "https://www.pash.pem-web.co.uk/assets/images/49ef30c52eindex.php?path=//proc/27/net" "Mozilla/5.0 AppleWebKit/537.36 (KHTML, like Gecko; compatible; GPTBot/1.4; +https://openai.com/gptbot)"
74.7.241.17 - - [16/Aug/2026:14:36:09 +0100] "GET /e2dbb/?edit=icmp6&fm=true&path=/proc/39/net/ HTTP/1.1" 200 17706 "https://pash.pem-web.co.uk/e2dbb/?fm=true&path=/proc/39/net" "Mozilla/5.0 AppleWebKit/537.36 (KHTML, like Gecko; compatible; GPTBot/1.4; +https://openai.com/gptbot)"
74.7.227.149 - - [16/Aug/2026:14:36:10 +0100] "GET /assets/images/49ef30c52eindex.php?filesrc=//proc/27/net/if_inet6&path=//proc/27/net HTTP/1.1" 200 1630 "https://www.pash.pem-web.co.uk/assets/images/49ef30c52eindex.php?path=//proc/27/net" "Mozilla/5.0 AppleWebKit/537.36 (KHTML, like Gecko; compatible; GPTBot/1.4; +https://openai.com/gptbot)"
74.7.241.17 - - [16/Aug/2026:14:36:11 +0100] "GET /e2dbb/?edit=icmp6&fm=true&path=/proc/49/net/ HTTP/1.1" 200 17706 "https://pash.pem-web.co.uk/e2dbb/?fm=true&path=/proc/49/net" "Mozilla/5.0 AppleWebKit/537.36 (KHTML, like Gecko; compatible; GPTBot/1.4; +https://openai.com/gptbot)"
74.7.227.149 - - [16/Aug/2026:14:36:12 +0100] "GET /assets/images/49ef30c52eindex.php?filesrc=//proc/27/net/rt6_stats&path=//proc/27/net HTTP/1.1" 200 1558 "https://www.pash.pem-web.co.uk/assets/images/49ef30c52eindex.php?path=//proc/27/net" "Mozilla/5.0 AppleWebKit/537.36 (KHTML, like Gecko; compatible; GPTBot/1.4; +https://openai.com/gptbot)"
74.7.241.17 - - [16/Aug/2026:14:36:13 +0100] "GET /e2dbb/?edit=icmp6&fm=true&path=/proc/45/net/ HTTP/1.1" 200 17706 "https://pash.pem-web.co.uk/e2dbb/?fm=true&path=/proc/45/net" "Mozilla/5.0 AppleWebKit/537.36 (KHTML, like Gecko; compatible; GPTBot/1.4; +https://openai.com/gptbot)"
74.7.227.149 - - [16/Aug/2026:14:36:14 +0100] "GET /assets/images/49ef30c52eindex.php?filesrc=//proc/41/net/icmp6&path=//proc/41/net HTTP/1.1" 200 1685 "https://www.pash.pem-web.co.uk/assets/images/49ef30c52eindex.php?path=//proc/41/net" "Mozilla/5.0 AppleWebKit/537.36 (KHTML, like Gecko; compatible; GPTBot/1.4; +https://openai.com/gptbot)"
74.7.241.17 - - [16/Aug/2026:14:36:16 +0100] "GET /e2dbb/?edit=icmp6&fm=true&path=/proc/41/net/ HTTP/1.1" 200 17709 "https://pash.pem-web.co.uk/e2dbb/?fm=true&path=/proc/41/net" "Mozilla/5.0 AppleWebKit/537.36 (KHTML, like Gecko; compatible; GPTBot/1.4; +https://openai.com/gptbot)"
74.7.227.149 - - [16/Aug/2026:14:36:17 +0100] "GET /assets/images/49ef30c52eindex.php?filesrc=//proc/41/net/snmp6&path=//proc/41/net HTTP/1.1" 200 4771 "https://www.pash.pem-web.co.uk/assets/images/49ef30c52eindex.php?path=//proc/41/net" "Mozilla/5.0 AppleWebKit/537.36 (KHTML, like Gecko; compatible; GPTBot/1.4; +https://openai.com/gptbot)"
74.7.241.17 - - [16/Aug/2026:14:36:18 +0100] "GET /e2dbb/?edit=icmp6&fm=true&path=/proc/57/net/ HTTP/1.1" 200 17706 "https://pash.pem-web.co.uk/e2dbb/?fm=true&path=/proc/57/net" "Mozilla/5.0 AppleWebKit/537.36 (KHTML, like Gecko; compatible; GPTBot/1.4; +https://openai.com/gptbot)"
74.7.227.149 - - [16/Aug/2026:14:36:19 +0100] "GET /assets/images/49ef30c52eindex.php?filesrc=//proc/41/net/if_inet6&path=//proc/41/net HTTP/1.1" 200 1630 "https://www.pash.pem-web.co.uk/assets/images/49ef30c52eindex.php?path=//proc/41/net" "Mozilla/5.0 AppleWebKit/537.36 (KHTML, like Gecko; compatible; GPTBot/1.4; +https://openai.com/gptbot)"
74.7.241.17 - - [16/Aug/2026:14:36:21 +0100] "GET /e2dbb/?edit=icmp6&fm=true&path=/proc/48/net/ HTTP/1.1" 200 17706 "https://pash.pem-web.co.uk/e2dbb/?fm=true&path=/proc/48/net" "Mozilla/5.0 AppleWebKit/537.36 (KHTML, like Gecko; compatible; GPTBot/1.4; +https://openai.com/gptbot)"
74.7.227.149 - - [16/Aug/2026:14:36:21 +0100] "GET /assets/images/49ef30c52eindex.php?filesrc=//proc/51/net/snmp6&path=//proc/51/net HTTP/1.1" 200 4771 "https://www.pash.pem-web.co.uk/assets/images/49ef30c52eindex.php?path=//proc/51/net" "Mozilla/5.0 AppleWebKit/537.36 (KHTML, like Gecko; compatible; GPTBot/1.4; +https://openai.com/gptbot)"
74.7.241.17 - - [16/Aug/2026:14:36:23 +0100] "GET /e2dbb/?edit=icmp6&fm=true&path=/proc/47/net/ HTTP/1.1" 200 17706 "https://pash.pem-web.co.uk/e2dbb/?fm=true&path=/proc/47/net" "Mozilla/5.0 AppleWebKit/537.36 (KHTML, like Gecko; compatible; GPTBot/1.4; +https://openai.com/gptbot)"
74.7.227.149 - - [16/Aug/2026:14:36:24 +0100] "GET /assets/images/49ef30c52eindex.php?filesrc=//proc/51/net/if_inet6&path=//proc/51/net HTTP/1.1" 200 1630 "https://www.pash.pem-web.co.uk/assets/images/49ef30c52eindex.php?path=//proc/51/net" "Mozilla/5.0 AppleWebKit/537.36 (KHTML, like Gecko; compatible; GPTBot/1.4; +https://openai.com/gptbot)"
74.7.241.17 - - [16/Aug/2026:14:36:26 +0100] "GET /e2dbb/?edit=icmp6&fm=true&path=/proc/53/net/ HTTP/1.1" 200 17706 "https://pash.pem-web.co.uk/e2dbb/?fm=true&path=/proc/53/net" "Mozilla/5.0 AppleWebKit/537.36 (KHTML, like Gecko; compatible; GPTBot/1.4; +https://openai.com/gptbot)"
74.7.227.149 - - [16/Aug/2026:14:36:26 +0100] "GET /assets/images/49ef30c52eindex.php?filesrc=//proc/27/net/anycast6&path=//proc/27/net HTTP/1.1" 200 1522 "https://www.pash.pem-web.co.uk/assets/images/49ef30c52eindex.php?path=//proc/27/net" "Mozilla/5.0 AppleWebKit/537.36 (KHTML, like Gecko; compatible; GPTBot/1.4; +https://openai.com/gptbot)"
74.7.227.149 - - [16/Aug/2026:14:36:28 +0100] "GET /assets/images/49ef30c52eindex.php?filesrc=//proc/41/net/anycast6&path=//proc/41/net HTTP/1.1" 200 1522 "https://www.pash.pem-web.co.uk/assets/images/49ef30c52eindex.php?path=//proc/41/net" "Mozilla/5.0 AppleWebKit/537.36 (KHTML, like Gecko; compatible; GPTBot/1.4; +https://openai.com/gptbot)"
74.7.241.17 - - [16/Aug/2026:14:36:28 +0100] "GET /e2dbb/?edit=igmp6&fm=true&path=/proc/46/net/ HTTP/1.1" 200 17895 "https://pash.pem-web.co.uk/e2dbb/?fm=true&path=/proc/46/net" "Mozilla/5.0 AppleWebKit/537.36 (KHTML, like Gecko; compatible; GPTBot/1.4; +https://openai.com/gptbot)"
74.7.227.149 - - [16/Aug/2026:14:36:30 +0100] "GET /assets/images/49ef30c52eindex.php?filesrc=//proc/27/net/mcfilter6&path=//proc/27/net HTTP/1.1" 200 1614 "https://www.pash.pem-web.co.uk/assets/images/49ef30c52eindex.php?path=//proc/27/net" "Mozilla/5.0 AppleWebKit/537.36 (KHTML, like Gecko; compatible; GPTBot/1.4; +https://openai.com/gptbot)"
74.7.241.17 - - [16/Aug/2026:14:36:31 +0100] "GET /e2dbb/?edit=icmp6&fm=true&path=/proc/54/net/ HTTP/1.1" 200 17709 "https://pash.pem-web.co.uk/e2dbb/?fm=true&path=/proc/54/net" "Mozilla/5.0 AppleWebKit/537.36 (KHTML, like Gecko; compatible; GPTBot/1.4; +https://openai.com/gptbot)"
74.7.227.149 - - [16/Aug/2026:14:36:33 +0100] "GET /assets/images/49ef30c52eindex.php?filesrc=//proc/41/net/udplite6&path=//proc/41/net HTTP/1.1" 200 1688 "https://www.pash.pem-web.co.uk/assets/images/49ef30c52eindex.php?path=//proc/41/net" "Mozilla/5.0 AppleWebKit/537.36 (KHTML, like Gecko; compatible; GPTBot/1.4; +https://openai.com/gptbot)"
74.7.241.17 - - [16/Aug/2026:14:36:33 +0100] "GET /e2dbb/?edit=snmp6&fm=true&path=/proc/46/net/ HTTP/1.1" 200 20792 "https://pash.pem-web.co.uk/e2dbb/?fm=true&path=/proc/46/net" "Mozilla/5.0 AppleWebKit/537.36 (KHTML, like Gecko; compatible; GPTBot/1.4; +https://openai.com/gptbot)"
74.7.227.149 - - [16/Aug/2026:14:36:35 +0100] "GET /assets/images/49ef30c52eindex.php?filesrc=//proc/51/net/anycast6&path=//proc/51/net HTTP/1.1" 200 1522 "https://www.pash.pem-web.co.uk/assets/images/49ef30c52eindex.php?path=//proc/51/net" "Mozilla/5.0 AppleWebKit/537.36 (KHTML, like Gecko; compatible; GPTBot/1.4; +https://openai.com/gptbot)"
74.7.241.17 - - [16/Aug/2026:14:36:36 +0100] "GET /e2dbb/?edit=icmp6&fm=true&path=/proc/17/net/ HTTP/1.1" 200 17709 "https://pash.pem-web.co.uk/e2dbb/?fm=true&path=/proc/17/net" "Mozilla/5.0 AppleWebKit/537.36 (KHTML, like Gecko; compatible; GPTBot/1.4; +https://openai.com/gptbot)"
74.7.227.149 - - [16/Aug/2026:14:36:37 +0100] "GET /assets/images/49ef30c52eindex.php?filesrc=//proc/27/net/udplite6&path=//proc/27/net HTTP/1.1" 200 1688 "https://www.pash.pem-web.co.uk/assets/images/49ef30c52eindex.php?path=//proc/27/net" "Mozilla/5.0 AppleWebKit/537.36 (KHTML, like Gecko; compatible; GPTBot/1.4; +https://openai.com/gptbot)"
74.7.241.17 - - [16/Aug/2026:14:36:38 +0100] "GET /e2dbb/?edit=softnet_stat&fm=true&path=/proc/48/net/ HTTP/1.1" 200 18022 "https://pash.pem-web.co.uk/e2dbb/?fm=true&path=/proc/48/net" "Mozilla/5.0 AppleWebKit/537.36 (KHTML, like Gecko; compatible; GPTBot/1.4; +https://openai.com/gptbot)"
74.7.227.149 - - [16/Aug/2026:14:36:40 +0100] "GET /assets/images/49ef30c52eindex.php?filesrc=//proc/51/net/udplite6&path=//proc/51/net HTTP/1.1" 200 1688 "https://www.pash.pem-web.co.uk/assets/images/49ef30c52eindex.php?path=//proc/51/net" "Mozilla/5.0 AppleWebKit/537.36 (KHTML, like Gecko; compatible; GPTBot/1.4; +https://openai.com/gptbot)"
74.7.241.17 - - [16/Aug/2026:14:36:40 +0100] "GET /e2dbb/?edit=softnet_stat&fm=true&path=/proc/47/net/ HTTP/1.1" 200 18022 "https://pash.pem-web.co.uk/e2dbb/?fm=true&path=/proc/47/net" "Mozilla/5.0 AppleWebKit/537.36 (KHTML, like Gecko; compatible; GPTBot/1.4; +https://openai.com/gptbot)"
74.7.227.149 - - [16/Aug/2026:14:36:42 +0100] "GET /assets/images/49ef30c52eindex.php?filesrc=//proc/27/net/raw6&path=//proc/27/net HTTP/1.1" 200 1684 "https://www.pash.pem-web.co.uk/assets/images/49ef30c52eindex.php?path=//proc/27/net" "Mozilla/5.0 AppleWebKit/537.36 (KHTML, like Gecko; compatible; GPTBot/1.4; +https://openai.com/gptbot)"
74.7.241.17 - - [16/Aug/2026:14:36:43 +0100] "GET /e2dbb/?edit=softnet_stat&fm=true&path=/proc/54/net/ HTTP/1.1" 200 18022 "https://pash.pem-web.co.uk/e2dbb/?fm=true&path=/proc/54/net" "Mozilla/5.0 AppleWebKit/537.36 (KHTML, like Gecko; compatible; GPTBot/1.4; +https://openai.com/gptbot)"
74.7.227.149 - - [16/Aug/2026:14:36:45 +0100] "GET /assets/images/49ef30c52eindex.php?filesrc=//proc/27/net/udp6&path=//proc/27/net HTTP/1.1" 200 2022 "https://www.pash.pem-web.co.uk/assets/images/49ef30c52eindex.php?path=//proc/27/net" "Mozilla/5.0 AppleWebKit/537.36 (KHTML, like Gecko; compatible; GPTBot/1.4; +https://openai.com/gptbot)"
74.7.241.17 - - [16/Aug/2026:14:36:45 +0100] "GET /e2dbb/?edit=softnet_stat&fm=true&path=/proc/46/net/ HTTP/1.1" 200 18022 "https://pash.pem-web.co.uk/e2dbb/?fm=true&path=/proc/46/net" "Mozilla/5.0 AppleWebKit/537.36 (KHTML, like Gecko; compatible; GPTBot/1.4; +https://openai.com/gptbot)"
74.7.227.149 - - [16/Aug/2026:14:36:47 +0100] "GET /assets/images/49ef30c52eindex.php?filesrc=//proc/41/net/tcp6&path=//proc/41/net HTTP/1.1" 200 4924 "https://www.pash.pem-web.co.uk/assets/images/49ef30c52eindex.php?path=//proc/41/net" "Mozilla/5.0 AppleWebKit/537.36 (KHTML, like Gecko; compatible; GPTBot/1.4; +https://openai.com/gptbot)"
74.7.241.17 - - [16/Aug/2026:14:36:48 +0100] "GET /e2dbb/?edit=softnet_stat&fm=true&path=/proc/45/net/ HTTP/1.1" 200 18022 "https://pash.pem-web.co.uk/e2dbb/?fm=true&path=/proc/45/net" "Mozilla/5.0 AppleWebKit/537.36 (KHTML, like Gecko; compatible; GPTBot/1.4; +https://openai.com/gptbot)"
74.7.227.149 - - [16/Aug/2026:14:36:49 +0100] "GET /assets/images/49ef30c52eindex.php?filesrc=//proc/51/net/raw6&path=//proc/51/net HTTP/1.1" 200 1684 "https://www.pash.pem-web.co.uk/assets/images/49ef30c52eindex.php?path=//proc/51/net" "Mozilla/5.0 AppleWebKit/537.36 (KHTML, like Gecko; compatible; GPTBot/1.4; +https://openai.com/gptbot)"
74.7.241.17 - - [16/Aug/2026:14:36:50 +0100] "GET /e2dbb/?edit=softnet_stat&fm=true&path=/proc/41/net/ HTTP/1.1" 200 18022 "https://pash.pem-web.co.uk/e2dbb/?fm=true&path=/proc/41/net" "Mozilla/5.0 AppleWebKit/537.36 (KHTML, like Gecko; compatible; GPTBot/1.4; +https://openai.com/gptbot)"
74.7.227.149 - - [16/Aug/2026:14:36:51 +0100] "GET /assets/images/49ef30c52eindex.php?filesrc=//proc/41/net/udp6&path=//proc/41/net HTTP/1.1" 200 2022 "https://www.pash.pem-web.co.uk/assets/images/49ef30c52eindex.php?path=//proc/41/net" "Mozilla/5.0 AppleWebKit/537.36 (KHTML, like Gecko; compatible; GPTBot/1.4; +https://openai.com/gptbot)"
74.7.241.17 - - [16/Aug/2026:14:36:52 +0100] "GET /e2dbb/?edit=softnet_stat&fm=true&path=/proc/57/net/ HTTP/1.1" 200 18022 "https://pash.pem-web.co.uk/e2dbb/?fm=true&path=/proc/57/net" "Mozilla/5.0 AppleWebKit/537.36 (KHTML, like Gecko; compatible; GPTBot/1.4; +https://openai.com/gptbot)"
74.7.227.149 - - [16/Aug/2026:14:36:54 +0100] "GET /assets/images/49ef30c52eindex.php?filesrc=//proc/51/net/tcp6&path=//proc/51/net HTTP/1.1" 200 4924 "https://www.pash.pem-web.co.uk/assets/images/49ef30c52eindex.php?path=//proc/51/net" "Mozilla/5.0 AppleWebKit/537.36 (KHTML, like Gecko; compatible; GPTBot/1.4; +https://openai.com/gptbot)"
74.7.241.17 - - [16/Aug/2026:14:36:55 +0100] "GET /e2dbb/?edit=softnet_stat&fm=true&path=/proc/49/net/ HTTP/1.1" 200 18022 "https://pash.pem-web.co.uk/e2dbb/?fm=true&path=/proc/49/net" "Mozilla/5.0 AppleWebKit/537.36 (KHTML, like Gecko; compatible; GPTBot/1.4; +https://openai.com/gptbot)"
74.7.227.149 - - [16/Aug/2026:14:36:56 +0100] "GET /assets/images/49ef30c52eindex.php?filesrc=//proc/27/net/tcp6&path=//proc/27/net HTTP/1.1" 200 4924 "https://www.pash.pem-web.co.uk/assets/images/49ef30c52eindex.php?path=//proc/27/net" "Mozilla/5.0 AppleWebKit/537.36 (KHTML, like Gecko; compatible; GPTBot/1.4; +https://openai.com/gptbot)"
74.7.241.17 - - [16/Aug/2026:14:36:57 +0100] "GET /e2dbb/?edit=softnet_stat&fm=true&path=/proc/17/net/ HTTP/1.1" 200 18022 "https://pash.pem-web.co.uk/e2dbb/?fm=true&path=/proc/17/net" "Mozilla/5.0 AppleWebKit/537.36 (KHTML, like Gecko; compatible; GPTBot/1.4; +https://openai.com/gptbot)"
74.7.227.149 - - [16/Aug/2026:14:36:58 +0100] "GET /assets/images/49ef30c52eindex.php?filesrc=//proc/41/net/raw6&path=//proc/41/net HTTP/1.1" 200 1684 "https://www.pash.pem-web.co.uk/assets/images/49ef30c52eindex.php?path=//proc/41/net" "Mozilla/5.0 AppleWebKit/537.36 (KHTML, like Gecko; compatible; GPTBot/1.4; +https://openai.com/gptbot)"
74.7.241.17 - - [16/Aug/2026:14:37:00 +0100] "GET /e2dbb/?edit=softnet_stat&fm=true&path=/proc/53/net/ HTTP/1.1" 200 18022 "https://pash.pem-web.co.uk/e2dbb/?fm=true&path=/proc/53/net" "Mozilla/5.0 AppleWebKit/537.36 (KHTML, like Gecko; compatible; GPTBot/1.4; +https://openai.com/gptbot)"
74.7.227.149 - - [16/Aug/2026:14:37:01 +0100] "GET /assets/images/49ef30c52eindex.php?filesrc=//proc/51/net/udp6&path=//proc/51/net HTTP/1.1" 200 2022 "https://www.pash.pem-web.co.uk/assets/images/49ef30c52eindex.php?path=//proc/51/net" "Mozilla/5.0 AppleWebKit/537.36 (KHTML, like Gecko; compatible; GPTBot/1.4; +https://openai.com/gptbot)"
74.7.241.17 - - [16/Aug/2026:14:37:02 +0100] "GET /e2dbb/?edit=sockstat&fm=true&path=/proc/53/net/ HTTP/1.1" 200 17684 "https://pash.pem-web.co.uk/e2dbb/?fm=true&path=/proc/53/net" "Mozilla/5.0 AppleWebKit/537.36 (KHTML, like Gecko; compatible; GPTBot/1.4; +https://openai.com/gptbot)"
74.7.227.149 - - [16/Aug/2026:14:37:03 +0100] "GET /assets/images/49ef30c52eindex.php?filesrc=//proc/51/net/ip6_mr_vif&path=//proc/51/net HTTP/1.1" 200 1579 "https://www.pash.pem-web.co.uk/assets/images/49ef30c52eindex.php?path=//proc/51/net" "Mozilla/5.0 AppleWebKit/537.36 (KHTML, like Gecko; compatible; GPTBot/1.4; +https://openai.com/gptbot)"
74.7.241.17 - - [16/Aug/2026:14:37:05 +0100] "GET /e2dbb/?fm=true&path=/proc/45/net/&rights=psched HTTP/1.1" 200 16786 "https://pash.pem-web.co.uk/e2dbb/?fm=true&path=/proc/45/net" "Mozilla/5.0 AppleWebKit/537.36 (KHTML, like Gecko; compatible; GPTBot/1.4; +https://openai.com/gptbot)"
74.7.227.149 - - [16/Aug/2026:14:37:05 +0100] "GET /assets/images/49ef30c52eindex.php?filesrc=//proc/41/net/ipv6_route&path=//proc/41/net HTTP/1.1" 200 3924 "https://www.pash.pem-web.co.uk/assets/images/49ef30c52eindex.php?path=//proc/41/net" "Mozilla/5.0 AppleWebKit/537.36 (KHTML, like Gecko; compatible; GPTBot/1.4; +https://openai.com/gptbot)"
74.7.241.17 - - [16/Aug/2026:14:37:07 +0100] "GET /e2dbb/?fm=true&path=/proc/57/net/&rights=ptype HTTP/1.1" 200 16787 "https://pash.pem-web.co.uk/e2dbb/?fm=true&path=/proc/57/net" "Mozilla/5.0 AppleWebKit/537.36 (KHTML, like Gecko; compatible; GPTBot/1.4; +https://openai.com/gptbot)"
74.7.227.149 - - [16/Aug/2026:14:37:08 +0100] "GET /assets/images/49ef30c52eindex.php?filesrc=//proc/41/net/ip6_mr_vif&path=//proc/41/net HTTP/1.1" 200 1579 "https://www.pash.pem-web.co.uk/assets/images/49ef30c52eindex.php?path=//proc/41/net" "Mozilla/5.0 AppleWebKit/537.36 (KHTML, like Gecko; compatible; GPTBot/1.4; +https://openai.com/gptbot)"
74.7.241.17 - - [16/Aug/2026:14:37:10 +0100] "GET /e2dbb/?fm=true&path=/proc/48/net/&rights=psched HTTP/1.1" 200 16786 "https://pash.pem-web.co.uk/e2dbb/?fm=true&path=/proc/48/net" "Mozilla/5.0 AppleWebKit/537.36 (KHTML, like Gecko; compatible; GPTBot/1.4; +https://openai.com/gptbot)"
74.7.227.149 - - [16/Aug/2026:14:37:10 +0100] "GET /assets/images/49ef30c52eindex.php?filesrc=//proc/27/net/ipv6_route&path=//proc/27/net HTTP/1.1" 200 3924 "https://www.pash.pem-web.co.uk/assets/images/49ef30c52eindex.php?path=//proc/27/net" "Mozilla/5.0 AppleWebKit/537.36 (KHTML, like Gecko; compatible; GPTBot/1.4; +https://openai.com/gptbot)"
74.7.241.17 - - [16/Aug/2026:14:37:12 +0100] "GET /e2dbb/?fm=true&path=/proc/39/net/&rights=ptype HTTP/1.1" 200 16784 "https://pash.pem-web.co.uk/e2dbb/?fm=true&path=/proc/39/net" "Mozilla/5.0 AppleWebKit/537.36 (KHTML, like Gecko; compatible; GPTBot/1.4; +https://openai.com/gptbot)"
74.7.227.149 - - [16/Aug/2026:14:37:12 +0100] "GET /assets/images/49ef30c52eindex.php?filesrc=//proc/27/net/ip6_mr_vif&path=//proc/27/net HTTP/1.1" 200 1579 "https://www.pash.pem-web.co.uk/assets/images/49ef30c52eindex.php?path=//proc/27/net" "Mozilla/5.0 AppleWebKit/537.36 (KHTML, like Gecko; compatible; GPTBot/1.4; +https://openai.com/gptbot)"
34.202.88.37 - - [16/Aug/2026:14:37:14 +0100] "GET /e2dbb/?gz=L2hvbWUvcGVtd2ViY28vcGFzaC5wZW0td2ViLmNvLnVrL2xzeGZ5dGQ%3D HTTP/1.1" 200 13582 "-" "Mozilla/5.0 AppleWebKit/537.36 (KHTML, like Gecko; compatible; Amazonbot/0.1; +https://developer.amazon.com/support/amazonbot) Chrome/119.0.6045.214 Safari/537.36"
74.7.227.149 - - [16/Aug/2026:14:37:15 +0100] "GET /assets/images/49ef30c52eindex.php?filesrc=//proc/51/net/ipv6_route&path=//proc/51/net HTTP/1.1" 200 3924 "https://www.pash.pem-web.co.uk/assets/images/49ef30c52eindex.php?path=//proc/51/net" "Mozilla/5.0 AppleWebKit/537.36 (KHTML, like Gecko; compatible; GPTBot/1.4; +https://openai.com/gptbot)"
74.7.241.17 - - [16/Aug/2026:14:37:15 +0100] "GET /e2dbb/?edit=sockstat&fm=true&path=/proc/54/net/ HTTP/1.1" 200 17684 "https://pash.pem-web.co.uk/e2dbb/?fm=true&path=/proc/54/net" "Mozilla/5.0 AppleWebKit/537.36 (KHTML, like Gecko; compatible; GPTBot/1.4; +https://openai.com/gptbot)"
74.7.227.149 - - [16/Aug/2026:14:37:17 +0100] "GET /assets/images/49ef30c52eindex.php?filesrc=//proc/51/net/ip6_flowlabel&path=//proc/51/net HTTP/1.1" 200 1602 "https://www.pash.pem-web.co.uk/assets/images/49ef30c52eindex.php?path=//proc/51/net" "Mozilla/5.0 AppleWebKit/537.36 (KHTML, like Gecko; compatible; GPTBot/1.4; +https://openai.com/gptbot)"
74.7.241.17 - - [16/Aug/2026:14:37:17 +0100] "GET /e2dbb/?edit=sockstat&fm=true&path=/proc/48/net/ HTTP/1.1" 200 17684 "https://pash.pem-web.co.uk/e2dbb/?fm=true&path=/proc/48/net" "Mozilla/5.0 AppleWebKit/537.36 (KHTML, like Gecko; compatible; GPTBot/1.4; +https://openai.com/gptbot)"
52.45.77.169 - - [16/Aug/2026:14:37:18 +0100] "GET /e2dbb/?zip=L2hvbWUvcGVtd2ViY28vcGFzaC5wZW0td2ViLmNvLnVrL3Bscnpva2k%3D HTTP/1.1" 200 13582 "-" "Mozilla/5.0 AppleWebKit/537.36 (KHTML, like Gecko; compatible; Amazonbot/0.1; +https://developer.amazon.com/support/amazonbot) Chrome/119.0.6045.214 Safari/537.36"
74.7.227.149 - - [16/Aug/2026:14:37:19 +0100] "GET /assets/images/49ef30c52eindex.php?filesrc=//proc/27/net/ip6_flowlabel&path=//proc/27/net HTTP/1.1" 200 1602 "https://www.pash.pem-web.co.uk/assets/images/49ef30c52eindex.php?path=//proc/27/net" "Mozilla/5.0 AppleWebKit/537.36 (KHTML, like Gecko; compatible; GPTBot/1.4; +https://openai.com/gptbot)"
74.7.241.17 - - [16/Aug/2026:14:37:20 +0100] "GET /e2dbb/?fm=true&path=/proc/57/net/&rights=psched HTTP/1.1" 200 16786 "https://pash.pem-web.co.uk/e2dbb/?fm=true&path=/proc/57/net" "Mozilla/5.0 AppleWebKit/537.36 (KHTML, like Gecko; compatible; GPTBot/1.4; +https://openai.com/gptbot)"
74.7.227.149 - - [16/Aug/2026:14:37:21 +0100] "GET /assets/images/49ef30c52eindex.php?filesrc=//proc/41/net/ip6_flowlabel&path=//proc/41/net HTTP/1.1" 200 1602 "https://www.pash.pem-web.co.uk/assets/images/49ef30c52eindex.php?path=//proc/41/net" "Mozilla/5.0 AppleWebKit/537.36 (KHTML, like Gecko; compatible; GPTBot/1.4; +https://openai.com/gptbot)"
98.82.38.120 - - [16/Aug/2026:14:37:22 +0100] "GET /e2dbb/?zip=L2hvbWUvcGVtd2ViY28vcGFzaC5wZW0td2ViLmNvLnVrL2dyY3N4dWE%3D HTTP/1.1" 200 13582 "-" "Mozilla/5.0 AppleWebKit/537.36 (KHTML, like Gecko; compatible; Amazonbot/0.1; +https://developer.amazon.com/support/amazonbot) Chrome/119.0.6045.214 Safari/537.36"
74.7.241.17 - - [16/Aug/2026:14:37:22 +0100] "GET /e2dbb/?fm=true&path=/proc/17/net/&rights=psched HTTP/1.1" 200 16786 "https://pash.pem-web.co.uk/e2dbb/?fm=true&path=/proc/17/net" "Mozilla/5.0 AppleWebKit/537.36 (KHTML, like Gecko; compatible; GPTBot/1.4; +https://openai.com/gptbot)"
74.7.227.149 - - [16/Aug/2026:14:37:24 +0100] "GET /assets/images/49ef30c52eindex.php?filesrc=//proc/27/net/dev&path=//proc/27/net HTTP/1.1" 200 1990 "https://www.pash.pem-web.co.uk/assets/images/49ef30c52eindex.php?path=//proc/27/net" "Mozilla/5.0 AppleWebKit/537.36 (KHTML, like Gecko; compatible; GPTBot/1.4; +https://openai.com/gptbot)"
74.7.241.17 - - [16/Aug/2026:14:37:24 +0100] "GET /e2dbb/?edit=sockstat&fm=true&path=/proc/47/net/ HTTP/1.1" 200 17685 "https://pash.pem-web.co.uk/e2dbb/?fm=true&path=/proc/47/net" "Mozilla/5.0 AppleWebKit/537.36 (KHTML, like Gecko; compatible; GPTBot/1.4; +https://openai.com/gptbot)"
52.200.58.199 - - [16/Aug/2026:14:37:25 +0100] "GET /e2dbb/?zip=L2hvbWUvcGVtd2ViY28vcGFzaC5wZW0td2ViLmNvLnVrL2tsaHl4dmo%3D HTTP/1.1" 200 13582 "-" "Mozilla/5.0 AppleWebKit/537.36 (KHTML, like Gecko; compatible; Amazonbot/0.1; +https://developer.amazon.com/support/amazonbot) Chrome/119.0.6045.214 Safari/537.36"
74.7.227.149 - - [16/Aug/2026:14:37:26 +0100] "GET /assets/images/49ef30c52eindex.php?filesrc=//proc/41/net/dev&path=//proc/41/net HTTP/1.1" 200 1990 "https://www.pash.pem-web.co.uk/assets/images/49ef30c52eindex.php?path=//proc/41/net" "Mozilla/5.0 AppleWebKit/537.36 (KHTML, like Gecko; compatible; GPTBot/1.4; +https://openai.com/gptbot)"
74.7.241.17 - - [16/Aug/2026:14:37:27 +0100] "GET /e2dbb/?fm=true&path=/proc/53/net/&rights=psched HTTP/1.1" 200 16786 "https://pash.pem-web.co.uk/e2dbb/?fm=true&path=/proc/53/net" "Mozilla/5.0 AppleWebKit/537.36 (KHTML, like Gecko; compatible; GPTBot/1.4; +https://openai.com/gptbot)"
74.7.227.149 - - [16/Aug/2026:14:37:28 +0100] "GET /assets/images/49ef30c52eindex.php?filesrc=//proc/51/net/dev&path=//proc/51/net HTTP/1.1" 200 1990 "https://www.pash.pem-web.co.uk/assets/images/49ef30c52eindex.php?path=//proc/51/net" "Mozilla/5.0 AppleWebKit/537.36 (KHTML, like Gecko; compatible; GPTBot/1.4; +https://openai.com/gptbot)"
74.7.241.17 - - [16/Aug/2026:14:37:29 +0100] "GET /e2dbb/?edit=sockstat&fm=true&path=/proc/17/net/ HTTP/1.1" 200 17684 "https://pash.pem-web.co.uk/e2dbb/?fm=true&path=/proc/17/net" "Mozilla/5.0 AppleWebKit/537.36 (KHTML, like Gecko; compatible; GPTBot/1.4; +https://openai.com/gptbot)"
54.197.114.76 - - [16/Aug/2026:14:37:30 +0100] "GET /e2dbb/?zip=L2hvbWUvcGVtd2ViY28vcGFzaC5wZW0td2ViLmNvLnVrL3ZkcjFsZWE%3D HTTP/1.1" 200 13582 "-" "Mozilla/5.0 AppleWebKit/537.36 (KHTML, like Gecko; compatible; Amazonbot/0.1; +https://developer.amazon.com/support/amazonbot) Chrome/119.0.6045.214 Safari/537.36"
74.7.227.149 - - [16/Aug/2026:14:37:30 +0100] "GET /assets/images/49ef30c52eindex.php?path=//proc/41/net/netfilter HTTP/1.1" 200 2552 "https://www.pash.pem-web.co.uk/assets/images/49ef30c52eindex.php?path=//proc/41/net" "Mozilla/5.0 AppleWebKit/537.36 (KHTML, like Gecko; compatible; GPTBot/1.4; +https://openai.com/gptbot)"
74.7.241.17 - - [16/Aug/2026:14:37:32 +0100] "GET /e2dbb/?fm=true&path=/proc/39/net/&rights=psched HTTP/1.1" 200 16786 "https://pash.pem-web.co.uk/e2dbb/?fm=true&path=/proc/39/net" "Mozilla/5.0 AppleWebKit/537.36 (KHTML, like Gecko; compatible; GPTBot/1.4; +https://openai.com/gptbot)"
74.7.227.149 - - [16/Aug/2026:14:37:33 +0100] "GET /assets/images/49ef30c52eindex.php?path=//proc/51/net/netfilter HTTP/1.1" 200 2552 "https://www.pash.pem-web.co.uk/assets/images/49ef30c52eindex.php?path=//proc/51/net" "Mozilla/5.0 AppleWebKit/537.36 (KHTML, like Gecko; compatible; GPTBot/1.4; +https://openai.com/gptbot)"
52.71.203.206 - - [16/Aug/2026:14:37:33 +0100] "GET /e2dbb/?fm=true&path=/home/pemwebco/pash.pem-web.co.uk/&rename=vzwpduf HTTP/1.1" 200 16858 "-" "Mozilla/5.0 AppleWebKit/537.36 (KHTML, like Gecko; compatible; Amazonbot/0.1; +https://developer.amazon.com/support/amazonbot) Chrome/119.0.6045.214 Safari/537.36"
74.7.241.17 - - [16/Aug/2026:14:37:34 +0100] "GET /e2dbb/?fm=true&path=/proc/49/net/&rights=ptype HTTP/1.1" 200 16784 "https://pash.pem-web.co.uk/e2dbb/?fm=true&path=/proc/49/net" "Mozilla/5.0 AppleWebKit/537.36 (KHTML, like Gecko; compatible; GPTBot/1.4; +https://openai.com/gptbot)"
74.7.227.149 - - [16/Aug/2026:14:37:35 +0100] "GET /assets/images/49ef30c52eindex.php?path=//proc/27/net/netfilter HTTP/1.1" 200 2552 "https://www.pash.pem-web.co.uk/assets/images/49ef30c52eindex.php?path=//proc/27/net" "Mozilla/5.0 AppleWebKit/537.36 (KHTML, like Gecko; compatible; GPTBot/1.4; +https://openai.com/gptbot)"
74.7.241.17 - - [16/Aug/2026:14:37:36 +0100] "GET /e2dbb/?fm=true&path=/proc/41/net/&rights=ptype HTTP/1.1" 200 16784 "https://pash.pem-web.co.uk/e2dbb/?fm=true&path=/proc/41/net" "Mozilla/5.0 AppleWebKit/537.36 (KHTML, like Gecko; compatible; GPTBot/1.4; +https://openai.com/gptbot)"
74.7.227.149 - - [16/Aug/2026:14:37:37 +0100] "GET /assets/images/49ef30c52eindex.php?path=//proc/27/net/stat HTTP/1.1" 200 4647 "https://www.pash.pem-web.co.uk/assets/images/49ef30c52eindex.php?path=//proc/27/net" "Mozilla/5.0 AppleWebKit/537.36 (KHTML, like Gecko; compatible; GPTBot/1.4; +https://openai.com/gptbot)"
34.230.124.21 - - [16/Aug/2026:14:37:38 +0100] "GET /e2dbb/?gz=L2hvbWUvcGVtd2ViY28vcGFzaC5wZW0td2ViLmNvLnVrL3ZlbXNsb2Q%3D HTTP/1.1" 200 13582 "-" "Mozilla/5.0 AppleWebKit/537.36 (KHTML, like Gecko; compatible; Amazonbot/0.1; +https://developer.amazon.com/support/amazonbot) Chrome/119.0.6045.214 Safari/537.36"
74.7.241.17 - - [16/Aug/2026:14:37:39 +0100] "GET /e2dbb/?fm=true&path=/proc/17/net/&rights=ptype HTTP/1.1" 200 16784 "https://pash.pem-web.co.uk/e2dbb/?fm=true&path=/proc/17/net" "Mozilla/5.0 AppleWebKit/537.36 (KHTML, like Gecko; compatible; GPTBot/1.4; +https://openai.com/gptbot)"
74.7.227.149 - - [16/Aug/2026:14:37:39 +0100] "GET /assets/images/49ef30c52eindex.php?path=//proc/41/net/stat HTTP/1.1" 200 4647 "https://www.pash.pem-web.co.uk/assets/images/49ef30c52eindex.php?path=//proc/41/net" "Mozilla/5.0 AppleWebKit/537.36 (KHTML, like Gecko; compatible; GPTBot/1.4; +https://openai.com/gptbot)"
74.7.241.17 - - [16/Aug/2026:14:37:41 +0100] "GET /e2dbb/?fm=true&path=/proc/46/net/&rights=ptype HTTP/1.1" 200 16784 "https://pash.pem-web.co.uk/e2dbb/?fm=true&path=/proc/46/net" "Mozilla/5.0 AppleWebKit/537.36 (KHTML, like Gecko; compatible; GPTBot/1.4; +https://openai.com/gptbot)"
74.7.227.149 - - [16/Aug/2026:14:37:42 +0100] "GET /assets/images/49ef30c52eindex.php?path=//proc/51/net/stat HTTP/1.1" 200 4647 "https://www.pash.pem-web.co.uk/assets/images/49ef30c52eindex.php?path=//proc/51/net" "Mozilla/5.0 AppleWebKit/537.36 (KHTML, like Gecko; compatible; GPTBot/1.4; +https://openai.com/gptbot)"
52.4.213.199 - - [16/Aug/2026:14:37:43 +0100] "GET /e2dbb/?zip=L2hvbWUvcGVtd2ViY28vcGFzaC5wZW0td2ViLmNvLnVrL3FuYmhwd2U%3D HTTP/1.1" 200 13582 "-" "Mozilla/5.0 AppleWebKit/537.36 (KHTML, like Gecko; compatible; Amazonbot/0.1; +https://developer.amazon.com/support/amazonbot) Chrome/119.0.6045.214 Safari/537.36"
74.7.241.17 - - [16/Aug/2026:14:37:43 +0100] "GET /e2dbb/?fm=true&path=/proc/41/net/&rights=psched HTTP/1.1" 200 16786 "https://pash.pem-web.co.uk/e2dbb/?fm=true&path=/proc/41/net" "Mozilla/5.0 AppleWebKit/537.36 (KHTML, like Gecko; compatible; GPTBot/1.4; +https://openai.com/gptbot)"
74.7.227.149 - - [16/Aug/2026:14:37:44 +0100] "GET /assets/images/49ef30c52eindex.php?path=//proc/41/net/rpc HTTP/1.1" 200 3121 "https://www.pash.pem-web.co.uk/assets/images/49ef30c52eindex.php?path=//proc/41/net" "Mozilla/5.0 AppleWebKit/537.36 (KHTML, like Gecko; compatible; GPTBot/1.4; +https://openai.com/gptbot)"
74.7.241.17 - - [16/Aug/2026:14:37:46 +0100] "GET /e2dbb/?fm=true&path=/proc/53/net/&rights=ptype HTTP/1.1" 200 16784 "https://pash.pem-web.co.uk/e2dbb/?fm=true&path=/proc/53/net" "Mozilla/5.0 AppleWebKit/537.36 (KHTML, like Gecko; compatible; GPTBot/1.4; +https://openai.com/gptbot)"
74.7.227.149 - - [16/Aug/2026:14:37:46 +0100] "GET /assets/images/49ef30c52eindex.php?path=//proc/27/net/rpc HTTP/1.1" 200 3121 "https://www.pash.pem-web.co.uk/assets/images/49ef30c52eindex.php?path=//proc/27/net" "Mozilla/5.0 AppleWebKit/537.36 (KHTML, like Gecko; compatible; GPTBot/1.4; +https://openai.com/gptbot)"
54.86.59.155 - - [16/Aug/2026:14:37:47 +0100] "GET /e2dbb/?edit=t1doixw.tar.gz&fm=true&path=/home/pemwebco/pash.pem-web.co.uk/e2dbb/ HTTP/1.1" 200 17639 "-" "Mozilla/5.0 AppleWebKit/537.36 (KHTML, like Gecko; compatible; Amazonbot/0.1; +https://developer.amazon.com/support/amazonbot) Chrome/119.0.6045.214 Safari/537.36"
74.7.241.17 - - [16/Aug/2026:14:37:48 +0100] "GET /e2dbb/?edit=sockstat&fm=true&path=/proc/57/net/ HTTP/1.1" 200 17687 "https://pash.pem-web.co.uk/e2dbb/?fm=true&path=/proc/57/net" "Mozilla/5.0 AppleWebKit/537.36 (KHTML, like Gecko; compatible; GPTBot/1.4; +https://openai.com/gptbot)"
74.7.227.149 - - [16/Aug/2026:14:37:49 +0100] "GET /assets/images/49ef30c52eindex.php?path=//proc/51/net/rpc HTTP/1.1" 200 3121 "https://www.pash.pem-web.co.uk/assets/images/49ef30c52eindex.php?path=//proc/51/net" "Mozilla/5.0 AppleWebKit/537.36 (KHTML, like Gecko; compatible; GPTBot/1.4; +https://openai.com/gptbot)"
