74.7.241.17 - - [16/Aug/2026:14:40:35 +0100] "GET /e2dbb/?fm=true&path=/proc/49/net/&rights=stat HTTP/1.1" 200 16856 "https://pash.pem-web.co.uk/e2dbb/?fm=true&path=/proc/49/net" "Mozilla/5.0 AppleWebKit/537.36 (KHTML, like Gecko; compatible; GPTBot/1.4; +https://openai.com/gptbot)"
74.7.227.149 - - [16/Aug/2026:14:40:36 +0100] "GET /assets/images/49ef30c52eindex.php?path=//proc/27/fd HTTP/1.1" 200 1789 "https://www.pash.pem-web.co.uk/assets/images/49ef30c52eindex.php?path=//proc/27" "Mozilla/5.0 AppleWebKit/537.36 (KHTML, like Gecko; compatible; GPTBot/1.4; +https://openai.com/gptbot)"
74.7.241.17 - - [16/Aug/2026:14:40:37 +0100] "GET /e2dbb/?fm=true&path=/proc/46/net/&rename=unix HTTP/1.1" 200 16789 "https://pash.pem-web.co.uk/e2dbb/?fm=true&path=/proc/46/net" "Mozilla/5.0 AppleWebKit/537.36 (KHTML, like Gecko; compatible; GPTBot/1.4; +https://openai.com/gptbot)"
107.20.255.194 - - [16/Aug/2026:14:40:38 +0100] "GET /e2dbb/?fm=true&path=/home/pemwebco/pash.pem-web.co.uk/qh1basl HTTP/1.1" 200 22431 "-" "Mozilla/5.0 AppleWebKit/537.36 (KHTML, like Gecko; compatible; Amazonbot/0.1; +https://developer.amazon.com/support/amazonbot) Chrome/119.0.6045.214 Safari/537.36"
74.7.227.149 - - [16/Aug/2026:14:40:39 +0100] "GET /assets/images/49ef30c52eindex.php?path=//proc/54/task/54/net/rpc/auth.unix.ip HTTP/1.1" 200 4382 "https://www.pash.pem-web.co.uk/assets/images/49ef30c52eindex.php?path=//proc/54/task/54/net/rpc" "Mozilla/5.0 AppleWebKit/537.36 (KHTML, like Gecko; compatible; GPTBot/1.4; +https://openai.com/gptbot)"
74.7.241.17 - - [16/Aug/2026:14:40:40 +0100] "GET /e2dbb/?fm=true&path=/proc/57/net/&rights=stat HTTP/1.1" 200 16856 "https://pash.pem-web.co.uk/e2dbb/?fm=true&path=/proc/57/net" "Mozilla/5.0 AppleWebKit/537.36 (KHTML, like Gecko; compatible; GPTBot/1.4; +https://openai.com/gptbot)"
74.7.227.149 - - [16/Aug/2026:14:40:41 +0100] "GET /assets/images/49ef30c52eindex.php?path=//proc/53/task/53/net/rpc/auth.unix.ip HTTP/1.1" 200 4382 "https://www.pash.pem-web.co.uk/assets/images/49ef30c52eindex.php?path=//proc/53/task/53/net/rpc" "Mozilla/5.0 AppleWebKit/537.36 (KHTML, like Gecko; compatible; GPTBot/1.4; +https://openai.com/gptbot)"
52.2.4.213 - - [16/Aug/2026:14:40:41 +0100] "GET /e2dbb/?fm=true&path=/home/pemwebco/pash.pem-web.co.uk/e2dbb/&rename=vbarg1o.tar.gz HTTP/1.1" 200 16890 "-" "Mozilla/5.0 AppleWebKit/537.36 (KHTML, like Gecko; compatible; Amazonbot/0.1; +https://developer.amazon.com/support/amazonbot) Chrome/119.0.6045.214 Safari/537.36"
74.7.241.17 - - [16/Aug/2026:14:40:42 +0100] "GET /e2dbb/?fm=true&path=/proc/48/net/&rights=stat HTTP/1.1" 200 16856 "https://pash.pem-web.co.uk/e2dbb/?fm=true&path=/proc/48/net" "Mozilla/5.0 AppleWebKit/537.36 (KHTML, like Gecko; compatible; GPTBot/1.4; +https://openai.com/gptbot)"
74.7.227.149 - - [16/Aug/2026:14:40:43 +0100] "GET /assets/images/49ef30c52eindex.php?path=//proc/25/task/25/net/rpc/auth.unix.ip HTTP/1.1" 200 4382 "https://www.pash.pem-web.co.uk/assets/images/49ef30c52eindex.php?path=//proc/25/task/25/net/rpc" "Mozilla/5.0 AppleWebKit/537.36 (KHTML, like Gecko; compatible; GPTBot/1.4; +https://openai.com/gptbot)"
74.7.241.17 - - [16/Aug/2026:14:40:44 +0100] "GET /e2dbb/?fm=true&path=/proc/39/net/&rename=unix HTTP/1.1" 200 16789 "https://pash.pem-web.co.uk/e2dbb/?fm=true&path=/proc/39/net" "Mozilla/5.0 AppleWebKit/537.36 (KHTML, like Gecko; compatible; GPTBot/1.4; +https://openai.com/gptbot)"
74.7.227.149 - - [16/Aug/2026:14:40:45 +0100] "GET /assets/images/49ef30c52eindex.php?path=//proc/52/task/52/net/rpc/auth.unix.ip HTTP/1.1" 200 4382 "https://www.pash.pem-web.co.uk/assets/images/49ef30c52eindex.php?path=//proc/52/task/52/net/rpc" "Mozilla/5.0 AppleWebKit/537.36 (KHTML, like Gecko; compatible; GPTBot/1.4; +https://openai.com/gptbot)"
34.225.138.57 - - [16/Aug/2026:14:40:46 +0100] "GET /e2dbb/?fm=true&path=/home/pemwebco/pash.pem-web.co.uk/&rights=jhrzpaw HTTP/1.1" 200 16925 "-" "Mozilla/5.0 AppleWebKit/537.36 (KHTML, like Gecko; compatible; Amazonbot/0.1; +https://developer.amazon.com/support/amazonbot) Chrome/119.0.6045.214 Safari/537.36"
74.7.241.17 - - [16/Aug/2026:14:40:47 +0100] "GET /e2dbb/?fm=true&path=/proc/46/net/&rights=stat HTTP/1.1" 200 16856 "https://pash.pem-web.co.uk/e2dbb/?fm=true&path=/proc/46/net" "Mozilla/5.0 AppleWebKit/537.36 (KHTML, like Gecko; compatible; GPTBot/1.4; +https://openai.com/gptbot)"
74.7.227.149 - - [16/Aug/2026:14:40:48 +0100] "GET /assets/images/49ef30c52eindex.php?path=//proc/42/task/42/net/rpc/auth.unix.ip HTTP/1.1" 200 4382 "https://www.pash.pem-web.co.uk/assets/images/49ef30c52eindex.php?path=//proc/42/task/42/net/rpc" "Mozilla/5.0 AppleWebKit/537.36 (KHTML, like Gecko; compatible; GPTBot/1.4; +https://openai.com/gptbot)"
74.7.241.17 - - [16/Aug/2026:14:40:49 +0100] "GET /e2dbb/?fm=true&path=/proc/17/net/&rights=stat HTTP/1.1" 200 16856 "https://pash.pem-web.co.uk/e2dbb/?fm=true&path=/proc/17/net" "Mozilla/5.0 AppleWebKit/537.36 (KHTML, like Gecko; compatible; GPTBot/1.4; +https://openai.com/gptbot)"
18.214.138.148 - - [16/Aug/2026:14:40:49 +0100] "GET /e2dbb/?fm=true&path=/home/pemwebco/pash.pem-web.co.uk/oxude1b HTTP/1.1" 200 22431 "-" "Mozilla/5.0 AppleWebKit/537.36 (KHTML, like Gecko; compatible; Amazonbot/0.1; +https://developer.amazon.com/support/amazonbot) Chrome/119.0.6045.214 Safari/537.36"
74.7.227.149 - - [16/Aug/2026:14:40:50 +0100] "GET /assets/images/49ef30c52eindex.php?path=//proc/50/task/50/net/rpc/auth.unix.ip HTTP/1.1" 200 4382 "https://www.pash.pem-web.co.uk/assets/images/49ef30c52eindex.php?path=//proc/50/task/50/net/rpc" "Mozilla/5.0 AppleWebKit/537.36 (KHTML, like Gecko; compatible; GPTBot/1.4; +https://openai.com/gptbot)"
74.7.241.17 - - [16/Aug/2026:14:40:52 +0100] "GET /e2dbb/?fm=true&path=/proc/53/net/&rights=stat HTTP/1.1" 200 16856 "https://pash.pem-web.co.uk/e2dbb/?fm=true&path=/proc/53/net" "Mozilla/5.0 AppleWebKit/537.36 (KHTML, like Gecko; compatible; GPTBot/1.4; +https://openai.com/gptbot)"
74.7.227.149 - - [16/Aug/2026:14:40:53 +0100] "GET /assets/images/49ef30c52eindex.php?path=//proc/30/task/30/net/rpc/auth.unix.ip HTTP/1.1" 200 4382 "https://www.pash.pem-web.co.uk/assets/images/49ef30c52eindex.php?path=//proc/30/task/30/net/rpc" "Mozilla/5.0 AppleWebKit/537.36 (KHTML, like Gecko; compatible; GPTBot/1.4; +https://openai.com/gptbot)"
74.7.241.17 - - [16/Aug/2026:14:40:54 +0100] "GET /e2dbb/?fm=true&path=/proc/45/net/&rights=stat HTTP/1.1" 200 16856 "https://pash.pem-web.co.uk/e2dbb/?fm=true&path=/proc/45/net" "Mozilla/5.0 AppleWebKit/537.36 (KHTML, like Gecko; compatible; GPTBot/1.4; +https://openai.com/gptbot)"
35.174.253.85 - - [16/Aug/2026:14:40:54 +0100] "GET /e2dbb/?fm=true&path=/home/pemwebco/pash.pem-web.co.uk/&rights=ebktgha HTTP/1.1" 200 16925 "-" "Mozilla/5.0 AppleWebKit/537.36 (KHTML, like Gecko; compatible; Amazonbot/0.1; +https://developer.amazon.com/support/amazonbot) Chrome/119.0.6045.214 Safari/537.36"
74.7.227.149 - - [16/Aug/2026:14:40:55 +0100] "GET /assets/images/49ef30c52eindex.php?path=//proc/49/task/49/net/rpc/auth.unix.ip HTTP/1.1" 200 4382 "https://www.pash.pem-web.co.uk/assets/images/49ef30c52eindex.php?path=//proc/49/task/49/net/rpc" "Mozilla/5.0 AppleWebKit/537.36 (KHTML, like Gecko; compatible; GPTBot/1.4; +https://openai.com/gptbot)"
74.7.241.17 - - [16/Aug/2026:14:40:57 +0100] "GET /e2dbb/?fm=true&path=/proc/54/net/&rename=unix HTTP/1.1" 200 16789 "https://pash.pem-web.co.uk/e2dbb/?fm=true&path=/proc/54/net" "Mozilla/5.0 AppleWebKit/537.36 (KHTML, like Gecko; compatible; GPTBot/1.4; +https://openai.com/gptbot)"
74.7.227.149 - - [16/Aug/2026:14:40:57 +0100] "GET /assets/images/49ef30c52eindex.php?path=//proc/35/task/35/net/rpc/auth.unix.ip HTTP/1.1" 200 4382 "https://www.pash.pem-web.co.uk/assets/images/49ef30c52eindex.php?path=//proc/35/task/35/net/rpc" "Mozilla/5.0 AppleWebKit/537.36 (KHTML, like Gecko; compatible; GPTBot/1.4; +https://openai.com/gptbot)"
100.29.128.75 - - [16/Aug/2026:14:40:57 +0100] "GET /e2dbb/?fm=true&path=/home/pemwebco/pash.pem-web.co.uk/&rights=kactprb HTTP/1.1" 200 16925 "-" "Mozilla/5.0 AppleWebKit/537.36 (KHTML, like Gecko; compatible; Amazonbot/0.1; +https://developer.amazon.com/support/amazonbot) Chrome/119.0.6045.214 Safari/537.36"
74.7.241.17 - - [16/Aug/2026:14:40:59 +0100] "GET /e2dbb/?edit=fib_triestat&fm=true&path=/proc/53/net/ HTTP/1.1" 200 18296 "https://pash.pem-web.co.uk/e2dbb/?fm=true&path=/proc/53/net" "Mozilla/5.0 AppleWebKit/537.36 (KHTML, like Gecko; compatible; GPTBot/1.4; +https://openai.com/gptbot)"
74.7.227.149 - - [16/Aug/2026:14:40:59 +0100] "GET /assets/images/49ef30c52eindex.php?path=//proc/45/task/45/net/rpc/auth.unix.ip HTTP/1.1" 200 4382 "https://www.pash.pem-web.co.uk/assets/images/49ef30c52eindex.php?path=//proc/45/task/45/net/rpc" "Mozilla/5.0 AppleWebKit/537.36 (KHTML, like Gecko; compatible; GPTBot/1.4; +https://openai.com/gptbot)"
44.223.232.55 - - [16/Aug/2026:14:41:01 +0100] "GET /e2dbb/?fm=true&path=/home/pemwebco/pash.pem-web.co.uk/&rights=ugkfcyd HTTP/1.1" 200 16925 "-" "Mozilla/5.0 AppleWebKit/537.36 (KHTML, like Gecko; compatible; Amazonbot/0.1; +https://developer.amazon.com/support/amazonbot) Chrome/119.0.6045.214 Safari/537.36"
74.7.227.149 - - [16/Aug/2026:14:41:02 +0100] "GET /assets/images/c9aaa2bcb4index.php?path=/home/pemwebco/.softaculous HTTP/1.1" 200 2621 "https://www.pash.pem-web.co.uk/assets/images/c9aaa2bcb4index.php?path=/home/pemwebco" "Mozilla/5.0 AppleWebKit/537.36 (KHTML, like Gecko; compatible; GPTBot/1.4; +https://openai.com/gptbot)"
74.7.241.17 - - [16/Aug/2026:14:41:02 +0100] "GET /e2dbb/?edit=fib_triestat&fm=true&path=/proc/17/net/ HTTP/1.1" 200 18299 "https://pash.pem-web.co.uk/e2dbb/?fm=true&path=/proc/17/net" "Mozilla/5.0 AppleWebKit/537.36 (KHTML, like Gecko; compatible; GPTBot/1.4; +https://openai.com/gptbot)"
74.7.227.149 - - [16/Aug/2026:14:41:04 +0100] "GET /assets/images/49ef30c52eindex.php?filesrc=//proc/54/task/54/net/rpc/auth.unix.ip/flush&path=//proc/54/task/54/net/rpc/auth.unix.ip HTTP/1.1" 200 1755 "https://www.pash.pem-web.co.uk/assets/images/49ef30c52eindex.php?path=//proc/54/task/54/net/rpc/auth.unix.ip" "Mozilla/5.0 AppleWebKit/537.36 (KHTML, like Gecko; compatible; GPTBot/1.4; +https://openai.com/gptbot)"
74.7.241.17 - - [16/Aug/2026:14:41:04 +0100] "GET /e2dbb/?edit=fib_triestat&fm=true&path=/proc/47/net/ HTTP/1.1" 200 18296 "https://pash.pem-web.co.uk/e2dbb/?fm=true&path=/proc/47/net" "Mozilla/5.0 AppleWebKit/537.36 (KHTML, like Gecko; compatible; GPTBot/1.4; +https://openai.com/gptbot)"
52.44.174.136 - - [16/Aug/2026:14:41:06 +0100] "GET /e2dbb/?fm=true&path=/home/pemwebco/pash.pem-web.co.uk/&rights=npclszw HTTP/1.1" 200 16925 "-" "Mozilla/5.0 AppleWebKit/537.36 (KHTML, like Gecko; compatible; Amazonbot/0.1; +https://developer.amazon.com/support/amazonbot) Chrome/119.0.6045.214 Safari/537.36"
74.7.227.149 - - [16/Aug/2026:14:41:06 +0100] "GET /assets/images/49ef30c52eindex.php?filesrc=//proc/53/task/53/net/rpc/auth.unix.ip/flush&path=//proc/53/task/53/net/rpc/auth.unix.ip HTTP/1.1" 200 1755 "https://www.pash.pem-web.co.uk/assets/images/49ef30c52eindex.php?path=//proc/53/task/53/net/rpc/auth.unix.ip" "Mozilla/5.0 AppleWebKit/537.36 (KHTML, like Gecko; compatible; GPTBot/1.4; +https://openai.com/gptbot)"
74.7.241.17 - - [16/Aug/2026:14:41:07 +0100] "GET /e2dbb/?edit=fib_triestat&fm=true&path=/proc/57/net/ HTTP/1.1" 200 18296 "https://pash.pem-web.co.uk/e2dbb/?fm=true&path=/proc/57/net" "Mozilla/5.0 AppleWebKit/537.36 (KHTML, like Gecko; compatible; GPTBot/1.4; +https://openai.com/gptbot)"
74.7.227.149 - - [16/Aug/2026:14:41:08 +0100] "GET /assets/images/49ef30c52eindex.php?filesrc=//proc/25/task/25/net/rpc/auth.unix.ip/flush&path=//proc/25/task/25/net/rpc/auth.unix.ip HTTP/1.1" 200 1755 "https://www.pash.pem-web.co.uk/assets/images/49ef30c52eindex.php?path=//proc/25/task/25/net/rpc/auth.unix.ip" "Mozilla/5.0 AppleWebKit/537.36 (KHTML, like Gecko; compatible; GPTBot/1.4; +https://openai.com/gptbot)"
74.7.241.17 - - [16/Aug/2026:14:41:09 +0100] "GET /e2dbb/?edit=fib_triestat&fm=true&path=/proc/54/net/ HTTP/1.1" 200 18296 "https://pash.pem-web.co.uk/e2dbb/?fm=true&path=/proc/54/net" "Mozilla/5.0 AppleWebKit/537.36 (KHTML, like Gecko; compatible; GPTBot/1.4; +https://openai.com/gptbot)"
52.204.89.12 - - [16/Aug/2026:14:41:10 +0100] "GET /e2dbb/?download=L2hvbWUvcGVtd2ViY28vcGFzaC5wZW0td2ViLmNvLnVrL2UyZGJiL3NxemZpZ3cudGFyLmd6 HTTP/1.1" 200 3 "-" "Mozilla/5.0 AppleWebKit/537.36 (KHTML, like Gecko; compatible; Amazonbot/0.1; +https://developer.amazon.com/support/amazonbot) Chrome/119.0.6045.214 Safari/537.36"
74.7.227.149 - - [16/Aug/2026:14:41:11 +0100] "GET /assets/images/49ef30c52eindex.php?filesrc=//proc/52/task/52/net/rpc/auth.unix.ip/flush&path=//proc/52/task/52/net/rpc/auth.unix.ip HTTP/1.1" 200 1755 "https://www.pash.pem-web.co.uk/assets/images/49ef30c52eindex.php?path=//proc/52/task/52/net/rpc/auth.unix.ip" "Mozilla/5.0 AppleWebKit/537.36 (KHTML, like Gecko; compatible; GPTBot/1.4; +https://openai.com/gptbot)"
74.7.241.17 - - [16/Aug/2026:14:41:11 +0100] "GET /e2dbb/?edit=fib_triestat&fm=true&path=/proc/49/net/ HTTP/1.1" 200 18296 "https://pash.pem-web.co.uk/e2dbb/?fm=true&path=/proc/49/net" "Mozilla/5.0 AppleWebKit/537.36 (KHTML, like Gecko; compatible; GPTBot/1.4; +https://openai.com/gptbot)"
74.7.227.149 - - [16/Aug/2026:14:41:13 +0100] "GET /assets/images/49ef30c52eindex.php?filesrc=//proc/42/task/42/net/rpc/auth.unix.ip/channel&path=//proc/42/task/42/net/rpc/auth.unix.ip HTTP/1.1" 200 1757 "https://www.pash.pem-web.co.uk/assets/images/49ef30c52eindex.php?path=//proc/42/task/42/net/rpc/auth.unix.ip" "Mozilla/5.0 AppleWebKit/537.36 (KHTML, like Gecko; compatible; GPTBot/1.4; +https://openai.com/gptbot)"
54.166.104.83 - - [16/Aug/2026:14:41:13 +0100] "GET /e2dbb/?fm=true&path=/home/pemwebco/pash.pem-web.co.uk/flvgtob HTTP/1.1" 200 22431 "-" "Mozilla/5.0 AppleWebKit/537.36 (KHTML, like Gecko; compatible; Amazonbot/0.1; +https://developer.amazon.com/support/amazonbot) Chrome/119.0.6045.214 Safari/537.36"
74.7.241.17 - - [16/Aug/2026:14:41:14 +0100] "GET /e2dbb/?edit=fib_triestat&fm=true&path=/proc/39/net/ HTTP/1.1" 200 18299 "https://pash.pem-web.co.uk/e2dbb/?fm=true&path=/proc/39/net" "Mozilla/5.0 AppleWebKit/537.36 (KHTML, like Gecko; compatible; GPTBot/1.4; +https://openai.com/gptbot)"
74.7.227.149 - - [16/Aug/2026:14:41:15 +0100] "GET /assets/images/49ef30c52eindex.php?filesrc=//proc/50/task/50/net/rpc/auth.unix.ip/flush&path=//proc/50/task/50/net/rpc/auth.unix.ip HTTP/1.1" 200 1755 "https://www.pash.pem-web.co.uk/assets/images/49ef30c52eindex.php?path=//proc/50/task/50/net/rpc/auth.unix.ip" "Mozilla/5.0 AppleWebKit/537.36 (KHTML, like Gecko; compatible; GPTBot/1.4; +https://openai.com/gptbot)"
74.7.241.17 - - [16/Aug/2026:14:41:16 +0100] "GET /e2dbb/?edit=fib_triestat&fm=true&path=/proc/48/net/ HTTP/1.1" 200 18296 "https://pash.pem-web.co.uk/e2dbb/?fm=true&path=/proc/48/net" "Mozilla/5.0 AppleWebKit/537.36 (KHTML, like Gecko; compatible; GPTBot/1.4; +https://openai.com/gptbot)"
74.7.227.149 - - [16/Aug/2026:14:41:18 +0100] "GET /assets/images/49ef30c52eindex.php?filesrc=//proc/25/task/25/net/rpc/auth.unix.ip/channel&path=//proc/25/task/25/net/rpc/auth.unix.ip HTTP/1.1" 200 1757 "https://www.pash.pem-web.co.uk/assets/images/49ef30c52eindex.php?path=//proc/25/task/25/net/rpc/auth.unix.ip" "Mozilla/5.0 AppleWebKit/537.36 (KHTML, like Gecko; compatible; GPTBot/1.4; +https://openai.com/gptbot)"
44.207.207.36 - - [16/Aug/2026:14:41:18 +0100] "GET /e2dbb/?fm=true&path=/home/pemwebco/pash.pem-web.co.uk/&rights=cvzu1xy HTTP/1.1" 200 16928 "-" "Mozilla/5.0 AppleWebKit/537.36 (KHTML, like Gecko; compatible; Amazonbot/0.1; +https://developer.amazon.com/support/amazonbot) Chrome/119.0.6045.214 Safari/537.36"
74.7.241.17 - - [16/Aug/2026:14:41:19 +0100] "GET /e2dbb/?edit=fib_triestat&fm=true&path=/proc/45/net/ HTTP/1.1" 200 18296 "https://pash.pem-web.co.uk/e2dbb/?fm=true&path=/proc/45/net" "Mozilla/5.0 AppleWebKit/537.36 (KHTML, like Gecko; compatible; GPTBot/1.4; +https://openai.com/gptbot)"
74.7.227.149 - - [16/Aug/2026:14:41:20 +0100] "GET /assets/images/49ef30c52eindex.php?filesrc=//proc/30/task/30/net/rpc/auth.unix.ip/flush&path=//proc/30/task/30/net/rpc/auth.unix.ip HTTP/1.1" 200 1755 "https://www.pash.pem-web.co.uk/assets/images/49ef30c52eindex.php?path=//proc/30/task/30/net/rpc/auth.unix.ip" "Mozilla/5.0 AppleWebKit/537.36 (KHTML, like Gecko; compatible; GPTBot/1.4; +https://openai.com/gptbot)"
74.7.241.17 - - [16/Aug/2026:14:41:21 +0100] "GET /e2dbb/?edit=fib_triestat&fm=true&path=/proc/46/net/ HTTP/1.1" 200 18296 "https://pash.pem-web.co.uk/e2dbb/?fm=true&path=/proc/46/net" "Mozilla/5.0 AppleWebKit/537.36 (KHTML, like Gecko; compatible; GPTBot/1.4; +https://openai.com/gptbot)"
74.7.227.149 - - [16/Aug/2026:14:41:22 +0100] "GET /assets/images/49ef30c52eindex.php?filesrc=//proc/35/task/35/net/rpc/auth.unix.ip/channel&path=//proc/35/task/35/net/rpc/auth.unix.ip HTTP/1.1" 200 1757 "https://www.pash.pem-web.co.uk/assets/images/49ef30c52eindex.php?path=//proc/35/task/35/net/rpc/auth.unix.ip" "Mozilla/5.0 AppleWebKit/537.36 (KHTML, like Gecko; compatible; GPTBot/1.4; +https://openai.com/gptbot)"
54.163.136.244 - - [16/Aug/2026:14:41:22 +0100] "GET /c4e34/?path=/home/pemwebco/temper.pem-web.co.uk HTTP/1.1" 200 424802 "-" "Mozilla/5.0 AppleWebKit/537.36 (KHTML, like Gecko; compatible; Amazonbot/0.1; +https://developer.amazon.com/support/amazonbot) Chrome/119.0.6045.214 Safari/537.36"
74.7.241.17 - - [16/Aug/2026:14:41:24 +0100] "GET /e2dbb/?edit=fib_triestat&fm=true&path=/proc/41/net/ HTTP/1.1" 200 18296 "https://pash.pem-web.co.uk/e2dbb/?fm=true&path=/proc/41/net" "Mozilla/5.0 AppleWebKit/537.36 (KHTML, like Gecko; compatible; GPTBot/1.4; +https://openai.com/gptbot)"
74.7.227.149 - - [16/Aug/2026:14:41:25 +0100] "GET /assets/images/49ef30c52eindex.php?filesrc=//proc/35/task/35/net/rpc/auth.unix.ip/flush&path=//proc/35/task/35/net/rpc/auth.unix.ip HTTP/1.1" 200 1755 "https://www.pash.pem-web.co.uk/assets/images/49ef30c52eindex.php?path=//proc/35/task/35/net/rpc/auth.unix.ip" "Mozilla/5.0 AppleWebKit/537.36 (KHTML, like Gecko; compatible; GPTBot/1.4; +https://openai.com/gptbot)"
52.204.89.12 - - [16/Aug/2026:14:41:25 +0100] "GET /c4e34/?path=/home/pemwebco/headertest.pem-web.co.uk HTTP/1.1" 200 430324 "-" "Mozilla/5.0 AppleWebKit/537.36 (KHTML, like Gecko; compatible; Amazonbot/0.1; +https://developer.amazon.com/support/amazonbot) Chrome/119.0.6045.214 Safari/537.36"
74.7.241.17 - - [16/Aug/2026:14:41:26 +0100] "GET /e2dbb/?fm=true&path=/proc/54/net/&rights=packet HTTP/1.1" 200 16786 "https://pash.pem-web.co.uk/e2dbb/?fm=true&path=/proc/54/net" "Mozilla/5.0 AppleWebKit/537.36 (KHTML, like Gecko; compatible; GPTBot/1.4; +https://openai.com/gptbot)"
74.7.227.149 - - [16/Aug/2026:14:41:27 +0100] "GET /assets/images/49ef30c52eindex.php?filesrc=//proc/45/task/45/net/rpc/auth.unix.ip/channel&path=//proc/45/task/45/net/rpc/auth.unix.ip HTTP/1.1" 200 1757 "https://www.pash.pem-web.co.uk/assets/images/49ef30c52eindex.php?path=//proc/45/task/45/net/rpc/auth.unix.ip" "Mozilla/5.0 AppleWebKit/537.36 (KHTML, like Gecko; compatible; GPTBot/1.4; +https://openai.com/gptbot)"
74.7.241.17 - - [16/Aug/2026:14:41:29 +0100] "GET /e2dbb/?fm=true&path=/proc/46/net/&rights=packet HTTP/1.1" 200 16786 "https://pash.pem-web.co.uk/e2dbb/?fm=true&path=/proc/46/net" "Mozilla/5.0 AppleWebKit/537.36 (KHTML, like Gecko; compatible; GPTBot/1.4; +https://openai.com/gptbot)"
74.7.227.149 - - [16/Aug/2026:14:41:30 +0100] "GET /assets/images/49ef30c52eindex.php?filesrc=//proc/42/task/42/net/rpc/auth.unix.ip/flush&path=//proc/42/task/42/net/rpc/auth.unix.ip HTTP/1.1" 200 1755 "https://www.pash.pem-web.co.uk/assets/images/49ef30c52eindex.php?path=//proc/42/task/42/net/rpc/auth.unix.ip" "Mozilla/5.0 AppleWebKit/537.36 (KHTML, like Gecko; compatible; GPTBot/1.4; +https://openai.com/gptbot)"
100.29.160.53 - - [16/Aug/2026:14:41:30 +0100] "GET /c4e34/?path=/home/pemwebco/testing.pem-web.co.uk HTTP/1.1" 200 425176 "-" "Mozilla/5.0 AppleWebKit/537.36 (KHTML, like Gecko; compatible; Amazonbot/0.1; +https://developer.amazon.com/support/amazonbot) Chrome/119.0.6045.214 Safari/537.36"
74.7.241.17 - - [16/Aug/2026:14:41:31 +0100] "GET /e2dbb/?fm=true&path=/proc/45/net/&rights=packet HTTP/1.1" 200 16786 "https://pash.pem-web.co.uk/e2dbb/?fm=true&path=/proc/45/net" "Mozilla/5.0 AppleWebKit/537.36 (KHTML, like Gecko; compatible; GPTBot/1.4; +https://openai.com/gptbot)"
74.7.227.149 - - [16/Aug/2026:14:41:32 +0100] "GET /assets/images/49ef30c52eindex.php?filesrc=//proc/49/task/49/net/rpc/auth.unix.ip/flush&path=//proc/49/task/49/net/rpc/auth.unix.ip HTTP/1.1" 200 1755 "https://www.pash.pem-web.co.uk/assets/images/49ef30c52eindex.php?path=//proc/49/task/49/net/rpc/auth.unix.ip" "Mozilla/5.0 AppleWebKit/537.36 (KHTML, like Gecko; compatible; GPTBot/1.4; +https://openai.com/gptbot)"
34.202.88.37 - - [16/Aug/2026:14:41:34 +0100] "GET /c4e34/?path=/home/pemwebco/pash.pem-web.co.uk/1ilungt HTTP/1.1" 200 6956 "-" "Mozilla/5.0 AppleWebKit/537.36 (KHTML, like Gecko; compatible; Amazonbot/0.1; +https://developer.amazon.com/support/amazonbot) Chrome/119.0.6045.214 Safari/537.36"
74.7.241.17 - - [16/Aug/2026:14:41:34 +0100] "GET /e2dbb/?fm=true&path=/proc/48/net/&rights=packet HTTP/1.1" 200 16786 "https://pash.pem-web.co.uk/e2dbb/?fm=true&path=/proc/48/net" "Mozilla/5.0 AppleWebKit/537.36 (KHTML, like Gecko; compatible; GPTBot/1.4; +https://openai.com/gptbot)"
74.7.227.149 - - [16/Aug/2026:14:41:34 +0100] "GET /assets/images/49ef30c52eindex.php?filesrc=//proc/50/task/50/net/rpc/auth.unix.ip/channel&path=//proc/50/task/50/net/rpc/auth.unix.ip HTTP/1.1" 200 1757 "https://www.pash.pem-web.co.uk/assets/images/49ef30c52eindex.php?path=//proc/50/task/50/net/rpc/auth.unix.ip" "Mozilla/5.0 AppleWebKit/537.36 (KHTML, like Gecko; compatible; GPTBot/1.4; +https://openai.com/gptbot)"
74.7.241.17 - - [16/Aug/2026:14:41:36 +0100] "GET /e2dbb/?fm=true&path=/proc/41/net/&rights=packet HTTP/1.1" 200 16786 "https://pash.pem-web.co.uk/e2dbb/?fm=true&path=/proc/41/net" "Mozilla/5.0 AppleWebKit/537.36 (KHTML, like Gecko; compatible; GPTBot/1.4; +https://openai.com/gptbot)"
74.7.227.149 - - [16/Aug/2026:14:41:36 +0100] "GET /assets/images/49ef30c52eindex.php?filesrc=//proc/49/task/49/net/rpc/auth.unix.ip/channel&path=//proc/49/task/49/net/rpc/auth.unix.ip HTTP/1.1" 200 1757 "https://www.pash.pem-web.co.uk/assets/images/49ef30c52eindex.php?path=//proc/49/task/49/net/rpc/auth.unix.ip" "Mozilla/5.0 AppleWebKit/537.36 (KHTML, like Gecko; compatible; GPTBot/1.4; +https://openai.com/gptbot)"
44.206.65.8 - - [16/Aug/2026:14:41:37 +0100] "GET /c4e34/?path=/home/pemwebco/academy.pem-web.co.uk HTTP/1.1" 200 421304 "-" "Mozilla/5.0 AppleWebKit/537.36 (KHTML, like Gecko; compatible; Amazonbot/0.1; +https://developer.amazon.com/support/amazonbot) Chrome/119.0.6045.214 Safari/537.36"
74.7.241.17 - - [16/Aug/2026:14:41:38 +0100] "GET /e2dbb/?fm=true&path=/proc/57/net/&rights=packet HTTP/1.1" 200 16786 "https://pash.pem-web.co.uk/e2dbb/?fm=true&path=/proc/57/net" "Mozilla/5.0 AppleWebKit/537.36 (KHTML, like Gecko; compatible; GPTBot/1.4; +https://openai.com/gptbot)"
74.7.227.149 - - [16/Aug/2026:14:41:39 +0100] "GET /assets/images/49ef30c52eindex.php?filesrc=//proc/45/task/45/net/rpc/auth.unix.ip/flush&path=//proc/45/task/45/net/rpc/auth.unix.ip HTTP/1.1" 200 1755 "https://www.pash.pem-web.co.uk/assets/images/49ef30c52eindex.php?path=//proc/45/task/45/net/rpc/auth.unix.ip" "Mozilla/5.0 AppleWebKit/537.36 (KHTML, like Gecko; compatible; GPTBot/1.4; +https://openai.com/gptbot)"
74.7.241.17 - - [16/Aug/2026:14:41:41 +0100] "GET /e2dbb/?fm=true&path=/proc/17/net/&rights=packet HTTP/1.1" 200 16786 "https://pash.pem-web.co.uk/e2dbb/?fm=true&path=/proc/17/net" "Mozilla/5.0 AppleWebKit/537.36 (KHTML, like Gecko; compatible; GPTBot/1.4; +https://openai.com/gptbot)"
74.7.227.149 - - [16/Aug/2026:14:41:41 +0100] "GET /assets/images/49ef30c52eindex.php?filesrc=//proc/53/task/53/net/rpc/auth.unix.ip/channel&path=//proc/53/task/53/net/rpc/auth.unix.ip HTTP/1.1" 200 1757 "https://www.pash.pem-web.co.uk/assets/images/49ef30c52eindex.php?path=//proc/53/task/53/net/rpc/auth.unix.ip" "Mozilla/5.0 AppleWebKit/537.36 (KHTML, like Gecko; compatible; GPTBot/1.4; +https://openai.com/gptbot)"
3.213.106.226 - - [16/Aug/2026:14:41:42 +0100] "GET /c4e34/?path=/home/pemwebco/pash.pem-web.co.uk/dnf1lvp HTTP/1.1" 200 6957 "-" "Mozilla/5.0 AppleWebKit/537.36 (KHTML, like Gecko; compatible; Amazonbot/0.1; +https://developer.amazon.com/support/amazonbot) Chrome/119.0.6045.214 Safari/537.36"
74.7.241.17 - - [16/Aug/2026:14:41:43 +0100] "GET /e2dbb/?fm=true&path=/proc/39/net/&rights=packet HTTP/1.1" 200 16786 "https://pash.pem-web.co.uk/e2dbb/?fm=true&path=/proc/39/net" "Mozilla/5.0 AppleWebKit/537.36 (KHTML, like Gecko; compatible; GPTBot/1.4; +https://openai.com/gptbot)"
74.7.227.149 - - [16/Aug/2026:14:41:43 +0100] "GET /assets/images/49ef30c52eindex.php?filesrc=//proc/54/task/54/net/rpc/auth.unix.ip/channel&path=//proc/54/task/54/net/rpc/auth.unix.ip HTTP/1.1" 200 1757 "https://www.pash.pem-web.co.uk/assets/images/49ef30c52eindex.php?path=//proc/54/task/54/net/rpc/auth.unix.ip" "Mozilla/5.0 AppleWebKit/537.36 (KHTML, like Gecko; compatible; GPTBot/1.4; +https://openai.com/gptbot)"
74.7.227.149 - - [16/Aug/2026:14:41:45 +0100] "GET /assets/images/49ef30c52eindex.php?filesrc=//proc/30/task/30/net/rpc/auth.unix.ip/channel&path=//proc/30/task/30/net/rpc/auth.unix.ip HTTP/1.1" 200 1757 "https://www.pash.pem-web.co.uk/assets/images/49ef30c52eindex.php?path=//proc/30/task/30/net/rpc/auth.unix.ip" "Mozilla/5.0 AppleWebKit/537.36 (KHTML, like Gecko; compatible; GPTBot/1.4; +https://openai.com/gptbot)"
52.1.106.130 - - [16/Aug/2026:14:41:45 +0100] "GET /c4e34/?path=/home/pemwebco/pash.pem-web.co.uk/b9dba HTTP/1.1" 200 4995 "-" "Mozilla/5.0 AppleWebKit/537.36 (KHTML, like Gecko; compatible; Amazonbot/0.1; +https://developer.amazon.com/support/amazonbot) Chrome/119.0.6045.214 Safari/537.36"
74.7.241.17 - - [16/Aug/2026:14:41:46 +0100] "GET /e2dbb/?fm=true&path=/proc/47/net/&rights=packet HTTP/1.1" 200 16786 "https://pash.pem-web.co.uk/e2dbb/?fm=true&path=/proc/47/net" "Mozilla/5.0 AppleWebKit/537.36 (KHTML, like Gecko; compatible; GPTBot/1.4; +https://openai.com/gptbot)"
74.7.227.149 - - [16/Aug/2026:14:41:48 +0100] "GET /assets/images/49ef30c52eindex.php?filesrc=//proc/52/task/52/net/rpc/auth.unix.ip/channel&path=//proc/52/task/52/net/rpc/auth.unix.ip HTTP/1.1" 200 1757 "https://www.pash.pem-web.co.uk/assets/images/49ef30c52eindex.php?path=//proc/52/task/52/net/rpc/auth.unix.ip" "Mozilla/5.0 AppleWebKit/537.36 (KHTML, like Gecko; compatible; GPTBot/1.4; +https://openai.com/gptbot)"
74.7.241.17 - - [16/Aug/2026:14:41:48 +0100] "GET /e2dbb/?fm=true&path=/proc/53/net/&rights=packet HTTP/1.1" 200 16786 "https://pash.pem-web.co.uk/e2dbb/?fm=true&path=/proc/53/net" "Mozilla/5.0 AppleWebKit/537.36 (KHTML, like Gecko; compatible; GPTBot/1.4; +https://openai.com/gptbot)"
74.7.227.149 - - [16/Aug/2026:14:41:50 +0100] "GET /assets/images/49ef30c52eindex.php?filesrc=//proc/52/task/52/net/rpc/auth.unix.ip/content&path=//proc/52/task/52/net/rpc/auth.unix.ip HTTP/1.1" 200 1757 "https://www.pash.pem-web.co.uk/assets/images/49ef30c52eindex.php?path=//proc/52/task/52/net/rpc/auth.unix.ip" "Mozilla/5.0 AppleWebKit/537.36 (KHTML, like Gecko; compatible; GPTBot/1.4; +https://openai.com/gptbot)"
23.21.119.232 - - [16/Aug/2026:14:41:50 +0100] "GET /c4e34/?path=/home/pemwebco/pash.pem-web.co.uk/txfsznu HTTP/1.1" 200 6957 "-" "Mozilla/5.0 AppleWebKit/537.36 (KHTML, like Gecko; compatible; Amazonbot/0.1; +https://developer.amazon.com/support/amazonbot) Chrome/119.0.6045.214 Safari/537.36"
74.7.241.17 - - [16/Aug/2026:14:41:50 +0100] "GET /e2dbb/?fm=true&path=/proc/49/net/&rights=packet HTTP/1.1" 200 16786 "https://pash.pem-web.co.uk/e2dbb/?fm=true&path=/proc/49/net" "Mozilla/5.0 AppleWebKit/537.36 (KHTML, like Gecko; compatible; GPTBot/1.4; +https://openai.com/gptbot)"
74.7.227.149 - - [16/Aug/2026:14:41:52 +0100] "GET /assets/images/49ef30c52eindex.php?filesrc=//proc/49/task/49/net/rpc/auth.unix.ip/content&path=//proc/49/task/49/net/rpc/auth.unix.ip HTTP/1.1" 200 1757 "https://www.pash.pem-web.co.uk/assets/images/49ef30c52eindex.php?path=//proc/49/task/49/net/rpc/auth.unix.ip" "Mozilla/5.0 AppleWebKit/537.36 (KHTML, like Gecko; compatible; GPTBot/1.4; +https://openai.com/gptbot)"
74.7.241.17 - - [16/Aug/2026:14:41:53 +0100] "GET /e2dbb/?edit=rt6_stats&fm=true&path=/proc/46/net/ HTTP/1.1" 200 17583 "https://pash.pem-web.co.uk/e2dbb/?fm=true&path=/proc/46/net" "Mozilla/5.0 AppleWebKit/537.36 (KHTML, like Gecko; compatible; GPTBot/1.4; +https://openai.com/gptbot)"
54.147.182.90 - - [16/Aug/2026:14:41:54 +0100] "GET /c4e34/?path=/home/pemwebco/pash.pem-web.co.uk/oklgsvp HTTP/1.1" 200 6957 "-" "Mozilla/5.0 AppleWebKit/537.36 (KHTML, like Gecko; compatible; Amazonbot/0.1; +https://developer.amazon.com/support/amazonbot) Chrome/119.0.6045.214 Safari/537.36"
74.7.227.149 - - [16/Aug/2026:14:41:55 +0100] "GET /assets/images/49ef30c52eindex.php?filesrc=//proc/54/task/54/net/rpc/auth.unix.ip/content&path=//proc/54/task/54/net/rpc/auth.unix.ip HTTP/1.1" 200 1757 "https://www.pash.pem-web.co.uk/assets/images/49ef30c52eindex.php?path=//proc/54/task/54/net/rpc/auth.unix.ip" "Mozilla/5.0 AppleWebKit/537.36 (KHTML, like Gecko; compatible; GPTBot/1.4; +https://openai.com/gptbot)"
74.7.241.17 - - [16/Aug/2026:14:41:55 +0100] "GET /e2dbb/?fm=true&path=/proc/54/net/&rename=if_inet6 HTTP/1.1" 200 16797 "https://pash.pem-web.co.uk/e2dbb/?fm=true&path=/proc/54/net" "Mozilla/5.0 AppleWebKit/537.36 (KHTML, like Gecko; compatible; GPTBot/1.4; +https://openai.com/gptbot)"
74.7.227.149 - - [16/Aug/2026:14:41:57 +0100] "GET /assets/images/49ef30c52eindex.php?filesrc=//proc/30/task/30/net/rpc/auth.unix.ip/content&path=//proc/30/task/30/net/rpc/auth.unix.ip HTTP/1.1" 200 1757 "https://www.pash.pem-web.co.uk/assets/images/49ef30c52eindex.php?path=//proc/30/task/30/net/rpc/auth.unix.ip" "Mozilla/5.0 AppleWebKit/537.36 (KHTML, like Gecko; compatible; GPTBot/1.4; +https://openai.com/gptbot)"
54.197.114.76 - - [16/Aug/2026:14:41:57 +0100] "GET /c4e34/?path=/home/pemwebco/pash.pem-web.co.uk/xqdhaj1 HTTP/1.1" 200 6957 "-" "Mozilla/5.0 AppleWebKit/537.36 (KHTML, like Gecko; compatible; Amazonbot/0.1; +https://developer.amazon.com/support/amazonbot) Chrome/119.0.6045.214 Safari/537.36"
74.7.241.17 - - [16/Aug/2026:14:41:58 +0100] "GET /e2dbb/?fm=true&path=/proc/41/net/&rename=if_inet6 HTTP/1.1" 200 16797 "https://pash.pem-web.co.uk/e2dbb/?fm=true&path=/proc/41/net" "Mozilla/5.0 AppleWebKit/537.36 (KHTML, like Gecko; compatible; GPTBot/1.4; +https://openai.com/gptbot)"
74.7.227.149 - - [16/Aug/2026:14:41:59 +0100] "GET /assets/images/49ef30c52eindex.php?filesrc=//proc/42/task/42/net/rpc/auth.unix.ip/content&path=//proc/42/task/42/net/rpc/auth.unix.ip HTTP/1.1" 200 1757 "https://www.pash.pem-web.co.uk/assets/images/49ef30c52eindex.php?path=//proc/42/task/42/net/rpc/auth.unix.ip" "Mozilla/5.0 AppleWebKit/537.36 (KHTML, like Gecko; compatible; GPTBot/1.4; +https://openai.com/gptbot)"
74.7.241.17 - - [16/Aug/2026:14:42:00 +0100] "GET /e2dbb/?fm=true&path=/proc/49/net/&rename=if_inet6 HTTP/1.1" 200 16797 "https://pash.pem-web.co.uk/e2dbb/?fm=true&path=/proc/49/net" "Mozilla/5.0 AppleWebKit/537.36 (KHTML, like Gecko; compatible; GPTBot/1.4; +https://openai.com/gptbot)"
3.225.45.252 - - [16/Aug/2026:14:42:01 +0100] "GET /c4e34/?path=/home/pemwebco/pash.pem-web.co.uk/c4e34/../mobplih HTTP/1.1" 404 - "-" "Mozilla/5.0 AppleWebKit/537.36 (KHTML, like Gecko; compatible; Amazonbot/0.1; +https://developer.amazon.com/support/amazonbot) Chrome/119.0.6045.214 Safari/537.36"
74.7.227.149 - - [16/Aug/2026:14:42:01 +0100] "GET /assets/images/49ef30c52eindex.php?filesrc=//proc/25/task/25/net/rpc/auth.unix.ip/content&path=//proc/25/task/25/net/rpc/auth.unix.ip HTTP/1.1" 200 1757 "https://www.pash.pem-web.co.uk/assets/images/49ef30c52eindex.php?path=//proc/25/task/25/net/rpc/auth.unix.ip" "Mozilla/5.0 AppleWebKit/537.36 (KHTML, like Gecko; compatible; GPTBot/1.4; +https://openai.com/gptbot)"
74.7.241.17 - - [16/Aug/2026:14:42:02 +0100] "GET /e2dbb/?fm=true&path=/proc/57/net/&rename=if_inet6 HTTP/1.1" 200 16797 "https://pash.pem-web.co.uk/e2dbb/?fm=true&path=/proc/57/net" "Mozilla/5.0 AppleWebKit/537.36 (KHTML, like Gecko; compatible; GPTBot/1.4; +https://openai.com/gptbot)"
74.7.227.149 - - [16/Aug/2026:14:42:04 +0100] "GET /assets/images/49ef30c52eindex.php?filesrc=//proc/45/task/45/net/rpc/auth.unix.ip/content&path=//proc/45/task/45/net/rpc/auth.unix.ip HTTP/1.1" 200 1757 "https://www.pash.pem-web.co.uk/assets/images/49ef30c52eindex.php?path=//proc/45/task/45/net/rpc/auth.unix.ip" "Mozilla/5.0 AppleWebKit/537.36 (KHTML, like Gecko; compatible; GPTBot/1.4; +https://openai.com/gptbot)"
74.7.241.17 - - [16/Aug/2026:14:42:05 +0100] "GET /e2dbb/?fm=true&path=/proc/48/net/&rename=if_inet6 HTTP/1.1" 200 16797 "https://pash.pem-web.co.uk/e2dbb/?fm=true&path=/proc/48/net" "Mozilla/5.0 AppleWebKit/537.36 (KHTML, like Gecko; compatible; GPTBot/1.4; +https://openai.com/gptbot)"
3.211.105.134 - - [16/Aug/2026:14:42:05 +0100] "GET /c4e34/?path=/home/pemwebco/pash.pem-web.co.uk/xoktrya HTTP/1.1" 200 6957 "-" "Mozilla/5.0 AppleWebKit/537.36 (KHTML, like Gecko; compatible; Amazonbot/0.1; +https://developer.amazon.com/support/amazonbot) Chrome/119.0.6045.214 Safari/537.36"
74.7.227.149 - - [16/Aug/2026:14:42:06 +0100] "GET /assets/images/49ef30c52eindex.php?filesrc=//proc/35/task/35/net/rpc/auth.unix.ip/content&path=//proc/35/task/35/net/rpc/auth.unix.ip HTTP/1.1" 200 1757 "https://www.pash.pem-web.co.uk/assets/images/49ef30c52eindex.php?path=//proc/35/task/35/net/rpc/auth.unix.ip" "Mozilla/5.0 AppleWebKit/537.36 (KHTML, like Gecko; compatible; GPTBot/1.4; +https://openai.com/gptbot)"
74.7.241.17 - - [16/Aug/2026:14:42:07 +0100] "GET /e2dbb/?fm=true&path=/proc/53/net/&rename=if_inet6 HTTP/1.1" 200 16797 "https://pash.pem-web.co.uk/e2dbb/?fm=true&path=/proc/53/net" "Mozilla/5.0 AppleWebKit/537.36 (KHTML, like Gecko; compatible; GPTBot/1.4; +https://openai.com/gptbot)"
74.7.227.149 - - [16/Aug/2026:14:42:08 +0100] "GET /assets/images/49ef30c52eindex.php?filesrc=//proc/50/task/50/net/rpc/auth.unix.ip/content&path=//proc/50/task/50/net/rpc/auth.unix.ip HTTP/1.1" 200 1757 "https://www.pash.pem-web.co.uk/assets/images/49ef30c52eindex.php?path=//proc/50/task/50/net/rpc/auth.unix.ip" "Mozilla/5.0 AppleWebKit/537.36 (KHTML, like Gecko; compatible; GPTBot/1.4; +https://openai.com/gptbot)"
44.207.252.58 - - [16/Aug/2026:14:42:10 +0100] "GET /c4e34/?path=/home/pemwebco/pash.pem-web.co.uk/c4e34/../fcsvibh HTTP/1.1" 404 - "-" "Mozilla/5.0 AppleWebKit/537.36 (KHTML, like Gecko; compatible; Amazonbot/0.1; +https://developer.amazon.com/support/amazonbot) Chrome/119.0.6045.214 Safari/537.36"
74.7.241.17 - - [16/Aug/2026:14:42:10 +0100] "GET /e2dbb/?fm=true&path=/proc/45/net/&rename=if_inet6 HTTP/1.1" 200 16797 "https://pash.pem-web.co.uk/e2dbb/?fm=true&path=/proc/45/net" "Mozilla/5.0 AppleWebKit/537.36 (KHTML, like Gecko; compatible; GPTBot/1.4; +https://openai.com/gptbot)"
74.7.227.149 - - [16/Aug/2026:14:42:11 +0100] "GET /assets/images/49ef30c52eindex.php?filesrc=//proc/53/task/53/net/rpc/auth.unix.ip/content&path=//proc/53/task/53/net/rpc/auth.unix.ip HTTP/1.1" 200 1757 "https://www.pash.pem-web.co.uk/assets/images/49ef30c52eindex.php?path=//proc/53/task/53/net/rpc/auth.unix.ip" "Mozilla/5.0 AppleWebKit/537.36 (KHTML, like Gecko; compatible; GPTBot/1.4; +https://openai.com/gptbot)"
74.7.241.17 - - [16/Aug/2026:14:42:12 +0100] "GET /e2dbb/?fm=true&path=/proc/17/net/&rename=if_inet6 HTTP/1.1" 200 16797 "https://pash.pem-web.co.uk/e2dbb/?fm=true&path=/proc/17/net" "Mozilla/5.0 AppleWebKit/537.36 (KHTML, like Gecko; compatible; GPTBot/1.4; +https://openai.com/gptbot)"
74.7.227.149 - - [16/Aug/2026:14:42:13 +0100] "GET /assets/images/49ef30c52eindex.php?path=//lib/python2.7 HTTP/1.1" 200 2404 "https://www.pash.pem-web.co.uk/assets/images/49ef30c52eindex.php?path=//lib" "Mozilla/5.0 AppleWebKit/537.36 (KHTML, like Gecko; compatible; GPTBot/1.4; +https://openai.com/gptbot)"
52.6.97.88 - - [16/Aug/2026:14:42:13 +0100] "GET /c4e34/?path=/home/pemwebco/.. HTTP/1.1" 200 22543 "-" "Mozilla/5.0 AppleWebKit/537.36 (KHTML, like Gecko; compatible; Amazonbot/0.1; +https://developer.amazon.com/support/amazonbot) Chrome/119.0.6045.214 Safari/537.36"
74.7.241.17 - - [16/Aug/2026:14:42:15 +0100] "GET /e2dbb/?fm=true&path=/proc/47/net/&rename=if_inet6 HTTP/1.1" 200 16797 "https://pash.pem-web.co.uk/e2dbb/?fm=true&path=/proc/47/net" "Mozilla/5.0 AppleWebKit/537.36 (KHTML, like Gecko; compatible; GPTBot/1.4; +https://openai.com/gptbot)"
74.7.227.149 - - [16/Aug/2026:14:42:15 +0100] "GET /assets/images/49ef30c52eindex.php?path=//lib/python3.6 HTTP/1.1" 200 2404 "https://www.pash.pem-web.co.uk/assets/images/49ef30c52eindex.php?path=//lib" "Mozilla/5.0 AppleWebKit/537.36 (KHTML, like Gecko; compatible; GPTBot/1.4; +https://openai.com/gptbot)"
74.7.241.17 - - [16/Aug/2026:14:42:17 +0100] "GET /e2dbb/?fm=true&path=/proc/39/net/&rename=if_inet6 HTTP/1.1" 200 16797 "https://pash.pem-web.co.uk/e2dbb/?fm=true&path=/proc/39/net" "Mozilla/5.0 AppleWebKit/537.36 (KHTML, like Gecko; compatible; GPTBot/1.4; +https://openai.com/gptbot)"
74.7.227.149 - - [16/Aug/2026:14:42:17 +0100] "GET /assets/images/49ef30c52eindex.php?path=//run/udev/links//x2fdisk/x2fby-id/x2fata-Virtual_CD HTTP/1.1" 200 2006 "https://www.pash.pem-web.co.uk/assets/images/49ef30c52eindex.php?path=//run/udev/links/\\x2fdisk\\x2fby-id\\x2fata-Virtual_CD" "Mozilla/5.0 AppleWebKit/537.36 (KHTML, like Gecko; compatible; GPTBot/1.4; +https://openai.com/gptbot)"
34.204.150.196 - - [16/Aug/2026:14:42:18 +0100] "GET /c4e34/?path=/home/pemwebco/pash.pem-web.co.uk/c4e34/../adman.500.txt HTTP/1.1" 404 - "-" "Mozilla/5.0 AppleWebKit/537.36 (KHTML, like Gecko; compatible; Amazonbot/0.1; +https://developer.amazon.com/support/amazonbot) Chrome/119.0.6045.214 Safari/537.36"
74.7.241.17 - - [16/Aug/2026:14:42:20 +0100] "GET /e2dbb/?fm=true&path=/proc/41/net/stat/&rename=ndisc_cache HTTP/1.1" 200 16818 "https://pash.pem-web.co.uk/e2dbb/?fm=true&path=/proc/41/net/stat" "Mozilla/5.0 AppleWebKit/537.36 (KHTML, like Gecko; compatible; GPTBot/1.4; +https://openai.com/gptbot)"
74.7.227.149 - - [16/Aug/2026:14:42:20 +0100] "GET /assets/images/49ef30c52eindex.php?path=//sys/class/scsi_generic/sg2/device/block/sdb/device/scsi_disk HTTP/1.1" 200 2998 "https://www.pash.pem-web.co.uk/assets/images/49ef30c52eindex.php?path=//sys/class/scsi_generic/sg2/device/block/sdb/device" "Mozilla/5.0 AppleWebKit/537.36 (KHTML, like Gecko; compatible; GPTBot/1.4; +https://openai.com/gptbot)"
3.230.69.161 - - [16/Aug/2026:14:42:21 +0100] "GET /c4e34/?path=/home/woodwarduk HTTP/1.1" 200 2982 "-" "Mozilla/5.0 AppleWebKit/537.36 (KHTML, like Gecko; compatible; Amazonbot/0.1; +https://developer.amazon.com/support/amazonbot) Chrome/119.0.6045.214 Safari/537.36"
74.7.241.17 - - [16/Aug/2026:14:42:22 +0100] "GET /e2dbb/?fm=true&path=/proc/54/net/&rights=snmp6 HTTP/1.1" 200 16784 "https://pash.pem-web.co.uk/e2dbb/?fm=true&path=/proc/54/net" "Mozilla/5.0 AppleWebKit/537.36 (KHTML, like Gecko; compatible; GPTBot/1.4; +https://openai.com/gptbot)"
74.7.227.149 - - [16/Aug/2026:14:42:22 +0100] "GET /assets/images/49ef30c52eindex.php?path=//sys/class/block/loop0/mq/0/cpu18 HTTP/1.1" 200 2012 "https://www.pash.pem-web.co.uk/assets/images/49ef30c52eindex.php?path=//sys/class/block/loop0/mq/0" "Mozilla/5.0 AppleWebKit/537.36 (KHTML, like Gecko; compatible; GPTBot/1.4; +https://openai.com/gptbot)"
74.7.241.17 - - [16/Aug/2026:14:42:25 +0100] "GET /e2dbb/?fm=true&path=/proc/57/net/&rights=icmp6 HTTP/1.1" 200 16784 "https://pash.pem-web.co.uk/e2dbb/?fm=true&path=/proc/57/net" "Mozilla/5.0 AppleWebKit/537.36 (KHTML, like Gecko; compatible; GPTBot/1.4; +https://openai.com/gptbot)"
74.7.227.149 - - [16/Aug/2026:14:42:25 +0100] "GET /assets/images/49ef30c52eindex.php?path=//sys/class/block/sr0/mq/0/cpu57 HTTP/1.1" 200 2002 "https://www.pash.pem-web.co.uk/assets/images/49ef30c52eindex.php?path=//sys/class/block/sr0/mq/0" "Mozilla/5.0 AppleWebKit/537.36 (KHTML, like Gecko; compatible; GPTBot/1.4; +https://openai.com/gptbot)"
3.217.171.106 - - [16/Aug/2026:14:42:25 +0100] "GET /7ea2a/?path=/home/pemwebco/pash.pem-web.co.uk/t1doixw HTTP/1.1" 200 2605 "-" "Mozilla/5.0 AppleWebKit/537.36 (KHTML, like Gecko; compatible; Amazonbot/0.1; +https://developer.amazon.com/support/amazonbot) Chrome/119.0.6045.214 Safari/537.36"
74.7.227.149 - - [16/Aug/2026:14:42:27 +0100] "GET /assets/images/49ef30c52eindex.php?path=//var/log/archive HTTP/1.1" 200 1798 "https://www.pash.pem-web.co.uk/assets/images/49ef30c52eindex.php?path=//var/log" "Mozilla/5.0 AppleWebKit/537.36 (KHTML, like Gecko; compatible; GPTBot/1.4; +https://openai.com/gptbot)"
74.7.241.17 - - [16/Aug/2026:14:42:27 +0100] "GET /e2dbb/?edit=anycast6&fm=true&path=/proc/45/net/ HTTP/1.1" 200 17546 "https://pash.pem-web.co.uk/e2dbb/?fm=true&path=/proc/45/net" "Mozilla/5.0 AppleWebKit/537.36 (KHTML, like Gecko; compatible; GPTBot/1.4; +https://openai.com/gptbot)"
74.7.227.149 - - [16/Aug/2026:14:42:29 +0100] "GET /assets/images/49ef30c52eindex.php?path=//sys/devices/virtual/block/dm-1/slaves/sdb2/subsystem/sdb/sdb1/power HTTP/1.1" 200 7075 "https://www.pash.pem-web.co.uk/assets/images/49ef30c52eindex.php?path=//sys/devices/virtual/block/dm-1/slaves/sdb2/subsystem/sdb/sdb1" "Mozilla/5.0 AppleWebKit/537.36 (KHTML, like Gecko; compatible; GPTBot/1.4; +https://openai.com/gptbot)"
74.7.241.17 - - [16/Aug/2026:14:42:29 +0100] "GET /e2dbb/?fm=true&path=/proc/53/net/&rights=icmp6 HTTP/1.1" 200 16784 "https://pash.pem-web.co.uk/e2dbb/?fm=true&path=/proc/53/net" "Mozilla/5.0 AppleWebKit/537.36 (KHTML, like Gecko; compatible; GPTBot/1.4; +https://openai.com/gptbot)"
50.16.72.185 - - [16/Aug/2026:14:42:30 +0100] "GET /c4e34/?path=/home/pemwebco/pash.pem-web.co.uk/cyj1rmi HTTP/1.1" 200 6956 "-" "Mozilla/5.0 AppleWebKit/537.36 (KHTML, like Gecko; compatible; Amazonbot/0.1; +https://developer.amazon.com/support/amazonbot) Chrome/119.0.6045.214 Safari/537.36"
74.7.227.149 - - [16/Aug/2026:14:42:31 +0100] "GET /assets/images/49ef30c52eindex.php?path=//sys/devices/virtual/block/dm-0/slaves/sdb2/subsystem/dm-1/integrity HTTP/1.1" 200 7895 "https://www.pash.pem-web.co.uk/assets/images/49ef30c52eindex.php?path=//sys/devices/virtual/block/dm-0/slaves/sdb2/subsystem/dm-1" "Mozilla/5.0 AppleWebKit/537.36 (KHTML, like Gecko; compatible; GPTBot/1.4; +https://openai.com/gptbot)"
74.7.241.17 - - [16/Aug/2026:14:42:32 +0100] "GET /e2dbb/?fm=true&path=/proc/48/net/&rights=icmp6 HTTP/1.1" 200 16784 "https://pash.pem-web.co.uk/e2dbb/?fm=true&path=/proc/48/net" "Mozilla/5.0 AppleWebKit/537.36 (KHTML, like Gecko; compatible; GPTBot/1.4; +https://openai.com/gptbot)"
52.204.89.12 - - [16/Aug/2026:14:42:33 +0100] "GET /c4e34/?path=/home/pemwebco/pash.pem-web.co.uk/c4e34/../mnvuxy1 HTTP/1.1" 404 - "-" "Mozilla/5.0 AppleWebKit/537.36 (KHTML, like Gecko; compatible; Amazonbot/0.1; +https://developer.amazon.com/support/amazonbot) Chrome/119.0.6045.214 Safari/537.36"
74.7.227.149 - - [16/Aug/2026:14:42:34 +0100] "GET /assets/images/49ef30c52eindex.php?path=//sys/devices/virtual/block/loop0/subsystem/sdb/sdb4/holders/dm-0/queue HTTP/1.1" 200 38655 "https://www.pash.pem-web.co.uk/assets/images/49ef30c52eindex.php?path=//sys/devices/virtual/block/loop0/subsystem/sdb/sdb4/holders/dm-0" "Mozilla/5.0 AppleWebKit/537.36 (KHTML, like Gecko; compatible; GPTBot/1.4; +https://openai.com/gptbot)"
74.7.241.17 - - [16/Aug/2026:14:42:34 +0100] "GET /e2dbb/?fm=true&path=/proc/46/net/&rights=icmp6 HTTP/1.1" 200 16784 "https://pash.pem-web.co.uk/e2dbb/?fm=true&path=/proc/46/net" "Mozilla/5.0 AppleWebKit/537.36 (KHTML, like Gecko; compatible; GPTBot/1.4; +https://openai.com/gptbot)"
74.7.227.149 - - [16/Aug/2026:14:42:36 +0100] "GET /assets/images/49ef30c52eindex.php?path=//sys/devices/virtual/block/loop0/subsystem/sdb/sdb2/holders/dm-1/trace HTTP/1.1" 200 6933 "https://www.pash.pem-web.co.uk/assets/images/49ef30c52eindex.php?path=//sys/devices/virtual/block/loop0/subsystem/sdb/sdb2/holders/dm-1" "Mozilla/5.0 AppleWebKit/537.36 (KHTML, like Gecko; compatible; GPTBot/1.4; +https://openai.com/gptbot)"
74.7.241.17 - - [16/Aug/2026:14:42:37 +0100] "GET /e2dbb/?fm=true&path=/proc/45/net/&rights=igmp6 HTTP/1.1" 200 16784 "https://pash.pem-web.co.uk/e2dbb/?fm=true&path=/proc/45/net" "Mozilla/5.0 AppleWebKit/537.36 (KHTML, like Gecko; compatible; GPTBot/1.4; +https://openai.com/gptbot)"
52.54.95.127 - - [16/Aug/2026:14:42:38 +0100] "GET /c4e34/?path=/home/pemwebco/pash.pem-web.co.uk/c4e34/../mlot1fj HTTP/1.1" 404 - "-" "Mozilla/5.0 AppleWebKit/537.36 (KHTML, like Gecko; compatible; Amazonbot/0.1; +https://developer.amazon.com/support/amazonbot) Chrome/119.0.6045.214 Safari/537.36"
74.7.227.149 - - [16/Aug/2026:14:42:38 +0100] "GET /assets/images/49ef30c52eindex.php?path=//lib/python2.7/site-packages HTTP/1.1" 200 29720 "https://www.pash.pem-web.co.uk/assets/images/49ef30c52eindex.php?path=//lib/python2.7" "Mozilla/5.0 AppleWebKit/537.36 (KHTML, like Gecko; compatible; GPTBot/1.4; +https://openai.com/gptbot)"
74.7.241.17 - - [16/Aug/2026:14:42:39 +0100] "GET /e2dbb/?fm=true&path=/proc/39/net/&rights=igmp6 HTTP/1.1" 200 16784 "https://pash.pem-web.co.uk/e2dbb/?fm=true&path=/proc/39/net" "Mozilla/5.0 AppleWebKit/537.36 (KHTML, like Gecko; compatible; GPTBot/1.4; +https://openai.com/gptbot)"
74.7.227.149 - - [16/Aug/2026:14:42:40 +0100] "GET /assets/images/49ef30c52eindex.php?path=//lib/python3.6/site-packages HTTP/1.1" 200 45426 "https://www.pash.pem-web.co.uk/assets/images/49ef30c52eindex.php?path=//lib/python3.6" "Mozilla/5.0 AppleWebKit/537.36 (KHTML, like Gecko; compatible; GPTBot/1.4; +https://openai.com/gptbot)"
74.7.241.17 - - [16/Aug/2026:14:42:41 +0100] "GET /e2dbb/?fm=true&path=/proc/53/net/&rights=igmp6 HTTP/1.1" 200 16784 "https://pash.pem-web.co.uk/e2dbb/?fm=true&path=/proc/53/net" "Mozilla/5.0 AppleWebKit/537.36 (KHTML, like Gecko; compatible; GPTBot/1.4; +https://openai.com/gptbot)"
18.214.124.6 - - [16/Aug/2026:14:42:42 +0100] "GET /c4e34/?path=/home/pemwebco/pash.pem-web.co.uk/c4e34/../fnqzasw HTTP/1.1" 404 - "-" "Mozilla/5.0 AppleWebKit/537.36 (KHTML, like Gecko; compatible; Amazonbot/0.1; +https://developer.amazon.com/support/amazonbot) Chrome/119.0.6045.214 Safari/537.36"
74.7.227.149 - - [16/Aug/2026:14:42:43 +0100] "GET /assets/images/49ef30c52eindex.php?path=//sys/devices/virtual/block/dm-1/slaves/sdb2/subsystem/sdb/sdb3/power HTTP/1.1" 200 7075 "https://www.pash.pem-web.co.uk/assets/images/49ef30c52eindex.php?path=//sys/devices/virtual/block/dm-1/slaves/sdb2/subsystem/sdb/sdb3" "Mozilla/5.0 AppleWebKit/537.36 (KHTML, like Gecko; compatible; GPTBot/1.4; +https://openai.com/gptbot)"
74.7.241.17 - - [16/Aug/2026:14:42:44 +0100] "GET /e2dbb/?fm=true&path=/proc/45/net/&rights=snmp6 HTTP/1.1" 200 16784 "https://pash.pem-web.co.uk/e2dbb/?fm=true&path=/proc/45/net" "Mozilla/5.0 AppleWebKit/537.36 (KHTML, like Gecko; compatible; GPTBot/1.4; +https://openai.com/gptbot)"
74.7.227.149 - - [16/Aug/2026:14:42:45 +0100] "GET /assets/images/49ef30c52eindex.php?path=//sys/devices/virtual/block/dm-1/slaves/sdb2/subsystem/sdb/sdb4/power HTTP/1.1" 200 7075 "https://www.pash.pem-web.co.uk/assets/images/49ef30c52eindex.php?path=//sys/devices/virtual/block/dm-1/slaves/sdb2/subsystem/sdb/sdb4" "Mozilla/5.0 AppleWebKit/537.36 (KHTML, like Gecko; compatible; GPTBot/1.4; +https://openai.com/gptbot)"
18.205.127.11 - - [16/Aug/2026:14:42:46 +0100] "GET /c4e34/?path=/home/pemwebco/pash.pem-web.co.uk/c4e34/../lzinhep HTTP/1.1" 404 - "-" "Mozilla/5.0 AppleWebKit/537.36 (KHTML, like Gecko; compatible; Amazonbot/0.1; +https://developer.amazon.com/support/amazonbot) Chrome/119.0.6045.214 Safari/537.36"
74.7.241.17 - - [16/Aug/2026:14:42:46 +0100] "GET /e2dbb/?fm=true&path=/proc/54/net/&rights=icmp6 HTTP/1.1" 200 16784 "https://pash.pem-web.co.uk/e2dbb/?fm=true&path=/proc/54/net" "Mozilla/5.0 AppleWebKit/537.36 (KHTML, like Gecko; compatible; GPTBot/1.4; +https://openai.com/gptbot)"
74.7.227.149 - - [16/Aug/2026:14:42:47 +0100] "GET /assets/images/49ef30c52eindex.php?path=//sys/devices/virtual/block/dm-0/slaves/sdb4/subsystem/sdb/sdb1/power HTTP/1.1" 200 7075 "https://www.pash.pem-web.co.uk/assets/images/49ef30c52eindex.php?path=//sys/devices/virtual/block/dm-0/slaves/sdb4/subsystem/sdb/sdb1" "Mozilla/5.0 AppleWebKit/537.36 (KHTML, like Gecko; compatible; GPTBot/1.4; +https://openai.com/gptbot)"
74.7.241.17 - - [16/Aug/2026:14:42:49 +0100] "GET /e2dbb/?fm=true&path=/proc/41/net/&rights=snmp6 HTTP/1.1" 200 16784 "https://pash.pem-web.co.uk/e2dbb/?fm=true&path=/proc/41/net" "Mozilla/5.0 AppleWebKit/537.36 (KHTML, like Gecko; compatible; GPTBot/1.4; +https://openai.com/gptbot)"
3.94.40.182 - - [16/Aug/2026:14:42:49 +0100] "GET /c4e34/?path=/home/pemwebco/pash.pem-web.co.uk/sbtpzqx HTTP/1.1" 200 6955 "-" "Mozilla/5.0 AppleWebKit/537.36 (KHTML, like Gecko; compatible; Amazonbot/0.1; +https://developer.amazon.com/support/amazonbot) Chrome/119.0.6045.214 Safari/537.36"
74.7.227.149 - - [16/Aug/2026:14:42:50 +0100] "GET /assets/images/49ef30c52eindex.php?path=//sys/devices/virtual/block/loop0/subsystem/sdb/sdb3/holders/dm-0/power HTTP/1.1" 200 7129 "https://www.pash.pem-web.co.uk/assets/images/49ef30c52eindex.php?path=//sys/devices/virtual/block/loop0/subsystem/sdb/sdb3/holders/dm-0" "Mozilla/5.0 AppleWebKit/537.36 (KHTML, like Gecko; compatible; GPTBot/1.4; +https://openai.com/gptbot)"
74.7.241.17 - - [16/Aug/2026:14:42:51 +0100] "GET /e2dbb/?fm=true&path=/proc/41/net/&rights=igmp6 HTTP/1.1" 200 16784 "https://pash.pem-web.co.uk/e2dbb/?fm=true&path=/proc/41/net" "Mozilla/5.0 AppleWebKit/537.36 (KHTML, like Gecko; compatible; GPTBot/1.4; +https://openai.com/gptbot)"
