74.7.227.149 - - [16/Aug/2026:13:59:01 +0100] "GET /assets/images/49ef30c52eindex.php?filesrc=//proc/48/net/rpc/auth.unix.ip/content&path=//proc/48/net/rpc/auth.unix.ip HTTP/1.1" 200 1644 "https://www.pash.pem-web.co.uk/assets/images/49ef30c52eindex.php?path=//proc/48/net/rpc/auth.unix.ip" "Mozilla/5.0 AppleWebKit/537.36 (KHTML, like Gecko; compatible; GPTBot/1.4; +https://openai.com/gptbot)"
74.7.241.17 - - [16/Aug/2026:13:59:01 +0100] "GET /e2dbb/?edit=rt_acct&fm=true&path=/proc/16/net/ HTTP/1.1" 200 21640 "https://pash.pem-web.co.uk/e2dbb/?fm=true&path=/proc/16/net" "Mozilla/5.0 AppleWebKit/537.36 (KHTML, like Gecko; compatible; GPTBot/1.4; +https://openai.com/gptbot)"
35.169.102.85 - - [16/Aug/2026:13:59:02 +0100] "GET /e2dbb/?download=L2hvbWUvcGVtd2ViY28vcGFzaC5wZW0td2ViLmNvLnVrL2UyZGJiL3JwaW9nZmQudGFyLmd6 HTTP/1.1" 200 3 "-" "Mozilla/5.0 AppleWebKit/537.36 (KHTML, like Gecko; compatible; Amazonbot/0.1; +https://developer.amazon.com/support/amazonbot) Chrome/119.0.6045.214 Safari/537.36"
74.7.227.149 - - [16/Aug/2026:13:59:03 +0100] "GET /assets/images/49ef30c52eindex.php?filesrc=//proc/38/net/rpc/auth.unix.gid/content&path=//proc/38/net/rpc/auth.unix.gid HTTP/1.1" 200 1647 "https://www.pash.pem-web.co.uk/assets/images/49ef30c52eindex.php?path=//proc/38/net/rpc/auth.unix.gid" "Mozilla/5.0 AppleWebKit/537.36 (KHTML, like Gecko; compatible; GPTBot/1.4; +https://openai.com/gptbot)"
74.7.241.17 - - [16/Aug/2026:13:59:04 +0100] "GET /e2dbb/?edit=rt_acct&fm=true&path=/proc/43/net/ HTTP/1.1" 200 21643 "https://pash.pem-web.co.uk/e2dbb/?fm=true&path=/proc/43/net" "Mozilla/5.0 AppleWebKit/537.36 (KHTML, like Gecko; compatible; GPTBot/1.4; +https://openai.com/gptbot)"
74.7.227.149 - - [16/Aug/2026:13:59:05 +0100] "GET /assets/images/49ef30c52eindex.php?filesrc=//proc/15/net/rpc/auth.unix.ip/content&path=//proc/15/net/rpc/auth.unix.ip HTTP/1.1" 200 1644 "https://www.pash.pem-web.co.uk/assets/images/49ef30c52eindex.php?path=//proc/15/net/rpc/auth.unix.ip" "Mozilla/5.0 AppleWebKit/537.36 (KHTML, like Gecko; compatible; GPTBot/1.4; +https://openai.com/gptbot)"
34.203.111.15 - - [16/Aug/2026:13:59:06 +0100] "GET /e2dbb/?fm=true&path=/home/pemwebco/pash.pem-web.co.uk/&rights=glpkjrq HTTP/1.1" 200 16925 "-" "Mozilla/5.0 AppleWebKit/537.36 (KHTML, like Gecko; compatible; Amazonbot/0.1; +https://developer.amazon.com/support/amazonbot) Chrome/119.0.6045.214 Safari/537.36"
74.7.241.17 - - [16/Aug/2026:13:59:06 +0100] "GET /e2dbb/?edit=rt_acct&fm=true&path=/proc/13/net/ HTTP/1.1" 200 21640 "https://pash.pem-web.co.uk/e2dbb/?fm=true&path=/proc/13/net" "Mozilla/5.0 AppleWebKit/537.36 (KHTML, like Gecko; compatible; GPTBot/1.4; +https://openai.com/gptbot)"
74.7.227.149 - - [16/Aug/2026:13:59:08 +0100] "GET /assets/images/49ef30c52eindex.php?filesrc=//proc/14/net/rpc/auth.unix.gid/content&path=//proc/14/net/rpc/auth.unix.gid HTTP/1.1" 200 1647 "https://www.pash.pem-web.co.uk/assets/images/49ef30c52eindex.php?path=//proc/14/net/rpc/auth.unix.gid" "Mozilla/5.0 AppleWebKit/537.36 (KHTML, like Gecko; compatible; GPTBot/1.4; +https://openai.com/gptbot)"
74.7.241.17 - - [16/Aug/2026:13:59:09 +0100] "GET /e2dbb/?edit=rt_acct&fm=true&path=/proc/10/net/ HTTP/1.1" 200 21640 "https://pash.pem-web.co.uk/e2dbb/?fm=true&path=/proc/10/net" "Mozilla/5.0 AppleWebKit/537.36 (KHTML, like Gecko; compatible; GPTBot/1.4; +https://openai.com/gptbot)"
74.7.227.149 - - [16/Aug/2026:13:59:10 +0100] "GET /assets/images/49ef30c52eindex.php?filesrc=//proc/11/net/rpc/auth.unix.gid/content&path=//proc/11/net/rpc/auth.unix.gid HTTP/1.1" 200 1647 "https://www.pash.pem-web.co.uk/assets/images/49ef30c52eindex.php?path=//proc/11/net/rpc/auth.unix.gid" "Mozilla/5.0 AppleWebKit/537.36 (KHTML, like Gecko; compatible; GPTBot/1.4; +https://openai.com/gptbot)"
74.7.241.17 - - [16/Aug/2026:13:59:11 +0100] "GET /e2dbb/?edit=rt_acct&fm=true&path=/proc/31/net/ HTTP/1.1" 200 21640 "https://pash.pem-web.co.uk/e2dbb/?fm=true&path=/proc/31/net" "Mozilla/5.0 AppleWebKit/537.36 (KHTML, like Gecko; compatible; GPTBot/1.4; +https://openai.com/gptbot)"
74.7.227.149 - - [16/Aug/2026:13:59:12 +0100] "GET /assets/images/49ef30c52eindex.php?filesrc=//proc/18/net/rpc/auth.unix.ip/content&path=//proc/18/net/rpc/auth.unix.ip HTTP/1.1" 200 1644 "https://www.pash.pem-web.co.uk/assets/images/49ef30c52eindex.php?path=//proc/18/net/rpc/auth.unix.ip" "Mozilla/5.0 AppleWebKit/537.36 (KHTML, like Gecko; compatible; GPTBot/1.4; +https://openai.com/gptbot)"
3.94.40.182 - - [16/Aug/2026:13:59:12 +0100] "GET /e2dbb/?fm=true&path=/home/pemwebco/pash.pem-web.co.uk/&rights=oenvtm1 HTTP/1.1" 200 16925 "-" "Mozilla/5.0 AppleWebKit/537.36 (KHTML, like Gecko; compatible; Amazonbot/0.1; +https://developer.amazon.com/support/amazonbot) Chrome/119.0.6045.214 Safari/537.36"
74.7.241.17 - - [16/Aug/2026:13:59:14 +0100] "GET /e2dbb/?edit=lo&fm=true&path=/proc/74/net/dev_snmp6/ HTTP/1.1" 200 19978 "https://pash.pem-web.co.uk/e2dbb/?fm=true&path=/proc/74/net/dev_snmp6" "Mozilla/5.0 AppleWebKit/537.36 (KHTML, like Gecko; compatible; GPTBot/1.4; +https://openai.com/gptbot)"
34.193.2.57 - - [16/Aug/2026:13:59:14 +0100] "GET /e2dbb/?fm=true&path=/home/pemwebco/pash.pem-web.co.uk/puvdoek HTTP/1.1" 200 22428 "-" "Mozilla/5.0 AppleWebKit/537.36 (KHTML, like Gecko; compatible; Amazonbot/0.1; +https://developer.amazon.com/support/amazonbot) Chrome/119.0.6045.214 Safari/537.36"
74.7.227.149 - - [16/Aug/2026:13:59:14 +0100] "GET /assets/images/49ef30c52eindex.php?filesrc=//proc/37/net/rpc/auth.unix.gid/content&path=//proc/37/net/rpc/auth.unix.gid HTTP/1.1" 200 1647 "https://www.pash.pem-web.co.uk/assets/images/49ef30c52eindex.php?path=//proc/37/net/rpc/auth.unix.gid" "Mozilla/5.0 AppleWebKit/537.36 (KHTML, like Gecko; compatible; GPTBot/1.4; +https://openai.com/gptbot)"
74.7.241.17 - - [16/Aug/2026:13:59:16 +0100] "GET /e2dbb/?fm=true&path=/proc/13/net/&rights=ip6_mr_vif HTTP/1.1" 200 16794 "https://pash.pem-web.co.uk/e2dbb/?fm=true&path=/proc/13/net" "Mozilla/5.0 AppleWebKit/537.36 (KHTML, like Gecko; compatible; GPTBot/1.4; +https://openai.com/gptbot)"
74.7.227.149 - - [16/Aug/2026:13:59:17 +0100] "GET /assets/images/49ef30c52eindex.php?filesrc=//proc/19/net/rpc/auth.unix.ip/content&path=//proc/19/net/rpc/auth.unix.ip HTTP/1.1" 200 1644 "https://www.pash.pem-web.co.uk/assets/images/49ef30c52eindex.php?path=//proc/19/net/rpc/auth.unix.ip" "Mozilla/5.0 AppleWebKit/537.36 (KHTML, like Gecko; compatible; GPTBot/1.4; +https://openai.com/gptbot)"
34.236.41.241 - - [16/Aug/2026:13:59:18 +0100] "GET /e2dbb/?fm=true&path=/home/pemwebco/pash.pem-web.co.uk/&rights=hp1dukq HTTP/1.1" 200 16925 "-" "Mozilla/5.0 AppleWebKit/537.36 (KHTML, like Gecko; compatible; Amazonbot/0.1; +https://developer.amazon.com/support/amazonbot) Chrome/119.0.6045.214 Safari/537.36"
74.7.241.17 - - [16/Aug/2026:13:59:19 +0100] "GET /e2dbb/?fm=true&path=/proc/51/net/&rights=ip6_mr_vif HTTP/1.1" 200 16794 "https://pash.pem-web.co.uk/e2dbb/?fm=true&path=/proc/51/net" "Mozilla/5.0 AppleWebKit/537.36 (KHTML, like Gecko; compatible; GPTBot/1.4; +https://openai.com/gptbot)"
74.7.227.149 - - [16/Aug/2026:13:59:19 +0100] "GET /assets/images/49ef30c52eindex.php?filesrc=//proc/21/net/rpc/auth.unix.gid/content&path=//proc/21/net/rpc/auth.unix.gid HTTP/1.1" 200 1647 "https://www.pash.pem-web.co.uk/assets/images/49ef30c52eindex.php?path=//proc/21/net/rpc/auth.unix.gid" "Mozilla/5.0 AppleWebKit/537.36 (KHTML, like Gecko; compatible; GPTBot/1.4; +https://openai.com/gptbot)"
74.7.241.17 - - [16/Aug/2026:13:59:21 +0100] "GET /e2dbb/?edit=lo&fm=true&path=/proc/35/net/dev_snmp6/ HTTP/1.1" 200 19978 "https://pash.pem-web.co.uk/e2dbb/?fm=true&path=/proc/35/net/dev_snmp6" "Mozilla/5.0 AppleWebKit/537.36 (KHTML, like Gecko; compatible; GPTBot/1.4; +https://openai.com/gptbot)"
74.7.227.149 - - [16/Aug/2026:13:59:22 +0100] "GET /assets/images/49ef30c52eindex.php?filesrc=//proc/11/net/rpc/auth.unix.ip/content&path=//proc/11/net/rpc/auth.unix.ip HTTP/1.1" 200 1644 "https://www.pash.pem-web.co.uk/assets/images/49ef30c52eindex.php?path=//proc/11/net/rpc/auth.unix.ip" "Mozilla/5.0 AppleWebKit/537.36 (KHTML, like Gecko; compatible; GPTBot/1.4; +https://openai.com/gptbot)"
44.217.177.142 - - [16/Aug/2026:13:59:22 +0100] "GET /e2dbb/?download=L2hvbWUvcGVtd2ViY28vcGFzaC5wZW0td2ViLmNvLnVrL2UyZGJiL3NidHB6cXgudGFyLmd6 HTTP/1.1" 200 3 "-" "Mozilla/5.0 AppleWebKit/537.36 (KHTML, like Gecko; compatible; Amazonbot/0.1; +https://developer.amazon.com/support/amazonbot) Chrome/119.0.6045.214 Safari/537.36"
74.7.241.17 - - [16/Aug/2026:13:59:24 +0100] "GET /e2dbb/?fm=true&path=/proc/43/net/&rights=ip6_mr_vif HTTP/1.1" 200 16794 "https://pash.pem-web.co.uk/e2dbb/?fm=true&path=/proc/43/net" "Mozilla/5.0 AppleWebKit/537.36 (KHTML, like Gecko; compatible; GPTBot/1.4; +https://openai.com/gptbot)"
74.7.227.149 - - [16/Aug/2026:13:59:24 +0100] "GET /assets/images/49ef30c52eindex.php?filesrc=//proc/18/net/rpc/auth.unix.gid/content&path=//proc/18/net/rpc/auth.unix.gid HTTP/1.1" 200 1647 "https://www.pash.pem-web.co.uk/assets/images/49ef30c52eindex.php?path=//proc/18/net/rpc/auth.unix.gid" "Mozilla/5.0 AppleWebKit/537.36 (KHTML, like Gecko; compatible; GPTBot/1.4; +https://openai.com/gptbot)"
74.7.241.17 - - [16/Aug/2026:13:59:26 +0100] "GET /e2dbb/?edit=lo&fm=true&path=/proc/38/net/dev_snmp6/ HTTP/1.1" 200 19978 "https://pash.pem-web.co.uk/e2dbb/?fm=true&path=/proc/38/net/dev_snmp6" "Mozilla/5.0 AppleWebKit/537.36 (KHTML, like Gecko; compatible; GPTBot/1.4; +https://openai.com/gptbot)"
74.7.227.149 - - [16/Aug/2026:13:59:27 +0100] "GET /assets/images/49ef30c52eindex.php?filesrc=//proc/17/net/rpc/auth.unix.gid/content&path=//proc/17/net/rpc/auth.unix.gid HTTP/1.1" 200 1647 "https://www.pash.pem-web.co.uk/assets/images/49ef30c52eindex.php?path=//proc/17/net/rpc/auth.unix.gid" "Mozilla/5.0 AppleWebKit/537.36 (KHTML, like Gecko; compatible; GPTBot/1.4; +https://openai.com/gptbot)"
100.27.153.9 - - [16/Aug/2026:13:59:27 +0100] "GET /e2dbb/?fm=true&path=/home/pemwebco/pash.pem-web.co.uk/&rights=pjabzhx HTTP/1.1" 200 16925 "-" "Mozilla/5.0 AppleWebKit/537.36 (KHTML, like Gecko; compatible; Amazonbot/0.1; +https://developer.amazon.com/support/amazonbot) Chrome/119.0.6045.214 Safari/537.36"
74.7.241.17 - - [16/Aug/2026:13:59:29 +0100] "GET /e2dbb/?fm=true&path=/proc/19/net/&rights=ip6_mr_vif HTTP/1.1" 200 16794 "https://pash.pem-web.co.uk/e2dbb/?fm=true&path=/proc/19/net" "Mozilla/5.0 AppleWebKit/537.36 (KHTML, like Gecko; compatible; GPTBot/1.4; +https://openai.com/gptbot)"
74.7.227.149 - - [16/Aug/2026:13:59:29 +0100] "GET /assets/images/49ef30c52eindex.php?filesrc=//proc/19/net/rpc/auth.unix.gid/content&path=//proc/19/net/rpc/auth.unix.gid HTTP/1.1" 200 1647 "https://www.pash.pem-web.co.uk/assets/images/49ef30c52eindex.php?path=//proc/19/net/rpc/auth.unix.gid" "Mozilla/5.0 AppleWebKit/537.36 (KHTML, like Gecko; compatible; GPTBot/1.4; +https://openai.com/gptbot)"
54.221.203.24 - - [16/Aug/2026:13:59:30 +0100] "GET /e2dbb/?fm=true&path=/home/pemwebco/pash.pem-web.co.uk/ctmwbli HTTP/1.1" 200 22428 "-" "Mozilla/5.0 AppleWebKit/537.36 (KHTML, like Gecko; compatible; Amazonbot/0.1; +https://developer.amazon.com/support/amazonbot) Chrome/119.0.6045.214 Safari/537.36"
74.7.241.17 - - [16/Aug/2026:13:59:31 +0100] "GET /e2dbb/?edit=lo&fm=true&path=/proc/14/net/dev_snmp6/ HTTP/1.1" 200 19978 "https://pash.pem-web.co.uk/e2dbb/?fm=true&path=/proc/14/net/dev_snmp6" "Mozilla/5.0 AppleWebKit/537.36 (KHTML, like Gecko; compatible; GPTBot/1.4; +https://openai.com/gptbot)"
74.7.227.149 - - [16/Aug/2026:13:59:31 +0100] "GET /assets/images/49ef30c52eindex.php?filesrc=//proc/26/net/rpc/auth.unix.gid/content&path=//proc/26/net/rpc/auth.unix.gid HTTP/1.1" 200 1647 "https://www.pash.pem-web.co.uk/assets/images/49ef30c52eindex.php?path=//proc/26/net/rpc/auth.unix.gid" "Mozilla/5.0 AppleWebKit/537.36 (KHTML, like Gecko; compatible; GPTBot/1.4; +https://openai.com/gptbot)"
74.7.227.149 - - [16/Aug/2026:13:59:33 +0100] "GET /assets/images/49ef30c52eindex.php?filesrc=//proc/48/net/rpc/auth.unix.gid/content&path=//proc/48/net/rpc/auth.unix.gid HTTP/1.1" 200 1647 "https://www.pash.pem-web.co.uk/assets/images/49ef30c52eindex.php?path=//proc/48/net/rpc/auth.unix.gid" "Mozilla/5.0 AppleWebKit/537.36 (KHTML, like Gecko; compatible; GPTBot/1.4; +https://openai.com/gptbot)"
74.7.241.17 - - [16/Aug/2026:13:59:33 +0100] "GET /e2dbb/?edit=lo&fm=true&path=/proc/10/net/dev_snmp6/ HTTP/1.1" 200 19978 "https://pash.pem-web.co.uk/e2dbb/?fm=true&path=/proc/10/net/dev_snmp6" "Mozilla/5.0 AppleWebKit/537.36 (KHTML, like Gecko; compatible; GPTBot/1.4; +https://openai.com/gptbot)"
3.231.193.38 - - [16/Aug/2026:13:59:33 +0100] "GET /e2dbb/?fm=true&path=/home/pemwebco/pash.pem-web.co.uk/enuvats HTTP/1.1" 200 22431 "-" "Mozilla/5.0 AppleWebKit/537.36 (KHTML, like Gecko; compatible; Amazonbot/0.1; +https://developer.amazon.com/support/amazonbot) Chrome/119.0.6045.214 Safari/537.36"
74.7.227.149 - - [16/Aug/2026:13:59:36 +0100] "GET /assets/images/49ef30c52eindex.php?filesrc=//proc/26/net/rpc/auth.unix.ip/content&path=//proc/26/net/rpc/auth.unix.ip HTTP/1.1" 200 1644 "https://www.pash.pem-web.co.uk/assets/images/49ef30c52eindex.php?path=//proc/26/net/rpc/auth.unix.ip" "Mozilla/5.0 AppleWebKit/537.36 (KHTML, like Gecko; compatible; GPTBot/1.4; +https://openai.com/gptbot)"
74.7.241.17 - - [16/Aug/2026:13:59:36 +0100] "GET /e2dbb/?edit=lo&fm=true&path=/proc/51/net/dev_snmp6/ HTTP/1.1" 200 19978 "https://pash.pem-web.co.uk/e2dbb/?fm=true&path=/proc/51/net/dev_snmp6" "Mozilla/5.0 AppleWebKit/537.36 (KHTML, like Gecko; compatible; GPTBot/1.4; +https://openai.com/gptbot)"
74.7.227.149 - - [16/Aug/2026:13:59:38 +0100] "GET /assets/images/49ef30c52eindex.php?filesrc=//proc/38/net/rpc/auth.unix.ip/content&path=//proc/38/net/rpc/auth.unix.ip HTTP/1.1" 200 1644 "https://www.pash.pem-web.co.uk/assets/images/49ef30c52eindex.php?path=//proc/38/net/rpc/auth.unix.ip" "Mozilla/5.0 AppleWebKit/537.36 (KHTML, like Gecko; compatible; GPTBot/1.4; +https://openai.com/gptbot)"
44.212.145.46 - - [16/Aug/2026:13:59:38 +0100] "GET /e2dbb/?fm=true&path=/home/pemwebco/pash.pem-web.co.uk/gnoivjk HTTP/1.1" 200 22428 "-" "Mozilla/5.0 AppleWebKit/537.36 (KHTML, like Gecko; compatible; Amazonbot/0.1; +https://developer.amazon.com/support/amazonbot) Chrome/119.0.6045.214 Safari/537.36"
74.7.241.17 - - [16/Aug/2026:13:59:38 +0100] "GET /e2dbb/?edit=lo&fm=true&path=/proc/43/net/dev_snmp6/ HTTP/1.1" 200 19978 "https://pash.pem-web.co.uk/e2dbb/?fm=true&path=/proc/43/net/dev_snmp6" "Mozilla/5.0 AppleWebKit/537.36 (KHTML, like Gecko; compatible; GPTBot/1.4; +https://openai.com/gptbot)"
74.7.227.149 - - [16/Aug/2026:13:59:40 +0100] "GET /assets/images/49ef30c52eindex.php?filesrc=//proc/37/net/rpc/auth.unix.ip/content&path=//proc/37/net/rpc/auth.unix.ip HTTP/1.1" 200 1644 "https://www.pash.pem-web.co.uk/assets/images/49ef30c52eindex.php?path=//proc/37/net/rpc/auth.unix.ip" "Mozilla/5.0 AppleWebKit/537.36 (KHTML, like Gecko; compatible; GPTBot/1.4; +https://openai.com/gptbot)"
74.7.241.17 - - [16/Aug/2026:13:59:41 +0100] "GET /e2dbb/?fm=true&path=/proc/14/net/&rights=ip6_mr_vif HTTP/1.1" 200 16794 "https://pash.pem-web.co.uk/e2dbb/?fm=true&path=/proc/14/net" "Mozilla/5.0 AppleWebKit/537.36 (KHTML, like Gecko; compatible; GPTBot/1.4; +https://openai.com/gptbot)"
74.7.227.149 - - [16/Aug/2026:13:59:42 +0100] "GET /assets/images/49ef30c52eindex.php?filesrc=//proc/17/net/rpc/auth.unix.ip/content&path=//proc/17/net/rpc/auth.unix.ip HTTP/1.1" 200 1644 "https://www.pash.pem-web.co.uk/assets/images/49ef30c52eindex.php?path=//proc/17/net/rpc/auth.unix.ip" "Mozilla/5.0 AppleWebKit/537.36 (KHTML, like Gecko; compatible; GPTBot/1.4; +https://openai.com/gptbot)"
74.7.241.17 - - [16/Aug/2026:13:59:43 +0100] "GET /e2dbb/?fm=true&path=/proc/10/net/&rights=ip6_mr_vif HTTP/1.1" 200 16794 "https://pash.pem-web.co.uk/e2dbb/?fm=true&path=/proc/10/net" "Mozilla/5.0 AppleWebKit/537.36 (KHTML, like Gecko; compatible; GPTBot/1.4; +https://openai.com/gptbot)"
52.200.251.20 - - [16/Aug/2026:13:59:45 +0100] "GET /e2dbb/?fm=true&path=/home/pemwebco/pash.pem-web.co.uk/&rights=azwjync HTTP/1.1" 200 16925 "-" "Mozilla/5.0 AppleWebKit/537.36 (KHTML, like Gecko; compatible; Amazonbot/0.1; +https://developer.amazon.com/support/amazonbot) Chrome/119.0.6045.214 Safari/537.36"
74.7.227.149 - - [16/Aug/2026:13:59:45 +0100] "GET /assets/images/49ef30c52eindex.php?filesrc=//proc/21/net/rpc/auth.unix.ip/content&path=//proc/21/net/rpc/auth.unix.ip HTTP/1.1" 200 1644 "https://www.pash.pem-web.co.uk/assets/images/49ef30c52eindex.php?path=//proc/21/net/rpc/auth.unix.ip" "Mozilla/5.0 AppleWebKit/537.36 (KHTML, like Gecko; compatible; GPTBot/1.4; +https://openai.com/gptbot)"
74.7.241.17 - - [16/Aug/2026:13:59:45 +0100] "GET /e2dbb/?edit=lo&fm=true&path=/proc/31/net/dev_snmp6/ HTTP/1.1" 200 19978 "https://pash.pem-web.co.uk/e2dbb/?fm=true&path=/proc/31/net/dev_snmp6" "Mozilla/5.0 AppleWebKit/537.36 (KHTML, like Gecko; compatible; GPTBot/1.4; +https://openai.com/gptbot)"
52.44.229.124 - - [16/Aug/2026:13:59:46 +0100] "GET /e2dbb/?fm=true&path=/home/pemwebco/pash.pem-web.co.uk/e2dbb/&rename=wkajtui.tar.gz HTTP/1.1" 200 16893 "-" "Mozilla/5.0 AppleWebKit/537.36 (KHTML, like Gecko; compatible; Amazonbot/0.1; +https://developer.amazon.com/support/amazonbot) Chrome/119.0.6045.214 Safari/537.36"
74.7.227.149 - - [16/Aug/2026:13:59:47 +0100] "GET /assets/images/49ef30c52eindex.php?filesrc=//proc/14/net/rpc/auth.unix.ip/content&path=//proc/14/net/rpc/auth.unix.ip HTTP/1.1" 200 1644 "https://www.pash.pem-web.co.uk/assets/images/49ef30c52eindex.php?path=//proc/14/net/rpc/auth.unix.ip" "Mozilla/5.0 AppleWebKit/537.36 (KHTML, like Gecko; compatible; GPTBot/1.4; +https://openai.com/gptbot)"
74.7.241.17 - - [16/Aug/2026:13:59:48 +0100] "GET /e2dbb/?fm=true&path=/proc/35/net/&rights=ip6_mr_vif HTTP/1.1" 200 16794 "https://pash.pem-web.co.uk/e2dbb/?fm=true&path=/proc/35/net" "Mozilla/5.0 AppleWebKit/537.36 (KHTML, like Gecko; compatible; GPTBot/1.4; +https://openai.com/gptbot)"
74.7.227.149 - - [16/Aug/2026:13:59:49 +0100] "GET /assets/images/49ef30c52eindex.php?filesrc=//proc/15/net/rpc/auth.unix.gid/flush&path=//proc/15/net/rpc/auth.unix.gid HTTP/1.1" 200 1645 "https://www.pash.pem-web.co.uk/assets/images/49ef30c52eindex.php?path=//proc/15/net/rpc/auth.unix.gid" "Mozilla/5.0 AppleWebKit/537.36 (KHTML, like Gecko; compatible; GPTBot/1.4; +https://openai.com/gptbot)"
52.71.203.206 - - [16/Aug/2026:13:59:50 +0100] "GET /e2dbb/?fm=true&path=/home/pemwebco/pash.pem-web.co.uk/ptorcqy HTTP/1.1" 200 22428 "-" "Mozilla/5.0 AppleWebKit/537.36 (KHTML, like Gecko; compatible; Amazonbot/0.1; +https://developer.amazon.com/support/amazonbot) Chrome/119.0.6045.214 Safari/537.36"
74.7.241.17 - - [16/Aug/2026:13:59:50 +0100] "GET /e2dbb/?edit=lo&fm=true&path=/proc/16/net/dev_snmp6/ HTTP/1.1" 200 19978 "https://pash.pem-web.co.uk/e2dbb/?fm=true&path=/proc/16/net/dev_snmp6" "Mozilla/5.0 AppleWebKit/537.36 (KHTML, like Gecko; compatible; GPTBot/1.4; +https://openai.com/gptbot)"
74.7.227.149 - - [16/Aug/2026:13:59:51 +0100] "GET /assets/images/49ef30c52eindex.php?filesrc=//proc/19/net/rpc/auth.unix.gid/flush&path=//proc/19/net/rpc/auth.unix.gid HTTP/1.1" 200 1645 "https://www.pash.pem-web.co.uk/assets/images/49ef30c52eindex.php?path=//proc/19/net/rpc/auth.unix.gid" "Mozilla/5.0 AppleWebKit/537.36 (KHTML, like Gecko; compatible; GPTBot/1.4; +https://openai.com/gptbot)"
74.7.241.17 - - [16/Aug/2026:13:59:52 +0100] "GET /e2dbb/?fm=true&path=/proc/38/net/&rights=ip6_mr_vif HTTP/1.1" 200 16794 "https://pash.pem-web.co.uk/e2dbb/?fm=true&path=/proc/38/net" "Mozilla/5.0 AppleWebKit/537.36 (KHTML, like Gecko; compatible; GPTBot/1.4; +https://openai.com/gptbot)"
3.232.39.98 - - [16/Aug/2026:13:59:54 +0100] "GET /e2dbb/?download=L2hvbWUvcGVtd2ViY28vcGFzaC5wZW0td2ViLmNvLnVrL2UyZGJiL3Zoa3pxdHAudGFyLmd6 HTTP/1.1" 200 3 "-" "Mozilla/5.0 AppleWebKit/537.36 (KHTML, like Gecko; compatible; Amazonbot/0.1; +https://developer.amazon.com/support/amazonbot) Chrome/119.0.6045.214 Safari/537.36"
74.7.227.149 - - [16/Aug/2026:13:59:54 +0100] "GET /assets/images/49ef30c52eindex.php?filesrc=//proc/18/net/rpc/auth.unix.gid/channel&path=//proc/18/net/rpc/auth.unix.gid HTTP/1.1" 200 1647 "https://www.pash.pem-web.co.uk/assets/images/49ef30c52eindex.php?path=//proc/18/net/rpc/auth.unix.gid" "Mozilla/5.0 AppleWebKit/537.36 (KHTML, like Gecko; compatible; GPTBot/1.4; +https://openai.com/gptbot)"
74.7.241.17 - - [16/Aug/2026:13:59:55 +0100] "GET /e2dbb/?edit=lo&fm=true&path=/proc/13/net/dev_snmp6/ HTTP/1.1" 200 19978 "https://pash.pem-web.co.uk/e2dbb/?fm=true&path=/proc/13/net/dev_snmp6" "Mozilla/5.0 AppleWebKit/537.36 (KHTML, like Gecko; compatible; GPTBot/1.4; +https://openai.com/gptbot)"
74.7.227.149 - - [16/Aug/2026:13:59:56 +0100] "GET /assets/images/49ef30c52eindex.php?filesrc=//proc/14/net/rpc/auth.unix.gid/flush&path=//proc/14/net/rpc/auth.unix.gid HTTP/1.1" 200 1645 "https://www.pash.pem-web.co.uk/assets/images/49ef30c52eindex.php?path=//proc/14/net/rpc/auth.unix.gid" "Mozilla/5.0 AppleWebKit/537.36 (KHTML, like Gecko; compatible; GPTBot/1.4; +https://openai.com/gptbot)"
74.7.241.17 - - [16/Aug/2026:13:59:57 +0100] "GET /e2dbb/?fm=true&path=/proc/74/net/&rights=ip6_mr_vif HTTP/1.1" 200 16794 "https://pash.pem-web.co.uk/e2dbb/?fm=true&path=/proc/74/net" "Mozilla/5.0 AppleWebKit/537.36 (KHTML, like Gecko; compatible; GPTBot/1.4; +https://openai.com/gptbot)"
74.7.227.149 - - [16/Aug/2026:13:59:58 +0100] "GET /assets/images/49ef30c52eindex.php?filesrc=//proc/17/net/rpc/auth.unix.gid/flush&path=//proc/17/net/rpc/auth.unix.gid HTTP/1.1" 200 1645 "https://www.pash.pem-web.co.uk/assets/images/49ef30c52eindex.php?path=//proc/17/net/rpc/auth.unix.gid" "Mozilla/5.0 AppleWebKit/537.36 (KHTML, like Gecko; compatible; GPTBot/1.4; +https://openai.com/gptbot)"
34.206.249.188 - - [16/Aug/2026:13:59:58 +0100] "GET /e2dbb/?fm=true&path=/home/pemwebco/pash.pem-web.co.uk/&rights=ilugphn HTTP/1.1" 200 16925 "-" "Mozilla/5.0 AppleWebKit/537.36 (KHTML, like Gecko; compatible; Amazonbot/0.1; +https://developer.amazon.com/support/amazonbot) Chrome/119.0.6045.214 Safari/537.36"
74.7.241.17 - - [16/Aug/2026:14:00:00 +0100] "GET /e2dbb/?fm=true&path=/proc/31/net/&rights=ip6_mr_vif HTTP/1.1" 200 16794 "https://pash.pem-web.co.uk/e2dbb/?fm=true&path=/proc/31/net" "Mozilla/5.0 AppleWebKit/537.36 (KHTML, like Gecko; compatible; GPTBot/1.4; +https://openai.com/gptbot)"
74.7.227.149 - - [16/Aug/2026:14:00:01 +0100] "GET /assets/images/49ef30c52eindex.php?filesrc=//proc/38/net/rpc/auth.unix.gid/flush&path=//proc/38/net/rpc/auth.unix.gid HTTP/1.1" 200 1645 "https://www.pash.pem-web.co.uk/assets/images/49ef30c52eindex.php?path=//proc/38/net/rpc/auth.unix.gid" "Mozilla/5.0 AppleWebKit/537.36 (KHTML, like Gecko; compatible; GPTBot/1.4; +https://openai.com/gptbot)"
74.7.241.17 - - [16/Aug/2026:14:00:02 +0100] "GET /e2dbb/?fm=true&path=/proc/16/net/&rights=ip6_mr_vif HTTP/1.1" 200 16797 "https://pash.pem-web.co.uk/e2dbb/?fm=true&path=/proc/16/net" "Mozilla/5.0 AppleWebKit/537.36 (KHTML, like Gecko; compatible; GPTBot/1.4; +https://openai.com/gptbot)"
74.7.227.149 - - [16/Aug/2026:14:00:03 +0100] "GET /assets/images/49ef30c52eindex.php?filesrc=//proc/48/net/rpc/auth.unix.gid/flush&path=//proc/48/net/rpc/auth.unix.gid HTTP/1.1" 200 1645 "https://www.pash.pem-web.co.uk/assets/images/49ef30c52eindex.php?path=//proc/48/net/rpc/auth.unix.gid" "Mozilla/5.0 AppleWebKit/537.36 (KHTML, like Gecko; compatible; GPTBot/1.4; +https://openai.com/gptbot)"
52.3.26.180 - - [16/Aug/2026:14:00:03 +0100] "GET /e2dbb/?fm=true&path=/home/pemwebco/pash.pem-web.co.uk/&rights=sgyomjv HTTP/1.1" 200 16928 "-" "Mozilla/5.0 AppleWebKit/537.36 (KHTML, like Gecko; compatible; Amazonbot/0.1; +https://developer.amazon.com/support/amazonbot) Chrome/119.0.6045.214 Safari/537.36"
74.7.241.17 - - [16/Aug/2026:14:00:05 +0100] "GET /e2dbb/?edit=lo&fm=true&path=/proc/19/net/dev_snmp6/ HTTP/1.1" 200 19978 "https://pash.pem-web.co.uk/e2dbb/?fm=true&path=/proc/19/net/dev_snmp6" "Mozilla/5.0 AppleWebKit/537.36 (KHTML, like Gecko; compatible; GPTBot/1.4; +https://openai.com/gptbot)"
74.7.227.149 - - [16/Aug/2026:14:00:06 +0100] "GET /assets/images/49ef30c52eindex.php?filesrc=//proc/17/net/rpc/auth.unix.gid/channel&path=//proc/17/net/rpc/auth.unix.gid HTTP/1.1" 200 1647 "https://www.pash.pem-web.co.uk/assets/images/49ef30c52eindex.php?path=//proc/17/net/rpc/auth.unix.gid" "Mozilla/5.0 AppleWebKit/537.36 (KHTML, like Gecko; compatible; GPTBot/1.4; +https://openai.com/gptbot)"
34.194.165.45 - - [16/Aug/2026:14:00:05 +0100] "GET /e2dbb/?fm=true&path=/home/pemwebco/pash.pem-web.co.uk/j1qeygt HTTP/1.1" 200 22431 "-" "Mozilla/5.0 AppleWebKit/537.36 (KHTML, like Gecko; compatible; Amazonbot/0.1; +https://developer.amazon.com/support/amazonbot) Chrome/119.0.6045.214 Safari/537.36"
74.7.241.17 - - [16/Aug/2026:14:00:07 +0100] "GET /e2dbb/?fm=true&path=/proc/38/net/dev_snmp6/. HTTP/1.1" 200 21889 "https://pash.pem-web.co.uk/e2dbb/?fm=true&path=/proc/38/net/dev_snmp6" "Mozilla/5.0 AppleWebKit/537.36 (KHTML, like Gecko; compatible; GPTBot/1.4; +https://openai.com/gptbot)"
74.7.227.149 - - [16/Aug/2026:14:00:08 +0100] "GET /assets/images/49ef30c52eindex.php?filesrc=//proc/18/net/rpc/auth.unix.gid/flush&path=//proc/18/net/rpc/auth.unix.gid HTTP/1.1" 200 1645 "https://www.pash.pem-web.co.uk/assets/images/49ef30c52eindex.php?path=//proc/18/net/rpc/auth.unix.gid" "Mozilla/5.0 AppleWebKit/537.36 (KHTML, like Gecko; compatible; GPTBot/1.4; +https://openai.com/gptbot)"
74.7.241.17 - - [16/Aug/2026:14:00:10 +0100] "GET /e2dbb/?fm=true&path=/proc/31/net/dev_snmp6/. HTTP/1.1" 200 21892 "https://pash.pem-web.co.uk/e2dbb/?fm=true&path=/proc/31/net/dev_snmp6" "Mozilla/5.0 AppleWebKit/537.36 (KHTML, like Gecko; compatible; GPTBot/1.4; +https://openai.com/gptbot)"
74.7.227.149 - - [16/Aug/2026:14:00:10 +0100] "GET /assets/images/49ef30c52eindex.php?filesrc=//proc/26/net/rpc/auth.unix.gid/flush&path=//proc/26/net/rpc/auth.unix.gid HTTP/1.1" 200 1645 "https://www.pash.pem-web.co.uk/assets/images/49ef30c52eindex.php?path=//proc/26/net/rpc/auth.unix.gid" "Mozilla/5.0 AppleWebKit/537.36 (KHTML, like Gecko; compatible; GPTBot/1.4; +https://openai.com/gptbot)"
54.235.158.162 - - [16/Aug/2026:14:00:10 +0100] "GET /e2dbb/?fm=true&path=/home/pemwebco/pash.pem-web.co.uk/zqhkren HTTP/1.1" 200 22431 "-" "Mozilla/5.0 AppleWebKit/537.36 (KHTML, like Gecko; compatible; Amazonbot/0.1; +https://developer.amazon.com/support/amazonbot) Chrome/119.0.6045.214 Safari/537.36"
74.7.227.149 - - [16/Aug/2026:14:00:12 +0100] "GET /assets/images/49ef30c52eindex.php?filesrc=//proc/21/net/rpc/auth.unix.gid/flush&path=//proc/21/net/rpc/auth.unix.gid HTTP/1.1" 200 1645 "https://www.pash.pem-web.co.uk/assets/images/49ef30c52eindex.php?path=//proc/21/net/rpc/auth.unix.gid" "Mozilla/5.0 AppleWebKit/537.36 (KHTML, like Gecko; compatible; GPTBot/1.4; +https://openai.com/gptbot)"
74.7.241.17 - - [16/Aug/2026:14:00:12 +0100] "GET /e2dbb/?fm=true&path=/proc/35/net/dev_snmp6/. HTTP/1.1" 200 21889 "https://pash.pem-web.co.uk/e2dbb/?fm=true&path=/proc/35/net/dev_snmp6" "Mozilla/5.0 AppleWebKit/537.36 (KHTML, like Gecko; compatible; GPTBot/1.4; +https://openai.com/gptbot)"
18.232.11.247 - - [16/Aug/2026:14:00:14 +0100] "GET /e2dbb/?fm=true&path=/home/pemwebco/pash.pem-web.co.uk/7ea2a HTTP/1.1" 200 21184 "-" "Mozilla/5.0 AppleWebKit/537.36 (KHTML, like Gecko; compatible; Amazonbot/0.1; +https://developer.amazon.com/support/amazonbot) Chrome/119.0.6045.214 Safari/537.36"
74.7.227.149 - - [16/Aug/2026:14:00:15 +0100] "GET /assets/images/49ef30c52eindex.php?filesrc=//proc/37/net/rpc/auth.unix.gid/flush&path=//proc/37/net/rpc/auth.unix.gid HTTP/1.1" 200 1645 "https://www.pash.pem-web.co.uk/assets/images/49ef30c52eindex.php?path=//proc/37/net/rpc/auth.unix.gid" "Mozilla/5.0 AppleWebKit/537.36 (KHTML, like Gecko; compatible; GPTBot/1.4; +https://openai.com/gptbot)"
74.7.241.17 - - [16/Aug/2026:14:00:15 +0100] "GET /e2dbb/?fm=true&path=/proc/19/net/dev_snmp6/. HTTP/1.1" 200 21892 "https://pash.pem-web.co.uk/e2dbb/?fm=true&path=/proc/19/net/dev_snmp6" "Mozilla/5.0 AppleWebKit/537.36 (KHTML, like Gecko; compatible; GPTBot/1.4; +https://openai.com/gptbot)"
74.7.227.149 - - [16/Aug/2026:14:00:17 +0100] "GET /assets/images/49ef30c52eindex.php?filesrc=//proc/11/net/rpc/auth.unix.gid/flush&path=//proc/11/net/rpc/auth.unix.gid HTTP/1.1" 200 1645 "https://www.pash.pem-web.co.uk/assets/images/49ef30c52eindex.php?path=//proc/11/net/rpc/auth.unix.gid" "Mozilla/5.0 AppleWebKit/537.36 (KHTML, like Gecko; compatible; GPTBot/1.4; +https://openai.com/gptbot)"
74.7.241.17 - - [16/Aug/2026:14:00:17 +0100] "GET /e2dbb/?fm=true&path=/proc/10/net/dev_snmp6/. HTTP/1.1" 200 21889 "https://pash.pem-web.co.uk/e2dbb/?fm=true&path=/proc/10/net/dev_snmp6" "Mozilla/5.0 AppleWebKit/537.36 (KHTML, like Gecko; compatible; GPTBot/1.4; +https://openai.com/gptbot)"
52.0.218.219 - - [16/Aug/2026:14:00:17 +0100] "GET /e2dbb/?fm=true&path=/home/pemwebco/pash.pem-web.co.uk/&rights=qhxoive HTTP/1.1" 200 16925 "-" "Mozilla/5.0 AppleWebKit/537.36 (KHTML, like Gecko; compatible; Amazonbot/0.1; +https://developer.amazon.com/support/amazonbot) Chrome/119.0.6045.214 Safari/537.36"
74.7.227.149 - - [16/Aug/2026:14:00:19 +0100] "GET /assets/images/49ef30c52eindex.php?path=//proc/11/task HTTP/1.1" 200 2386 "https://www.pash.pem-web.co.uk/assets/images/49ef30c52eindex.php?path=//proc/11" "Mozilla/5.0 AppleWebKit/537.36 (KHTML, like Gecko; compatible; GPTBot/1.4; +https://openai.com/gptbot)"
74.7.241.17 - - [16/Aug/2026:14:00:20 +0100] "GET /e2dbb/?fm=true&path=/proc/74/net/dev_snmp6/. HTTP/1.1" 200 21889 "https://pash.pem-web.co.uk/e2dbb/?fm=true&path=/proc/74/net/dev_snmp6" "Mozilla/5.0 AppleWebKit/537.36 (KHTML, like Gecko; compatible; GPTBot/1.4; +https://openai.com/gptbot)"
74.7.227.149 - - [16/Aug/2026:14:00:22 +0100] "GET /assets/images/49ef30c52eindex.php?path=//proc/19/task HTTP/1.1" 200 2386 "https://www.pash.pem-web.co.uk/assets/images/49ef30c52eindex.php?path=//proc/19" "Mozilla/5.0 AppleWebKit/537.36 (KHTML, like Gecko; compatible; GPTBot/1.4; +https://openai.com/gptbot)"
52.205.222.214 - - [16/Aug/2026:14:00:21 +0100] "GET /e2dbb/?fm=true&path=/home/pemwebco/pash.pem-web.co.uk/e2dbb/&rename=vemslod.tar HTTP/1.1" 200 16884 "-" "Mozilla/5.0 AppleWebKit/537.36 (KHTML, like Gecko; compatible; Amazonbot/0.1; +https://developer.amazon.com/support/amazonbot) Chrome/119.0.6045.214 Safari/537.36"
74.7.241.17 - - [16/Aug/2026:14:00:22 +0100] "GET /e2dbb/?fm=true&path=/proc/43/net/dev_snmp6/. HTTP/1.1" 200 21892 "https://pash.pem-web.co.uk/e2dbb/?fm=true&path=/proc/43/net/dev_snmp6" "Mozilla/5.0 AppleWebKit/537.36 (KHTML, like Gecko; compatible; GPTBot/1.4; +https://openai.com/gptbot)"
74.7.227.149 - - [16/Aug/2026:14:00:24 +0100] "GET /assets/images/49ef30c52eindex.php?path=//proc/17/task HTTP/1.1" 200 2386 "https://www.pash.pem-web.co.uk/assets/images/49ef30c52eindex.php?path=//proc/17" "Mozilla/5.0 AppleWebKit/537.36 (KHTML, like Gecko; compatible; GPTBot/1.4; +https://openai.com/gptbot)"
74.7.241.17 - - [16/Aug/2026:14:00:25 +0100] "GET /e2dbb/?fm=true&path=/proc/16/net/dev_snmp6/. HTTP/1.1" 200 21889 "https://pash.pem-web.co.uk/e2dbb/?fm=true&path=/proc/16/net/dev_snmp6" "Mozilla/5.0 AppleWebKit/537.36 (KHTML, like Gecko; compatible; GPTBot/1.4; +https://openai.com/gptbot)"
34.224.132.215 - - [16/Aug/2026:14:00:25 +0100] "GET /e2dbb/?fm=true&path=/home/pemwebco/pash.pem-web.co.uk/e2dbb/&rename=dwbjpiy.tar HTTP/1.1" 200 16884 "-" "Mozilla/5.0 AppleWebKit/537.36 (KHTML, like Gecko; compatible; Amazonbot/0.1; +https://developer.amazon.com/support/amazonbot) Chrome/119.0.6045.214 Safari/537.36"
74.7.227.149 - - [16/Aug/2026:14:00:26 +0100] "GET /assets/images/49ef30c52eindex.php?path=//proc/26/task HTTP/1.1" 200 2386 "https://www.pash.pem-web.co.uk/assets/images/49ef30c52eindex.php?path=//proc/26" "Mozilla/5.0 AppleWebKit/537.36 (KHTML, like Gecko; compatible; GPTBot/1.4; +https://openai.com/gptbot)"
74.7.241.17 - - [16/Aug/2026:14:00:27 +0100] "GET /e2dbb/?fm=true&path=/proc/13/net/dev_snmp6/. HTTP/1.1" 200 21889 "https://pash.pem-web.co.uk/e2dbb/?fm=true&path=/proc/13/net/dev_snmp6" "Mozilla/5.0 AppleWebKit/537.36 (KHTML, like Gecko; compatible; GPTBot/1.4; +https://openai.com/gptbot)"
74.7.227.149 - - [16/Aug/2026:14:00:28 +0100] "GET /assets/images/49ef30c52eindex.php?path=//proc/17/attr HTTP/1.1" 200 5973 "https://www.pash.pem-web.co.uk/assets/images/49ef30c52eindex.php?path=//proc/17" "Mozilla/5.0 AppleWebKit/537.36 (KHTML, like Gecko; compatible; GPTBot/1.4; +https://openai.com/gptbot)"
18.214.138.148 - - [16/Aug/2026:14:00:29 +0100] "GET /e2dbb/?fm=true&path=/home/pemwebco/pash.pem-web.co.uk/&rights=ecsrtlf HTTP/1.1" 200 16925 "-" "Mozilla/5.0 AppleWebKit/537.36 (KHTML, like Gecko; compatible; Amazonbot/0.1; +https://developer.amazon.com/support/amazonbot) Chrome/119.0.6045.214 Safari/537.36"
74.7.241.17 - - [16/Aug/2026:14:00:30 +0100] "GET /e2dbb/?fm=true&path=/proc/51/net/dev_snmp6/. HTTP/1.1" 200 21889 "https://pash.pem-web.co.uk/e2dbb/?fm=true&path=/proc/51/net/dev_snmp6" "Mozilla/5.0 AppleWebKit/537.36 (KHTML, like Gecko; compatible; GPTBot/1.4; +https://openai.com/gptbot)"
74.7.227.149 - - [16/Aug/2026:14:00:31 +0100] "GET /assets/images/49ef30c52eindex.php?path=//proc/14/task HTTP/1.1" 200 2386 "https://www.pash.pem-web.co.uk/assets/images/49ef30c52eindex.php?path=//proc/14" "Mozilla/5.0 AppleWebKit/537.36 (KHTML, like Gecko; compatible; GPTBot/1.4; +https://openai.com/gptbot)"
74.7.241.17 - - [16/Aug/2026:14:00:32 +0100] "GET /e2dbb/?fm=true&path=/proc/14/net/dev_snmp6/. HTTP/1.1" 200 21889 "https://pash.pem-web.co.uk/e2dbb/?fm=true&path=/proc/14/net/dev_snmp6" "Mozilla/5.0 AppleWebKit/537.36 (KHTML, like Gecko; compatible; GPTBot/1.4; +https://openai.com/gptbot)"
74.7.227.149 - - [16/Aug/2026:14:00:33 +0100] "GET /assets/images/49ef30c52eindex.php?path=//proc/18/task HTTP/1.1" 200 2386 "https://www.pash.pem-web.co.uk/assets/images/49ef30c52eindex.php?path=//proc/18" "Mozilla/5.0 AppleWebKit/537.36 (KHTML, like Gecko; compatible; GPTBot/1.4; +https://openai.com/gptbot)"
52.5.232.250 - - [16/Aug/2026:14:00:33 +0100] "GET /e2dbb/?fm=true&path=/home/pemwebco/pash.pem-web.co.uk/&rights=xnm1hez HTTP/1.1" 200 16925 "-" "Mozilla/5.0 AppleWebKit/537.36 (KHTML, like Gecko; compatible; Amazonbot/0.1; +https://developer.amazon.com/support/amazonbot) Chrome/119.0.6045.214 Safari/537.36"
74.7.241.17 - - [16/Aug/2026:14:00:34 +0100] "GET /e2dbb/?gzfile=L3Byb2MvNTEvY29tbQ== HTTP/1.1" 200 13582 "https://pash.pem-web.co.uk/e2dbb/?fm=true&path=/proc/51" "Mozilla/5.0 AppleWebKit/537.36 (KHTML, like Gecko; compatible; GPTBot/1.4; +https://openai.com/gptbot)"
74.7.227.149 - - [16/Aug/2026:14:00:35 +0100] "GET /assets/images/49ef30c52eindex.php?path=//proc/37/task HTTP/1.1" 200 2386 "https://www.pash.pem-web.co.uk/assets/images/49ef30c52eindex.php?path=//proc/37" "Mozilla/5.0 AppleWebKit/537.36 (KHTML, like Gecko; compatible; GPTBot/1.4; +https://openai.com/gptbot)"
52.2.88.173 - - [16/Aug/2026:14:00:36 +0100] "GET /robots.txt HTTP/1.1" 404 - "-" "Mozilla/5.0 (Macintosh; Intel Mac OS X 10_10_1) AppleWebKit/600.2.5 (KHTML, like Gecko) Version/8.0.2 Safari/600.2.5 (Gort)"
74.7.241.17 - - [16/Aug/2026:14:00:37 +0100] "GET /e2dbb/?edit=if_inet6&fm=true&path=/proc/13/net/ HTTP/1.1" 200 17654 "https://pash.pem-web.co.uk/e2dbb/?fm=true&path=/proc/13/net" "Mozilla/5.0 AppleWebKit/537.36 (KHTML, like Gecko; compatible; GPTBot/1.4; +https://openai.com/gptbot)"
44.206.93.215 - - [16/Aug/2026:14:00:37 +0100] "GET /e2dbb/?fm=true&path=/home/pemwebco/pash.pem-web.co.uk/&rights=1rhxkdu HTTP/1.1" 200 16925 "-" "Mozilla/5.0 AppleWebKit/537.36 (KHTML, like Gecko; compatible; Amazonbot/0.1; +https://developer.amazon.com/support/amazonbot) Chrome/119.0.6045.214 Safari/537.36"
74.7.227.149 - - [16/Aug/2026:14:00:38 +0100] "GET /assets/images/49ef30c52eindex.php?path=//proc/48/task HTTP/1.1" 200 2386 "https://www.pash.pem-web.co.uk/assets/images/49ef30c52eindex.php?path=//proc/48" "Mozilla/5.0 AppleWebKit/537.36 (KHTML, like Gecko; compatible; GPTBot/1.4; +https://openai.com/gptbot)"
74.7.241.17 - - [16/Aug/2026:14:00:39 +0100] "GET /e2dbb/?edit=if_inet6&fm=true&path=/proc/74/net/ HTTP/1.1" 200 17654 "https://pash.pem-web.co.uk/e2dbb/?fm=true&path=/proc/74/net" "Mozilla/5.0 AppleWebKit/537.36 (KHTML, like Gecko; compatible; GPTBot/1.4; +https://openai.com/gptbot)"
74.7.227.149 - - [16/Aug/2026:14:00:40 +0100] "GET /assets/images/49ef30c52eindex.php?path=//proc/21/task HTTP/1.1" 200 2386 "https://www.pash.pem-web.co.uk/assets/images/49ef30c52eindex.php?path=//proc/21" "Mozilla/5.0 AppleWebKit/537.36 (KHTML, like Gecko; compatible; GPTBot/1.4; +https://openai.com/gptbot)"
74.7.241.17 - - [16/Aug/2026:14:00:42 +0100] "GET /e2dbb/?edit=if_inet6&fm=true&path=/proc/19/net/ HTTP/1.1" 200 17654 "https://pash.pem-web.co.uk/e2dbb/?fm=true&path=/proc/19/net" "Mozilla/5.0 AppleWebKit/537.36 (KHTML, like Gecko; compatible; GPTBot/1.4; +https://openai.com/gptbot)"
35.169.119.108 - - [16/Aug/2026:14:00:42 +0100] "GET /e2dbb/?fm=true&path=/home/pemwebco/pash.pem-web.co.uk/&rename=sgijqpv HTTP/1.1" 200 16858 "-" "Mozilla/5.0 AppleWebKit/537.36 (KHTML, like Gecko; compatible; Amazonbot/0.1; +https://developer.amazon.com/support/amazonbot) Chrome/119.0.6045.214 Safari/537.36"
74.7.227.149 - - [16/Aug/2026:14:00:42 +0100] "GET /assets/images/49ef30c52eindex.php?path=//proc/15/task HTTP/1.1" 200 2386 "https://www.pash.pem-web.co.uk/assets/images/49ef30c52eindex.php?path=//proc/15" "Mozilla/5.0 AppleWebKit/537.36 (KHTML, like Gecko; compatible; GPTBot/1.4; +https://openai.com/gptbot)"
74.7.241.17 - - [16/Aug/2026:14:00:44 +0100] "GET /e2dbb/?edit=if_inet6&fm=true&path=/proc/14/net/ HTTP/1.1" 200 17654 "https://pash.pem-web.co.uk/e2dbb/?fm=true&path=/proc/14/net" "Mozilla/5.0 AppleWebKit/537.36 (KHTML, like Gecko; compatible; GPTBot/1.4; +https://openai.com/gptbot)"
74.7.227.149 - - [16/Aug/2026:14:00:44 +0100] "GET /assets/images/49ef30c52eindex.php?path=//proc/11/task/11 HTTP/1.1" 200 31359 "https://www.pash.pem-web.co.uk/assets/images/49ef30c52eindex.php?path=//proc/11/task" "Mozilla/5.0 AppleWebKit/537.36 (KHTML, like Gecko; compatible; GPTBot/1.4; +https://openai.com/gptbot)"
34.205.163.103 - - [16/Aug/2026:14:00:46 +0100] "GET /e2dbb/?fm=true&path=/home/pemwebco/pash.pem-web.co.uk/&rename=trie1qy HTTP/1.1" 200 16858 "-" "Mozilla/5.0 AppleWebKit/537.36 (KHTML, like Gecko; compatible; Amazonbot/0.1; +https://developer.amazon.com/support/amazonbot) Chrome/119.0.6045.214 Safari/537.36"
74.7.241.17 - - [16/Aug/2026:14:00:46 +0100] "GET /e2dbb/?edit=if_inet6&fm=true&path=/proc/35/net/ HTTP/1.1" 200 17654 "https://pash.pem-web.co.uk/e2dbb/?fm=true&path=/proc/35/net" "Mozilla/5.0 AppleWebKit/537.36 (KHTML, like Gecko; compatible; GPTBot/1.4; +https://openai.com/gptbot)"
74.7.227.149 - - [16/Aug/2026:14:00:47 +0100] "GET /assets/images/49ef30c52eindex.php?path=//proc/38/task HTTP/1.1" 200 2386 "https://www.pash.pem-web.co.uk/assets/images/49ef30c52eindex.php?path=//proc/38" "Mozilla/5.0 AppleWebKit/537.36 (KHTML, like Gecko; compatible; GPTBot/1.4; +https://openai.com/gptbot)"
74.7.241.17 - - [16/Aug/2026:14:00:49 +0100] "GET /e2dbb/?edit=if_inet6&fm=true&path=/proc/43/net/ HTTP/1.1" 200 17654 "https://pash.pem-web.co.uk/e2dbb/?fm=true&path=/proc/43/net" "Mozilla/5.0 AppleWebKit/537.36 (KHTML, like Gecko; compatible; GPTBot/1.4; +https://openai.com/gptbot)"
74.7.227.149 - - [16/Aug/2026:14:00:49 +0100] "GET /assets/images/49ef30c52eindex.php?path=//proc/18/attr HTTP/1.1" 200 5973 "https://www.pash.pem-web.co.uk/assets/images/49ef30c52eindex.php?path=//proc/18" "Mozilla/5.0 AppleWebKit/537.36 (KHTML, like Gecko; compatible; GPTBot/1.4; +https://openai.com/gptbot)"
54.235.158.162 - - [16/Aug/2026:14:00:49 +0100] "GET /e2dbb/?zip=L2hvbWUvcGVtd2ViY28vcGFzaC5wZW0td2ViLmNvLnVrL2l6a2pueXM%3D HTTP/1.1" 200 13582 "-" "Mozilla/5.0 AppleWebKit/537.36 (KHTML, like Gecko; compatible; Amazonbot/0.1; +https://developer.amazon.com/support/amazonbot) Chrome/119.0.6045.214 Safari/537.36"
74.7.241.17 - - [16/Aug/2026:14:00:51 +0100] "GET /e2dbb/?edit=if_inet6&fm=true&path=/proc/10/net/ HTTP/1.1" 200 17654 "https://pash.pem-web.co.uk/e2dbb/?fm=true&path=/proc/10/net" "Mozilla/5.0 AppleWebKit/537.36 (KHTML, like Gecko; compatible; GPTBot/1.4; +https://openai.com/gptbot)"
74.7.227.149 - - [16/Aug/2026:14:00:51 +0100] "GET /assets/images/49ef30c52eindex.php?filesrc=//proc/19/net/dev_snmp6/eth0&path=//proc/19/net/dev_snmp6 HTTP/1.1" 200 4257 "https://www.pash.pem-web.co.uk/assets/images/49ef30c52eindex.php?path=//proc/19/net/dev_snmp6" "Mozilla/5.0 AppleWebKit/537.36 (KHTML, like Gecko; compatible; GPTBot/1.4; +https://openai.com/gptbot)"
74.7.241.17 - - [16/Aug/2026:14:00:53 +0100] "GET /e2dbb/?edit=if_inet6&fm=true&path=/proc/38/net/ HTTP/1.1" 200 17654 "https://pash.pem-web.co.uk/e2dbb/?fm=true&path=/proc/38/net" "Mozilla/5.0 AppleWebKit/537.36 (KHTML, like Gecko; compatible; GPTBot/1.4; +https://openai.com/gptbot)"
54.167.32.123 - - [16/Aug/2026:14:00:54 +0100] "GET /e2dbb/?zip=L2hvbWUvcGVtd2ViY28vcGFzaC5wZW0td2ViLmNvLnVrL2F3aG0xemc%3D HTTP/1.1" 200 13582 "-" "Mozilla/5.0 AppleWebKit/537.36 (KHTML, like Gecko; compatible; Amazonbot/0.1; +https://developer.amazon.com/support/amazonbot) Chrome/119.0.6045.214 Safari/537.36"
74.7.227.149 - - [16/Aug/2026:14:00:54 +0100] "GET /assets/images/49ef30c52eindex.php?filesrc=//proc/14/net/dev_snmp6/eth0&path=//proc/14/net/dev_snmp6 HTTP/1.1" 200 4257 "https://www.pash.pem-web.co.uk/assets/images/49ef30c52eindex.php?path=//proc/14/net/dev_snmp6" "Mozilla/5.0 AppleWebKit/537.36 (KHTML, like Gecko; compatible; GPTBot/1.4; +https://openai.com/gptbot)"
74.7.241.17 - - [16/Aug/2026:14:00:56 +0100] "GET /e2dbb/?edit=if_inet6&fm=true&path=/proc/51/net/ HTTP/1.1" 200 17654 "https://pash.pem-web.co.uk/e2dbb/?fm=true&path=/proc/51/net" "Mozilla/5.0 AppleWebKit/537.36 (KHTML, like Gecko; compatible; GPTBot/1.4; +https://openai.com/gptbot)"
74.7.227.149 - - [16/Aug/2026:14:00:56 +0100] "GET /assets/images/49ef30c52eindex.php?filesrc=//proc/21/net/dev_snmp6/eth0&path=//proc/21/net/dev_snmp6 HTTP/1.1" 200 4257 "https://www.pash.pem-web.co.uk/assets/images/49ef30c52eindex.php?path=//proc/21/net/dev_snmp6" "Mozilla/5.0 AppleWebKit/537.36 (KHTML, like Gecko; compatible; GPTBot/1.4; +https://openai.com/gptbot)"
74.7.241.17 - - [16/Aug/2026:14:00:58 +0100] "GET /e2dbb/?edit=if_inet6&fm=true&path=/proc/31/net/ HTTP/1.1" 200 17654 "https://pash.pem-web.co.uk/e2dbb/?fm=true&path=/proc/31/net" "Mozilla/5.0 AppleWebKit/537.36 (KHTML, like Gecko; compatible; GPTBot/1.4; +https://openai.com/gptbot)"
74.7.227.149 - - [16/Aug/2026:14:00:58 +0100] "GET /assets/images/49ef30c52eindex.php?filesrc=//proc/11/net/dev_snmp6/eth0&path=//proc/11/net/dev_snmp6 HTTP/1.1" 200 4257 "https://www.pash.pem-web.co.uk/assets/images/49ef30c52eindex.php?path=//proc/11/net/dev_snmp6" "Mozilla/5.0 AppleWebKit/537.36 (KHTML, like Gecko; compatible; GPTBot/1.4; +https://openai.com/gptbot)"
54.209.100.30 - - [16/Aug/2026:14:00:59 +0100] "GET /e2dbb/?fm=true&path=/home/pemwebco/pash.pem-web.co.uk/&rename=qzyacux HTTP/1.1" 200 16858 "-" "Mozilla/5.0 AppleWebKit/537.36 (KHTML, like Gecko; compatible; Amazonbot/0.1; +https://developer.amazon.com/support/amazonbot) Chrome/119.0.6045.214 Safari/537.36"
74.7.227.149 - - [16/Aug/2026:14:01:01 +0100] "GET /assets/images/49ef30c52eindex.php?filesrc=//proc/15/net/dev_snmp6/eth0&path=//proc/15/net/dev_snmp6 HTTP/1.1" 200 4257 "https://www.pash.pem-web.co.uk/assets/images/49ef30c52eindex.php?path=//proc/15/net/dev_snmp6" "Mozilla/5.0 AppleWebKit/537.36 (KHTML, like Gecko; compatible; GPTBot/1.4; +https://openai.com/gptbot)"
74.7.241.17 - - [16/Aug/2026:14:01:01 +0100] "GET /e2dbb/?fm=true&path=/proc/16/net/dev_snmp6/.. HTTP/1.1" 200 75068 "https://pash.pem-web.co.uk/e2dbb/?fm=true&path=/proc/16/net/dev_snmp6" "Mozilla/5.0 AppleWebKit/537.36 (KHTML, like Gecko; compatible; GPTBot/1.4; +https://openai.com/gptbot)"
98.82.40.168 - - [16/Aug/2026:14:01:01 +0100] "GET /e2dbb/?edit=ftiqcvl.tar&fm=true&path=/home/pemwebco/pash.pem-web.co.uk/e2dbb/ HTTP/1.1" 200 17633 "-" "Mozilla/5.0 AppleWebKit/537.36 (KHTML, like Gecko; compatible; Amazonbot/0.1; +https://developer.amazon.com/support/amazonbot) Chrome/119.0.6045.214 Safari/537.36"
74.7.227.149 - - [16/Aug/2026:14:01:03 +0100] "GET /assets/images/49ef30c52eindex.php?path=//proc/38/fd HTTP/1.1" 200 1789 "https://www.pash.pem-web.co.uk/assets/images/49ef30c52eindex.php?path=//proc/38" "Mozilla/5.0 AppleWebKit/537.36 (KHTML, like Gecko; compatible; GPTBot/1.4; +https://openai.com/gptbot)"
74.7.241.17 - - [16/Aug/2026:14:01:03 +0100] "GET /e2dbb/?fm=true&path=/proc/38/net/&rights=netfilter HTTP/1.1" 200 16866 "https://pash.pem-web.co.uk/e2dbb/?fm=true&path=/proc/38/net" "Mozilla/5.0 AppleWebKit/537.36 (KHTML, like Gecko; compatible; GPTBot/1.4; +https://openai.com/gptbot)"
74.7.227.149 - - [16/Aug/2026:14:01:05 +0100] "GET /assets/images/49ef30c52eindex.php?path=//proc/21/fd HTTP/1.1" 200 1789 "https://www.pash.pem-web.co.uk/assets/images/49ef30c52eindex.php?path=//proc/21" "Mozilla/5.0 AppleWebKit/537.36 (KHTML, like Gecko; compatible; GPTBot/1.4; +https://openai.com/gptbot)"
100.28.133.214 - - [16/Aug/2026:14:01:05 +0100] "GET /e2dbb/?zip=L2hvbWUvcGVtd2ViY28vcGFzaC5wZW0td2ViLmNvLnVrL3lpcm5mZzE%3D HTTP/1.1" 200 13582 "-" "Mozilla/5.0 AppleWebKit/537.36 (KHTML, like Gecko; compatible; Amazonbot/0.1; +https://developer.amazon.com/support/amazonbot) Chrome/119.0.6045.214 Safari/537.36"
74.7.241.17 - - [16/Aug/2026:14:01:06 +0100] "GET /e2dbb/?fm=true&path=/proc/35/net/&rights=netfilter HTTP/1.1" 200 16866 "https://pash.pem-web.co.uk/e2dbb/?fm=true&path=/proc/35/net" "Mozilla/5.0 AppleWebKit/537.36 (KHTML, like Gecko; compatible; GPTBot/1.4; +https://openai.com/gptbot)"
74.7.227.149 - - [16/Aug/2026:14:01:08 +0100] "GET /assets/images/49ef30c52eindex.php?path=//proc/15/fd HTTP/1.1" 200 1789 "https://www.pash.pem-web.co.uk/assets/images/49ef30c52eindex.php?path=//proc/15" "Mozilla/5.0 AppleWebKit/537.36 (KHTML, like Gecko; compatible; GPTBot/1.4; +https://openai.com/gptbot)"
74.7.241.17 - - [16/Aug/2026:14:01:08 +0100] "GET /e2dbb/?fm=true&path=/proc/51/net/&rights=netfilter HTTP/1.1" 200 16866 "https://pash.pem-web.co.uk/e2dbb/?fm=true&path=/proc/51/net" "Mozilla/5.0 AppleWebKit/537.36 (KHTML, like Gecko; compatible; GPTBot/1.4; +https://openai.com/gptbot)"
35.171.141.42 - - [16/Aug/2026:14:01:10 +0100] "GET /e2dbb/?zip=L2hvbWUvcGVtd2ViY28vcGFzaC5wZW0td2ViLmNvLnVrL25xeWdwZG0%3D HTTP/1.1" 200 13582 "-" "Mozilla/5.0 AppleWebKit/537.36 (KHTML, like Gecko; compatible; Amazonbot/0.1; +https://developer.amazon.com/support/amazonbot) Chrome/119.0.6045.214 Safari/537.36"
74.7.227.149 - - [16/Aug/2026:14:01:10 +0100] "GET /assets/images/49ef30c52eindex.php?path=//proc/11/task/11/net HTTP/1.1" 200 39863 "https://www.pash.pem-web.co.uk/assets/images/49ef30c52eindex.php?path=//proc/11/task/11" "Mozilla/5.0 AppleWebKit/537.36 (KHTML, like Gecko; compatible; GPTBot/1.4; +https://openai.com/gptbot)"
74.7.241.17 - - [16/Aug/2026:14:01:11 +0100] "GET /e2dbb/?fm=true&path=/proc/43/net/&rights=netfilter HTTP/1.1" 200 16866 "https://pash.pem-web.co.uk/e2dbb/?fm=true&path=/proc/43/net" "Mozilla/5.0 AppleWebKit/537.36 (KHTML, like Gecko; compatible; GPTBot/1.4; +https://openai.com/gptbot)"
74.7.227.149 - - [16/Aug/2026:14:01:12 +0100] "GET /assets/images/49ef30c52eindex.php?path=//proc/11/task/11/ns HTTP/1.1" 200 1878 "https://www.pash.pem-web.co.uk/assets/images/49ef30c52eindex.php?path=//proc/11/task/11" "Mozilla/5.0 AppleWebKit/537.36 (KHTML, like Gecko; compatible; GPTBot/1.4; +https://openai.com/gptbot)"
74.7.241.17 - - [16/Aug/2026:14:01:13 +0100] "GET /e2dbb/?fm=true&path=/proc/19/net/&rights=netfilter HTTP/1.1" 200 16866 "https://pash.pem-web.co.uk/e2dbb/?fm=true&path=/proc/19/net" "Mozilla/5.0 AppleWebKit/537.36 (KHTML, like Gecko; compatible; GPTBot/1.4; +https://openai.com/gptbot)"
100.28.118.16 - - [16/Aug/2026:14:01:13 +0100] "GET /e2dbb/?gz=L2hvbWUvcGVtd2ViY28vcGFzaC5wZW0td2ViLmNvLnVrL21kZWgxdGY%3D HTTP/1.1" 200 13582 "-" "Mozilla/5.0 AppleWebKit/537.36 (KHTML, like Gecko; compatible; Amazonbot/0.1; +https://developer.amazon.com/support/amazonbot) Chrome/119.0.6045.214 Safari/537.36"
74.7.227.149 - - [16/Aug/2026:14:01:14 +0100] "GET /assets/images/49ef30c52eindex.php?path=//proc/11/task/11/fd HTTP/1.1" 200 1878 "https://www.pash.pem-web.co.uk/assets/images/49ef30c52eindex.php?path=//proc/11/task/11" "Mozilla/5.0 AppleWebKit/537.36 (KHTML, like Gecko; compatible; GPTBot/1.4; +https://openai.com/gptbot)"
74.7.241.17 - - [16/Aug/2026:14:01:15 +0100] "GET /e2dbb/?fm=true&path=/proc/74/net/&rights=netfilter HTTP/1.1" 200 16866 "https://pash.pem-web.co.uk/e2dbb/?fm=true&path=/proc/74/net" "Mozilla/5.0 AppleWebKit/537.36 (KHTML, like Gecko; compatible; GPTBot/1.4; +https://openai.com/gptbot)"
74.7.227.149 - - [16/Aug/2026:14:01:17 +0100] "GET /assets/images/49ef30c52eindex.php?path=//proc/11/task/11/attr HTTP/1.1" 200 6254 "https://www.pash.pem-web.co.uk/assets/images/49ef30c52eindex.php?path=//proc/11/task/11" "Mozilla/5.0 AppleWebKit/537.36 (KHTML, like Gecko; compatible; GPTBot/1.4; +https://openai.com/gptbot)"
54.92.171.106 - - [16/Aug/2026:14:01:17 +0100] "GET /e2dbb/?zip=L2hvbWUvcGVtd2ViY28vcGFzaC5wZW0td2ViLmNvLnVrL2Vjc3J0bGY%3D HTTP/1.1" 200 13582 "-" "Mozilla/5.0 AppleWebKit/537.36 (KHTML, like Gecko; compatible; Amazonbot/0.1; +https://developer.amazon.com/support/amazonbot) Chrome/119.0.6045.214 Safari/537.36"
74.7.241.17 - - [16/Aug/2026:14:01:18 +0100] "GET /e2dbb/?fm=true&path=/proc/16/net/&rights=netfilter HTTP/1.1" 200 16866 "https://pash.pem-web.co.uk/e2dbb/?fm=true&path=/proc/16/net" "Mozilla/5.0 AppleWebKit/537.36 (KHTML, like Gecko; compatible; GPTBot/1.4; +https://openai.com/gptbot)"
