74.7.227.149 - - [16/Aug/2026:14:42:52 +0100] "GET /assets/images/49ef30c52eindex.php?path=//sys/devices/virtual/block/loop0/subsystem/sdb/sdb2/holders/dm-1/bdi HTTP/1.1" 200 8545 "https://www.pash.pem-web.co.uk/assets/images/49ef30c52eindex.php?path=//sys/devices/virtual/block/loop0/subsystem/sdb/sdb2/holders/dm-1" "Mozilla/5.0 AppleWebKit/537.36 (KHTML, like Gecko; compatible; GPTBot/1.4; +https://openai.com/gptbot)"
18.214.186.220 - - [16/Aug/2026:14:42:54 +0100] "GET /c4e34/?path=/home/pemwebco/pash.pem-web.co.uk/c4e34/../ijms1hx HTTP/1.1" 404 - "-" "Mozilla/5.0 AppleWebKit/537.36 (KHTML, like Gecko; compatible; Amazonbot/0.1; +https://developer.amazon.com/support/amazonbot) Chrome/119.0.6045.214 Safari/537.36"
74.7.241.17 - - [16/Aug/2026:14:42:54 +0100] "GET /e2dbb/?fm=true&path=/proc/46/net/&rights=snmp6 HTTP/1.1" 200 16784 "https://pash.pem-web.co.uk/e2dbb/?fm=true&path=/proc/46/net" "Mozilla/5.0 AppleWebKit/537.36 (KHTML, like Gecko; compatible; GPTBot/1.4; +https://openai.com/gptbot)"
74.7.227.149 - - [16/Aug/2026:14:42:54 +0100] "GET /assets/images/49ef30c52eindex.php?path=//sys/devices/virtual/block/loop0/subsystem/sdb/sdb2/holders/dm-1/queue HTTP/1.1" 200 38655 "https://www.pash.pem-web.co.uk/assets/images/49ef30c52eindex.php?path=//sys/devices/virtual/block/loop0/subsystem/sdb/sdb2/holders/dm-1" "Mozilla/5.0 AppleWebKit/537.36 (KHTML, like Gecko; compatible; GPTBot/1.4; +https://openai.com/gptbot)"
74.7.241.17 - - [16/Aug/2026:14:42:56 +0100] "GET /e2dbb/?fm=true&path=/proc/17/net/&rights=icmp6 HTTP/1.1" 200 16784 "https://pash.pem-web.co.uk/e2dbb/?fm=true&path=/proc/17/net" "Mozilla/5.0 AppleWebKit/537.36 (KHTML, like Gecko; compatible; GPTBot/1.4; +https://openai.com/gptbot)"
74.7.227.149 - - [16/Aug/2026:14:42:57 +0100] "GET /assets/images/49ef30c52eindex.php?path=//sys/devices/virtual/block/dm-0/slaves/sdb2/subsystem/sdb/sdb1/power HTTP/1.1" 200 7075 "https://www.pash.pem-web.co.uk/assets/images/49ef30c52eindex.php?path=//sys/devices/virtual/block/dm-0/slaves/sdb2/subsystem/sdb/sdb1" "Mozilla/5.0 AppleWebKit/537.36 (KHTML, like Gecko; compatible; GPTBot/1.4; +https://openai.com/gptbot)"
44.221.180.179 - - [16/Aug/2026:14:42:57 +0100] "GET /c4e34/?path=/home/pemwebco/pash.pem-web.co.uk/c4e34/../vqibero HTTP/1.1" 404 - "-" "Mozilla/5.0 AppleWebKit/537.36 (KHTML, like Gecko; compatible; Amazonbot/0.1; +https://developer.amazon.com/support/amazonbot) Chrome/119.0.6045.214 Safari/537.36"
74.7.241.17 - - [16/Aug/2026:14:42:59 +0100] "GET /e2dbb/?fm=true&path=/proc/47/net/&rights=icmp6 HTTP/1.1" 200 16784 "https://pash.pem-web.co.uk/e2dbb/?fm=true&path=/proc/47/net" "Mozilla/5.0 AppleWebKit/537.36 (KHTML, like Gecko; compatible; GPTBot/1.4; +https://openai.com/gptbot)"
74.7.227.149 - - [16/Aug/2026:14:42:59 +0100] "GET /assets/images/49ef30c52eindex.php?path=//sys/devices/virtual/block/loop0/subsystem/sdb/sdb2/holders/dm-0/trace HTTP/1.1" 200 6933 "https://www.pash.pem-web.co.uk/assets/images/49ef30c52eindex.php?path=//sys/devices/virtual/block/loop0/subsystem/sdb/sdb2/holders/dm-0" "Mozilla/5.0 AppleWebKit/537.36 (KHTML, like Gecko; compatible; GPTBot/1.4; +https://openai.com/gptbot)"
74.7.241.17 - - [16/Aug/2026:14:43:01 +0100] "GET /e2dbb/?edit=anycast6&fm=true&path=/proc/57/net/ HTTP/1.1" 200 17546 "https://pash.pem-web.co.uk/e2dbb/?fm=true&path=/proc/57/net" "Mozilla/5.0 AppleWebKit/537.36 (KHTML, like Gecko; compatible; GPTBot/1.4; +https://openai.com/gptbot)"
3.89.170.186 - - [16/Aug/2026:14:43:01 +0100] "GET /c4e34/?path=/home/pemwebco/pash.pem-web.co.uk/oxtfyzh HTTP/1.1" 200 6956 "-" "Mozilla/5.0 AppleWebKit/537.36 (KHTML, like Gecko; compatible; Amazonbot/0.1; +https://developer.amazon.com/support/amazonbot) Chrome/119.0.6045.214 Safari/537.36"
74.7.227.149 - - [16/Aug/2026:14:43:01 +0100] "GET /assets/images/49ef30c52eindex.php?filesrc=//sys/devices/virtual/block/loop0/subsystem/sdb/sdb2/holders/dm-1/trace/pid&path=//sys/devices/virtual/block/loop0/subsystem/sdb/sdb2/holders/dm-1/trace HTTP/1.1" 200 2219 "https://www.pash.pem-web.co.uk/assets/images/49ef30c52eindex.php?path=//sys/devices/virtual/block/loop0/subsystem/sdb/sdb2/holders/dm-1/trace" "Mozilla/5.0 AppleWebKit/537.36 (KHTML, like Gecko; compatible; GPTBot/1.4; +https://openai.com/gptbot)"
74.7.241.17 - - [16/Aug/2026:14:43:04 +0100] "GET /e2dbb/?edit=anycast6&fm=true&path=/proc/47/net/ HTTP/1.1" 200 17549 "https://pash.pem-web.co.uk/e2dbb/?fm=true&path=/proc/47/net" "Mozilla/5.0 AppleWebKit/537.36 (KHTML, like Gecko; compatible; GPTBot/1.4; +https://openai.com/gptbot)"
74.7.227.149 - - [16/Aug/2026:14:43:04 +0100] "GET /assets/images/49ef30c52eindex.php?path=//sys/devices/virtual/block/dm-0/slaves/sdb3/subsystem/dm-1/integrity HTTP/1.1" 200 7895 "https://www.pash.pem-web.co.uk/assets/images/49ef30c52eindex.php?path=//sys/devices/virtual/block/dm-0/slaves/sdb3/subsystem/dm-1" "Mozilla/5.0 AppleWebKit/537.36 (KHTML, like Gecko; compatible; GPTBot/1.4; +https://openai.com/gptbot)"
44.212.131.50 - - [16/Aug/2026:14:43:05 +0100] "GET /7ea2a/?path=/home/pemwebco/pash.pem-web.co.uk/deucapm HTTP/1.1" 200 3426 "-" "Mozilla/5.0 AppleWebKit/537.36 (KHTML, like Gecko; compatible; Amazonbot/0.1; +https://developer.amazon.com/support/amazonbot) Chrome/119.0.6045.214 Safari/537.36"
74.7.227.149 - - [16/Aug/2026:14:43:06 +0100] "GET /assets/images/49ef30c52eindex.php?path=//sys/devices/virtual/block/loop0/subsystem/sda/sda1/holders/dm-0/bdi HTTP/1.1" 200 8545 "https://www.pash.pem-web.co.uk/assets/images/49ef30c52eindex.php?path=//sys/devices/virtual/block/loop0/subsystem/sda/sda1/holders/dm-0" "Mozilla/5.0 AppleWebKit/537.36 (KHTML, like Gecko; compatible; GPTBot/1.4; +https://openai.com/gptbot)"
74.7.241.17 - - [16/Aug/2026:14:43:06 +0100] "GET /e2dbb/?fm=true&path=/proc/49/net/&rights=icmp6 HTTP/1.1" 200 16784 "https://pash.pem-web.co.uk/e2dbb/?fm=true&path=/proc/49/net" "Mozilla/5.0 AppleWebKit/537.36 (KHTML, like Gecko; compatible; GPTBot/1.4; +https://openai.com/gptbot)"
74.7.227.149 - - [16/Aug/2026:14:43:08 +0100] "GET /assets/images/49ef30c52eindex.php?path=//sys/devices/virtual/block/dm-0/slaves/sda1/subsystem/dm-1/integrity HTTP/1.1" 200 7895 "https://www.pash.pem-web.co.uk/assets/images/49ef30c52eindex.php?path=//sys/devices/virtual/block/dm-0/slaves/sda1/subsystem/dm-1" "Mozilla/5.0 AppleWebKit/537.36 (KHTML, like Gecko; compatible; GPTBot/1.4; +https://openai.com/gptbot)"
74.7.241.17 - - [16/Aug/2026:14:43:08 +0100] "GET /e2dbb/?edit=anycast6&fm=true&path=/proc/48/net/ HTTP/1.1" 200 17546 "https://pash.pem-web.co.uk/e2dbb/?fm=true&path=/proc/48/net" "Mozilla/5.0 AppleWebKit/537.36 (KHTML, like Gecko; compatible; GPTBot/1.4; +https://openai.com/gptbot)"
184.72.95.195 - - [16/Aug/2026:14:43:10 +0100] "GET /c4e34/?path=/home/pemwebco/pash.pem-web.co.uk/c4e34/../ytfdphj HTTP/1.1" 404 - "-" "Mozilla/5.0 AppleWebKit/537.36 (KHTML, like Gecko; compatible; Amazonbot/0.1; +https://developer.amazon.com/support/amazonbot) Chrome/119.0.6045.214 Safari/537.36"
74.7.227.149 - - [16/Aug/2026:14:43:10 +0100] "GET /assets/images/49ef30c52eindex.php?path=//sys/devices/virtual/block/loop0/subsystem/sdb/sdb3/holders/dm-0/trace HTTP/1.1" 200 6933 "https://www.pash.pem-web.co.uk/assets/images/49ef30c52eindex.php?path=//sys/devices/virtual/block/loop0/subsystem/sdb/sdb3/holders/dm-0" "Mozilla/5.0 AppleWebKit/537.36 (KHTML, like Gecko; compatible; GPTBot/1.4; +https://openai.com/gptbot)"
74.7.241.17 - - [16/Aug/2026:14:43:11 +0100] "GET /e2dbb/?fm=true&path=/proc/54/net/&rights=igmp6 HTTP/1.1" 200 16787 "https://pash.pem-web.co.uk/e2dbb/?fm=true&path=/proc/54/net" "Mozilla/5.0 AppleWebKit/537.36 (KHTML, like Gecko; compatible; GPTBot/1.4; +https://openai.com/gptbot)"
74.7.227.149 - - [16/Aug/2026:14:43:13 +0100] "GET /assets/images/49ef30c52eindex.php?path=//sys/devices/virtual/block/dm-0/slaves/sdb3/subsystem/sdb/sdb1/power HTTP/1.1" 200 7075 "https://www.pash.pem-web.co.uk/assets/images/49ef30c52eindex.php?path=//sys/devices/virtual/block/dm-0/slaves/sdb3/subsystem/sdb/sdb1" "Mozilla/5.0 AppleWebKit/537.36 (KHTML, like Gecko; compatible; GPTBot/1.4; +https://openai.com/gptbot)"
74.7.241.17 - - [16/Aug/2026:14:43:13 +0100] "GET /e2dbb/?edit=anycast6&fm=true&path=/proc/39/net/ HTTP/1.1" 200 17546 "https://pash.pem-web.co.uk/e2dbb/?fm=true&path=/proc/39/net" "Mozilla/5.0 AppleWebKit/537.36 (KHTML, like Gecko; compatible; GPTBot/1.4; +https://openai.com/gptbot)"
44.221.105.234 - - [16/Aug/2026:14:43:14 +0100] "GET /c4e34/?path=/home/pemwebco/pash.pem-web.co.uk/c4e34/../vtzrxcm HTTP/1.1" 404 - "-" "Mozilla/5.0 AppleWebKit/537.36 (KHTML, like Gecko; compatible; Amazonbot/0.1; +https://developer.amazon.com/support/amazonbot) Chrome/119.0.6045.214 Safari/537.36"
74.7.227.149 - - [16/Aug/2026:14:43:15 +0100] "GET /assets/images/49ef30c52eindex.php?path=//sys/devices/virtual/block/dm-0/slaves/sda1/subsystem/sdb/sdb1/power HTTP/1.1" 200 7075 "https://www.pash.pem-web.co.uk/assets/images/49ef30c52eindex.php?path=//sys/devices/virtual/block/dm-0/slaves/sda1/subsystem/sdb/sdb1" "Mozilla/5.0 AppleWebKit/537.36 (KHTML, like Gecko; compatible; GPTBot/1.4; +https://openai.com/gptbot)"
74.7.241.17 - - [16/Aug/2026:14:43:16 +0100] "GET /e2dbb/?fm=true&path=/proc/47/net/&rights=igmp6 HTTP/1.1" 200 16784 "https://pash.pem-web.co.uk/e2dbb/?fm=true&path=/proc/47/net" "Mozilla/5.0 AppleWebKit/537.36 (KHTML, like Gecko; compatible; GPTBot/1.4; +https://openai.com/gptbot)"
54.87.62.248 - - [16/Aug/2026:14:43:17 +0100] "GET /c4e34/?path=/home/pemwebco/pash.pem-web.co.uk/c4e34/../ziclxwo HTTP/1.1" 404 - "-" "Mozilla/5.0 AppleWebKit/537.36 (KHTML, like Gecko; compatible; Amazonbot/0.1; +https://developer.amazon.com/support/amazonbot) Chrome/119.0.6045.214 Safari/537.36"
74.7.227.149 - - [16/Aug/2026:14:43:17 +0100] "GET /assets/images/49ef30c52eindex.php?path=//sys/devices/virtual/block/loop0/subsystem/sdb/sdb2/holders/dm-1/bdi/power HTTP/1.1" 200 7307 "https://www.pash.pem-web.co.uk/assets/images/49ef30c52eindex.php?path=//sys/devices/virtual/block/loop0/subsystem/sdb/sdb2/holders/dm-1/bdi" "Mozilla/5.0 AppleWebKit/537.36 (KHTML, like Gecko; compatible; GPTBot/1.4; +https://openai.com/gptbot)"
74.7.241.17 - - [16/Aug/2026:14:43:18 +0100] "GET /e2dbb/?edit=anycast6&fm=true&path=/proc/54/net/ HTTP/1.1" 200 17546 "https://pash.pem-web.co.uk/e2dbb/?fm=true&path=/proc/54/net" "Mozilla/5.0 AppleWebKit/537.36 (KHTML, like Gecko; compatible; GPTBot/1.4; +https://openai.com/gptbot)"
74.7.227.149 - - [16/Aug/2026:14:43:20 +0100] "GET /assets/images/49ef30c52eindex.php?path=//sys/devices/virtual/block/dm-1/slaves/sdb2/subsystem/dm-0/integrity HTTP/1.1" 200 7895 "https://www.pash.pem-web.co.uk/assets/images/49ef30c52eindex.php?path=//sys/devices/virtual/block/dm-1/slaves/sdb2/subsystem/dm-0" "Mozilla/5.0 AppleWebKit/537.36 (KHTML, like Gecko; compatible; GPTBot/1.4; +https://openai.com/gptbot)"
74.7.241.17 - - [16/Aug/2026:14:43:21 +0100] "GET /e2dbb/?edit=anycast6&fm=true&path=/proc/17/net/ HTTP/1.1" 200 17546 "https://pash.pem-web.co.uk/e2dbb/?fm=true&path=/proc/17/net" "Mozilla/5.0 AppleWebKit/537.36 (KHTML, like Gecko; compatible; GPTBot/1.4; +https://openai.com/gptbot)"
74.7.227.149 - - [16/Aug/2026:14:43:22 +0100] "GET /assets/images/49ef30c52eindex.php?path=//sys/devices/virtual/block/loop0/subsystem/sda/sda1/holders/dm-0/power HTTP/1.1" 200 7129 "https://www.pash.pem-web.co.uk/assets/images/49ef30c52eindex.php?path=//sys/devices/virtual/block/loop0/subsystem/sda/sda1/holders/dm-0" "Mozilla/5.0 AppleWebKit/537.36 (KHTML, like Gecko; compatible; GPTBot/1.4; +https://openai.com/gptbot)"
54.225.81.20 - - [16/Aug/2026:14:43:22 +0100] "GET /c4e34/?path=/home/pemwebco/pash.pem-web.co.uk/c4e34/../gqfemlj HTTP/1.1" 404 - "-" "Mozilla/5.0 AppleWebKit/537.36 (KHTML, like Gecko; compatible; Amazonbot/0.1; +https://developer.amazon.com/support/amazonbot) Chrome/119.0.6045.214 Safari/537.36"
74.7.241.17 - - [16/Aug/2026:14:43:23 +0100] "GET /e2dbb/?fm=true&path=/proc/49/net/&rights=igmp6 HTTP/1.1" 200 16784 "https://pash.pem-web.co.uk/e2dbb/?fm=true&path=/proc/49/net" "Mozilla/5.0 AppleWebKit/537.36 (KHTML, like Gecko; compatible; GPTBot/1.4; +https://openai.com/gptbot)"
74.7.227.149 - - [16/Aug/2026:14:43:24 +0100] "GET /assets/images/49ef30c52eindex.php?path=//sys/devices/virtual/block/loop0/subsystem/sda/sda1/holders/dm-0/queue HTTP/1.1" 200 38655 "https://www.pash.pem-web.co.uk/assets/images/49ef30c52eindex.php?path=//sys/devices/virtual/block/loop0/subsystem/sda/sda1/holders/dm-0" "Mozilla/5.0 AppleWebKit/537.36 (KHTML, like Gecko; compatible; GPTBot/1.4; +https://openai.com/gptbot)"
44.209.187.99 - - [16/Aug/2026:14:43:25 +0100] "GET /c4e34/?path=/home/pemwebco/pash.pem-web.co.uk/hdfoqti HTTP/1.1" 200 6957 "-" "Mozilla/5.0 AppleWebKit/537.36 (KHTML, like Gecko; compatible; Amazonbot/0.1; +https://developer.amazon.com/support/amazonbot) Chrome/119.0.6045.214 Safari/537.36"
74.7.241.17 - - [16/Aug/2026:14:43:25 +0100] "GET /e2dbb/?fm=true&path=/proc/49/net/&rights=snmp6 HTTP/1.1" 200 16784 "https://pash.pem-web.co.uk/e2dbb/?fm=true&path=/proc/49/net" "Mozilla/5.0 AppleWebKit/537.36 (KHTML, like Gecko; compatible; GPTBot/1.4; +https://openai.com/gptbot)"
74.7.227.149 - - [16/Aug/2026:14:43:27 +0100] "GET /assets/images/49ef30c52eindex.php?path=//sys/devices/virtual/block/loop0/subsystem/sdb/sdb3/holders/dm-0/queue HTTP/1.1" 200 38655 "https://www.pash.pem-web.co.uk/assets/images/49ef30c52eindex.php?path=//sys/devices/virtual/block/loop0/subsystem/sdb/sdb3/holders/dm-0" "Mozilla/5.0 AppleWebKit/537.36 (KHTML, like Gecko; compatible; GPTBot/1.4; +https://openai.com/gptbot)"
74.7.241.17 - - [16/Aug/2026:14:43:28 +0100] "GET /e2dbb/?fm=true&path=/proc/45/net/&rights=icmp6 HTTP/1.1" 200 16784 "https://pash.pem-web.co.uk/e2dbb/?fm=true&path=/proc/45/net" "Mozilla/5.0 AppleWebKit/537.36 (KHTML, like Gecko; compatible; GPTBot/1.4; +https://openai.com/gptbot)"
74.7.227.149 - - [16/Aug/2026:14:43:29 +0100] "GET /assets/images/49ef30c52eindex.php?path=//sys/devices/virtual/block/dm-0/slaves/sdb4/subsystem/dm-1/integrity HTTP/1.1" 200 7895 "https://www.pash.pem-web.co.uk/assets/images/49ef30c52eindex.php?path=//sys/devices/virtual/block/dm-0/slaves/sdb4/subsystem/dm-1" "Mozilla/5.0 AppleWebKit/537.36 (KHTML, like Gecko; compatible; GPTBot/1.4; +https://openai.com/gptbot)"
52.4.213.199 - - [16/Aug/2026:14:43:30 +0100] "GET /e2dbb/?download=L2hvbWUvcGVtd2ViY28vcGFzaC5wZW0td2ViLmNvLnVrL2UyZGJiL2FoemliMWQudGFy HTTP/1.1" 200 3 "-" "Mozilla/5.0 AppleWebKit/537.36 (KHTML, like Gecko; compatible; Amazonbot/0.1; +https://developer.amazon.com/support/amazonbot) Chrome/119.0.6045.214 Safari/537.36"
74.7.241.17 - - [16/Aug/2026:14:43:30 +0100] "GET /e2dbb/?fm=true&path=/proc/48/net/&rights=snmp6 HTTP/1.1" 200 16784 "https://pash.pem-web.co.uk/e2dbb/?fm=true&path=/proc/48/net" "Mozilla/5.0 AppleWebKit/537.36 (KHTML, like Gecko; compatible; GPTBot/1.4; +https://openai.com/gptbot)"
74.7.227.149 - - [16/Aug/2026:14:43:32 +0100] "GET /assets/images/49ef30c52eindex.php?path=//sys/devices/virtual/block/loop0/subsystem/sda/sda1/holders/dm-0/bdi/power HTTP/1.1" 200 7307 "https://www.pash.pem-web.co.uk/assets/images/49ef30c52eindex.php?path=//sys/devices/virtual/block/loop0/subsystem/sda/sda1/holders/dm-0/bdi" "Mozilla/5.0 AppleWebKit/537.36 (KHTML, like Gecko; compatible; GPTBot/1.4; +https://openai.com/gptbot)"
74.7.241.17 - - [16/Aug/2026:14:43:33 +0100] "GET /e2dbb/?edit=anycast6&fm=true&path=/proc/49/net/ HTTP/1.1" 200 17546 "https://pash.pem-web.co.uk/e2dbb/?fm=true&path=/proc/49/net" "Mozilla/5.0 AppleWebKit/537.36 (KHTML, like Gecko; compatible; GPTBot/1.4; +https://openai.com/gptbot)"
98.82.107.102 - - [16/Aug/2026:14:43:34 +0100] "GET /e2dbb/?fm=true&path=/home/pemwebco/pash.pem-web.co.uk/&rights=lwsueak HTTP/1.1" 200 16925 "-" "Mozilla/5.0 AppleWebKit/537.36 (KHTML, like Gecko; compatible; Amazonbot/0.1; +https://developer.amazon.com/support/amazonbot) Chrome/119.0.6045.214 Safari/537.36"
74.7.227.149 - - [16/Aug/2026:14:43:34 +0100] "GET /assets/images/49ef30c52eindex.php?path=//sys/devices/virtual/block/loop0/subsystem/sdb/sdb2/holders/dm-0/power HTTP/1.1" 200 7129 "https://www.pash.pem-web.co.uk/assets/images/49ef30c52eindex.php?path=//sys/devices/virtual/block/loop0/subsystem/sdb/sdb2/holders/dm-0" "Mozilla/5.0 AppleWebKit/537.36 (KHTML, like Gecko; compatible; GPTBot/1.4; +https://openai.com/gptbot)"
74.7.230.26 - - [16/Aug/2026:14:43:35 +0100] "GET /robots.txt HTTP/1.1" 404 - "-" "Mozilla/5.0 (Macintosh; Intel Mac OS X 10_15_7) AppleWebKit/537.36 (KHTML, like Gecko) Chrome/131.0.0.0 Safari/537.36; compatible; OAI-SearchBot/1.4; robots.txt; +https://openai.com/searchbot"
74.7.241.17 - - [16/Aug/2026:14:43:35 +0100] "GET /e2dbb/?edit=anycast6&fm=true&path=/proc/53/net/ HTTP/1.1" 200 17546 "https://pash.pem-web.co.uk/e2dbb/?fm=true&path=/proc/53/net" "Mozilla/5.0 AppleWebKit/537.36 (KHTML, like Gecko; compatible; GPTBot/1.4; +https://openai.com/gptbot)"
74.7.227.149 - - [16/Aug/2026:14:43:36 +0100] "GET /assets/images/49ef30c52eindex.php?path=//sys/devices/virtual/block/loop0/subsystem/sdb/sdb4/holders/dm-0/trace HTTP/1.1" 200 6933 "https://www.pash.pem-web.co.uk/assets/images/49ef30c52eindex.php?path=//sys/devices/virtual/block/loop0/subsystem/sdb/sdb4/holders/dm-0" "Mozilla/5.0 AppleWebKit/537.36 (KHTML, like Gecko; compatible; GPTBot/1.4; +https://openai.com/gptbot)"
52.3.26.180 - - [16/Aug/2026:14:43:37 +0100] "GET /e2dbb/?fm=true&path=/home/pemwebco/pash.pem-web.co.uk/e2dbb/&rename=.htaccess.tar HTTP/1.1" 200 16888 "-" "Mozilla/5.0 AppleWebKit/537.36 (KHTML, like Gecko; compatible; Amazonbot/0.1; +https://developer.amazon.com/support/amazonbot) Chrome/119.0.6045.214 Safari/537.36"
74.7.241.17 - - [16/Aug/2026:14:43:38 +0100] "GET /e2dbb/?fm=true&path=/proc/41/net/&rights=icmp6 HTTP/1.1" 200 16787 "https://pash.pem-web.co.uk/e2dbb/?fm=true&path=/proc/41/net" "Mozilla/5.0 AppleWebKit/537.36 (KHTML, like Gecko; compatible; GPTBot/1.4; +https://openai.com/gptbot)"
74.7.227.149 - - [16/Aug/2026:14:43:39 +0100] "GET /assets/images/49ef30c52eindex.php?filesrc=//sys/devices/virtual/block/dm-0/slaves/sdb3/subsystem/sdb/sdb1/power/control&path=//sys/devices/virtual/block/dm-0/slaves/sdb3/subsystem/sdb/sdb1/power HTTP/1.1" 200 2203 "https://www.pash.pem-web.co.uk/assets/images/49ef30c52eindex.php?path=//sys/devices/virtual/block/dm-0/slaves/sdb3/subsystem/sdb/sdb1/power" "Mozilla/5.0 AppleWebKit/537.36 (KHTML, like Gecko; compatible; GPTBot/1.4; +https://openai.com/gptbot)"
74.7.241.17 - - [16/Aug/2026:14:43:40 +0100] "GET /e2dbb/?fm=true&path=/proc/48/net/&rights=igmp6 HTTP/1.1" 200 16784 "https://pash.pem-web.co.uk/e2dbb/?fm=true&path=/proc/48/net" "Mozilla/5.0 AppleWebKit/537.36 (KHTML, like Gecko; compatible; GPTBot/1.4; +https://openai.com/gptbot)"
74.7.227.149 - - [16/Aug/2026:14:43:41 +0100] "GET /assets/images/49ef30c52eindex.php?path=//sys/devices/virtual/block/loop0/subsystem/sdb/sdb4/holders/dm-0/power HTTP/1.1" 200 7129 "https://www.pash.pem-web.co.uk/assets/images/49ef30c52eindex.php?path=//sys/devices/virtual/block/loop0/subsystem/sdb/sdb4/holders/dm-0" "Mozilla/5.0 AppleWebKit/537.36 (KHTML, like Gecko; compatible; GPTBot/1.4; +https://openai.com/gptbot)"
18.206.47.187 - - [16/Aug/2026:14:43:42 +0100] "GET /e2dbb/?fm=true&path=/home/pemwebco/pash.pem-web.co.uk/&rights=gpkzxbt HTTP/1.1" 200 16925 "-" "Mozilla/5.0 AppleWebKit/537.36 (KHTML, like Gecko; compatible; Amazonbot/0.1; +https://developer.amazon.com/support/amazonbot) Chrome/119.0.6045.214 Safari/537.36"
74.7.241.17 - - [16/Aug/2026:14:43:43 +0100] "GET /e2dbb/?fm=true&path=/proc/39/net/&rights=icmp6 HTTP/1.1" 200 16784 "https://pash.pem-web.co.uk/e2dbb/?fm=true&path=/proc/39/net" "Mozilla/5.0 AppleWebKit/537.36 (KHTML, like Gecko; compatible; GPTBot/1.4; +https://openai.com/gptbot)"
74.7.227.149 - - [16/Aug/2026:14:43:43 +0100] "GET /assets/images/49ef30c52eindex.php?path=//sys/devices/virtual/block/dm-0/slaves/sda1/subsystem/sdb/sdb2/power HTTP/1.1" 200 7075 "https://www.pash.pem-web.co.uk/assets/images/49ef30c52eindex.php?path=//sys/devices/virtual/block/dm-0/slaves/sda1/subsystem/sdb/sdb2" "Mozilla/5.0 AppleWebKit/537.36 (KHTML, like Gecko; compatible; GPTBot/1.4; +https://openai.com/gptbot)"
74.7.241.17 - - [16/Aug/2026:14:43:45 +0100] "GET /e2dbb/?fm=true&path=/proc/39/net/&rights=snmp6 HTTP/1.1" 200 16784 "https://pash.pem-web.co.uk/e2dbb/?fm=true&path=/proc/39/net" "Mozilla/5.0 AppleWebKit/537.36 (KHTML, like Gecko; compatible; GPTBot/1.4; +https://openai.com/gptbot)"
44.215.61.66 - - [16/Aug/2026:14:43:45 +0100] "GET /e2dbb/?fm=true&path=/home/pemwebco/pash.pem-web.co.uk/e2dbb/&rename=qnbhpwe.tar HTTP/1.1" 200 16884 "-" "Mozilla/5.0 AppleWebKit/537.36 (KHTML, like Gecko; compatible; Amazonbot/0.1; +https://developer.amazon.com/support/amazonbot) Chrome/119.0.6045.214 Safari/537.36"
74.7.227.149 - - [16/Aug/2026:14:43:46 +0100] "GET /assets/images/49ef30c52eindex.php?path=//sys/devices/virtual/block/dm-0/slaves/sda1/subsystem/sdb/sdb3/power HTTP/1.1" 200 7075 "https://www.pash.pem-web.co.uk/assets/images/49ef30c52eindex.php?path=//sys/devices/virtual/block/dm-0/slaves/sda1/subsystem/sdb/sdb3" "Mozilla/5.0 AppleWebKit/537.36 (KHTML, like Gecko; compatible; GPTBot/1.4; +https://openai.com/gptbot)"
74.7.241.17 - - [16/Aug/2026:14:43:48 +0100] "GET /e2dbb/?edit=anycast6&fm=true&path=/proc/41/net/ HTTP/1.1" 200 17546 "https://pash.pem-web.co.uk/e2dbb/?fm=true&path=/proc/41/net" "Mozilla/5.0 AppleWebKit/537.36 (KHTML, like Gecko; compatible; GPTBot/1.4; +https://openai.com/gptbot)"
74.7.227.149 - - [16/Aug/2026:14:43:48 +0100] "GET /assets/images/49ef30c52eindex.php?path=//sys/devices/virtual/block/loop0/subsystem/sda/sda1/holders/dm-0/trace HTTP/1.1" 200 6933 "https://www.pash.pem-web.co.uk/assets/images/49ef30c52eindex.php?path=//sys/devices/virtual/block/loop0/subsystem/sda/sda1/holders/dm-0" "Mozilla/5.0 AppleWebKit/537.36 (KHTML, like Gecko; compatible; GPTBot/1.4; +https://openai.com/gptbot)"
54.163.136.244 - - [16/Aug/2026:14:43:49 +0100] "GET /e2dbb/?fm=true&path=/home/pemwebco/pash.pem-web.co.uk/&rights=lzinhep HTTP/1.1" 200 16925 "-" "Mozilla/5.0 AppleWebKit/537.36 (KHTML, like Gecko; compatible; Amazonbot/0.1; +https://developer.amazon.com/support/amazonbot) Chrome/119.0.6045.214 Safari/537.36"
74.7.241.17 - - [16/Aug/2026:14:43:50 +0100] "GET /e2dbb/?fm=true&path=/proc/57/net/&rights=igmp6 HTTP/1.1" 200 16784 "https://pash.pem-web.co.uk/e2dbb/?fm=true&path=/proc/57/net" "Mozilla/5.0 AppleWebKit/537.36 (KHTML, like Gecko; compatible; GPTBot/1.4; +https://openai.com/gptbot)"
74.7.227.149 - - [16/Aug/2026:14:43:50 +0100] "GET /assets/images/49ef30c52eindex.php?path=//sys/devices/virtual/block/dm-0/slaves/sda1/subsystem/sdb/sdb4/power HTTP/1.1" 200 7075 "https://www.pash.pem-web.co.uk/assets/images/49ef30c52eindex.php?path=//sys/devices/virtual/block/dm-0/slaves/sda1/subsystem/sdb/sdb4" "Mozilla/5.0 AppleWebKit/537.36 (KHTML, like Gecko; compatible; GPTBot/1.4; +https://openai.com/gptbot)"
74.7.227.149 - - [16/Aug/2026:14:43:52 +0100] "GET /assets/images/49ef30c52eindex.php?path=//sys/block/dm-1/subsystem/sdb/sdb2/holders/dm-0/power HTTP/1.1" 200 6561 "https://www.pash.pem-web.co.uk/assets/images/49ef30c52eindex.php?path=//sys/block/dm-1/subsystem/sdb/sdb2/holders/dm-0" "Mozilla/5.0 AppleWebKit/537.36 (KHTML, like Gecko; compatible; GPTBot/1.4; +https://openai.com/gptbot)"
74.7.241.17 - - [16/Aug/2026:14:43:52 +0100] "GET /e2dbb/?fm=true&path=/proc/53/net/&rights=snmp6 HTTP/1.1" 200 16784 "https://pash.pem-web.co.uk/e2dbb/?fm=true&path=/proc/53/net" "Mozilla/5.0 AppleWebKit/537.36 (KHTML, like Gecko; compatible; GPTBot/1.4; +https://openai.com/gptbot)"
54.92.171.106 - - [16/Aug/2026:14:43:53 +0100] "GET /e2dbb/?fm=true&path=/home/pemwebco/pash.pem-web.co.uk/&rights=qs1pobk HTTP/1.1" 200 16925 "-" "Mozilla/5.0 AppleWebKit/537.36 (KHTML, like Gecko; compatible; Amazonbot/0.1; +https://developer.amazon.com/support/amazonbot) Chrome/119.0.6045.214 Safari/537.36"
74.7.227.149 - - [16/Aug/2026:14:43:55 +0100] "GET /assets/images/49ef30c52eindex.php?path=//sys/block/sdb/sdb4/holders/dm-0/subsystem/dm-1/queue HTTP/1.1" 200 35764 "https://www.pash.pem-web.co.uk/assets/images/49ef30c52eindex.php?path=//sys/block/sdb/sdb4/holders/dm-0/subsystem/dm-1" "Mozilla/5.0 AppleWebKit/537.36 (KHTML, like Gecko; compatible; GPTBot/1.4; +https://openai.com/gptbot)"
74.7.241.17 - - [16/Aug/2026:14:43:55 +0100] "GET /e2dbb/?fm=true&path=/proc/17/net/&rights=igmp6 HTTP/1.1" 200 16784 "https://pash.pem-web.co.uk/e2dbb/?fm=true&path=/proc/17/net" "Mozilla/5.0 AppleWebKit/537.36 (KHTML, like Gecko; compatible; GPTBot/1.4; +https://openai.com/gptbot)"
74.7.227.149 - - [16/Aug/2026:14:43:57 +0100] "GET /assets/images/49ef30c52eindex.php?path=//sys/class/ata_device/dev2.0/subsystem/dev1.0/power HTTP/1.1" 200 6413 "https://www.pash.pem-web.co.uk/assets/images/49ef30c52eindex.php?path=//sys/class/ata_device/dev2.0/subsystem/dev1.0" "Mozilla/5.0 AppleWebKit/537.36 (KHTML, like Gecko; compatible; GPTBot/1.4; +https://openai.com/gptbot)"
74.7.241.17 - - [16/Aug/2026:14:43:57 +0100] "GET /e2dbb/?fm=true&path=/proc/47/net/&rights=snmp6 HTTP/1.1" 200 16784 "https://pash.pem-web.co.uk/e2dbb/?fm=true&path=/proc/47/net" "Mozilla/5.0 AppleWebKit/537.36 (KHTML, like Gecko; compatible; GPTBot/1.4; +https://openai.com/gptbot)"
50.16.216.166 - - [16/Aug/2026:14:43:57 +0100] "GET /e2dbb/?fm=true&path=/home/pemwebco/pash.pem-web.co.uk/&rights=adman.995.txt HTTP/1.1" 200 16863 "-" "Mozilla/5.0 AppleWebKit/537.36 (KHTML, like Gecko; compatible; Amazonbot/0.1; +https://developer.amazon.com/support/amazonbot) Chrome/119.0.6045.214 Safari/537.36"
74.7.227.149 - - [16/Aug/2026:14:43:59 +0100] "GET /assets/images/49ef30c52eindex.php?path=//sys/block/dm-0/subsystem/sdb/sdb2/holders/dm-1/power HTTP/1.1" 200 6561 "https://www.pash.pem-web.co.uk/assets/images/49ef30c52eindex.php?path=//sys/block/dm-0/subsystem/sdb/sdb2/holders/dm-1" "Mozilla/5.0 AppleWebKit/537.36 (KHTML, like Gecko; compatible; GPTBot/1.4; +https://openai.com/gptbot)"
74.7.241.17 - - [16/Aug/2026:14:44:00 +0100] "GET /e2dbb/?fm=true&path=/proc/17/net/&rights=snmp6 HTTP/1.1" 200 16784 "https://pash.pem-web.co.uk/e2dbb/?fm=true&path=/proc/17/net" "Mozilla/5.0 AppleWebKit/537.36 (KHTML, like Gecko; compatible; GPTBot/1.4; +https://openai.com/gptbot)"
54.85.7.119 - - [16/Aug/2026:14:44:01 +0100] "GET /e2dbb/?fm=true&path=/home/pemwebco/pash.pem-web.co.uk/&rights=kivjm1q HTTP/1.1" 200 16925 "-" "Mozilla/5.0 AppleWebKit/537.36 (KHTML, like Gecko; compatible; Amazonbot/0.1; +https://developer.amazon.com/support/amazonbot) Chrome/119.0.6045.214 Safari/537.36"
74.7.227.149 - - [16/Aug/2026:14:44:02 +0100] "GET /assets/images/49ef30c52eindex.php?path=//sys/block/sdb/sdb1/subsystem/sda1/holders/dm-0/power HTTP/1.1" 200 6554 "https://www.pash.pem-web.co.uk/assets/images/49ef30c52eindex.php?path=//sys/block/sdb/sdb1/subsystem/sda1/holders/dm-0" "Mozilla/5.0 AppleWebKit/537.36 (KHTML, like Gecko; compatible; GPTBot/1.4; +https://openai.com/gptbot)"
74.7.241.17 - - [16/Aug/2026:14:44:02 +0100] "GET /e2dbb/?fm=true&path=/proc/57/net/&rights=snmp6 HTTP/1.1" 200 16784 "https://pash.pem-web.co.uk/e2dbb/?fm=true&path=/proc/57/net" "Mozilla/5.0 AppleWebKit/537.36 (KHTML, like Gecko; compatible; GPTBot/1.4; +https://openai.com/gptbot)"
74.7.227.149 - - [16/Aug/2026:14:44:04 +0100] "GET /assets/images/49ef30c52eindex.php?path=//sys/class/block/sda/device/driver/3:0:0:0/power HTTP/1.1" 200 6376 "https://www.pash.pem-web.co.uk/assets/images/49ef30c52eindex.php?path=//sys/class/block/sda/device/driver/3:0:0:0" "Mozilla/5.0 AppleWebKit/537.36 (KHTML, like Gecko; compatible; GPTBot/1.4; +https://openai.com/gptbot)"
74.7.241.17 - - [16/Aug/2026:14:44:05 +0100] "GET /e2dbb/?fm=true&path=/proc/41/net/stat/&rights=ndisc_cache HTTP/1.1" 200 16811 "https://pash.pem-web.co.uk/e2dbb/?fm=true&path=/proc/41/net/stat" "Mozilla/5.0 AppleWebKit/537.36 (KHTML, like Gecko; compatible; GPTBot/1.4; +https://openai.com/gptbot)"
98.82.38.120 - - [16/Aug/2026:14:44:05 +0100] "GET /e2dbb/?fm=true&path=/home/pemwebco/pash.pem-web.co.uk/yxngoqj HTTP/1.1" 200 22431 "-" "Mozilla/5.0 AppleWebKit/537.36 (KHTML, like Gecko; compatible; Amazonbot/0.1; +https://developer.amazon.com/support/amazonbot) Chrome/119.0.6045.214 Safari/537.36"
74.7.227.149 - - [16/Aug/2026:14:44:06 +0100] "GET /assets/images/49ef30c52eindex.php?path=//sys/block/sdb/sdb2/holders/dm-1/subsystem/dm-0/power HTTP/1.1" 200 6550 "https://www.pash.pem-web.co.uk/assets/images/49ef30c52eindex.php?path=//sys/block/sdb/sdb2/holders/dm-1/subsystem/dm-0" "Mozilla/5.0 AppleWebKit/537.36 (KHTML, like Gecko; compatible; GPTBot/1.4; +https://openai.com/gptbot)"
74.7.241.17 - - [16/Aug/2026:14:44:07 +0100] "GET /e2dbb/?fm=true&path=/proc/53/net/&rights=fib_trie HTTP/1.1" 200 16790 "https://pash.pem-web.co.uk/e2dbb/?fm=true&path=/proc/53/net" "Mozilla/5.0 AppleWebKit/537.36 (KHTML, like Gecko; compatible; GPTBot/1.4; +https://openai.com/gptbot)"
74.7.227.149 - - [16/Aug/2026:14:44:09 +0100] "GET /assets/images/49ef30c52eindex.php?path=//sys/block/dm-0/subsystem/sdb/sdb2/holders/dm-1/queue HTTP/1.1" 200 35775 "https://www.pash.pem-web.co.uk/assets/images/49ef30c52eindex.php?path=//sys/block/dm-0/subsystem/sdb/sdb2/holders/dm-1" "Mozilla/5.0 AppleWebKit/537.36 (KHTML, like Gecko; compatible; GPTBot/1.4; +https://openai.com/gptbot)"
23.21.250.48 - - [16/Aug/2026:14:44:10 +0100] "GET /c4e34/?path=/home/pemwebco/pash.pem-web.co.uk/c4e34/./. HTTP/1.1" 200 6186 "-" "Mozilla/5.0 AppleWebKit/537.36 (KHTML, like Gecko; compatible; Amazonbot/0.1; +https://developer.amazon.com/support/amazonbot) Chrome/119.0.6045.214 Safari/537.36"
74.7.241.17 - - [16/Aug/2026:14:44:10 +0100] "GET /e2dbb/?edit=nf_conntrack_expect&fm=true&path=/proc/54/net/ HTTP/1.1" 200 17568 "https://pash.pem-web.co.uk/e2dbb/?fm=true&path=/proc/54/net" "Mozilla/5.0 AppleWebKit/537.36 (KHTML, like Gecko; compatible; GPTBot/1.4; +https://openai.com/gptbot)"
74.7.227.149 - - [16/Aug/2026:14:44:11 +0100] "GET /assets/images/49ef30c52eindex.php?path=//sys/block/sdb/sdb3/holders/dm-0/subsystem/dm-1/power HTTP/1.1" 200 6550 "https://www.pash.pem-web.co.uk/assets/images/49ef30c52eindex.php?path=//sys/block/sdb/sdb3/holders/dm-0/subsystem/dm-1" "Mozilla/5.0 AppleWebKit/537.36 (KHTML, like Gecko; compatible; GPTBot/1.4; +https://openai.com/gptbot)"
74.7.241.17 - - [16/Aug/2026:14:44:12 +0100] "GET /e2dbb/?edit=nf_conntrack_expect&fm=true&path=/proc/45/net/ HTTP/1.1" 200 17568 "https://pash.pem-web.co.uk/e2dbb/?fm=true&path=/proc/45/net" "Mozilla/5.0 AppleWebKit/537.36 (KHTML, like Gecko; compatible; GPTBot/1.4; +https://openai.com/gptbot)"
74.7.227.149 - - [16/Aug/2026:14:44:13 +0100] "GET /assets/images/49ef30c52eindex.php?path=//sys/block/sdb/sdb2/holders/dm-0/subsystem/sda1/power HTTP/1.1" 200 6550 "https://www.pash.pem-web.co.uk/assets/images/49ef30c52eindex.php?path=//sys/block/sdb/sdb2/holders/dm-0/subsystem/sda1" "Mozilla/5.0 AppleWebKit/537.36 (KHTML, like Gecko; compatible; GPTBot/1.4; +https://openai.com/gptbot)"
100.28.133.214 - - [16/Aug/2026:14:44:14 +0100] "GET /e2dbb/?fm=true&path=/home/pemwebco/pash.pem-web.co.uk/e2dbb/&rename=rsjxeot.tar HTTP/1.1" 200 16884 "-" "Mozilla/5.0 AppleWebKit/537.36 (KHTML, like Gecko; compatible; Amazonbot/0.1; +https://developer.amazon.com/support/amazonbot) Chrome/119.0.6045.214 Safari/537.36"
74.7.241.17 - - [16/Aug/2026:14:44:14 +0100] "GET /e2dbb/?edit=nf_conntrack_expect&fm=true&path=/proc/41/net/ HTTP/1.1" 200 17568 "https://pash.pem-web.co.uk/e2dbb/?fm=true&path=/proc/41/net" "Mozilla/5.0 AppleWebKit/537.36 (KHTML, like Gecko; compatible; GPTBot/1.4; +https://openai.com/gptbot)"
74.7.227.149 - - [16/Aug/2026:14:44:15 +0100] "GET /assets/images/49ef30c52eindex.php?path=//sys/block/dm-0/slaves/sdb2/subsystem/sdb4/power HTTP/1.1" 200 6380 "https://www.pash.pem-web.co.uk/assets/images/49ef30c52eindex.php?path=//sys/block/dm-0/slaves/sdb2/subsystem/sdb4" "Mozilla/5.0 AppleWebKit/537.36 (KHTML, like Gecko; compatible; GPTBot/1.4; +https://openai.com/gptbot)"
74.7.241.17 - - [16/Aug/2026:14:44:17 +0100] "GET /e2dbb/?edit=nf_conntrack_expect&fm=true&path=/proc/53/net/ HTTP/1.1" 200 17568 "https://pash.pem-web.co.uk/e2dbb/?fm=true&path=/proc/53/net" "Mozilla/5.0 AppleWebKit/537.36 (KHTML, like Gecko; compatible; GPTBot/1.4; +https://openai.com/gptbot)"
34.202.88.37 - - [16/Aug/2026:14:44:18 +0100] "GET /e2dbb/?fm=true&path=/home/pemwebco/pash.pem-web.co.uk/eiuxrfs HTTP/1.1" 200 22431 "-" "Mozilla/5.0 AppleWebKit/537.36 (KHTML, like Gecko; compatible; Amazonbot/0.1; +https://developer.amazon.com/support/amazonbot) Chrome/119.0.6045.214 Safari/537.36"
74.7.227.149 - - [16/Aug/2026:14:44:18 +0100] "GET /assets/images/49ef30c52eindex.php?path=//sys/block/dm-1/subsystem/sdb/sdb3/holders/dm-0/power HTTP/1.1" 200 6561 "https://www.pash.pem-web.co.uk/assets/images/49ef30c52eindex.php?path=//sys/block/dm-1/subsystem/sdb/sdb3/holders/dm-0" "Mozilla/5.0 AppleWebKit/537.36 (KHTML, like Gecko; compatible; GPTBot/1.4; +https://openai.com/gptbot)"
74.7.241.17 - - [16/Aug/2026:14:44:19 +0100] "GET /e2dbb/?fm=true&path=/proc/41/net/stat/. HTTP/1.1" 200 24148 "https://pash.pem-web.co.uk/e2dbb/?fm=true&path=/proc/41/net/stat" "Mozilla/5.0 AppleWebKit/537.36 (KHTML, like Gecko; compatible; GPTBot/1.4; +https://openai.com/gptbot)"
74.7.227.149 - - [16/Aug/2026:14:44:20 +0100] "GET /assets/images/49ef30c52eindex.php?path=//sys/block/sdb/sdb2/holders/dm-1/subsystem/sr0/mq HTTP/1.1" 200 2875 "https://www.pash.pem-web.co.uk/assets/images/49ef30c52eindex.php?path=//sys/block/sdb/sdb2/holders/dm-1/subsystem/sr0" "Mozilla/5.0 AppleWebKit/537.36 (KHTML, like Gecko; compatible; GPTBot/1.4; +https://openai.com/gptbot)"
74.7.241.17 - - [16/Aug/2026:14:44:21 +0100] "GET /e2dbb/?edit=ipv6_route&fm=true&path=/proc/47/net/ HTTP/1.1" 200 19950 "https://pash.pem-web.co.uk/e2dbb/?fm=true&path=/proc/47/net" "Mozilla/5.0 AppleWebKit/537.36 (KHTML, like Gecko; compatible; GPTBot/1.4; +https://openai.com/gptbot)"
54.87.62.248 - - [16/Aug/2026:14:44:22 +0100] "GET /e2dbb/?fm=true&path=/home/pemwebco/pash.pem-web.co.uk/lzinhep HTTP/1.1" 200 22431 "-" "Mozilla/5.0 AppleWebKit/537.36 (KHTML, like Gecko; compatible; Amazonbot/0.1; +https://developer.amazon.com/support/amazonbot) Chrome/119.0.6045.214 Safari/537.36"
74.7.227.149 - - [16/Aug/2026:14:44:22 +0100] "GET /assets/images/49ef30c52eindex.php?path=//sys/block/dm-0/slaves/sdb2/holders/dm-1 HTTP/1.1" 200 20849 "https://www.pash.pem-web.co.uk/assets/images/49ef30c52eindex.php?path=//sys/block/dm-0/slaves/sdb2/holders" "Mozilla/5.0 AppleWebKit/537.36 (KHTML, like Gecko; compatible; GPTBot/1.4; +https://openai.com/gptbot)"
74.7.241.17 - - [16/Aug/2026:14:44:24 +0100] "GET /e2dbb/?edit=ipv6_route&fm=true&path=/proc/41/net/ HTTP/1.1" 200 19950 "https://pash.pem-web.co.uk/e2dbb/?fm=true&path=/proc/41/net" "Mozilla/5.0 AppleWebKit/537.36 (KHTML, like Gecko; compatible; GPTBot/1.4; +https://openai.com/gptbot)"
74.7.227.149 - - [16/Aug/2026:14:44:25 +0100] "GET /assets/images/49ef30c52eindex.php?path=//sys/block/sdb/sdb2/subsystem/sda1/holders/dm-0/power HTTP/1.1" 200 6554 "https://www.pash.pem-web.co.uk/assets/images/49ef30c52eindex.php?path=//sys/block/sdb/sdb2/subsystem/sda1/holders/dm-0" "Mozilla/5.0 AppleWebKit/537.36 (KHTML, like Gecko; compatible; GPTBot/1.4; +https://openai.com/gptbot)"
52.205.222.214 - - [16/Aug/2026:14:44:25 +0100] "GET /e2dbb/?fm=true&path=/home/pemwebco/pash.pem-web.co.uk/&rights=cboeuvz HTTP/1.1" 200 16925 "-" "Mozilla/5.0 AppleWebKit/537.36 (KHTML, like Gecko; compatible; Amazonbot/0.1; +https://developer.amazon.com/support/amazonbot) Chrome/119.0.6045.214 Safari/537.36"
74.7.241.17 - - [16/Aug/2026:14:44:26 +0100] "GET /e2dbb/?edit=ipv6_route&fm=true&path=/proc/39/net/ HTTP/1.1" 200 19950 "https://pash.pem-web.co.uk/e2dbb/?fm=true&path=/proc/39/net" "Mozilla/5.0 AppleWebKit/537.36 (KHTML, like Gecko; compatible; GPTBot/1.4; +https://openai.com/gptbot)"
74.7.227.149 - - [16/Aug/2026:14:44:27 +0100] "GET /assets/images/49ef30c52eindex.php?path=//sys/class/ata_device/dev2.1/subsystem/dev1.1/power HTTP/1.1" 200 6413 "https://www.pash.pem-web.co.uk/assets/images/49ef30c52eindex.php?path=//sys/class/ata_device/dev2.1/subsystem/dev1.1" "Mozilla/5.0 AppleWebKit/537.36 (KHTML, like Gecko; compatible; GPTBot/1.4; +https://openai.com/gptbot)"
74.7.241.17 - - [16/Aug/2026:14:44:29 +0100] "GET /e2dbb/?edit=ipv6_route&fm=true&path=/proc/48/net/ HTTP/1.1" 200 19950 "https://pash.pem-web.co.uk/e2dbb/?fm=true&path=/proc/48/net" "Mozilla/5.0 AppleWebKit/537.36 (KHTML, like Gecko; compatible; GPTBot/1.4; +https://openai.com/gptbot)"
74.7.227.149 - - [16/Aug/2026:14:44:30 +0100] "GET /assets/images/49ef30c52eindex.php?path=//sys/block/sdb/sdb4/holders/dm-0/subsystem/sda1/power HTTP/1.1" 200 6550 "https://www.pash.pem-web.co.uk/assets/images/49ef30c52eindex.php?path=//sys/block/sdb/sdb4/holders/dm-0/subsystem/sda1" "Mozilla/5.0 AppleWebKit/537.36 (KHTML, like Gecko; compatible; GPTBot/1.4; +https://openai.com/gptbot)"
52.200.251.20 - - [16/Aug/2026:14:44:30 +0100] "GET /e2dbb/?fm=true&path=/home/pemwebco/pash.pem-web.co.uk/simhzln HTTP/1.1" 200 22431 "-" "Mozilla/5.0 AppleWebKit/537.36 (KHTML, like Gecko; compatible; Amazonbot/0.1; +https://developer.amazon.com/support/amazonbot) Chrome/119.0.6045.214 Safari/537.36"
74.7.241.17 - - [16/Aug/2026:14:44:31 +0100] "GET /e2dbb/?edit=ipv6_route&fm=true&path=/proc/54/net/ HTTP/1.1" 200 19950 "https://pash.pem-web.co.uk/e2dbb/?fm=true&path=/proc/54/net" "Mozilla/5.0 AppleWebKit/537.36 (KHTML, like Gecko; compatible; GPTBot/1.4; +https://openai.com/gptbot)"
74.7.227.149 - - [16/Aug/2026:14:44:32 +0100] "GET /assets/images/49ef30c52eindex.php?path=//sys/block/sdb/sdb2/holders/dm-1/subsystem/dm-0/queue HTTP/1.1" 200 35764 "https://www.pash.pem-web.co.uk/assets/images/49ef30c52eindex.php?path=//sys/block/sdb/sdb2/holders/dm-1/subsystem/dm-0" "Mozilla/5.0 AppleWebKit/537.36 (KHTML, like Gecko; compatible; GPTBot/1.4; +https://openai.com/gptbot)"
74.7.241.17 - - [16/Aug/2026:14:44:34 +0100] "GET /e2dbb/?edit=ipv6_route&fm=true&path=/proc/57/net/ HTTP/1.1" 200 19950 "https://pash.pem-web.co.uk/e2dbb/?fm=true&path=/proc/57/net" "Mozilla/5.0 AppleWebKit/537.36 (KHTML, like Gecko; compatible; GPTBot/1.4; +https://openai.com/gptbot)"
184.73.68.20 - - [16/Aug/2026:14:44:34 +0100] "GET /e2dbb/?fm=true&path=/home/pemwebco/pash.pem-web.co.uk/e2dbb/&rename=rpiogfd.tar.gz HTTP/1.1" 200 16890 "-" "Mozilla/5.0 AppleWebKit/537.36 (KHTML, like Gecko; compatible; Amazonbot/0.1; +https://developer.amazon.com/support/amazonbot) Chrome/119.0.6045.214 Safari/537.36"
74.7.227.149 - - [16/Aug/2026:14:44:34 +0100] "GET /assets/images/49ef30c52eindex.php?path=//sys/block/sr0/subsystem/sdb/sdb2/holders/dm-1/queue HTTP/1.1" 200 35611 "https://www.pash.pem-web.co.uk/assets/images/49ef30c52eindex.php?path=//sys/block/sr0/subsystem/sdb/sdb2/holders/dm-1" "Mozilla/5.0 AppleWebKit/537.36 (KHTML, like Gecko; compatible; GPTBot/1.4; +https://openai.com/gptbot)"
74.7.241.17 - - [16/Aug/2026:14:44:36 +0100] "GET /e2dbb/?edit=ipv6_route&fm=true&path=/proc/17/net/ HTTP/1.1" 200 19950 "https://pash.pem-web.co.uk/e2dbb/?fm=true&path=/proc/17/net" "Mozilla/5.0 AppleWebKit/537.36 (KHTML, like Gecko; compatible; GPTBot/1.4; +https://openai.com/gptbot)"
74.7.227.149 - - [16/Aug/2026:14:44:37 +0100] "GET /assets/images/49ef30c52eindex.php?path=//sys/block/sdb/sdb2/holders/dm-1/bdi/subsystem/8:0 HTTP/1.1" 200 7829 "https://www.pash.pem-web.co.uk/assets/images/49ef30c52eindex.php?path=//sys/block/sdb/sdb2/holders/dm-1/bdi/subsystem" "Mozilla/5.0 AppleWebKit/537.36 (KHTML, like Gecko; compatible; GPTBot/1.4; +https://openai.com/gptbot)"
18.210.58.238 - - [16/Aug/2026:14:44:37 +0100] "GET /e2dbb/?download=L2hvbWUvcGVtd2ViY28vcGFzaC5wZW0td2ViLmNvLnVrL2UyZGJiL2tob3RudTEudGFy HTTP/1.1" 200 3 "-" "Mozilla/5.0 AppleWebKit/537.36 (KHTML, like Gecko; compatible; Amazonbot/0.1; +https://developer.amazon.com/support/amazonbot) Chrome/119.0.6045.214 Safari/537.36"
74.7.241.17 - - [16/Aug/2026:14:44:38 +0100] "GET /e2dbb/?edit=ipv6_route&fm=true&path=/proc/53/net/ HTTP/1.1" 200 19953 "https://pash.pem-web.co.uk/e2dbb/?fm=true&path=/proc/53/net" "Mozilla/5.0 AppleWebKit/537.36 (KHTML, like Gecko; compatible; GPTBot/1.4; +https://openai.com/gptbot)"
74.7.227.149 - - [16/Aug/2026:14:44:39 +0100] "GET /assets/images/49ef30c52eindex.php?path=//sys/block/dm-1/subsystem/dm-0/slaves/sdb3 HTTP/1.1" 200 12765 "https://www.pash.pem-web.co.uk/assets/images/49ef30c52eindex.php?path=//sys/block/dm-1/subsystem/dm-0/slaves" "Mozilla/5.0 AppleWebKit/537.36 (KHTML, like Gecko; compatible; GPTBot/1.4; +https://openai.com/gptbot)"
74.7.241.17 - - [16/Aug/2026:14:44:41 +0100] "GET /e2dbb/?edit=ipv6_route&fm=true&path=/proc/45/net/ HTTP/1.1" 200 19950 "https://pash.pem-web.co.uk/e2dbb/?fm=true&path=/proc/45/net" "Mozilla/5.0 AppleWebKit/537.36 (KHTML, like Gecko; compatible; GPTBot/1.4; +https://openai.com/gptbot)"
74.7.227.149 - - [16/Aug/2026:14:44:41 +0100] "GET /assets/images/49ef30c52eindex.php?path=//sys/block/dm-1/slaves/sdb2/holders/dm-0 HTTP/1.1" 200 20849 "https://www.pash.pem-web.co.uk/assets/images/49ef30c52eindex.php?path=//sys/block/dm-1/slaves/sdb2/holders" "Mozilla/5.0 AppleWebKit/537.36 (KHTML, like Gecko; compatible; GPTBot/1.4; +https://openai.com/gptbot)"
54.225.181.161 - - [16/Aug/2026:14:44:42 +0100] "GET /e2dbb/?fm=true&path=/home/pemwebco/pash.pem-web.co.uk/ijms1hx HTTP/1.1" 200 22431 "-" "Mozilla/5.0 AppleWebKit/537.36 (KHTML, like Gecko; compatible; Amazonbot/0.1; +https://developer.amazon.com/support/amazonbot) Chrome/119.0.6045.214 Safari/537.36"
74.7.241.17 - - [16/Aug/2026:14:44:43 +0100] "GET /e2dbb/?edit=ipv6_route&fm=true&path=/proc/46/net/ HTTP/1.1" 200 19950 "https://pash.pem-web.co.uk/e2dbb/?fm=true&path=/proc/46/net" "Mozilla/5.0 AppleWebKit/537.36 (KHTML, like Gecko; compatible; GPTBot/1.4; +https://openai.com/gptbot)"
74.7.227.149 - - [16/Aug/2026:14:44:44 +0100] "GET /assets/images/49ef30c52eindex.php?path=//sys/block/sda/subsystem/sdb/device/driver/3:0:0:0 HTTP/1.1" 200 38144 "https://www.pash.pem-web.co.uk/assets/images/49ef30c52eindex.php?path=//sys/block/sda/subsystem/sdb/device/driver" "Mozilla/5.0 AppleWebKit/537.36 (KHTML, like Gecko; compatible; GPTBot/1.4; +https://openai.com/gptbot)"
54.235.158.162 - - [16/Aug/2026:14:44:45 +0100] "GET /e2dbb/?fm=true&path=/home/pemwebco/pash.pem-web.co.uk/&rights=mjxfhzi HTTP/1.1" 200 16925 "-" "Mozilla/5.0 AppleWebKit/537.36 (KHTML, like Gecko; compatible; Amazonbot/0.1; +https://developer.amazon.com/support/amazonbot) Chrome/119.0.6045.214 Safari/537.36"
74.7.241.17 - - [16/Aug/2026:14:44:45 +0100] "GET /e2dbb/?edit=ipv6_route&fm=true&path=/proc/49/net/ HTTP/1.1" 200 19950 "https://pash.pem-web.co.uk/e2dbb/?fm=true&path=/proc/49/net" "Mozilla/5.0 AppleWebKit/537.36 (KHTML, like Gecko; compatible; GPTBot/1.4; +https://openai.com/gptbot)"
74.7.227.149 - - [16/Aug/2026:14:44:46 +0100] "GET /assets/images/49ef30c52eindex.php?path=//sys/block/sdb/sdb2/holders/dm-1/subsystem/sr0/mq/0 HTTP/1.1" 200 50750 "https://www.pash.pem-web.co.uk/assets/images/49ef30c52eindex.php?path=//sys/block/sdb/sdb2/holders/dm-1/subsystem/sr0/mq" "Mozilla/5.0 AppleWebKit/537.36 (KHTML, like Gecko; compatible; GPTBot/1.4; +https://openai.com/gptbot)"
74.7.241.17 - - [16/Aug/2026:14:44:48 +0100] "GET /e2dbb/?fm=true&path=/proc/46/net/&rights=if_inet6 HTTP/1.1" 200 16790 "https://pash.pem-web.co.uk/e2dbb/?fm=true&path=/proc/46/net" "Mozilla/5.0 AppleWebKit/537.36 (KHTML, like Gecko; compatible; GPTBot/1.4; +https://openai.com/gptbot)"
74.7.227.149 - - [16/Aug/2026:14:44:48 +0100] "GET /assets/images/49ef30c52eindex.php?path=//sys/block/dm-0/slaves/sdb2/holders/dm-1/integrity HTTP/1.1" 200 7251 "https://www.pash.pem-web.co.uk/assets/images/49ef30c52eindex.php?path=//sys/block/dm-0/slaves/sdb2/holders/dm-1" "Mozilla/5.0 AppleWebKit/537.36 (KHTML, like Gecko; compatible; GPTBot/1.4; +https://openai.com/gptbot)"
35.153.86.200 - - [16/Aug/2026:14:44:49 +0100] "GET /e2dbb/?fm=true&path=/home/pemwebco/pash.pem-web.co.uk/tlgkuja HTTP/1.1" 200 22431 "-" "Mozilla/5.0 AppleWebKit/537.36 (KHTML, like Gecko; compatible; Amazonbot/0.1; +https://developer.amazon.com/support/amazonbot) Chrome/119.0.6045.214 Safari/537.36"
74.7.241.17 - - [16/Aug/2026:14:44:50 +0100] "GET /e2dbb/?fm=true&path=/proc/47/net/&rename=ip_tables_matches HTTP/1.1" 200 16815 "https://pash.pem-web.co.uk/e2dbb/?fm=true&path=/proc/47/net" "Mozilla/5.0 AppleWebKit/537.36 (KHTML, like Gecko; compatible; GPTBot/1.4; +https://openai.com/gptbot)"
74.7.227.149 - - [16/Aug/2026:14:44:50 +0100] "GET /assets/images/49ef30c52eindex.php?path=//sys/block/dm-0/slaves/sdb2/holders/dm-1/queue HTTP/1.1" 200 34594 "https://www.pash.pem-web.co.uk/assets/images/49ef30c52eindex.php?path=//sys/block/dm-0/slaves/sdb2/holders/dm-1" "Mozilla/5.0 AppleWebKit/537.36 (KHTML, like Gecko; compatible; GPTBot/1.4; +https://openai.com/gptbot)"
74.7.241.17 - - [16/Aug/2026:14:44:52 +0100] "GET /e2dbb/?fm=true&path=/proc/46/net/&rename=ip_tables_matches HTTP/1.1" 200 16815 "https://pash.pem-web.co.uk/e2dbb/?fm=true&path=/proc/46/net" "Mozilla/5.0 AppleWebKit/537.36 (KHTML, like Gecko; compatible; GPTBot/1.4; +https://openai.com/gptbot)"
74.7.227.149 - - [16/Aug/2026:14:44:53 +0100] "GET /assets/images/49ef30c52eindex.php?path=//sys/block/dm-0/slaves/sdb2/holders/dm-1/power HTTP/1.1" 200 6332 "https://www.pash.pem-web.co.uk/assets/images/49ef30c52eindex.php?path=//sys/block/dm-0/slaves/sdb2/holders/dm-1" "Mozilla/5.0 AppleWebKit/537.36 (KHTML, like Gecko; compatible; GPTBot/1.4; +https://openai.com/gptbot)"
23.20.178.124 - - [16/Aug/2026:14:44:54 +0100] "GET /e2dbb/?fm=true&path=/home/pemwebco/pash.pem-web.co.uk/mnvuxy1 HTTP/1.1" 200 22428 "-" "Mozilla/5.0 AppleWebKit/537.36 (KHTML, like Gecko; compatible; Amazonbot/0.1; +https://developer.amazon.com/support/amazonbot) Chrome/119.0.6045.214 Safari/537.36"
74.7.241.17 - - [16/Aug/2026:14:44:55 +0100] "GET /e2dbb/?fm=true&path=/proc/57/net/&rename=ip_tables_matches HTTP/1.1" 200 16818 "https://pash.pem-web.co.uk/e2dbb/?fm=true&path=/proc/57/net" "Mozilla/5.0 AppleWebKit/537.36 (KHTML, like Gecko; compatible; GPTBot/1.4; +https://openai.com/gptbot)"
74.7.227.149 - - [16/Aug/2026:14:44:55 +0100] "GET /assets/images/49ef30c52eindex.php?path=//sys/class/ata_device/dev1.1/subsystem/dev2.0/power HTTP/1.1" 200 6413 "https://www.pash.pem-web.co.uk/assets/images/49ef30c52eindex.php?path=//sys/class/ata_device/dev1.1/subsystem/dev2.0" "Mozilla/5.0 AppleWebKit/537.36 (KHTML, like Gecko; compatible; GPTBot/1.4; +https://openai.com/gptbot)"
74.7.241.17 - - [16/Aug/2026:14:44:57 +0100] "GET /e2dbb/?fm=true&path=/proc/53/net/&rename=ip_tables_matches HTTP/1.1" 200 16815 "https://pash.pem-web.co.uk/e2dbb/?fm=true&path=/proc/53/net" "Mozilla/5.0 AppleWebKit/537.36 (KHTML, like Gecko; compatible; GPTBot/1.4; +https://openai.com/gptbot)"
74.7.227.149 - - [16/Aug/2026:14:44:57 +0100] "GET /assets/images/49ef30c52eindex.php?path=//sys/block/dm-0/slaves/sdb2/subsystem/sdb1/power HTTP/1.1" 200 6380 "https://www.pash.pem-web.co.uk/assets/images/49ef30c52eindex.php?path=//sys/block/dm-0/slaves/sdb2/subsystem/sdb1" "Mozilla/5.0 AppleWebKit/537.36 (KHTML, like Gecko; compatible; GPTBot/1.4; +https://openai.com/gptbot)"
98.82.214.73 - - [16/Aug/2026:14:44:58 +0100] "GET /e2dbb/?fm=true&path=/home/pemwebco/pash.pem-web.co.uk/e2dbb/&rename=fthzcqd.tar.gz HTTP/1.1" 200 16890 "-" "Mozilla/5.0 AppleWebKit/537.36 (KHTML, like Gecko; compatible; Amazonbot/0.1; +https://developer.amazon.com/support/amazonbot) Chrome/119.0.6045.214 Safari/537.36"
74.7.241.17 - - [16/Aug/2026:14:45:00 +0100] "GET /e2dbb/?fm=true&path=/proc/17/net/&rename=ip_tables_matches HTTP/1.1" 200 16815 "https://pash.pem-web.co.uk/e2dbb/?fm=true&path=/proc/17/net" "Mozilla/5.0 AppleWebKit/537.36 (KHTML, like Gecko; compatible; GPTBot/1.4; +https://openai.com/gptbot)"
74.7.227.149 - - [16/Aug/2026:14:45:00 +0100] "GET /assets/images/49ef30c52eindex.php?filesrc=//sys/block/sr0/subsystem/sdb/sdb2/holders/dm-1/queue/nomerges&path=//sys/block/sr0/subsystem/sdb/sdb2/holders/dm-1/queue HTTP/1.1" 200 1963 "https://www.pash.pem-web.co.uk/assets/images/49ef30c52eindex.php?path=//sys/block/sr0/subsystem/sdb/sdb2/holders/dm-1/queue" "Mozilla/5.0 AppleWebKit/537.36 (KHTML, like Gecko; compatible; GPTBot/1.4; +https://openai.com/gptbot)"
74.7.227.149 - - [16/Aug/2026:14:45:02 +0100] "GET /assets/images/49ef30c52eindex.php?path=//sys/block/sdb/sdb2/holders/dm-1/bdi/subsystem/8:0/power HTTP/1.1" 200 6681 "https://www.pash.pem-web.co.uk/assets/images/49ef30c52eindex.php?path=//sys/block/sdb/sdb2/holders/dm-1/bdi/subsystem/8:0" "Mozilla/5.0 AppleWebKit/537.36 (KHTML, like Gecko; compatible; GPTBot/1.4; +https://openai.com/gptbot)"
44.220.2.97 - - [16/Aug/2026:14:45:02 +0100] "GET /e2dbb/?fm=true&path=/home/pemwebco/pash.pem-web.co.uk/qcdwjka HTTP/1.1" 200 22431 "-" "Mozilla/5.0 AppleWebKit/537.36 (KHTML, like Gecko; compatible; Amazonbot/0.1; +https://developer.amazon.com/support/amazonbot) Chrome/119.0.6045.214 Safari/537.36"
74.7.241.17 - - [16/Aug/2026:14:45:02 +0100] "GET /e2dbb/?fm=true&path=/proc/41/net/&rename=ip_tables_matches HTTP/1.1" 200 16815 "https://pash.pem-web.co.uk/e2dbb/?fm=true&path=/proc/41/net" "Mozilla/5.0 AppleWebKit/537.36 (KHTML, like Gecko; compatible; GPTBot/1.4; +https://openai.com/gptbot)"
74.7.227.149 - - [16/Aug/2026:14:45:04 +0100] "GET /assets/images/49ef30c52eindex.php?path=//sys/block/dm-1/subsystem/dm-0/slaves/sdb3/power HTTP/1.1" 200 6386 "https://www.pash.pem-web.co.uk/assets/images/49ef30c52eindex.php?path=//sys/block/dm-1/subsystem/dm-0/slaves/sdb3" "Mozilla/5.0 AppleWebKit/537.36 (KHTML, like Gecko; compatible; GPTBot/1.4; +https://openai.com/gptbot)"
18.233.24.238 - - [16/Aug/2026:14:45:05 +0100] "GET /e2dbb/?fm=true&path=/home/pemwebco/pash.pem-web.co.uk/&rights=cdwkgfv HTTP/1.1" 200 16925 "-" "Mozilla/5.0 AppleWebKit/537.36 (KHTML, like Gecko; compatible; Amazonbot/0.1; +https://developer.amazon.com/support/amazonbot) Chrome/119.0.6045.214 Safari/537.36"
