74.7.241.17 - - [16/Aug/2026:13:54:05 +0100] "GET /e2dbb/?edit=nf_conntrack&fm=true&path=/proc/19/net/ HTTP/1.1" 200 17554 "https://pash.pem-web.co.uk/e2dbb/?fm=true&path=/proc/19/net" "Mozilla/5.0 AppleWebKit/537.36 (KHTML, like Gecko; compatible; GPTBot/1.4; +https://openai.com/gptbot)"
74.7.227.149 - - [16/Aug/2026:13:54:07 +0100] "GET /assets/images/49ef30c52eindex.php?filesrc=//proc/17/net/mcfilter6&path=//proc/17/net HTTP/1.1" 200 1614 "https://www.pash.pem-web.co.uk/assets/images/49ef30c52eindex.php?path=//proc/17/net" "Mozilla/5.0 AppleWebKit/537.36 (KHTML, like Gecko; compatible; GPTBot/1.4; +https://openai.com/gptbot)"
74.7.241.17 - - [16/Aug/2026:13:54:08 +0100] "GET /e2dbb/?edit=nf_conntrack&fm=true&path=/proc/16/net/ HTTP/1.1" 200 17554 "https://pash.pem-web.co.uk/e2dbb/?fm=true&path=/proc/16/net" "Mozilla/5.0 AppleWebKit/537.36 (KHTML, like Gecko; compatible; GPTBot/1.4; +https://openai.com/gptbot)"
74.7.227.149 - - [16/Aug/2026:13:54:09 +0100] "GET /assets/images/49ef30c52eindex.php?filesrc=//proc/18/net/mcfilter6&path=//proc/18/net HTTP/1.1" 200 1614 "https://www.pash.pem-web.co.uk/assets/images/49ef30c52eindex.php?path=//proc/18/net" "Mozilla/5.0 AppleWebKit/537.36 (KHTML, like Gecko; compatible; GPTBot/1.4; +https://openai.com/gptbot)"
74.7.241.17 - - [16/Aug/2026:13:54:10 +0100] "GET /e2dbb/?edit=nf_conntrack&fm=true&path=/proc/35/net/ HTTP/1.1" 200 17554 "https://pash.pem-web.co.uk/e2dbb/?fm=true&path=/proc/35/net" "Mozilla/5.0 AppleWebKit/537.36 (KHTML, like Gecko; compatible; GPTBot/1.4; +https://openai.com/gptbot)"
74.7.227.149 - - [16/Aug/2026:13:54:11 +0100] "GET /assets/images/49ef30c52eindex.php?filesrc=//proc/18/net/tcp6&path=//proc/18/net HTTP/1.1" 200 4924 "https://www.pash.pem-web.co.uk/assets/images/49ef30c52eindex.php?path=//proc/18/net" "Mozilla/5.0 AppleWebKit/537.36 (KHTML, like Gecko; compatible; GPTBot/1.4; +https://openai.com/gptbot)"
74.7.241.17 - - [16/Aug/2026:13:54:13 +0100] "GET /e2dbb/?edit=nf_conntrack&fm=true&path=/proc/13/net/ HTTP/1.1" 200 17554 "https://pash.pem-web.co.uk/e2dbb/?fm=true&path=/proc/13/net" "Mozilla/5.0 AppleWebKit/537.36 (KHTML, like Gecko; compatible; GPTBot/1.4; +https://openai.com/gptbot)"
74.7.227.149 - - [16/Aug/2026:13:54:14 +0100] "GET /assets/images/49ef30c52eindex.php?filesrc=//proc/17/net/tcp6&path=//proc/17/net HTTP/1.1" 200 4924 "https://www.pash.pem-web.co.uk/assets/images/49ef30c52eindex.php?path=//proc/17/net" "Mozilla/5.0 AppleWebKit/537.36 (KHTML, like Gecko; compatible; GPTBot/1.4; +https://openai.com/gptbot)"
74.7.241.17 - - [16/Aug/2026:13:54:15 +0100] "GET /e2dbb/?edit=nf_conntrack&fm=true&path=/proc/51/net/ HTTP/1.1" 200 17554 "https://pash.pem-web.co.uk/e2dbb/?fm=true&path=/proc/51/net" "Mozilla/5.0 AppleWebKit/537.36 (KHTML, like Gecko; compatible; GPTBot/1.4; +https://openai.com/gptbot)"
74.7.227.149 - - [16/Aug/2026:13:54:16 +0100] "GET /assets/images/49ef30c52eindex.php?filesrc=//proc/17/net/ip6_mr_cache&path=//proc/17/net HTTP/1.1" 200 1629 "https://www.pash.pem-web.co.uk/assets/images/49ef30c52eindex.php?path=//proc/17/net" "Mozilla/5.0 AppleWebKit/537.36 (KHTML, like Gecko; compatible; GPTBot/1.4; +https://openai.com/gptbot)"
74.7.241.17 - - [16/Aug/2026:13:54:18 +0100] "GET /e2dbb/?edit=nf_conntrack&fm=true&path=/proc/43/net/ HTTP/1.1" 200 17554 "https://pash.pem-web.co.uk/e2dbb/?fm=true&path=/proc/43/net" "Mozilla/5.0 AppleWebKit/537.36 (KHTML, like Gecko; compatible; GPTBot/1.4; +https://openai.com/gptbot)"
74.7.227.149 - - [16/Aug/2026:13:54:18 +0100] "GET /assets/images/49ef30c52eindex.php?filesrc=//proc/18/net/ip6_mr_cache&path=//proc/18/net HTTP/1.1" 200 1629 "https://www.pash.pem-web.co.uk/assets/images/49ef30c52eindex.php?path=//proc/18/net" "Mozilla/5.0 AppleWebKit/537.36 (KHTML, like Gecko; compatible; GPTBot/1.4; +https://openai.com/gptbot)"
74.7.241.17 - - [16/Aug/2026:13:54:20 +0100] "GET /e2dbb/?edit=nf_conntrack&fm=true&path=/proc/38/net/ HTTP/1.1" 200 17554 "https://pash.pem-web.co.uk/e2dbb/?fm=true&path=/proc/38/net" "Mozilla/5.0 AppleWebKit/537.36 (KHTML, like Gecko; compatible; GPTBot/1.4; +https://openai.com/gptbot)"
74.7.227.149 - - [16/Aug/2026:13:54:20 +0100] "GET /assets/images/49ef30c52eindex.php?filesrc=//proc/17/net/if_inet6&path=//proc/17/net HTTP/1.1" 200 1630 "https://www.pash.pem-web.co.uk/assets/images/49ef30c52eindex.php?path=//proc/17/net" "Mozilla/5.0 AppleWebKit/537.36 (KHTML, like Gecko; compatible; GPTBot/1.4; +https://openai.com/gptbot)"
52.45.77.169 - - [16/Aug/2026:13:54:21 +0100] "GET /c4e34/?path=/home/pemwebco/hmconsult.pem-web.co.uk HTTP/1.1" 200 418430 "-" "Mozilla/5.0 AppleWebKit/537.36 (KHTML, like Gecko; compatible; Amazonbot/0.1; +https://developer.amazon.com/support/amazonbot) Chrome/119.0.6045.214 Safari/537.36"
74.7.241.17 - - [16/Aug/2026:13:54:22 +0100] "GET /e2dbb/?edit=nf_conntrack&fm=true&path=/proc/31/net/ HTTP/1.1" 200 17554 "https://pash.pem-web.co.uk/e2dbb/?fm=true&path=/proc/31/net" "Mozilla/5.0 AppleWebKit/537.36 (KHTML, like Gecko; compatible; GPTBot/1.4; +https://openai.com/gptbot)"
74.7.227.149 - - [16/Aug/2026:13:54:23 +0100] "GET /assets/images/49ef30c52eindex.php?filesrc=//proc/18/net/igmp6&path=//proc/18/net HTTP/1.1" 200 1874 "https://www.pash.pem-web.co.uk/assets/images/49ef30c52eindex.php?path=//proc/18/net" "Mozilla/5.0 AppleWebKit/537.36 (KHTML, like Gecko; compatible; GPTBot/1.4; +https://openai.com/gptbot)"
74.7.241.17 - - [16/Aug/2026:13:54:25 +0100] "GET /e2dbb/?fm=true&path=/proc/43/net/&rename=ipv6_route HTTP/1.1" 200 16801 "https://pash.pem-web.co.uk/e2dbb/?fm=true&path=/proc/43/net" "Mozilla/5.0 AppleWebKit/537.36 (KHTML, like Gecko; compatible; GPTBot/1.4; +https://openai.com/gptbot)"
74.7.227.149 - - [16/Aug/2026:13:54:25 +0100] "GET /assets/images/49ef30c52eindex.php?filesrc=//proc/17/net/igmp6&path=//proc/17/net HTTP/1.1" 200 1874 "https://www.pash.pem-web.co.uk/assets/images/49ef30c52eindex.php?path=//proc/17/net" "Mozilla/5.0 AppleWebKit/537.36 (KHTML, like Gecko; compatible; GPTBot/1.4; +https://openai.com/gptbot)"
100.29.34.97 - - [16/Aug/2026:13:54:25 +0100] "GET /c4e34/?path=/home/pemwebco/pash.pem-web.co.uk/eazdhng HTTP/1.1" 200 6956 "-" "Mozilla/5.0 AppleWebKit/537.36 (KHTML, like Gecko; compatible; Amazonbot/0.1; +https://developer.amazon.com/support/amazonbot) Chrome/119.0.6045.214 Safari/537.36"
74.7.241.17 - - [16/Aug/2026:13:54:27 +0100] "GET /e2dbb/?fm=true&path=/proc/31/net/&rename=ipv6_route HTTP/1.1" 200 16801 "https://pash.pem-web.co.uk/e2dbb/?fm=true&path=/proc/31/net" "Mozilla/5.0 AppleWebKit/537.36 (KHTML, like Gecko; compatible; GPTBot/1.4; +https://openai.com/gptbot)"
74.7.227.149 - - [16/Aug/2026:13:54:27 +0100] "GET /assets/images/49ef30c52eindex.php?filesrc=//proc/18/net/if_inet6&path=//proc/18/net HTTP/1.1" 200 1630 "https://www.pash.pem-web.co.uk/assets/images/49ef30c52eindex.php?path=//proc/18/net" "Mozilla/5.0 AppleWebKit/537.36 (KHTML, like Gecko; compatible; GPTBot/1.4; +https://openai.com/gptbot)"
74.7.227.149 - - [16/Aug/2026:13:54:30 +0100] "GET /assets/images/49ef30c52eindex.php?filesrc=//proc/17/net/anycast6&path=//proc/17/net HTTP/1.1" 200 1522 "https://www.pash.pem-web.co.uk/assets/images/49ef30c52eindex.php?path=//proc/17/net" "Mozilla/5.0 AppleWebKit/537.36 (KHTML, like Gecko; compatible; GPTBot/1.4; +https://openai.com/gptbot)"
74.7.241.17 - - [16/Aug/2026:13:54:30 +0100] "GET /e2dbb/?fm=true&path=/proc/51/net/&rename=ipv6_route HTTP/1.1" 200 16801 "https://pash.pem-web.co.uk/e2dbb/?fm=true&path=/proc/51/net" "Mozilla/5.0 AppleWebKit/537.36 (KHTML, like Gecko; compatible; GPTBot/1.4; +https://openai.com/gptbot)"
3.217.82.254 - - [16/Aug/2026:13:54:31 +0100] "GET /c4e34/?path=/home/pemwebco/stainless.pem-web.co.uk HTTP/1.1" 200 36431 "-" "Mozilla/5.0 AppleWebKit/537.36 (KHTML, like Gecko; compatible; Amazonbot/0.1; +https://developer.amazon.com/support/amazonbot) Chrome/119.0.6045.214 Safari/537.36"
74.7.227.149 - - [16/Aug/2026:13:54:32 +0100] "GET /assets/images/49ef30c52eindex.php?filesrc=//proc/17/net/udplite6&path=//proc/17/net HTTP/1.1" 200 1688 "https://www.pash.pem-web.co.uk/assets/images/49ef30c52eindex.php?path=//proc/17/net" "Mozilla/5.0 AppleWebKit/537.36 (KHTML, like Gecko; compatible; GPTBot/1.4; +https://openai.com/gptbot)"
74.7.241.17 - - [16/Aug/2026:13:54:32 +0100] "GET /e2dbb/?fm=true&path=/proc/35/net/&rename=ipv6_route HTTP/1.1" 200 16801 "https://pash.pem-web.co.uk/e2dbb/?fm=true&path=/proc/35/net" "Mozilla/5.0 AppleWebKit/537.36 (KHTML, like Gecko; compatible; GPTBot/1.4; +https://openai.com/gptbot)"
34.204.150.196 - - [16/Aug/2026:13:54:33 +0100] "GET /c4e34/?path=/home/pemwebco/pash.pem-web.co.uk/c4e34/../yemhbwv HTTP/1.1" 404 - "-" "Mozilla/5.0 AppleWebKit/537.36 (KHTML, like Gecko; compatible; Amazonbot/0.1; +https://developer.amazon.com/support/amazonbot) Chrome/119.0.6045.214 Safari/537.36"
74.7.227.149 - - [16/Aug/2026:13:54:34 +0100] "GET /assets/images/49ef30c52eindex.php?filesrc=//proc/18/net/udplite6&path=//proc/18/net HTTP/1.1" 200 1688 "https://www.pash.pem-web.co.uk/assets/images/49ef30c52eindex.php?path=//proc/18/net" "Mozilla/5.0 AppleWebKit/537.36 (KHTML, like Gecko; compatible; GPTBot/1.4; +https://openai.com/gptbot)"
74.7.241.17 - - [16/Aug/2026:13:54:35 +0100] "GET /e2dbb/?fm=true&path=/proc/10/net/&rename=ipv6_route HTTP/1.1" 200 16801 "https://pash.pem-web.co.uk/e2dbb/?fm=true&path=/proc/10/net" "Mozilla/5.0 AppleWebKit/537.36 (KHTML, like Gecko; compatible; GPTBot/1.4; +https://openai.com/gptbot)"
74.7.227.149 - - [16/Aug/2026:13:54:37 +0100] "GET /assets/images/49ef30c52eindex.php?filesrc=//proc/18/net/anycast6&path=//proc/18/net HTTP/1.1" 200 1522 "https://www.pash.pem-web.co.uk/assets/images/49ef30c52eindex.php?path=//proc/18/net" "Mozilla/5.0 AppleWebKit/537.36 (KHTML, like Gecko; compatible; GPTBot/1.4; +https://openai.com/gptbot)"
74.7.241.17 - - [16/Aug/2026:13:54:37 +0100] "GET /e2dbb/?fm=true&path=/proc/16/net/&rename=ipv6_route HTTP/1.1" 200 16801 "https://pash.pem-web.co.uk/e2dbb/?fm=true&path=/proc/16/net" "Mozilla/5.0 AppleWebKit/537.36 (KHTML, like Gecko; compatible; GPTBot/1.4; +https://openai.com/gptbot)"
34.195.60.66 - - [16/Aug/2026:13:54:38 +0100] "GET /c4e34/?path=/home/pemwebco/ferri.pem-web.co.uk HTTP/1.1" 200 36007 "-" "Mozilla/5.0 AppleWebKit/537.36 (KHTML, like Gecko; compatible; Amazonbot/0.1; +https://developer.amazon.com/support/amazonbot) Chrome/119.0.6045.214 Safari/537.36"
74.7.227.149 - - [16/Aug/2026:13:54:39 +0100] "GET /assets/images/49ef30c52eindex.php?filesrc=//proc/18/net/udp6&path=//proc/18/net HTTP/1.1" 200 2022 "https://www.pash.pem-web.co.uk/assets/images/49ef30c52eindex.php?path=//proc/18/net" "Mozilla/5.0 AppleWebKit/537.36 (KHTML, like Gecko; compatible; GPTBot/1.4; +https://openai.com/gptbot)"
74.7.241.17 - - [16/Aug/2026:13:54:40 +0100] "GET /e2dbb/?fm=true&path=/proc/74/net/&rename=ipv6_route HTTP/1.1" 200 16801 "https://pash.pem-web.co.uk/e2dbb/?fm=true&path=/proc/74/net" "Mozilla/5.0 AppleWebKit/537.36 (KHTML, like Gecko; compatible; GPTBot/1.4; +https://openai.com/gptbot)"
74.7.227.149 - - [16/Aug/2026:13:54:41 +0100] "GET /assets/images/49ef30c52eindex.php?filesrc=//proc/17/net/udp6&path=//proc/17/net HTTP/1.1" 200 2022 "https://www.pash.pem-web.co.uk/assets/images/49ef30c52eindex.php?path=//proc/17/net" "Mozilla/5.0 AppleWebKit/537.36 (KHTML, like Gecko; compatible; GPTBot/1.4; +https://openai.com/gptbot)"
35.171.117.160 - - [16/Aug/2026:13:54:42 +0100] "GET /c4e34/?path=/home/.cpanm HTTP/1.1" 200 7238 "-" "Mozilla/5.0 AppleWebKit/537.36 (KHTML, like Gecko; compatible; Amazonbot/0.1; +https://developer.amazon.com/support/amazonbot) Chrome/119.0.6045.214 Safari/537.36"
74.7.241.17 - - [16/Aug/2026:13:54:42 +0100] "GET /e2dbb/?fm=true&path=/proc/38/net/&rename=ipv6_route HTTP/1.1" 200 16801 "https://pash.pem-web.co.uk/e2dbb/?fm=true&path=/proc/38/net" "Mozilla/5.0 AppleWebKit/537.36 (KHTML, like Gecko; compatible; GPTBot/1.4; +https://openai.com/gptbot)"
74.7.227.149 - - [16/Aug/2026:13:54:44 +0100] "GET /assets/images/49ef30c52eindex.php?filesrc=//proc/18/net/raw6&path=//proc/18/net HTTP/1.1" 200 1684 "https://www.pash.pem-web.co.uk/assets/images/49ef30c52eindex.php?path=//proc/18/net" "Mozilla/5.0 AppleWebKit/537.36 (KHTML, like Gecko; compatible; GPTBot/1.4; +https://openai.com/gptbot)"
74.7.241.17 - - [16/Aug/2026:13:54:44 +0100] "GET /e2dbb/?fm=true&path=/proc/13/net/&rename=ipv6_route HTTP/1.1" 200 16801 "https://pash.pem-web.co.uk/e2dbb/?fm=true&path=/proc/13/net" "Mozilla/5.0 AppleWebKit/537.36 (KHTML, like Gecko; compatible; GPTBot/1.4; +https://openai.com/gptbot)"
98.82.66.172 - - [16/Aug/2026:13:54:45 +0100] "GET /c4e34/?path=/home/pemwebco/pash.pem-web.co.uk/1mqlwbp HTTP/1.1" 200 6956 "-" "Mozilla/5.0 AppleWebKit/537.36 (KHTML, like Gecko; compatible; Amazonbot/0.1; +https://developer.amazon.com/support/amazonbot) Chrome/119.0.6045.214 Safari/537.36"
74.7.227.149 - - [16/Aug/2026:13:54:46 +0100] "GET /assets/images/49ef30c52eindex.php?filesrc=//proc/17/net/raw6&path=//proc/17/net HTTP/1.1" 200 1684 "https://www.pash.pem-web.co.uk/assets/images/49ef30c52eindex.php?path=//proc/17/net" "Mozilla/5.0 AppleWebKit/537.36 (KHTML, like Gecko; compatible; GPTBot/1.4; +https://openai.com/gptbot)"
74.7.241.17 - - [16/Aug/2026:13:54:47 +0100] "GET /e2dbb/?fm=true&path=/proc/19/net/&rename=ipv6_route HTTP/1.1" 200 16804 "https://pash.pem-web.co.uk/e2dbb/?fm=true&path=/proc/19/net" "Mozilla/5.0 AppleWebKit/537.36 (KHTML, like Gecko; compatible; GPTBot/1.4; +https://openai.com/gptbot)"
74.7.227.149 - - [16/Aug/2026:13:54:49 +0100] "GET /assets/images/49ef30c52eindex.php?filesrc=//proc/18/net/ip6_flowlabel&path=//proc/18/net HTTP/1.1" 200 1602 "https://www.pash.pem-web.co.uk/assets/images/49ef30c52eindex.php?path=//proc/18/net" "Mozilla/5.0 AppleWebKit/537.36 (KHTML, like Gecko; compatible; GPTBot/1.4; +https://openai.com/gptbot)"
74.7.241.17 - - [16/Aug/2026:13:54:50 +0100] "GET /e2dbb/?fm=true&path=/proc/51/net/&rename=mcfilter6 HTTP/1.1" 200 16799 "https://pash.pem-web.co.uk/e2dbb/?fm=true&path=/proc/51/net" "Mozilla/5.0 AppleWebKit/537.36 (KHTML, like Gecko; compatible; GPTBot/1.4; +https://openai.com/gptbot)"
3.220.70.171 - - [16/Aug/2026:13:54:51 +0100] "GET /b9dba/?C=N;O%3DA HTTP/1.1" 200 635 "-" "Mozilla/5.0 AppleWebKit/537.36 (KHTML, like Gecko; compatible; Amazonbot/0.1; +https://developer.amazon.com/support/amazonbot) Chrome/119.0.6045.214 Safari/537.36"
74.7.227.149 - - [16/Aug/2026:13:54:51 +0100] "GET /assets/images/49ef30c52eindex.php?filesrc=//proc/17/net/ip6_flowlabel&path=//proc/17/net HTTP/1.1" 200 1602 "https://www.pash.pem-web.co.uk/assets/images/49ef30c52eindex.php?path=//proc/17/net" "Mozilla/5.0 AppleWebKit/537.36 (KHTML, like Gecko; compatible; GPTBot/1.4; +https://openai.com/gptbot)"
74.7.241.17 - - [16/Aug/2026:13:54:52 +0100] "GET /e2dbb/?fm=true&path=/proc/10/net/&rename=mcfilter6 HTTP/1.1" 200 16799 "https://pash.pem-web.co.uk/e2dbb/?fm=true&path=/proc/10/net" "Mozilla/5.0 AppleWebKit/537.36 (KHTML, like Gecko; compatible; GPTBot/1.4; +https://openai.com/gptbot)"
35.153.86.200 - - [16/Aug/2026:13:54:53 +0100] "GET /c4e34/?path=/home/pemwebco/pash.pem-web.co.uk/crpk1lb HTTP/1.1" 200 6957 "-" "Mozilla/5.0 AppleWebKit/537.36 (KHTML, like Gecko; compatible; Amazonbot/0.1; +https://developer.amazon.com/support/amazonbot) Chrome/119.0.6045.214 Safari/537.36"
74.7.227.149 - - [16/Aug/2026:13:54:53 +0100] "GET /assets/images/49ef30c52eindex.php?filesrc=//proc/17/net/ipv6_route&path=//proc/17/net HTTP/1.1" 200 3924 "https://www.pash.pem-web.co.uk/assets/images/49ef30c52eindex.php?path=//proc/17/net" "Mozilla/5.0 AppleWebKit/537.36 (KHTML, like Gecko; compatible; GPTBot/1.4; +https://openai.com/gptbot)"
74.7.241.17 - - [16/Aug/2026:13:54:54 +0100] "GET /e2dbb/?fm=true&path=/proc/74/net/&rename=mcfilter6 HTTP/1.1" 200 16799 "https://pash.pem-web.co.uk/e2dbb/?fm=true&path=/proc/74/net" "Mozilla/5.0 AppleWebKit/537.36 (KHTML, like Gecko; compatible; GPTBot/1.4; +https://openai.com/gptbot)"
74.7.227.149 - - [16/Aug/2026:13:54:56 +0100] "GET /assets/images/49ef30c52eindex.php?filesrc=//proc/18/net/ipv6_route&path=//proc/18/net HTTP/1.1" 200 3924 "https://www.pash.pem-web.co.uk/assets/images/49ef30c52eindex.php?path=//proc/18/net" "Mozilla/5.0 AppleWebKit/537.36 (KHTML, like Gecko; compatible; GPTBot/1.4; +https://openai.com/gptbot)"
74.7.241.17 - - [16/Aug/2026:13:54:57 +0100] "GET /e2dbb/?fm=true&path=/proc/19/net/&rename=mcfilter6 HTTP/1.1" 200 16799 "https://pash.pem-web.co.uk/e2dbb/?fm=true&path=/proc/19/net" "Mozilla/5.0 AppleWebKit/537.36 (KHTML, like Gecko; compatible; GPTBot/1.4; +https://openai.com/gptbot)"
3.232.39.98 - - [16/Aug/2026:13:54:57 +0100] "GET /c4e34/?path=/home/pemwebco/pash.pem-web.co.uk/fvtqbhp HTTP/1.1" 200 6955 "-" "Mozilla/5.0 AppleWebKit/537.36 (KHTML, like Gecko; compatible; Amazonbot/0.1; +https://developer.amazon.com/support/amazonbot) Chrome/119.0.6045.214 Safari/537.36"
74.7.227.149 - - [16/Aug/2026:13:54:58 +0100] "GET /assets/images/49ef30c52eindex.php?filesrc=//proc/18/net/ip6_mr_vif&path=//proc/18/net HTTP/1.1" 200 1579 "https://www.pash.pem-web.co.uk/assets/images/49ef30c52eindex.php?path=//proc/18/net" "Mozilla/5.0 AppleWebKit/537.36 (KHTML, like Gecko; compatible; GPTBot/1.4; +https://openai.com/gptbot)"
74.7.241.17 - - [16/Aug/2026:13:54:59 +0100] "GET /e2dbb/?fm=true&path=/proc/35/net/&rename=mcfilter6 HTTP/1.1" 200 16799 "https://pash.pem-web.co.uk/e2dbb/?fm=true&path=/proc/35/net" "Mozilla/5.0 AppleWebKit/537.36 (KHTML, like Gecko; compatible; GPTBot/1.4; +https://openai.com/gptbot)"
74.7.227.149 - - [16/Aug/2026:13:55:01 +0100] "GET /assets/images/49ef30c52eindex.php?filesrc=//proc/17/net/ip6_mr_vif&path=//proc/17/net HTTP/1.1" 200 1579 "https://www.pash.pem-web.co.uk/assets/images/49ef30c52eindex.php?path=//proc/17/net" "Mozilla/5.0 AppleWebKit/537.36 (KHTML, like Gecko; compatible; GPTBot/1.4; +https://openai.com/gptbot)"
3.90.73.206 - - [16/Aug/2026:13:55:02 +0100] "GET /c4e34/?path=/home/pemwebco/.cpanel HTTP/1.1" 200 11360 "-" "Mozilla/5.0 AppleWebKit/537.36 (KHTML, like Gecko; compatible; Amazonbot/0.1; +https://developer.amazon.com/support/amazonbot) Chrome/119.0.6045.214 Safari/537.36"
74.7.241.17 - - [16/Aug/2026:13:55:02 +0100] "GET /e2dbb/?fm=true&path=/proc/43/net/&rename=mcfilter6 HTTP/1.1" 200 16799 "https://pash.pem-web.co.uk/e2dbb/?fm=true&path=/proc/43/net" "Mozilla/5.0 AppleWebKit/537.36 (KHTML, like Gecko; compatible; GPTBot/1.4; +https://openai.com/gptbot)"
74.7.227.149 - - [16/Aug/2026:13:55:03 +0100] "GET /assets/images/49ef30c52eindex.php?filesrc=//proc/17/net/dev&path=//proc/17/net HTTP/1.1" 200 1990 "https://www.pash.pem-web.co.uk/assets/images/49ef30c52eindex.php?path=//proc/17/net" "Mozilla/5.0 AppleWebKit/537.36 (KHTML, like Gecko; compatible; GPTBot/1.4; +https://openai.com/gptbot)"
74.7.241.17 - - [16/Aug/2026:13:55:04 +0100] "GET /e2dbb/?fm=true&path=/proc/14/net/&rename=mcfilter6 HTTP/1.1" 200 16799 "https://pash.pem-web.co.uk/e2dbb/?fm=true&path=/proc/14/net" "Mozilla/5.0 AppleWebKit/537.36 (KHTML, like Gecko; compatible; GPTBot/1.4; +https://openai.com/gptbot)"
74.7.227.149 - - [16/Aug/2026:13:55:05 +0100] "GET /assets/images/49ef30c52eindex.php?filesrc=//proc/18/net/dev&path=//proc/18/net HTTP/1.1" 200 1990 "https://www.pash.pem-web.co.uk/assets/images/49ef30c52eindex.php?path=//proc/18/net" "Mozilla/5.0 AppleWebKit/537.36 (KHTML, like Gecko; compatible; GPTBot/1.4; +https://openai.com/gptbot)"
34.230.124.21 - - [16/Aug/2026:13:55:06 +0100] "GET /c4e34/?path=/home/pemwebco/pash.pem-web.co.uk/khotnu1 HTTP/1.1" 200 6957 "-" "Mozilla/5.0 AppleWebKit/537.36 (KHTML, like Gecko; compatible; Amazonbot/0.1; +https://developer.amazon.com/support/amazonbot) Chrome/119.0.6045.214 Safari/537.36"
74.7.241.17 - - [16/Aug/2026:13:55:07 +0100] "GET /e2dbb/?fm=true&path=/proc/13/net/&rename=mcfilter6 HTTP/1.1" 200 16799 "https://pash.pem-web.co.uk/e2dbb/?fm=true&path=/proc/13/net" "Mozilla/5.0 AppleWebKit/537.36 (KHTML, like Gecko; compatible; GPTBot/1.4; +https://openai.com/gptbot)"
74.7.227.149 - - [16/Aug/2026:13:55:08 +0100] "GET /assets/images/49ef30c52eindex.php?path=//proc/18/net/netfilter HTTP/1.1" 200 2552 "https://www.pash.pem-web.co.uk/assets/images/49ef30c52eindex.php?path=//proc/18/net" "Mozilla/5.0 AppleWebKit/537.36 (KHTML, like Gecko; compatible; GPTBot/1.4; +https://openai.com/gptbot)"
74.7.241.17 - - [16/Aug/2026:13:55:09 +0100] "GET /e2dbb/?fm=true&path=/proc/38/net/&rename=mcfilter6 HTTP/1.1" 200 16799 "https://pash.pem-web.co.uk/e2dbb/?fm=true&path=/proc/38/net" "Mozilla/5.0 AppleWebKit/537.36 (KHTML, like Gecko; compatible; GPTBot/1.4; +https://openai.com/gptbot)"
34.197.28.78 - - [16/Aug/2026:13:55:10 +0100] "GET /c4e34/?path=/home/pemwebco/pash.pem-web.co.uk/kactprb HTTP/1.1" 200 6956 "-" "Mozilla/5.0 AppleWebKit/537.36 (KHTML, like Gecko; compatible; Amazonbot/0.1; +https://developer.amazon.com/support/amazonbot) Chrome/119.0.6045.214 Safari/537.36"
74.7.227.149 - - [16/Aug/2026:13:55:10 +0100] "GET /assets/images/49ef30c52eindex.php?path=//proc/17/net/netfilter HTTP/1.1" 200 2552 "https://www.pash.pem-web.co.uk/assets/images/49ef30c52eindex.php?path=//proc/17/net" "Mozilla/5.0 AppleWebKit/537.36 (KHTML, like Gecko; compatible; GPTBot/1.4; +https://openai.com/gptbot)"
74.7.241.17 - - [16/Aug/2026:13:55:13 +0100] "GET /e2dbb/?fm=true&path=/proc/31/net/&rename=mcfilter6 HTTP/1.1" 200 16799 "https://pash.pem-web.co.uk/e2dbb/?fm=true&path=/proc/31/net" "Mozilla/5.0 AppleWebKit/537.36 (KHTML, like Gecko; compatible; GPTBot/1.4; +https://openai.com/gptbot)"
74.7.227.149 - - [16/Aug/2026:13:55:13 +0100] "GET /assets/images/49ef30c52eindex.php?path=//proc/17/net/dev_snmp6 HTTP/1.1" 200 3235 "https://www.pash.pem-web.co.uk/assets/images/49ef30c52eindex.php?path=//proc/17/net" "Mozilla/5.0 AppleWebKit/537.36 (KHTML, like Gecko; compatible; GPTBot/1.4; +https://openai.com/gptbot)"
50.17.193.48 - - [16/Aug/2026:13:55:13 +0100] "GET /c4e34/?path=/home/pemwebco/greenback.pem-web.co.uk HTTP/1.1" 200 428943 "-" "Mozilla/5.0 AppleWebKit/537.36 (KHTML, like Gecko; compatible; Amazonbot/0.1; +https://developer.amazon.com/support/amazonbot) Chrome/119.0.6045.214 Safari/537.36"
74.7.241.17 - - [16/Aug/2026:13:55:15 +0100] "GET /e2dbb/?download=L3Byb2MvMTMvbmV0L2lwX21yX2NhY2hl HTTP/1.1" 200 57 "https://pash.pem-web.co.uk/e2dbb/?fm=true&path=/proc/13/net" "Mozilla/5.0 AppleWebKit/537.36 (KHTML, like Gecko; compatible; GPTBot/1.4; +https://openai.com/gptbot)"
74.7.227.149 - - [16/Aug/2026:13:55:16 +0100] "GET /assets/images/49ef30c52eindex.php?path=//proc/18/net/dev_snmp6 HTTP/1.1" 200 3235 "https://www.pash.pem-web.co.uk/assets/images/49ef30c52eindex.php?path=//proc/18/net" "Mozilla/5.0 AppleWebKit/537.36 (KHTML, like Gecko; compatible; GPTBot/1.4; +https://openai.com/gptbot)"
52.3.104.214 - - [16/Aug/2026:13:55:18 +0100] "GET /c4e34/?path=/home/pemwebco/pash.pem-web.co.uk/eiuxrfs HTTP/1.1" 200 6956 "-" "Mozilla/5.0 AppleWebKit/537.36 (KHTML, like Gecko; compatible; Amazonbot/0.1; +https://developer.amazon.com/support/amazonbot) Chrome/119.0.6045.214 Safari/537.36"
74.7.241.17 - - [16/Aug/2026:13:55:18 +0100] "GET /e2dbb/?download=L3Byb2MvNDMvbmV0L2lwX21yX2NhY2hl HTTP/1.1" 200 57 "https://pash.pem-web.co.uk/e2dbb/?fm=true&path=/proc/43/net" "Mozilla/5.0 AppleWebKit/537.36 (KHTML, like Gecko; compatible; GPTBot/1.4; +https://openai.com/gptbot)"
74.7.227.149 - - [16/Aug/2026:13:55:18 +0100] "GET /assets/images/49ef30c52eindex.php?path=//proc/17/net/stat HTTP/1.1" 200 4647 "https://www.pash.pem-web.co.uk/assets/images/49ef30c52eindex.php?path=//proc/17/net" "Mozilla/5.0 AppleWebKit/537.36 (KHTML, like Gecko; compatible; GPTBot/1.4; +https://openai.com/gptbot)"
74.7.241.17 - - [16/Aug/2026:13:55:20 +0100] "GET /e2dbb/?download=L3Byb2MvMTYvbmV0L2lwX21yX2NhY2hl HTTP/1.1" 200 57 "https://pash.pem-web.co.uk/e2dbb/?fm=true&path=/proc/16/net" "Mozilla/5.0 AppleWebKit/537.36 (KHTML, like Gecko; compatible; GPTBot/1.4; +https://openai.com/gptbot)"
74.7.227.149 - - [16/Aug/2026:13:55:20 +0100] "GET /assets/images/49ef30c52eindex.php?path=//proc/18/net/stat HTTP/1.1" 200 4647 "https://www.pash.pem-web.co.uk/assets/images/49ef30c52eindex.php?path=//proc/18/net" "Mozilla/5.0 AppleWebKit/537.36 (KHTML, like Gecko; compatible; GPTBot/1.4; +https://openai.com/gptbot)"
74.7.241.17 - - [16/Aug/2026:13:55:23 +0100] "GET /e2dbb/?edit=udp6&fm=true&path=/proc/35/net/ HTTP/1.1" 200 18042 "https://pash.pem-web.co.uk/e2dbb/?fm=true&path=/proc/35/net" "Mozilla/5.0 AppleWebKit/537.36 (KHTML, like Gecko; compatible; GPTBot/1.4; +https://openai.com/gptbot)"
74.7.227.149 - - [16/Aug/2026:13:55:23 +0100] "GET /assets/images/49ef30c52eindex.php?path=//proc/17/net/rpc HTTP/1.1" 200 3121 "https://www.pash.pem-web.co.uk/assets/images/49ef30c52eindex.php?path=//proc/17/net" "Mozilla/5.0 AppleWebKit/537.36 (KHTML, like Gecko; compatible; GPTBot/1.4; +https://openai.com/gptbot)"
18.207.79.144 - - [16/Aug/2026:13:55:25 +0100] "GET /c4e34/?path=/home/pemwebco/pash.pem-web.co.uk/c4e34/../ovzs1tn HTTP/1.1" 404 - "-" "Mozilla/5.0 AppleWebKit/537.36 (KHTML, like Gecko; compatible; Amazonbot/0.1; +https://developer.amazon.com/support/amazonbot) Chrome/119.0.6045.214 Safari/537.36"
74.7.227.149 - - [16/Aug/2026:13:55:25 +0100] "GET /assets/images/49ef30c52eindex.php?path=//proc/18/net/rpc HTTP/1.1" 200 3121 "https://www.pash.pem-web.co.uk/assets/images/49ef30c52eindex.php?path=//proc/18/net" "Mozilla/5.0 AppleWebKit/537.36 (KHTML, like Gecko; compatible; GPTBot/1.4; +https://openai.com/gptbot)"
74.7.241.17 - - [16/Aug/2026:13:55:25 +0100] "GET /e2dbb/?edit=tcp6&fm=true&path=/proc/38/net/ HTTP/1.1" 200 20944 "https://pash.pem-web.co.uk/e2dbb/?fm=true&path=/proc/38/net" "Mozilla/5.0 AppleWebKit/537.36 (KHTML, like Gecko; compatible; GPTBot/1.4; +https://openai.com/gptbot)"
34.227.234.246 - - [16/Aug/2026:13:55:27 +0100] "GET /c4e34/?path=/home/pemwebco/pash.pem-web.co.uk/gnoivjk HTTP/1.1" 200 6958 "-" "Mozilla/5.0 AppleWebKit/537.36 (KHTML, like Gecko; compatible; Amazonbot/0.1; +https://developer.amazon.com/support/amazonbot) Chrome/119.0.6045.214 Safari/537.36"
74.7.227.149 - - [16/Aug/2026:13:55:27 +0100] "GET /assets/images/49ef30c52eindex.php?filesrc=//proc/21/net/dev_snmp6/lo&path=//proc/21/net/dev_snmp6 HTTP/1.1" 200 3994 "https://www.pash.pem-web.co.uk/assets/images/49ef30c52eindex.php?path=//proc/21/net/dev_snmp6" "Mozilla/5.0 AppleWebKit/537.36 (KHTML, like Gecko; compatible; GPTBot/1.4; +https://openai.com/gptbot)"
74.7.241.17 - - [16/Aug/2026:13:55:27 +0100] "GET /e2dbb/?edit=udp6&fm=true&path=/proc/31/net/ HTTP/1.1" 200 18042 "https://pash.pem-web.co.uk/e2dbb/?fm=true&path=/proc/31/net" "Mozilla/5.0 AppleWebKit/537.36 (KHTML, like Gecko; compatible; GPTBot/1.4; +https://openai.com/gptbot)"
74.7.227.149 - - [16/Aug/2026:13:55:30 +0100] "GET /assets/images/49ef30c52eindex.php?filesrc=//proc/14/net/dev_snmp6/lo&path=//proc/14/net/dev_snmp6 HTTP/1.1" 200 3994 "https://www.pash.pem-web.co.uk/assets/images/49ef30c52eindex.php?path=//proc/14/net/dev_snmp6" "Mozilla/5.0 AppleWebKit/537.36 (KHTML, like Gecko; compatible; GPTBot/1.4; +https://openai.com/gptbot)"
3.229.2.217 - - [16/Aug/2026:13:55:30 +0100] "GET /c4e34/?path=/home/pemwebco/pash.pem-web.co.uk/c4e34/../moia1th HTTP/1.1" 404 - "-" "Mozilla/5.0 AppleWebKit/537.36 (KHTML, like Gecko; compatible; Amazonbot/0.1; +https://developer.amazon.com/support/amazonbot) Chrome/119.0.6045.214 Safari/537.36"
74.7.241.17 - - [16/Aug/2026:13:55:30 +0100] "GET /e2dbb/?edit=tcp6&fm=true&path=/proc/10/net/ HTTP/1.1" 200 20944 "https://pash.pem-web.co.uk/e2dbb/?fm=true&path=/proc/10/net" "Mozilla/5.0 AppleWebKit/537.36 (KHTML, like Gecko; compatible; GPTBot/1.4; +https://openai.com/gptbot)"
74.7.227.149 - - [16/Aug/2026:13:55:32 +0100] "GET /assets/images/49ef30c52eindex.php?filesrc=//proc/15/net/dev_snmp6/lo&path=//proc/15/net/dev_snmp6 HTTP/1.1" 200 3994 "https://www.pash.pem-web.co.uk/assets/images/49ef30c52eindex.php?path=//proc/15/net/dev_snmp6" "Mozilla/5.0 AppleWebKit/537.36 (KHTML, like Gecko; compatible; GPTBot/1.4; +https://openai.com/gptbot)"
74.7.241.17 - - [16/Aug/2026:13:55:32 +0100] "GET /e2dbb/?edit=udp6&fm=true&path=/proc/13/net/ HTTP/1.1" 200 18042 "https://pash.pem-web.co.uk/e2dbb/?fm=true&path=/proc/13/net" "Mozilla/5.0 AppleWebKit/537.36 (KHTML, like Gecko; compatible; GPTBot/1.4; +https://openai.com/gptbot)"
100.28.49.152 - - [16/Aug/2026:13:55:33 +0100] "GET /c4e34/?path=/home/pemwebco/pash.pem-web.co.uk/mnvuxy1 HTTP/1.1" 200 6957 "-" "Mozilla/5.0 AppleWebKit/537.36 (KHTML, like Gecko; compatible; Amazonbot/0.1; +https://developer.amazon.com/support/amazonbot) Chrome/119.0.6045.214 Safari/537.36"
74.7.227.149 - - [16/Aug/2026:13:55:34 +0100] "GET /assets/images/49ef30c52eindex.php?filesrc=//proc/18/net/netfilter/nf_log&path=//proc/18/net/netfilter HTTP/1.1" 200 1823 "https://www.pash.pem-web.co.uk/assets/images/49ef30c52eindex.php?path=//proc/18/net/netfilter" "Mozilla/5.0 AppleWebKit/537.36 (KHTML, like Gecko; compatible; GPTBot/1.4; +https://openai.com/gptbot)"
74.7.241.17 - - [16/Aug/2026:13:55:35 +0100] "GET /e2dbb/?edit=udp6&fm=true&path=/proc/10/net/ HTTP/1.1" 200 18042 "https://pash.pem-web.co.uk/e2dbb/?fm=true&path=/proc/10/net" "Mozilla/5.0 AppleWebKit/537.36 (KHTML, like Gecko; compatible; GPTBot/1.4; +https://openai.com/gptbot)"
74.7.227.149 - - [16/Aug/2026:13:55:36 +0100] "GET /assets/images/49ef30c52eindex.php?filesrc=//proc/17/net/netfilter/nf_log&path=//proc/17/net/netfilter HTTP/1.1" 200 1823 "https://www.pash.pem-web.co.uk/assets/images/49ef30c52eindex.php?path=//proc/17/net/netfilter" "Mozilla/5.0 AppleWebKit/537.36 (KHTML, like Gecko; compatible; GPTBot/1.4; +https://openai.com/gptbot)"
74.7.241.17 - - [16/Aug/2026:13:55:37 +0100] "GET /e2dbb/?edit=tcp6&fm=true&path=/proc/31/net/ HTTP/1.1" 200 20944 "https://pash.pem-web.co.uk/e2dbb/?fm=true&path=/proc/31/net" "Mozilla/5.0 AppleWebKit/537.36 (KHTML, like Gecko; compatible; GPTBot/1.4; +https://openai.com/gptbot)"
100.28.118.16 - - [16/Aug/2026:13:55:38 +0100] "GET /c4e34/?path=/home/metadata.json HTTP/1.1" 200 2270 "-" "Mozilla/5.0 AppleWebKit/537.36 (KHTML, like Gecko; compatible; Amazonbot/0.1; +https://developer.amazon.com/support/amazonbot) Chrome/119.0.6045.214 Safari/537.36"
74.7.227.149 - - [16/Aug/2026:13:55:39 +0100] "GET /assets/images/49ef30c52eindex.php?filesrc=//proc/19/net/dev_snmp6/lo&path=//proc/19/net/dev_snmp6 HTTP/1.1" 200 3994 "https://www.pash.pem-web.co.uk/assets/images/49ef30c52eindex.php?path=//proc/19/net/dev_snmp6" "Mozilla/5.0 AppleWebKit/537.36 (KHTML, like Gecko; compatible; GPTBot/1.4; +https://openai.com/gptbot)"
74.7.241.17 - - [16/Aug/2026:13:55:39 +0100] "GET /e2dbb/?edit=tcp6&fm=true&path=/proc/13/net/ HTTP/1.1" 200 20944 "https://pash.pem-web.co.uk/e2dbb/?fm=true&path=/proc/13/net" "Mozilla/5.0 AppleWebKit/537.36 (KHTML, like Gecko; compatible; GPTBot/1.4; +https://openai.com/gptbot)"
74.7.227.149 - - [16/Aug/2026:13:55:41 +0100] "GET /assets/images/49ef30c52eindex.php?filesrc=//proc/11/net/dev_snmp6/lo&path=//proc/11/net/dev_snmp6 HTTP/1.1" 200 3994 "https://www.pash.pem-web.co.uk/assets/images/49ef30c52eindex.php?path=//proc/11/net/dev_snmp6" "Mozilla/5.0 AppleWebKit/537.36 (KHTML, like Gecko; compatible; GPTBot/1.4; +https://openai.com/gptbot)"
74.7.241.17 - - [16/Aug/2026:13:55:42 +0100] "GET /e2dbb/?edit=udp6&fm=true&path=/proc/38/net/ HTTP/1.1" 200 18042 "https://pash.pem-web.co.uk/e2dbb/?fm=true&path=/proc/38/net" "Mozilla/5.0 AppleWebKit/537.36 (KHTML, like Gecko; compatible; GPTBot/1.4; +https://openai.com/gptbot)"
44.221.105.234 - - [16/Aug/2026:13:55:42 +0100] "GET /c4e34/?path=/home/pemwebco/pash.pem-web.co.uk/c4e34/../oxude1b HTTP/1.1" 404 - "-" "Mozilla/5.0 AppleWebKit/537.36 (KHTML, like Gecko; compatible; Amazonbot/0.1; +https://developer.amazon.com/support/amazonbot) Chrome/119.0.6045.214 Safari/537.36"
74.7.227.149 - - [16/Aug/2026:13:55:44 +0100] "GET /assets/images/49ef30c52eindex.php?filesrc=//proc/17/net/stat/arp_cache&path=//proc/17/net/stat HTTP/1.1" 200 9542 "https://www.pash.pem-web.co.uk/assets/images/49ef30c52eindex.php?path=//proc/17/net/stat" "Mozilla/5.0 AppleWebKit/537.36 (KHTML, like Gecko; compatible; GPTBot/1.4; +https://openai.com/gptbot)"
74.7.241.17 - - [16/Aug/2026:13:55:44 +0100] "GET /e2dbb/?edit=tcp6&fm=true&path=/proc/19/net/ HTTP/1.1" 200 20944 "https://pash.pem-web.co.uk/e2dbb/?fm=true&path=/proc/19/net" "Mozilla/5.0 AppleWebKit/537.36 (KHTML, like Gecko; compatible; GPTBot/1.4; +https://openai.com/gptbot)"
44.209.35.147 - - [16/Aug/2026:13:55:45 +0100] "GET /c4e34/?path=/home/pemwebco/pash.pem-web.co.uk/c4e34/../ydbsnfr HTTP/1.1" 404 - "-" "Mozilla/5.0 AppleWebKit/537.36 (KHTML, like Gecko; compatible; Amazonbot/0.1; +https://developer.amazon.com/support/amazonbot) Chrome/119.0.6045.214 Safari/537.36"
74.7.227.149 - - [16/Aug/2026:13:55:46 +0100] "GET /assets/images/49ef30c52eindex.php?filesrc=//proc/18/net/stat/arp_cache&path=//proc/18/net/stat HTTP/1.1" 200 9542 "https://www.pash.pem-web.co.uk/assets/images/49ef30c52eindex.php?path=//proc/18/net/stat" "Mozilla/5.0 AppleWebKit/537.36 (KHTML, like Gecko; compatible; GPTBot/1.4; +https://openai.com/gptbot)"
74.7.241.17 - - [16/Aug/2026:13:55:47 +0100] "GET /e2dbb/?edit=udp6&fm=true&path=/proc/19/net/ HTTP/1.1" 200 18042 "https://pash.pem-web.co.uk/e2dbb/?fm=true&path=/proc/19/net" "Mozilla/5.0 AppleWebKit/537.36 (KHTML, like Gecko; compatible; GPTBot/1.4; +https://openai.com/gptbot)"
74.7.227.149 - - [16/Aug/2026:13:55:48 +0100] "GET /assets/images/49ef30c52eindex.php?path=//proc/17/net/rpc/auth.unix.gid HTTP/1.1" 200 4195 "https://www.pash.pem-web.co.uk/assets/images/49ef30c52eindex.php?path=//proc/17/net/rpc" "Mozilla/5.0 AppleWebKit/537.36 (KHTML, like Gecko; compatible; GPTBot/1.4; +https://openai.com/gptbot)"
74.7.241.17 - - [16/Aug/2026:13:55:49 +0100] "GET /e2dbb/?edit=tcp6&fm=true&path=/proc/35/net/ HTTP/1.1" 200 20947 "https://pash.pem-web.co.uk/e2dbb/?fm=true&path=/proc/35/net" "Mozilla/5.0 AppleWebKit/537.36 (KHTML, like Gecko; compatible; GPTBot/1.4; +https://openai.com/gptbot)"
54.147.182.90 - - [16/Aug/2026:13:55:49 +0100] "GET /c4e34/?path=/home/pemwebco/pash.pem-web.co.uk/gzofxkn HTTP/1.1" 200 6957 "-" "Mozilla/5.0 AppleWebKit/537.36 (KHTML, like Gecko; compatible; Amazonbot/0.1; +https://developer.amazon.com/support/amazonbot) Chrome/119.0.6045.214 Safari/537.36"
74.7.227.149 - - [16/Aug/2026:13:55:51 +0100] "GET /assets/images/49ef30c52eindex.php?path=//proc/18/net/rpc/auth.unix.gid HTTP/1.1" 200 4195 "https://www.pash.pem-web.co.uk/assets/images/49ef30c52eindex.php?path=//proc/18/net/rpc" "Mozilla/5.0 AppleWebKit/537.36 (KHTML, like Gecko; compatible; GPTBot/1.4; +https://openai.com/gptbot)"
74.7.241.17 - - [16/Aug/2026:13:55:51 +0100] "GET /e2dbb/?edit=udp6&fm=true&path=/proc/16/net/ HTTP/1.1" 200 18042 "https://pash.pem-web.co.uk/e2dbb/?fm=true&path=/proc/16/net" "Mozilla/5.0 AppleWebKit/537.36 (KHTML, like Gecko; compatible; GPTBot/1.4; +https://openai.com/gptbot)"
74.7.227.149 - - [16/Aug/2026:13:55:53 +0100] "GET /assets/images/49ef30c52eindex.php?filesrc=//proc/18/net/stat/rt_cache&path=//proc/18/net/stat HTTP/1.1" 200 11760 "https://www.pash.pem-web.co.uk/assets/images/49ef30c52eindex.php?path=//proc/18/net/stat" "Mozilla/5.0 AppleWebKit/537.36 (KHTML, like Gecko; compatible; GPTBot/1.4; +https://openai.com/gptbot)"
74.7.241.17 - - [16/Aug/2026:13:55:54 +0100] "GET /e2dbb/?edit=raw6&fm=true&path=/proc/16/net/ HTTP/1.1" 200 17704 "https://pash.pem-web.co.uk/e2dbb/?fm=true&path=/proc/16/net" "Mozilla/5.0 AppleWebKit/537.36 (KHTML, like Gecko; compatible; GPTBot/1.4; +https://openai.com/gptbot)"
74.7.227.149 - - [16/Aug/2026:13:55:55 +0100] "GET /assets/images/49ef30c52eindex.php?filesrc=//proc/17/net/stat/rt_cache&path=//proc/17/net/stat HTTP/1.1" 200 11760 "https://www.pash.pem-web.co.uk/assets/images/49ef30c52eindex.php?path=//proc/17/net/stat" "Mozilla/5.0 AppleWebKit/537.36 (KHTML, like Gecko; compatible; GPTBot/1.4; +https://openai.com/gptbot)"
100.24.167.60 - - [16/Aug/2026:13:55:55 +0100] "GET /c4e34/?path=/home/pemwebco/pash.pem-web.co.uk/c4e34/../kxbcp1i HTTP/1.1" 404 - "-" "Mozilla/5.0 AppleWebKit/537.36 (KHTML, like Gecko; compatible; Amazonbot/0.1; +https://developer.amazon.com/support/amazonbot) Chrome/119.0.6045.214 Safari/537.36"
74.7.241.17 - - [16/Aug/2026:13:55:56 +0100] "GET /e2dbb/?edit=tcp6&fm=true&path=/proc/74/net/ HTTP/1.1" 200 20944 "https://pash.pem-web.co.uk/e2dbb/?fm=true&path=/proc/74/net" "Mozilla/5.0 AppleWebKit/537.36 (KHTML, like Gecko; compatible; GPTBot/1.4; +https://openai.com/gptbot)"
74.7.227.149 - - [16/Aug/2026:13:55:57 +0100] "GET /assets/images/49ef30c52eindex.php?filesrc=//proc/18/net/stat/ndisc_cache&path=//proc/18/net/stat HTTP/1.1" 200 9544 "https://www.pash.pem-web.co.uk/assets/images/49ef30c52eindex.php?path=//proc/18/net/stat" "Mozilla/5.0 AppleWebKit/537.36 (KHTML, like Gecko; compatible; GPTBot/1.4; +https://openai.com/gptbot)"
34.235.239.240 - - [16/Aug/2026:13:55:59 +0100] "GET /c4e34/?path=/home/pemwebco/pash.pem-web.co.uk/iqhcywg HTTP/1.1" 200 6958 "-" "Mozilla/5.0 AppleWebKit/537.36 (KHTML, like Gecko; compatible; Amazonbot/0.1; +https://developer.amazon.com/support/amazonbot) Chrome/119.0.6045.214 Safari/537.36"
74.7.241.17 - - [16/Aug/2026:13:55:59 +0100] "GET /e2dbb/?edit=udp6&fm=true&path=/proc/43/net/ HTTP/1.1" 200 18042 "https://pash.pem-web.co.uk/e2dbb/?fm=true&path=/proc/43/net" "Mozilla/5.0 AppleWebKit/537.36 (KHTML, like Gecko; compatible; GPTBot/1.4; +https://openai.com/gptbot)"
74.7.227.149 - - [16/Aug/2026:13:56:00 +0100] "GET /assets/images/49ef30c52eindex.php?filesrc=//proc/17/net/stat/ndisc_cache&path=//proc/17/net/stat HTTP/1.1" 200 9544 "https://www.pash.pem-web.co.uk/assets/images/49ef30c52eindex.php?path=//proc/17/net/stat" "Mozilla/5.0 AppleWebKit/537.36 (KHTML, like Gecko; compatible; GPTBot/1.4; +https://openai.com/gptbot)"
74.7.241.17 - - [16/Aug/2026:13:56:01 +0100] "GET /e2dbb/?edit=udp6&fm=true&path=/proc/51/net/ HTTP/1.1" 200 18042 "https://pash.pem-web.co.uk/e2dbb/?fm=true&path=/proc/51/net" "Mozilla/5.0 AppleWebKit/537.36 (KHTML, like Gecko; compatible; GPTBot/1.4; +https://openai.com/gptbot)"
3.229.95.193 - - [16/Aug/2026:13:56:01 +0100] "GET /c4e34/?path=/home/pemwebco/pash.pem-web.co.uk/puxcrzo HTTP/1.1" 200 6956 "-" "Mozilla/5.0 AppleWebKit/537.36 (KHTML, like Gecko; compatible; Amazonbot/0.1; +https://developer.amazon.com/support/amazonbot) Chrome/119.0.6045.214 Safari/537.36"
74.7.227.149 - - [16/Aug/2026:13:56:02 +0100] "GET /assets/images/49ef30c52eindex.php?path=//proc/18/net/rpc/auth.unix.ip HTTP/1.1" 200 4181 "https://www.pash.pem-web.co.uk/assets/images/49ef30c52eindex.php?path=//proc/18/net/rpc" "Mozilla/5.0 AppleWebKit/537.36 (KHTML, like Gecko; compatible; GPTBot/1.4; +https://openai.com/gptbot)"
74.7.241.17 - - [16/Aug/2026:13:56:04 +0100] "GET /e2dbb/?edit=tcp6&fm=true&path=/proc/43/net/ HTTP/1.1" 200 20944 "https://pash.pem-web.co.uk/e2dbb/?fm=true&path=/proc/43/net" "Mozilla/5.0 AppleWebKit/537.36 (KHTML, like Gecko; compatible; GPTBot/1.4; +https://openai.com/gptbot)"
74.7.227.149 - - [16/Aug/2026:13:56:04 +0100] "GET /assets/images/49ef30c52eindex.php?path=//proc/17/net/rpc/auth.unix.ip HTTP/1.1" 200 4181 "https://www.pash.pem-web.co.uk/assets/images/49ef30c52eindex.php?path=//proc/17/net/rpc" "Mozilla/5.0 AppleWebKit/537.36 (KHTML, like Gecko; compatible; GPTBot/1.4; +https://openai.com/gptbot)"
52.71.216.196 - - [16/Aug/2026:13:56:05 +0100] "GET /c4e34/?path=/home/pemwebco/pash.pem-web.co.uk/c4e34/../hptwcaz HTTP/1.1" 404 - "-" "Mozilla/5.0 AppleWebKit/537.36 (KHTML, like Gecko; compatible; Amazonbot/0.1; +https://developer.amazon.com/support/amazonbot) Chrome/119.0.6045.214 Safari/537.36"
74.7.241.17 - - [16/Aug/2026:13:56:06 +0100] "GET /e2dbb/?edit=udp6&fm=true&path=/proc/14/net/ HTTP/1.1" 200 18042 "https://pash.pem-web.co.uk/e2dbb/?fm=true&path=/proc/14/net" "Mozilla/5.0 AppleWebKit/537.36 (KHTML, like Gecko; compatible; GPTBot/1.4; +https://openai.com/gptbot)"
74.7.227.149 - - [16/Aug/2026:13:56:07 +0100] "GET /assets/images/49ef30c52eindex.php?filesrc=//proc/18/net/stat/nf_conntrack&path=//proc/18/net/stat HTTP/1.1" 200 11660 "https://www.pash.pem-web.co.uk/assets/images/49ef30c52eindex.php?path=//proc/18/net/stat" "Mozilla/5.0 AppleWebKit/537.36 (KHTML, like Gecko; compatible; GPTBot/1.4; +https://openai.com/gptbot)"
74.7.241.17 - - [16/Aug/2026:13:56:08 +0100] "GET /e2dbb/?edit=udp6&fm=true&path=/proc/74/net/ HTTP/1.1" 200 18042 "https://pash.pem-web.co.uk/e2dbb/?fm=true&path=/proc/74/net" "Mozilla/5.0 AppleWebKit/537.36 (KHTML, like Gecko; compatible; GPTBot/1.4; +https://openai.com/gptbot)"
74.7.227.149 - - [16/Aug/2026:13:56:09 +0100] "GET /assets/images/49ef30c52eindex.php?filesrc=//proc/17/net/stat/nf_conntrack&path=//proc/17/net/stat HTTP/1.1" 200 11660 "https://www.pash.pem-web.co.uk/assets/images/49ef30c52eindex.php?path=//proc/17/net/stat" "Mozilla/5.0 AppleWebKit/537.36 (KHTML, like Gecko; compatible; GPTBot/1.4; +https://openai.com/gptbot)"
44.212.145.46 - - [16/Aug/2026:13:56:10 +0100] "GET /c4e34/?path=/home/pemwebco/pash.pem-web.co.uk/yirnfg1 HTTP/1.1" 200 6957 "-" "Mozilla/5.0 AppleWebKit/537.36 (KHTML, like Gecko; compatible; Amazonbot/0.1; +https://developer.amazon.com/support/amazonbot) Chrome/119.0.6045.214 Safari/537.36"
74.7.241.17 - - [16/Aug/2026:13:56:11 +0100] "GET /e2dbb/?edit=tcp6&fm=true&path=/proc/51/net/ HTTP/1.1" 200 20944 "https://pash.pem-web.co.uk/e2dbb/?fm=true&path=/proc/51/net" "Mozilla/5.0 AppleWebKit/537.36 (KHTML, like Gecko; compatible; GPTBot/1.4; +https://openai.com/gptbot)"
74.7.227.149 - - [16/Aug/2026:13:56:11 +0100] "GET /assets/images/49ef30c52eindex.php?filesrc=//proc/26/net/dev_snmp6/eth0&path=//proc/26/net/dev_snmp6 HTTP/1.1" 200 4257 "https://www.pash.pem-web.co.uk/assets/images/49ef30c52eindex.php?path=//proc/26/net/dev_snmp6" "Mozilla/5.0 AppleWebKit/537.36 (KHTML, like Gecko; compatible; GPTBot/1.4; +https://openai.com/gptbot)"
74.7.241.17 - - [16/Aug/2026:13:56:13 +0100] "GET /e2dbb/?fm=true&path=/proc/16/net/&rights=mcfilter6 HTTP/1.1" 200 16795 "https://pash.pem-web.co.uk/e2dbb/?fm=true&path=/proc/16/net" "Mozilla/5.0 AppleWebKit/537.36 (KHTML, like Gecko; compatible; GPTBot/1.4; +https://openai.com/gptbot)"
74.7.227.149 - - [16/Aug/2026:13:56:14 +0100] "GET /assets/images/49ef30c52eindex.php?path=//proc/26/attr HTTP/1.1" 200 5973 "https://www.pash.pem-web.co.uk/assets/images/49ef30c52eindex.php?path=//proc/26" "Mozilla/5.0 AppleWebKit/537.36 (KHTML, like Gecko; compatible; GPTBot/1.4; +https://openai.com/gptbot)"
18.207.79.144 - - [16/Aug/2026:13:56:14 +0100] "GET /c4e34/?path=/home/pemwebco/pash.pem-web.co.uk/ejciamw HTTP/1.1" 200 6957 "-" "Mozilla/5.0 AppleWebKit/537.36 (KHTML, like Gecko; compatible; Amazonbot/0.1; +https://developer.amazon.com/support/amazonbot) Chrome/119.0.6045.214 Safari/537.36"
74.7.241.17 - - [16/Aug/2026:13:56:16 +0100] "GET /e2dbb/?fm=true&path=/proc/19/fd HTTP/1.1" 200 16492 "https://pash.pem-web.co.uk/e2dbb/?fm=true&path=/proc/19" "Mozilla/5.0 AppleWebKit/537.36 (KHTML, like Gecko; compatible; GPTBot/1.4; +https://openai.com/gptbot)"
74.7.227.149 - - [16/Aug/2026:13:56:16 +0100] "GET /assets/images/49ef30c52eindex.php?path=//proc/48/attr HTTP/1.1" 200 5973 "https://www.pash.pem-web.co.uk/assets/images/49ef30c52eindex.php?path=//proc/48" "Mozilla/5.0 AppleWebKit/537.36 (KHTML, like Gecko; compatible; GPTBot/1.4; +https://openai.com/gptbot)"
52.7.13.143 - - [16/Aug/2026:13:56:17 +0100] "GET /c4e34/?path=/home/pemwebco/pash.pem-web.co.uk/qzyacux HTTP/1.1" 200 6955 "-" "Mozilla/5.0 AppleWebKit/537.36 (KHTML, like Gecko; compatible; Amazonbot/0.1; +https://developer.amazon.com/support/amazonbot) Chrome/119.0.6045.214 Safari/537.36"
74.7.241.17 - - [16/Aug/2026:13:56:18 +0100] "GET /e2dbb/?fm=true&path=/proc/38/fd HTTP/1.1" 200 16492 "https://pash.pem-web.co.uk/e2dbb/?fm=true&path=/proc/38" "Mozilla/5.0 AppleWebKit/537.36 (KHTML, like Gecko; compatible; GPTBot/1.4; +https://openai.com/gptbot)"
74.7.227.149 - - [16/Aug/2026:13:56:18 +0100] "GET /assets/images/49ef30c52eindex.php?path=//proc/19/attr HTTP/1.1" 200 5973 "https://www.pash.pem-web.co.uk/assets/images/49ef30c52eindex.php?path=//proc/19" "Mozilla/5.0 AppleWebKit/537.36 (KHTML, like Gecko; compatible; GPTBot/1.4; +https://openai.com/gptbot)"
74.7.241.17 - - [16/Aug/2026:13:56:20 +0100] "GET /e2dbb/?fm=true&path=/proc/13/ HTTP/1.1" 200 72078 "https://pash.pem-web.co.uk/e2dbb/?edit=autogroup&fm=true&path=/proc/13/" "Mozilla/5.0 AppleWebKit/537.36 (KHTML, like Gecko; compatible; GPTBot/1.4; +https://openai.com/gptbot)"
74.7.227.149 - - [16/Aug/2026:13:56:21 +0100] "GET /assets/images/49ef30c52eindex.php?path=//proc/14/attr HTTP/1.1" 200 5973 "https://www.pash.pem-web.co.uk/assets/images/49ef30c52eindex.php?path=//proc/14" "Mozilla/5.0 AppleWebKit/537.36 (KHTML, like Gecko; compatible; GPTBot/1.4; +https://openai.com/gptbot)"
52.205.113.104 - - [16/Aug/2026:13:56:22 +0100] "GET /c4e34/?path=/home/pemwebco/pash.pem-web.co.uk/vqibero HTTP/1.1" 200 6958 "-" "Mozilla/5.0 AppleWebKit/537.36 (KHTML, like Gecko; compatible; Amazonbot/0.1; +https://developer.amazon.com/support/amazonbot) Chrome/119.0.6045.214 Safari/537.36"
74.7.241.17 - - [16/Aug/2026:13:56:23 +0100] "GET /e2dbb/?fm=true&path=/proc/38/ HTTP/1.1" 200 72075 "https://pash.pem-web.co.uk/e2dbb/?edit=mountstats&fm=true&path=/proc/38/" "Mozilla/5.0 AppleWebKit/537.36 (KHTML, like Gecko; compatible; GPTBot/1.4; +https://openai.com/gptbot)"
74.7.227.149 - - [16/Aug/2026:13:56:23 +0100] "GET /assets/images/49ef30c52eindex.php?path=//proc/37/attr HTTP/1.1" 200 5973 "https://www.pash.pem-web.co.uk/assets/images/49ef30c52eindex.php?path=//proc/37" "Mozilla/5.0 AppleWebKit/537.36 (KHTML, like Gecko; compatible; GPTBot/1.4; +https://openai.com/gptbot)"
74.7.227.149 - - [16/Aug/2026:13:56:25 +0100] "GET /assets/images/49ef30c52eindex.php?path=//proc/21/attr HTTP/1.1" 200 5973 "https://www.pash.pem-web.co.uk/assets/images/49ef30c52eindex.php?path=//proc/21" "Mozilla/5.0 AppleWebKit/537.36 (KHTML, like Gecko; compatible; GPTBot/1.4; +https://openai.com/gptbot)"
74.7.241.17 - - [16/Aug/2026:13:56:25 +0100] "GET /e2dbb/?fm=true&path=/proc/13/fd HTTP/1.1" 200 16492 "https://pash.pem-web.co.uk/e2dbb/?fm=true&path=/proc/13" "Mozilla/5.0 AppleWebKit/537.36 (KHTML, like Gecko; compatible; GPTBot/1.4; +https://openai.com/gptbot)"
35.169.102.85 - - [16/Aug/2026:13:56:26 +0100] "GET /c4e34/?path=/home/pemwebco/pash.pem-web.co.uk/c4e34/../1gqbdih HTTP/1.1" 404 - "-" "Mozilla/5.0 AppleWebKit/537.36 (KHTML, like Gecko; compatible; Amazonbot/0.1; +https://developer.amazon.com/support/amazonbot) Chrome/119.0.6045.214 Safari/537.36"
74.7.227.149 - - [16/Aug/2026:13:56:27 +0100] "GET /assets/images/49ef30c52eindex.php?path=//proc/15/attr HTTP/1.1" 200 5973 "https://www.pash.pem-web.co.uk/assets/images/49ef30c52eindex.php?path=//proc/15" "Mozilla/5.0 AppleWebKit/537.36 (KHTML, like Gecko; compatible; GPTBot/1.4; +https://openai.com/gptbot)"
74.7.241.17 - - [16/Aug/2026:13:56:28 +0100] "GET /e2dbb/?fm=true&path=/proc/19/ HTTP/1.1" 200 72078 "https://pash.pem-web.co.uk/e2dbb/?fm=true&path=/proc/19/&rename=limits" "Mozilla/5.0 AppleWebKit/537.36 (KHTML, like Gecko; compatible; GPTBot/1.4; +https://openai.com/gptbot)"
74.7.227.149 - - [16/Aug/2026:13:56:30 +0100] "GET /assets/images/49ef30c52eindex.php?path=//proc/38/attr HTTP/1.1" 200 5973 "https://www.pash.pem-web.co.uk/assets/images/49ef30c52eindex.php?path=//proc/38" "Mozilla/5.0 AppleWebKit/537.36 (KHTML, like Gecko; compatible; GPTBot/1.4; +https://openai.com/gptbot)"
74.7.241.17 - - [16/Aug/2026:13:56:30 +0100] "GET /e2dbb/?fm=true&path=/proc/43/fd HTTP/1.1" 200 16492 "https://pash.pem-web.co.uk/e2dbb/?fm=true&path=/proc/43" "Mozilla/5.0 AppleWebKit/537.36 (KHTML, like Gecko; compatible; GPTBot/1.4; +https://openai.com/gptbot)"
35.171.141.42 - - [16/Aug/2026:13:56:32 +0100] "GET /c4e34/?path=/home/pemwebco/pash.pem-web.co.uk/c4e34/../vgsuimz HTTP/1.1" 404 - "-" "Mozilla/5.0 AppleWebKit/537.36 (KHTML, like Gecko; compatible; Amazonbot/0.1; +https://developer.amazon.com/support/amazonbot) Chrome/119.0.6045.214 Safari/537.36"
74.7.227.149 - - [16/Aug/2026:13:56:32 +0100] "GET /assets/images/49ef30c52eindex.php?path=//proc/11/attr HTTP/1.1" 200 5973 "https://www.pash.pem-web.co.uk/assets/images/49ef30c52eindex.php?path=//proc/11" "Mozilla/5.0 AppleWebKit/537.36 (KHTML, like Gecko; compatible; GPTBot/1.4; +https://openai.com/gptbot)"
74.7.241.17 - - [16/Aug/2026:13:56:33 +0100] "GET /e2dbb/?fm=true&path=/proc/43/ HTTP/1.1" 200 72078 "https://pash.pem-web.co.uk/e2dbb/?fm=true&path=/proc/43/&rename=net" "Mozilla/5.0 AppleWebKit/537.36 (KHTML, like Gecko; compatible; GPTBot/1.4; +https://openai.com/gptbot)"
3.232.39.98 - - [16/Aug/2026:13:56:33 +0100] "GET /c4e34/?path=/home/pemwebco/pash.pem-web.co.uk/c4e34/../dgaoc1z HTTP/1.1" 404 - "-" "Mozilla/5.0 AppleWebKit/537.36 (KHTML, like Gecko; compatible; Amazonbot/0.1; +https://developer.amazon.com/support/amazonbot) Chrome/119.0.6045.214 Safari/537.36"
74.7.227.149 - - [16/Aug/2026:13:56:34 +0100] "GET /assets/images/49ef30c52eindex.php?filesrc=//proc/38/net/dev_snmp6/lo&path=//proc/38/net/dev_snmp6 HTTP/1.1" 200 3994 "https://www.pash.pem-web.co.uk/assets/images/49ef30c52eindex.php?path=//proc/38/net/dev_snmp6" "Mozilla/5.0 AppleWebKit/537.36 (KHTML, like Gecko; compatible; GPTBot/1.4; +https://openai.com/gptbot)"
74.7.241.17 - - [16/Aug/2026:13:56:35 +0100] "GET /e2dbb/?fm=true&path=/proc/16/ HTTP/1.1" 200 72078 "https://pash.pem-web.co.uk/e2dbb/?fm=true&path=/proc/16/&rename=net" "Mozilla/5.0 AppleWebKit/537.36 (KHTML, like Gecko; compatible; GPTBot/1.4; +https://openai.com/gptbot)"
74.7.227.149 - - [16/Aug/2026:13:56:37 +0100] "GET /assets/images/49ef30c52eindex.php?filesrc=//proc/37/net/dev_snmp6/lo&path=//proc/37/net/dev_snmp6 HTTP/1.1" 200 3994 "https://www.pash.pem-web.co.uk/assets/images/49ef30c52eindex.php?path=//proc/37/net/dev_snmp6" "Mozilla/5.0 AppleWebKit/537.36 (KHTML, like Gecko; compatible; GPTBot/1.4; +https://openai.com/gptbot)"
