74.7.227.149 - - [16/Aug/2026:14:04:06 +0100] "GET /assets/images/49ef30c52eindex.php?path=//proc/31 HTTP/1.1" 200 34581 "https://www.pash.pem-web.co.uk/assets/images/49ef30c52eindex.php?path=//proc" "Mozilla/5.0 AppleWebKit/537.36 (KHTML, like Gecko; compatible; GPTBot/1.4; +https://openai.com/gptbot)"
74.7.241.17 - - [16/Aug/2026:14:04:08 +0100] "GET /e2dbb/?fm=true&path=/proc/38/task/. HTTP/1.1" 200 20722 "https://pash.pem-web.co.uk/e2dbb/?fm=true&path=/proc/38/task" "Mozilla/5.0 AppleWebKit/537.36 (KHTML, like Gecko; compatible; GPTBot/1.4; +https://openai.com/gptbot)"
74.7.227.149 - - [16/Aug/2026:14:04:08 +0100] "GET /assets/images/49ef30c52eindex.php?path=//proc/47 HTTP/1.1" 200 34581 "https://www.pash.pem-web.co.uk/assets/images/49ef30c52eindex.php?path=//proc" "Mozilla/5.0 AppleWebKit/537.36 (KHTML, like Gecko; compatible; GPTBot/1.4; +https://openai.com/gptbot)"
74.7.241.17 - - [16/Aug/2026:14:04:10 +0100] "GET /e2dbb/?fm=true&path=/proc/43/task/. HTTP/1.1" 200 20725 "https://pash.pem-web.co.uk/e2dbb/?fm=true&path=/proc/43/task" "Mozilla/5.0 AppleWebKit/537.36 (KHTML, like Gecko; compatible; GPTBot/1.4; +https://openai.com/gptbot)"
74.7.227.149 - - [16/Aug/2026:14:04:11 +0100] "GET /assets/images/49ef30c52eindex.php?filesrc=//proc/11/task/11/net/rpc/auth.unix.gid/flush&path=//proc/11/task/11/net/rpc/auth.unix.gid HTTP/1.1" 200 1758 "https://www.pash.pem-web.co.uk/assets/images/49ef30c52eindex.php?path=//proc/11/task/11/net/rpc/auth.unix.gid" "Mozilla/5.0 AppleWebKit/537.36 (KHTML, like Gecko; compatible; GPTBot/1.4; +https://openai.com/gptbot)"
74.7.241.17 - - [16/Aug/2026:14:04:13 +0100] "GET /e2dbb/?fm=true&path=/proc/43/net/&rights=protocols HTTP/1.1" 200 16792 "https://pash.pem-web.co.uk/e2dbb/?fm=true&path=/proc/43/net" "Mozilla/5.0 AppleWebKit/537.36 (KHTML, like Gecko; compatible; GPTBot/1.4; +https://openai.com/gptbot)"
74.7.227.149 - - [16/Aug/2026:14:04:13 +0100] "GET /assets/images/49ef30c52eindex.php?filesrc=//proc/11/task/11/net/rpc/auth.unix.gid/channel&path=//proc/11/task/11/net/rpc/auth.unix.gid HTTP/1.1" 200 1760 "https://www.pash.pem-web.co.uk/assets/images/49ef30c52eindex.php?path=//proc/11/task/11/net/rpc/auth.unix.gid" "Mozilla/5.0 AppleWebKit/537.36 (KHTML, like Gecko; compatible; GPTBot/1.4; +https://openai.com/gptbot)"
74.7.241.17 - - [16/Aug/2026:14:04:15 +0100] "GET /e2dbb/?fm=true&path=/proc/74/net/&rights=protocols HTTP/1.1" 200 16792 "https://pash.pem-web.co.uk/e2dbb/?fm=true&path=/proc/74/net" "Mozilla/5.0 AppleWebKit/537.36 (KHTML, like Gecko; compatible; GPTBot/1.4; +https://openai.com/gptbot)"
74.7.227.149 - - [16/Aug/2026:14:04:15 +0100] "GET /assets/images/49ef30c52eindex.php?path=//proc/16 HTTP/1.1" 200 34581 "https://www.pash.pem-web.co.uk/assets/images/49ef30c52eindex.php?path=//proc" "Mozilla/5.0 AppleWebKit/537.36 (KHTML, like Gecko; compatible; GPTBot/1.4; +https://openai.com/gptbot)"
74.7.241.17 - - [16/Aug/2026:14:04:17 +0100] "GET /e2dbb/?fm=true&path=/proc/51/net/&rights=protocols HTTP/1.1" 200 16792 "https://pash.pem-web.co.uk/e2dbb/?fm=true&path=/proc/51/net" "Mozilla/5.0 AppleWebKit/537.36 (KHTML, like Gecko; compatible; GPTBot/1.4; +https://openai.com/gptbot)"
74.7.227.149 - - [16/Aug/2026:14:04:17 +0100] "GET /assets/images/49ef30c52eindex.php?path=//proc/12 HTTP/1.1" 200 34581 "https://www.pash.pem-web.co.uk/assets/images/49ef30c52eindex.php?path=//proc" "Mozilla/5.0 AppleWebKit/537.36 (KHTML, like Gecko; compatible; GPTBot/1.4; +https://openai.com/gptbot)"
74.7.241.17 - - [16/Aug/2026:14:04:20 +0100] "GET /e2dbb/?fm=true&path=/proc/13/net/&rights=protocols HTTP/1.1" 200 16792 "https://pash.pem-web.co.uk/e2dbb/?fm=true&path=/proc/13/net" "Mozilla/5.0 AppleWebKit/537.36 (KHTML, like Gecko; compatible; GPTBot/1.4; +https://openai.com/gptbot)"
74.7.227.149 - - [16/Aug/2026:14:04:20 +0100] "GET /assets/images/49ef30c52eindex.php?path=//proc/10 HTTP/1.1" 200 34581 "https://www.pash.pem-web.co.uk/assets/images/49ef30c52eindex.php?path=//proc" "Mozilla/5.0 AppleWebKit/537.36 (KHTML, like Gecko; compatible; GPTBot/1.4; +https://openai.com/gptbot)"
74.7.241.17 - - [16/Aug/2026:14:04:22 +0100] "GET /e2dbb/?fm=true&path=/proc/31/net/&rights=protocols HTTP/1.1" 200 16792 "https://pash.pem-web.co.uk/e2dbb/?fm=true&path=/proc/31/net" "Mozilla/5.0 AppleWebKit/537.36 (KHTML, like Gecko; compatible; GPTBot/1.4; +https://openai.com/gptbot)"
74.7.227.149 - - [16/Aug/2026:14:04:22 +0100] "GET /assets/images/49ef30c52eindex.php?path=//proc/46 HTTP/1.1" 200 34581 "https://www.pash.pem-web.co.uk/assets/images/49ef30c52eindex.php?path=//proc" "Mozilla/5.0 AppleWebKit/537.36 (KHTML, like Gecko; compatible; GPTBot/1.4; +https://openai.com/gptbot)"
74.7.241.17 - - [16/Aug/2026:14:04:24 +0100] "GET /e2dbb/?fm=true&path=/proc/14/net/&rights=protocols HTTP/1.1" 200 16792 "https://pash.pem-web.co.uk/e2dbb/?fm=true&path=/proc/14/net" "Mozilla/5.0 AppleWebKit/537.36 (KHTML, like Gecko; compatible; GPTBot/1.4; +https://openai.com/gptbot)"
74.7.227.149 - - [16/Aug/2026:14:04:25 +0100] "GET /assets/images/49ef30c52eindex.php?path=//proc/13 HTTP/1.1" 200 34581 "https://www.pash.pem-web.co.uk/assets/images/49ef30c52eindex.php?path=//proc" "Mozilla/5.0 AppleWebKit/537.36 (KHTML, like Gecko; compatible; GPTBot/1.4; +https://openai.com/gptbot)"
74.7.241.17 - - [16/Aug/2026:14:04:27 +0100] "GET /e2dbb/?fm=true&path=/proc/35/net/&rights=protocols HTTP/1.1" 200 16792 "https://pash.pem-web.co.uk/e2dbb/?fm=true&path=/proc/35/net" "Mozilla/5.0 AppleWebKit/537.36 (KHTML, like Gecko; compatible; GPTBot/1.4; +https://openai.com/gptbot)"
74.7.227.149 - - [16/Aug/2026:14:04:27 +0100] "GET /assets/images/49ef30c52eindex.php?path=//proc/74/net HTTP/1.1" 200 38078 "https://www.pash.pem-web.co.uk/assets/images/49ef30c52eindex.php?path=//proc/74" "Mozilla/5.0 AppleWebKit/537.36 (KHTML, like Gecko; compatible; GPTBot/1.4; +https://openai.com/gptbot)"
74.7.241.17 - - [16/Aug/2026:14:04:29 +0100] "GET /e2dbb/?fm=true&path=/proc/38/net/&rights=protocols HTTP/1.1" 200 16792 "https://pash.pem-web.co.uk/e2dbb/?fm=true&path=/proc/38/net" "Mozilla/5.0 AppleWebKit/537.36 (KHTML, like Gecko; compatible; GPTBot/1.4; +https://openai.com/gptbot)"
74.7.227.149 - - [16/Aug/2026:14:04:29 +0100] "GET /assets/images/49ef30c52eindex.php?path=//proc/57/net HTTP/1.1" 200 38078 "https://www.pash.pem-web.co.uk/assets/images/49ef30c52eindex.php?path=//proc/57" "Mozilla/5.0 AppleWebKit/537.36 (KHTML, like Gecko; compatible; GPTBot/1.4; +https://openai.com/gptbot)"
74.7.241.17 - - [16/Aug/2026:14:04:32 +0100] "GET /e2dbb/?fm=true&path=/proc/10/net/&rights=protocols HTTP/1.1" 200 16792 "https://pash.pem-web.co.uk/e2dbb/?fm=true&path=/proc/10/net" "Mozilla/5.0 AppleWebKit/537.36 (KHTML, like Gecko; compatible; GPTBot/1.4; +https://openai.com/gptbot)"
74.7.227.149 - - [16/Aug/2026:14:04:32 +0100] "GET /assets/images/49ef30c52eindex.php?path=//proc/31/net HTTP/1.1" 200 38078 "https://www.pash.pem-web.co.uk/assets/images/49ef30c52eindex.php?path=//proc/31" "Mozilla/5.0 AppleWebKit/537.36 (KHTML, like Gecko; compatible; GPTBot/1.4; +https://openai.com/gptbot)"
74.7.241.17 - - [16/Aug/2026:14:04:34 +0100] "GET /e2dbb/?fm=true&path=/proc/16/net/&rights=protocols HTTP/1.1" 200 16792 "https://pash.pem-web.co.uk/e2dbb/?fm=true&path=/proc/16/net" "Mozilla/5.0 AppleWebKit/537.36 (KHTML, like Gecko; compatible; GPTBot/1.4; +https://openai.com/gptbot)"
74.7.227.149 - - [16/Aug/2026:14:04:34 +0100] "GET /assets/images/49ef30c52eindex.php?filesrc=//proc/47/setgroups&path=//proc/47 HTTP/1.1" 200 1487 "https://www.pash.pem-web.co.uk/assets/images/49ef30c52eindex.php?path=//proc/47" "Mozilla/5.0 AppleWebKit/537.36 (KHTML, like Gecko; compatible; GPTBot/1.4; +https://openai.com/gptbot)"
74.7.227.149 - - [16/Aug/2026:14:04:36 +0100] "GET /assets/images/49ef30c52eindex.php?path=//proc/47/net HTTP/1.1" 200 38078 "https://www.pash.pem-web.co.uk/assets/images/49ef30c52eindex.php?path=//proc/47" "Mozilla/5.0 AppleWebKit/537.36 (KHTML, like Gecko; compatible; GPTBot/1.4; +https://openai.com/gptbot)"
74.7.241.17 - - [16/Aug/2026:14:04:36 +0100] "GET /e2dbb/?fm=true&path=/proc/14/net/dev_snmp6/.. HTTP/1.1" 200 75068 "https://pash.pem-web.co.uk/e2dbb/?fm=true&path=/proc/14/net/dev_snmp6" "Mozilla/5.0 AppleWebKit/537.36 (KHTML, like Gecko; compatible; GPTBot/1.4; +https://openai.com/gptbot)"
74.7.227.149 - - [16/Aug/2026:14:04:39 +0100] "GET /assets/images/49ef30c52eindex.php?path=//proc/47/attr HTTP/1.1" 200 5973 "https://www.pash.pem-web.co.uk/assets/images/49ef30c52eindex.php?path=//proc/47" "Mozilla/5.0 AppleWebKit/537.36 (KHTML, like Gecko; compatible; GPTBot/1.4; +https://openai.com/gptbot)"
74.7.241.17 - - [16/Aug/2026:14:04:39 +0100] "GET /e2dbb/?fm=true&path=/proc/35/net/dev_snmp6/.. HTTP/1.1" 200 75068 "https://pash.pem-web.co.uk/e2dbb/?fm=true&path=/proc/35/net/dev_snmp6" "Mozilla/5.0 AppleWebKit/537.36 (KHTML, like Gecko; compatible; GPTBot/1.4; +https://openai.com/gptbot)"
74.7.227.149 - - [16/Aug/2026:14:04:41 +0100] "GET /assets/images/49ef30c52eindex.php?filesrc=//proc/16/timens_offsets&path=//proc/16 HTTP/1.1" 200 1550 "https://www.pash.pem-web.co.uk/assets/images/49ef30c52eindex.php?path=//proc/16" "Mozilla/5.0 AppleWebKit/537.36 (KHTML, like Gecko; compatible; GPTBot/1.4; +https://openai.com/gptbot)"
74.7.241.17 - - [16/Aug/2026:14:04:41 +0100] "GET /e2dbb/?fm=true&path=/proc/51/net/dev_snmp6/.. HTTP/1.1" 200 75068 "https://pash.pem-web.co.uk/e2dbb/?fm=true&path=/proc/51/net/dev_snmp6" "Mozilla/5.0 AppleWebKit/537.36 (KHTML, like Gecko; compatible; GPTBot/1.4; +https://openai.com/gptbot)"
74.7.227.149 - - [16/Aug/2026:14:04:43 +0100] "GET /assets/images/49ef30c52eindex.php?path=//proc/12/net HTTP/1.1" 200 38078 "https://www.pash.pem-web.co.uk/assets/images/49ef30c52eindex.php?path=//proc/12" "Mozilla/5.0 AppleWebKit/537.36 (KHTML, like Gecko; compatible; GPTBot/1.4; +https://openai.com/gptbot)"
74.7.241.17 - - [16/Aug/2026:14:04:44 +0100] "GET /e2dbb/?fm=true&path=/proc/31/net/dev_snmp6/.. HTTP/1.1" 200 75068 "https://pash.pem-web.co.uk/e2dbb/?fm=true&path=/proc/31/net/dev_snmp6" "Mozilla/5.0 AppleWebKit/537.36 (KHTML, like Gecko; compatible; GPTBot/1.4; +https://openai.com/gptbot)"
74.7.227.149 - - [16/Aug/2026:14:04:46 +0100] "GET /assets/images/49ef30c52eindex.php?path=//proc/10/net HTTP/1.1" 200 38078 "https://www.pash.pem-web.co.uk/assets/images/49ef30c52eindex.php?path=//proc/10" "Mozilla/5.0 AppleWebKit/537.36 (KHTML, like Gecko; compatible; GPTBot/1.4; +https://openai.com/gptbot)"
74.7.241.17 - - [16/Aug/2026:14:04:46 +0100] "GET /e2dbb/?fm=true&path=/proc/13/net/dev_snmp6/.. HTTP/1.1" 200 75068 "https://pash.pem-web.co.uk/e2dbb/?fm=true&path=/proc/13/net/dev_snmp6" "Mozilla/5.0 AppleWebKit/537.36 (KHTML, like Gecko; compatible; GPTBot/1.4; +https://openai.com/gptbot)"
74.7.227.149 - - [16/Aug/2026:14:04:48 +0100] "GET /assets/images/49ef30c52eindex.php?filesrc=//proc/46/pagemap&path=//proc/46 HTTP/1.1" 200 1479 "https://www.pash.pem-web.co.uk/assets/images/49ef30c52eindex.php?path=//proc/46" "Mozilla/5.0 AppleWebKit/537.36 (KHTML, like Gecko; compatible; GPTBot/1.4; +https://openai.com/gptbot)"
74.7.241.17 - - [16/Aug/2026:14:04:49 +0100] "GET /e2dbb/?fm=true&path=/proc/74/net/dev_snmp6/.. HTTP/1.1" 200 75068 "https://pash.pem-web.co.uk/e2dbb/?fm=true&path=/proc/74/net/dev_snmp6" "Mozilla/5.0 AppleWebKit/537.36 (KHTML, like Gecko; compatible; GPTBot/1.4; +https://openai.com/gptbot)"
74.7.227.149 - - [16/Aug/2026:14:04:50 +0100] "GET /assets/images/49ef30c52eindex.php?filesrc=//proc/46/setgroups&path=//proc/46 HTTP/1.1" 200 1487 "https://www.pash.pem-web.co.uk/assets/images/49ef30c52eindex.php?path=//proc/46" "Mozilla/5.0 AppleWebKit/537.36 (KHTML, like Gecko; compatible; GPTBot/1.4; +https://openai.com/gptbot)"
74.7.241.17 - - [16/Aug/2026:14:04:51 +0100] "GET /e2dbb/?fm=true&path=/proc/38/net/dev_snmp6/.. HTTP/1.1" 200 75068 "https://pash.pem-web.co.uk/e2dbb/?fm=true&path=/proc/38/net/dev_snmp6" "Mozilla/5.0 AppleWebKit/537.36 (KHTML, like Gecko; compatible; GPTBot/1.4; +https://openai.com/gptbot)"
74.7.227.149 - - [16/Aug/2026:14:04:53 +0100] "GET /assets/images/49ef30c52eindex.php?filesrc=//proc/74/net/connector&path=//proc/74/net HTTP/1.1" 200 1603 "https://www.pash.pem-web.co.uk/assets/images/49ef30c52eindex.php?path=//proc/74/net" "Mozilla/5.0 AppleWebKit/537.36 (KHTML, like Gecko; compatible; GPTBot/1.4; +https://openai.com/gptbot)"
74.7.241.17 - - [16/Aug/2026:14:04:54 +0100] "GET /e2dbb/?fm=true&path=/proc/10/net/dev_snmp6/.. HTTP/1.1" 200 75068 "https://pash.pem-web.co.uk/e2dbb/?fm=true&path=/proc/10/net/dev_snmp6" "Mozilla/5.0 AppleWebKit/537.36 (KHTML, like Gecko; compatible; GPTBot/1.4; +https://openai.com/gptbot)"
74.7.227.149 - - [16/Aug/2026:14:04:55 +0100] "GET /assets/images/49ef30c52eindex.php?filesrc=//proc/57/net/connector&path=//proc/57/net HTTP/1.1" 200 1603 "https://www.pash.pem-web.co.uk/assets/images/49ef30c52eindex.php?path=//proc/57/net" "Mozilla/5.0 AppleWebKit/537.36 (KHTML, like Gecko; compatible; GPTBot/1.4; +https://openai.com/gptbot)"
74.7.241.17 - - [16/Aug/2026:14:04:57 +0100] "GET /e2dbb/?fm=true&path=/proc/43/net/dev_snmp6/.. HTTP/1.1" 200 75068 "https://pash.pem-web.co.uk/e2dbb/?fm=true&path=/proc/43/net/dev_snmp6" "Mozilla/5.0 AppleWebKit/537.36 (KHTML, like Gecko; compatible; GPTBot/1.4; +https://openai.com/gptbot)"
74.7.227.149 - - [16/Aug/2026:14:04:58 +0100] "GET /assets/images/49ef30c52eindex.php?filesrc=//proc/31/net/dev&path=//proc/31/net HTTP/1.1" 200 1990 "https://www.pash.pem-web.co.uk/assets/images/49ef30c52eindex.php?path=//proc/31/net" "Mozilla/5.0 AppleWebKit/537.36 (KHTML, like Gecko; compatible; GPTBot/1.4; +https://openai.com/gptbot)"
74.7.241.17 - - [16/Aug/2026:14:04:59 +0100] "GET /e2dbb/?fm=true&path=/proc/39 HTTP/1.1" 200 72075 "https://pash.pem-web.co.uk/e2dbb/?fm=true&path=//proc" "Mozilla/5.0 AppleWebKit/537.36 (KHTML, like Gecko; compatible; GPTBot/1.4; +https://openai.com/gptbot)"
74.7.227.149 - - [16/Aug/2026:14:05:00 +0100] "GET /assets/images/49ef30c52eindex.php?filesrc=//proc/31/net/connector&path=//proc/31/net HTTP/1.1" 200 1603 "https://www.pash.pem-web.co.uk/assets/images/49ef30c52eindex.php?path=//proc/31/net" "Mozilla/5.0 AppleWebKit/537.36 (KHTML, like Gecko; compatible; GPTBot/1.4; +https://openai.com/gptbot)"
74.7.227.149 - - [16/Aug/2026:14:05:02 +0100] "GET /assets/images/49ef30c52eindex.php?filesrc=//proc/47/net/connector&path=//proc/47/net HTTP/1.1" 200 1603 "https://www.pash.pem-web.co.uk/assets/images/49ef30c52eindex.php?path=//proc/47/net" "Mozilla/5.0 AppleWebKit/537.36 (KHTML, like Gecko; compatible; GPTBot/1.4; +https://openai.com/gptbot)"
74.7.241.17 - - [16/Aug/2026:14:05:02 +0100] "GET /e2dbb/?fm=true&path=/proc/45 HTTP/1.1" 200 72078 "https://pash.pem-web.co.uk/e2dbb/?fm=true&path=//proc" "Mozilla/5.0 AppleWebKit/537.36 (KHTML, like Gecko; compatible; GPTBot/1.4; +https://openai.com/gptbot)"
74.7.227.149 - - [16/Aug/2026:14:05:04 +0100] "GET /assets/images/49ef30c52eindex.php?filesrc=//proc/74/net/psched&path=//proc/74/net HTTP/1.1" 200 1556 "https://www.pash.pem-web.co.uk/assets/images/49ef30c52eindex.php?path=//proc/74/net" "Mozilla/5.0 AppleWebKit/537.36 (KHTML, like Gecko; compatible; GPTBot/1.4; +https://openai.com/gptbot)"
74.7.241.17 - - [16/Aug/2026:14:05:05 +0100] "GET /e2dbb/?fm=true&path=/proc/53 HTTP/1.1" 200 72078 "https://pash.pem-web.co.uk/e2dbb/?fm=true&path=//proc" "Mozilla/5.0 AppleWebKit/537.36 (KHTML, like Gecko; compatible; GPTBot/1.4; +https://openai.com/gptbot)"
74.7.227.149 - - [16/Aug/2026:14:05:07 +0100] "GET /assets/images/49ef30c52eindex.php?filesrc=//proc/31/net/netstat&path=//proc/31/net HTTP/1.1" 200 4990 "https://www.pash.pem-web.co.uk/assets/images/49ef30c52eindex.php?path=//proc/31/net" "Mozilla/5.0 AppleWebKit/537.36 (KHTML, like Gecko; compatible; GPTBot/1.4; +https://openai.com/gptbot)"
74.7.241.17 - - [16/Aug/2026:14:05:07 +0100] "GET /e2dbb/?fm=true&path=/proc/41 HTTP/1.1" 200 72078 "https://pash.pem-web.co.uk/e2dbb/?fm=true&path=//proc" "Mozilla/5.0 AppleWebKit/537.36 (KHTML, like Gecko; compatible; GPTBot/1.4; +https://openai.com/gptbot)"
74.7.227.149 - - [16/Aug/2026:14:05:09 +0100] "GET /assets/images/49ef30c52eindex.php?filesrc=//proc/12/net/connector&path=//proc/12/net HTTP/1.1" 200 1603 "https://www.pash.pem-web.co.uk/assets/images/49ef30c52eindex.php?path=//proc/12/net" "Mozilla/5.0 AppleWebKit/537.36 (KHTML, like Gecko; compatible; GPTBot/1.4; +https://openai.com/gptbot)"
74.7.241.17 - - [16/Aug/2026:14:05:10 +0100] "GET /e2dbb/?fm=true&path=/proc/54 HTTP/1.1" 200 72078 "https://pash.pem-web.co.uk/e2dbb/?fm=true&path=//proc" "Mozilla/5.0 AppleWebKit/537.36 (KHTML, like Gecko; compatible; GPTBot/1.4; +https://openai.com/gptbot)"
74.7.227.149 - - [16/Aug/2026:14:05:11 +0100] "GET /assets/images/49ef30c52eindex.php?filesrc=//proc/10/net/protocols&path=//proc/10/net HTTP/1.1" 200 3647 "https://www.pash.pem-web.co.uk/assets/images/49ef30c52eindex.php?path=//proc/10/net" "Mozilla/5.0 AppleWebKit/537.36 (KHTML, like Gecko; compatible; GPTBot/1.4; +https://openai.com/gptbot)"
74.7.241.17 - - [16/Aug/2026:14:05:12 +0100] "GET /e2dbb/?fm=true&path=/proc/48 HTTP/1.1" 200 72078 "https://pash.pem-web.co.uk/e2dbb/?fm=true&path=//proc" "Mozilla/5.0 AppleWebKit/537.36 (KHTML, like Gecko; compatible; GPTBot/1.4; +https://openai.com/gptbot)"
74.7.227.149 - - [16/Aug/2026:14:05:14 +0100] "GET /assets/images/49ef30c52eindex.php?filesrc=//proc/10/net/udp&path=//proc/10/net HTTP/1.1" 200 2928 "https://www.pash.pem-web.co.uk/assets/images/49ef30c52eindex.php?path=//proc/10/net" "Mozilla/5.0 AppleWebKit/537.36 (KHTML, like Gecko; compatible; GPTBot/1.4; +https://openai.com/gptbot)"
74.7.241.17 - - [16/Aug/2026:14:05:15 +0100] "GET /e2dbb/?fm=true&path=/proc/57 HTTP/1.1" 200 72078 "https://pash.pem-web.co.uk/e2dbb/?fm=true&path=//proc" "Mozilla/5.0 AppleWebKit/537.36 (KHTML, like Gecko; compatible; GPTBot/1.4; +https://openai.com/gptbot)"
74.7.227.149 - - [16/Aug/2026:14:05:16 +0100] "GET /assets/images/49ef30c52eindex.php?filesrc=//proc/10/net/connector&path=//proc/10/net HTTP/1.1" 200 1603 "https://www.pash.pem-web.co.uk/assets/images/49ef30c52eindex.php?path=//proc/10/net" "Mozilla/5.0 AppleWebKit/537.36 (KHTML, like Gecko; compatible; GPTBot/1.4; +https://openai.com/gptbot)"
74.7.241.17 - - [16/Aug/2026:14:05:17 +0100] "GET /e2dbb/?fm=true&path=/proc/46 HTTP/1.1" 200 72078 "https://pash.pem-web.co.uk/e2dbb/?fm=true&path=//proc" "Mozilla/5.0 AppleWebKit/537.36 (KHTML, like Gecko; compatible; GPTBot/1.4; +https://openai.com/gptbot)"
74.7.227.149 - - [16/Aug/2026:14:05:18 +0100] "GET /assets/images/49ef30c52eindex.php?filesrc=//proc/12/net/netstat&path=//proc/12/net HTTP/1.1" 200 4990 "https://www.pash.pem-web.co.uk/assets/images/49ef30c52eindex.php?path=//proc/12/net" "Mozilla/5.0 AppleWebKit/537.36 (KHTML, like Gecko; compatible; GPTBot/1.4; +https://openai.com/gptbot)"
74.7.241.17 - - [16/Aug/2026:14:05:20 +0100] "GET /e2dbb/?fm=true&path=/proc/47 HTTP/1.1" 200 72075 "https://pash.pem-web.co.uk/e2dbb/?fm=true&path=//proc" "Mozilla/5.0 AppleWebKit/537.36 (KHTML, like Gecko; compatible; GPTBot/1.4; +https://openai.com/gptbot)"
74.7.227.149 - - [16/Aug/2026:14:05:21 +0100] "GET /assets/images/49ef30c52eindex.php?filesrc=//proc/57/net/netstat&path=//proc/57/net HTTP/1.1" 200 4990 "https://www.pash.pem-web.co.uk/assets/images/49ef30c52eindex.php?path=//proc/57/net" "Mozilla/5.0 AppleWebKit/537.36 (KHTML, like Gecko; compatible; GPTBot/1.4; +https://openai.com/gptbot)"
74.7.241.17 - - [16/Aug/2026:14:05:22 +0100] "GET /e2dbb/?fm=true&path=/proc/17 HTTP/1.1" 200 72078 "https://pash.pem-web.co.uk/e2dbb/?fm=true&path=//proc" "Mozilla/5.0 AppleWebKit/537.36 (KHTML, like Gecko; compatible; GPTBot/1.4; +https://openai.com/gptbot)"
74.7.227.149 - - [16/Aug/2026:14:05:23 +0100] "GET /assets/images/49ef30c52eindex.php?filesrc=//proc/47/net/psched&path=//proc/47/net HTTP/1.1" 200 1556 "https://www.pash.pem-web.co.uk/assets/images/49ef30c52eindex.php?path=//proc/47/net" "Mozilla/5.0 AppleWebKit/537.36 (KHTML, like Gecko; compatible; GPTBot/1.4; +https://openai.com/gptbot)"
74.7.241.17 - - [16/Aug/2026:14:05:25 +0100] "GET /e2dbb/?fm=true&path=/proc/49 HTTP/1.1" 200 72078 "https://pash.pem-web.co.uk/e2dbb/?fm=true&path=//proc" "Mozilla/5.0 AppleWebKit/537.36 (KHTML, like Gecko; compatible; GPTBot/1.4; +https://openai.com/gptbot)"
74.7.227.149 - - [16/Aug/2026:14:05:25 +0100] "GET /assets/images/49ef30c52eindex.php?filesrc=//proc/47/net/netstat&path=//proc/47/net HTTP/1.1" 200 4990 "https://www.pash.pem-web.co.uk/assets/images/49ef30c52eindex.php?path=//proc/47/net" "Mozilla/5.0 AppleWebKit/537.36 (KHTML, like Gecko; compatible; GPTBot/1.4; +https://openai.com/gptbot)"
74.7.241.17 - - [16/Aug/2026:14:05:27 +0100] "GET /e2dbb/?download=L3Byb2MvMzkvY2xlYXJfcmVmcw== HTTP/1.1" 200 3 "https://pash.pem-web.co.uk/e2dbb/?fm=true&path=/proc/39" "Mozilla/5.0 AppleWebKit/537.36 (KHTML, like Gecko; compatible; GPTBot/1.4; +https://openai.com/gptbot)"
74.7.227.149 - - [16/Aug/2026:14:05:28 +0100] "GET /assets/images/49ef30c52eindex.php?filesrc=//proc/74/net/netstat&path=//proc/74/net HTTP/1.1" 200 4990 "https://www.pash.pem-web.co.uk/assets/images/49ef30c52eindex.php?path=//proc/74/net" "Mozilla/5.0 AppleWebKit/537.36 (KHTML, like Gecko; compatible; GPTBot/1.4; +https://openai.com/gptbot)"
74.7.241.17 - - [16/Aug/2026:14:05:30 +0100] "GET /e2dbb/?gzfile=L3Byb2MvNDUvcHJvamlkX21hcA== HTTP/1.1" 200 13582 "https://pash.pem-web.co.uk/e2dbb/?fm=true&path=/proc/45" "Mozilla/5.0 AppleWebKit/537.36 (KHTML, like Gecko; compatible; GPTBot/1.4; +https://openai.com/gptbot)"
74.7.227.149 - - [16/Aug/2026:14:05:30 +0100] "GET /assets/images/49ef30c52eindex.php?filesrc=//proc/10/net/psched&path=//proc/10/net HTTP/1.1" 200 1556 "https://www.pash.pem-web.co.uk/assets/images/49ef30c52eindex.php?path=//proc/10/net" "Mozilla/5.0 AppleWebKit/537.36 (KHTML, like Gecko; compatible; GPTBot/1.4; +https://openai.com/gptbot)"
74.7.241.17 - - [16/Aug/2026:14:05:32 +0100] "GET /e2dbb/?gzfile=L3Byb2MvNTMvbWFwcw== HTTP/1.1" 200 13582 "https://pash.pem-web.co.uk/e2dbb/?fm=true&path=/proc/53" "Mozilla/5.0 AppleWebKit/537.36 (KHTML, like Gecko; compatible; GPTBot/1.4; +https://openai.com/gptbot)"
74.7.227.149 - - [16/Aug/2026:14:05:32 +0100] "GET /assets/images/49ef30c52eindex.php?filesrc=//proc/31/net/psched&path=//proc/31/net HTTP/1.1" 200 1556 "https://www.pash.pem-web.co.uk/assets/images/49ef30c52eindex.php?path=//proc/31/net" "Mozilla/5.0 AppleWebKit/537.36 (KHTML, like Gecko; compatible; GPTBot/1.4; +https://openai.com/gptbot)"
74.7.227.149 - - [16/Aug/2026:14:05:35 +0100] "GET /assets/images/49ef30c52eindex.php?filesrc=//proc/12/net/psched&path=//proc/12/net HTTP/1.1" 200 1556 "https://www.pash.pem-web.co.uk/assets/images/49ef30c52eindex.php?path=//proc/12/net" "Mozilla/5.0 AppleWebKit/537.36 (KHTML, like Gecko; compatible; GPTBot/1.4; +https://openai.com/gptbot)"
74.7.241.17 - - [16/Aug/2026:14:05:35 +0100] "GET /e2dbb/?download=L3Byb2MvNDUvbnVtYV9tYXBz HTTP/1.1" 200 3 "https://pash.pem-web.co.uk/e2dbb/?fm=true&path=/proc/45" "Mozilla/5.0 AppleWebKit/537.36 (KHTML, like Gecko; compatible; GPTBot/1.4; +https://openai.com/gptbot)"
74.7.227.149 - - [16/Aug/2026:14:05:37 +0100] "GET /assets/images/49ef30c52eindex.php?filesrc=//proc/57/net/psched&path=//proc/57/net HTTP/1.1" 200 1556 "https://www.pash.pem-web.co.uk/assets/images/49ef30c52eindex.php?path=//proc/57/net" "Mozilla/5.0 AppleWebKit/537.36 (KHTML, like Gecko; compatible; GPTBot/1.4; +https://openai.com/gptbot)"
74.7.241.17 - - [16/Aug/2026:14:05:37 +0100] "GET /e2dbb/?fm=true&path=/proc/54/&rights=patch_state HTTP/1.1" 200 16784 "https://pash.pem-web.co.uk/e2dbb/?fm=true&path=/proc/54" "Mozilla/5.0 AppleWebKit/537.36 (KHTML, like Gecko; compatible; GPTBot/1.4; +https://openai.com/gptbot)"
74.7.227.149 - - [16/Aug/2026:14:05:39 +0100] "GET /assets/images/49ef30c52eindex.php?filesrc=//proc/10/net/netstat&path=//proc/10/net HTTP/1.1" 200 4990 "https://www.pash.pem-web.co.uk/assets/images/49ef30c52eindex.php?path=//proc/10/net" "Mozilla/5.0 AppleWebKit/537.36 (KHTML, like Gecko; compatible; GPTBot/1.4; +https://openai.com/gptbot)"
74.7.241.17 - - [16/Aug/2026:14:05:40 +0100] "GET /e2dbb/?gzfile=L3Byb2MvNDgvc2NoZWRzdGF0 HTTP/1.1" 200 13582 "https://pash.pem-web.co.uk/e2dbb/?fm=true&path=/proc/48" "Mozilla/5.0 AppleWebKit/537.36 (KHTML, like Gecko; compatible; GPTBot/1.4; +https://openai.com/gptbot)"
74.7.227.149 - - [16/Aug/2026:14:05:42 +0100] "GET /assets/images/49ef30c52eindex.php?filesrc=//proc/10/net/arp&path=//proc/10/net HTTP/1.1" 200 1904 "https://www.pash.pem-web.co.uk/assets/images/49ef30c52eindex.php?path=//proc/10/net" "Mozilla/5.0 AppleWebKit/537.36 (KHTML, like Gecko; compatible; GPTBot/1.4; +https://openai.com/gptbot)"
74.7.241.17 - - [16/Aug/2026:14:05:42 +0100] "GET /e2dbb/?download=L3Byb2MvNTcvY3B1c2V0 HTTP/1.1" 200 5 "https://pash.pem-web.co.uk/e2dbb/?fm=true&path=/proc/57" "Mozilla/5.0 AppleWebKit/537.36 (KHTML, like Gecko; compatible; GPTBot/1.4; +https://openai.com/gptbot)"
74.7.227.149 - - [16/Aug/2026:14:05:44 +0100] "GET /assets/images/49ef30c52eindex.php?filesrc=//proc/74/net/arp&path=//proc/74/net HTTP/1.1" 200 1904 "https://www.pash.pem-web.co.uk/assets/images/49ef30c52eindex.php?path=//proc/74/net" "Mozilla/5.0 AppleWebKit/537.36 (KHTML, like Gecko; compatible; GPTBot/1.4; +https://openai.com/gptbot)"
74.7.241.17 - - [16/Aug/2026:14:05:45 +0100] "GET /e2dbb/?fm=true&path=/proc/41/&rights=maps HTTP/1.1" 200 16770 "https://pash.pem-web.co.uk/e2dbb/?fm=true&path=/proc/41" "Mozilla/5.0 AppleWebKit/537.36 (KHTML, like Gecko; compatible; GPTBot/1.4; +https://openai.com/gptbot)"
74.7.227.149 - - [16/Aug/2026:14:05:46 +0100] "GET /assets/images/49ef30c52eindex.php?filesrc=//proc/74/net/tcp&path=//proc/74/net HTTP/1.1" 200 45920 "https://www.pash.pem-web.co.uk/assets/images/49ef30c52eindex.php?path=//proc/74/net" "Mozilla/5.0 AppleWebKit/537.36 (KHTML, like Gecko; compatible; GPTBot/1.4; +https://openai.com/gptbot)"
74.7.241.17 - - [16/Aug/2026:14:05:47 +0100] "GET /e2dbb/?fm=true&path=/proc/57/&rename=limits HTTP/1.1" 200 16781 "https://pash.pem-web.co.uk/e2dbb/?fm=true&path=/proc/57" "Mozilla/5.0 AppleWebKit/537.36 (KHTML, like Gecko; compatible; GPTBot/1.4; +https://openai.com/gptbot)"
74.7.227.149 - - [16/Aug/2026:14:05:49 +0100] "GET /assets/images/49ef30c52eindex.php?filesrc=//proc/47/net/tcp&path=//proc/47/net HTTP/1.1" 200 45620 "https://www.pash.pem-web.co.uk/assets/images/49ef30c52eindex.php?path=//proc/47/net" "Mozilla/5.0 AppleWebKit/537.36 (KHTML, like Gecko; compatible; GPTBot/1.4; +https://openai.com/gptbot)"
74.7.241.17 - - [16/Aug/2026:14:05:49 +0100] "GET /e2dbb/?fm=true&path=/proc/17/&rights=sched HTTP/1.1" 200 16772 "https://pash.pem-web.co.uk/e2dbb/?fm=true&path=/proc/17" "Mozilla/5.0 AppleWebKit/537.36 (KHTML, like Gecko; compatible; GPTBot/1.4; +https://openai.com/gptbot)"
74.7.227.149 - - [16/Aug/2026:14:05:51 +0100] "GET /assets/images/49ef30c52eindex.php?filesrc=//proc/31/net/tcp&path=//proc/31/net HTTP/1.1" 200 46220 "https://www.pash.pem-web.co.uk/assets/images/49ef30c52eindex.php?path=//proc/31/net" "Mozilla/5.0 AppleWebKit/537.36 (KHTML, like Gecko; compatible; GPTBot/1.4; +https://openai.com/gptbot)"
74.7.241.17 - - [16/Aug/2026:14:05:52 +0100] "GET /e2dbb/?gzfile=L3Byb2MvNDkvbW91bnRpbmZv HTTP/1.1" 200 13582 "https://pash.pem-web.co.uk/e2dbb/?fm=true&path=/proc/49" "Mozilla/5.0 AppleWebKit/537.36 (KHTML, like Gecko; compatible; GPTBot/1.4; +https://openai.com/gptbot)"
74.7.227.149 - - [16/Aug/2026:14:05:54 +0100] "GET /assets/images/49ef30c52eindex.php?filesrc=//proc/47/net/arp&path=//proc/47/net HTTP/1.1" 200 1904 "https://www.pash.pem-web.co.uk/assets/images/49ef30c52eindex.php?path=//proc/47/net" "Mozilla/5.0 AppleWebKit/537.36 (KHTML, like Gecko; compatible; GPTBot/1.4; +https://openai.com/gptbot)"
74.7.241.17 - - [16/Aug/2026:14:05:54 +0100] "GET /e2dbb/?edit=auxv&fm=true&path=/proc/17/ HTTP/1.1" 200 17526 "https://pash.pem-web.co.uk/e2dbb/?fm=true&path=/proc/17" "Mozilla/5.0 AppleWebKit/537.36 (KHTML, like Gecko; compatible; GPTBot/1.4; +https://openai.com/gptbot)"
74.7.227.149 - - [16/Aug/2026:14:05:56 +0100] "GET /assets/images/49ef30c52eindex.php?filesrc=//proc/57/net/tcp&path=//proc/57/net HTTP/1.1" 200 47570 "https://www.pash.pem-web.co.uk/assets/images/49ef30c52eindex.php?path=//proc/57/net" "Mozilla/5.0 AppleWebKit/537.36 (KHTML, like Gecko; compatible; GPTBot/1.4; +https://openai.com/gptbot)"
74.7.241.17 - - [16/Aug/2026:14:05:56 +0100] "GET /e2dbb/?fm=true&path=/proc/41/fdinfo HTTP/1.1" 200 16512 "https://pash.pem-web.co.uk/e2dbb/?fm=true&path=/proc/41" "Mozilla/5.0 AppleWebKit/537.36 (KHTML, like Gecko; compatible; GPTBot/1.4; +https://openai.com/gptbot)"
74.7.227.149 - - [16/Aug/2026:14:05:58 +0100] "GET /assets/images/49ef30c52eindex.php?filesrc=//proc/10/net/tcp&path=//proc/10/net HTTP/1.1" 200 48020 "https://www.pash.pem-web.co.uk/assets/images/49ef30c52eindex.php?path=//proc/10/net" "Mozilla/5.0 AppleWebKit/537.36 (KHTML, like Gecko; compatible; GPTBot/1.4; +https://openai.com/gptbot)"
74.7.241.17 - - [16/Aug/2026:14:05:59 +0100] "GET /e2dbb/?gzfile=L3Byb2MvMzkvY29yZWR1bXBfZmlsdGVy HTTP/1.1" 200 13582 "https://pash.pem-web.co.uk/e2dbb/?fm=true&path=/proc/39" "Mozilla/5.0 AppleWebKit/537.36 (KHTML, like Gecko; compatible; GPTBot/1.4; +https://openai.com/gptbot)"
74.7.227.149 - - [16/Aug/2026:14:06:01 +0100] "GET /assets/images/49ef30c52eindex.php?filesrc=//proc/31/net/arp&path=//proc/31/net HTTP/1.1" 200 1904 "https://www.pash.pem-web.co.uk/assets/images/49ef30c52eindex.php?path=//proc/31/net" "Mozilla/5.0 AppleWebKit/537.36 (KHTML, like Gecko; compatible; GPTBot/1.4; +https://openai.com/gptbot)"
74.7.241.17 - - [16/Aug/2026:14:06:01 +0100] "GET /e2dbb/?fm=true&path=/proc/54/&rename=cmdline HTTP/1.1" 200 16783 "https://pash.pem-web.co.uk/e2dbb/?fm=true&path=/proc/54" "Mozilla/5.0 AppleWebKit/537.36 (KHTML, like Gecko; compatible; GPTBot/1.4; +https://openai.com/gptbot)"
74.7.227.149 - - [16/Aug/2026:14:06:03 +0100] "GET /assets/images/49ef30c52eindex.php?filesrc=//proc/12/net/tcp&path=//proc/12/net HTTP/1.1" 200 48320 "https://www.pash.pem-web.co.uk/assets/images/49ef30c52eindex.php?path=//proc/12/net" "Mozilla/5.0 AppleWebKit/537.36 (KHTML, like Gecko; compatible; GPTBot/1.4; +https://openai.com/gptbot)"
74.7.241.17 - - [16/Aug/2026:14:06:03 +0100] "GET /e2dbb/?fm=true&path=/proc/41/&rename=fdinfo HTTP/1.1" 200 16781 "https://pash.pem-web.co.uk/e2dbb/?fm=true&path=/proc/41" "Mozilla/5.0 AppleWebKit/537.36 (KHTML, like Gecko; compatible; GPTBot/1.4; +https://openai.com/gptbot)"
74.7.227.149 - - [16/Aug/2026:14:06:06 +0100] "GET /assets/images/49ef30c52eindex.php?filesrc=//proc/12/net/arp&path=//proc/12/net HTTP/1.1" 200 1904 "https://www.pash.pem-web.co.uk/assets/images/49ef30c52eindex.php?path=//proc/12/net" "Mozilla/5.0 AppleWebKit/537.36 (KHTML, like Gecko; compatible; GPTBot/1.4; +https://openai.com/gptbot)"
74.7.241.17 - - [16/Aug/2026:14:06:06 +0100] "GET /e2dbb/?fm=true&path=/proc/17/&rights=stat HTTP/1.1" 200 16770 "https://pash.pem-web.co.uk/e2dbb/?fm=true&path=/proc/17" "Mozilla/5.0 AppleWebKit/537.36 (KHTML, like Gecko; compatible; GPTBot/1.4; +https://openai.com/gptbot)"
74.7.227.149 - - [16/Aug/2026:14:06:08 +0100] "GET /assets/images/49ef30c52eindex.php?filesrc=//proc/57/net/arp&path=//proc/57/net HTTP/1.1" 200 1904 "https://www.pash.pem-web.co.uk/assets/images/49ef30c52eindex.php?path=//proc/57/net" "Mozilla/5.0 AppleWebKit/537.36 (KHTML, like Gecko; compatible; GPTBot/1.4; +https://openai.com/gptbot)"
74.7.241.17 - - [16/Aug/2026:14:06:08 +0100] "GET /e2dbb/?edit=mountstats&fm=true&path=/proc/17/ HTTP/1.1" 200 17538 "https://pash.pem-web.co.uk/e2dbb/?fm=true&path=/proc/17" "Mozilla/5.0 AppleWebKit/537.36 (KHTML, like Gecko; compatible; GPTBot/1.4; +https://openai.com/gptbot)"
74.7.227.149 - - [16/Aug/2026:14:06:10 +0100] "GET /assets/images/49ef30c52eindex.php?filesrc=//proc/57/net/ip_mr_cache&path=//proc/57/net HTTP/1.1" 200 1579 "https://www.pash.pem-web.co.uk/assets/images/49ef30c52eindex.php?path=//proc/57/net" "Mozilla/5.0 AppleWebKit/537.36 (KHTML, like Gecko; compatible; GPTBot/1.4; +https://openai.com/gptbot)"
74.7.241.17 - - [16/Aug/2026:14:06:10 +0100] "GET /e2dbb/?fm=true&path=/proc/57/&rights=schedstat HTTP/1.1" 200 16780 "https://pash.pem-web.co.uk/e2dbb/?fm=true&path=/proc/57" "Mozilla/5.0 AppleWebKit/537.36 (KHTML, like Gecko; compatible; GPTBot/1.4; +https://openai.com/gptbot)"
74.7.227.149 - - [16/Aug/2026:14:06:12 +0100] "GET /assets/images/49ef30c52eindex.php?filesrc=//proc/47/net/ip_mr_cache&path=//proc/47/net HTTP/1.1" 200 1579 "https://www.pash.pem-web.co.uk/assets/images/49ef30c52eindex.php?path=//proc/47/net" "Mozilla/5.0 AppleWebKit/537.36 (KHTML, like Gecko; compatible; GPTBot/1.4; +https://openai.com/gptbot)"
74.7.241.17 - - [16/Aug/2026:14:06:13 +0100] "GET /e2dbb/?fm=true&path=/proc/46/&rights=autogroup HTTP/1.1" 200 16780 "https://pash.pem-web.co.uk/e2dbb/?fm=true&path=/proc/46" "Mozilla/5.0 AppleWebKit/537.36 (KHTML, like Gecko; compatible; GPTBot/1.4; +https://openai.com/gptbot)"
74.7.227.149 - - [16/Aug/2026:14:06:15 +0100] "GET /assets/images/49ef30c52eindex.php?filesrc=//proc/57/net/ip_tables_names&path=//proc/57/net HTTP/1.1" 200 1529 "https://www.pash.pem-web.co.uk/assets/images/49ef30c52eindex.php?path=//proc/57/net" "Mozilla/5.0 AppleWebKit/537.36 (KHTML, like Gecko; compatible; GPTBot/1.4; +https://openai.com/gptbot)"
74.7.241.17 - - [16/Aug/2026:14:06:15 +0100] "GET /e2dbb/?download=L3Byb2MvMzkvaW8= HTTP/1.1" 200 3 "https://pash.pem-web.co.uk/e2dbb/?fm=true&path=/proc/39" "Mozilla/5.0 AppleWebKit/537.36 (KHTML, like Gecko; compatible; GPTBot/1.4; +https://openai.com/gptbot)"
74.7.227.149 - - [16/Aug/2026:14:06:17 +0100] "GET /assets/images/49ef30c52eindex.php?filesrc=//proc/12/net/ip_mr_cache&path=//proc/12/net HTTP/1.1" 200 1579 "https://www.pash.pem-web.co.uk/assets/images/49ef30c52eindex.php?path=//proc/12/net" "Mozilla/5.0 AppleWebKit/537.36 (KHTML, like Gecko; compatible; GPTBot/1.4; +https://openai.com/gptbot)"
74.7.241.17 - - [16/Aug/2026:14:06:18 +0100] "GET /e2dbb/?download=L3Byb2MvNDEvc3lzY2FsbA== HTTP/1.1" 200 3 "https://pash.pem-web.co.uk/e2dbb/?fm=true&path=/proc/41" "Mozilla/5.0 AppleWebKit/537.36 (KHTML, like Gecko; compatible; GPTBot/1.4; +https://openai.com/gptbot)"
74.7.227.149 - - [16/Aug/2026:14:06:19 +0100] "GET /assets/images/49ef30c52eindex.php?filesrc=//proc/74/net/ip_tables_names&path=//proc/74/net HTTP/1.1" 200 1529 "https://www.pash.pem-web.co.uk/assets/images/49ef30c52eindex.php?path=//proc/74/net" "Mozilla/5.0 AppleWebKit/537.36 (KHTML, like Gecko; compatible; GPTBot/1.4; +https://openai.com/gptbot)"
74.7.241.17 - - [16/Aug/2026:14:06:20 +0100] "GET /e2dbb/?fm=true&path=/proc/49/&rights=mountinfo HTTP/1.1" 200 16780 "https://pash.pem-web.co.uk/e2dbb/?fm=true&path=/proc/49" "Mozilla/5.0 AppleWebKit/537.36 (KHTML, like Gecko; compatible; GPTBot/1.4; +https://openai.com/gptbot)"
74.7.227.149 - - [16/Aug/2026:14:06:21 +0100] "GET /assets/images/49ef30c52eindex.php?filesrc=//proc/12/net/ip_tables_names&path=//proc/12/net HTTP/1.1" 200 1529 "https://www.pash.pem-web.co.uk/assets/images/49ef30c52eindex.php?path=//proc/12/net" "Mozilla/5.0 AppleWebKit/537.36 (KHTML, like Gecko; compatible; GPTBot/1.4; +https://openai.com/gptbot)"
74.7.241.17 - - [16/Aug/2026:14:06:22 +0100] "GET /e2dbb/?gzfile=L3Byb2MvNDcvZW52aXJvbg== HTTP/1.1" 200 13582 "https://pash.pem-web.co.uk/e2dbb/?fm=true&path=/proc/47" "Mozilla/5.0 AppleWebKit/537.36 (KHTML, like Gecko; compatible; GPTBot/1.4; +https://openai.com/gptbot)"
74.7.227.149 - - [16/Aug/2026:14:06:24 +0100] "GET /assets/images/49ef30c52eindex.php?filesrc=//proc/74/net/ip_mr_cache&path=//proc/74/net HTTP/1.1" 200 1579 "https://www.pash.pem-web.co.uk/assets/images/49ef30c52eindex.php?path=//proc/74/net" "Mozilla/5.0 AppleWebKit/537.36 (KHTML, like Gecko; compatible; GPTBot/1.4; +https://openai.com/gptbot)"
74.7.241.17 - - [16/Aug/2026:14:06:25 +0100] "GET /e2dbb/?fm=true&path=/proc/48/&rename=timens_offsets HTTP/1.1" 200 16797 "https://pash.pem-web.co.uk/e2dbb/?fm=true&path=/proc/48" "Mozilla/5.0 AppleWebKit/537.36 (KHTML, like Gecko; compatible; GPTBot/1.4; +https://openai.com/gptbot)"
74.7.227.149 - - [16/Aug/2026:14:06:26 +0100] "GET /assets/images/49ef30c52eindex.php?filesrc=//proc/31/net/ip_tables_names&path=//proc/31/net HTTP/1.1" 200 1529 "https://www.pash.pem-web.co.uk/assets/images/49ef30c52eindex.php?path=//proc/31/net" "Mozilla/5.0 AppleWebKit/537.36 (KHTML, like Gecko; compatible; GPTBot/1.4; +https://openai.com/gptbot)"
74.7.241.17 - - [16/Aug/2026:14:06:27 +0100] "GET /e2dbb/?gzfile=L3Byb2MvNDEvY29tbQ== HTTP/1.1" 200 13582 "https://pash.pem-web.co.uk/e2dbb/?fm=true&path=/proc/41" "Mozilla/5.0 AppleWebKit/537.36 (KHTML, like Gecko; compatible; GPTBot/1.4; +https://openai.com/gptbot)"
74.7.227.149 - - [16/Aug/2026:14:06:28 +0100] "GET /assets/images/49ef30c52eindex.php?filesrc=//proc/31/net/ip_mr_cache&path=//proc/31/net HTTP/1.1" 200 1579 "https://www.pash.pem-web.co.uk/assets/images/49ef30c52eindex.php?path=//proc/31/net" "Mozilla/5.0 AppleWebKit/537.36 (KHTML, like Gecko; compatible; GPTBot/1.4; +https://openai.com/gptbot)"
74.7.241.17 - - [16/Aug/2026:14:06:29 +0100] "GET /e2dbb/?gz=L3Byb2MvNDgvbmV0 HTTP/1.1" 200 13582 "https://pash.pem-web.co.uk/e2dbb/?fm=true&path=/proc/48" "Mozilla/5.0 AppleWebKit/537.36 (KHTML, like Gecko; compatible; GPTBot/1.4; +https://openai.com/gptbot)"
74.7.227.149 - - [16/Aug/2026:14:06:31 +0100] "GET /assets/images/49ef30c52eindex.php?filesrc=//proc/10/net/ip_mr_cache&path=//proc/10/net HTTP/1.1" 200 1579 "https://www.pash.pem-web.co.uk/assets/images/49ef30c52eindex.php?path=//proc/10/net" "Mozilla/5.0 AppleWebKit/537.36 (KHTML, like Gecko; compatible; GPTBot/1.4; +https://openai.com/gptbot)"
74.7.241.17 - - [16/Aug/2026:14:06:32 +0100] "GET /e2dbb/?fm=true&path=/proc/46/net HTTP/1.1" 200 75068 "https://pash.pem-web.co.uk/e2dbb/?fm=true&path=/proc/46" "Mozilla/5.0 AppleWebKit/537.36 (KHTML, like Gecko; compatible; GPTBot/1.4; +https://openai.com/gptbot)"
74.7.227.149 - - [16/Aug/2026:14:06:33 +0100] "GET /assets/images/49ef30c52eindex.php?filesrc=//proc/10/net/ip_tables_names&path=//proc/10/net HTTP/1.1" 200 1529 "https://www.pash.pem-web.co.uk/assets/images/49ef30c52eindex.php?path=//proc/10/net" "Mozilla/5.0 AppleWebKit/537.36 (KHTML, like Gecko; compatible; GPTBot/1.4; +https://openai.com/gptbot)"
74.7.241.17 - - [16/Aug/2026:14:06:34 +0100] "GET /e2dbb/?fm=true&path=/proc/39/net HTTP/1.1" 200 75068 "https://pash.pem-web.co.uk/e2dbb/?fm=true&path=/proc/39" "Mozilla/5.0 AppleWebKit/537.36 (KHTML, like Gecko; compatible; GPTBot/1.4; +https://openai.com/gptbot)"
74.7.227.149 - - [16/Aug/2026:14:06:36 +0100] "GET /assets/images/49ef30c52eindex.php?filesrc=//proc/47/net/ip_tables_names&path=//proc/47/net HTTP/1.1" 200 1529 "https://www.pash.pem-web.co.uk/assets/images/49ef30c52eindex.php?path=//proc/47/net" "Mozilla/5.0 AppleWebKit/537.36 (KHTML, like Gecko; compatible; GPTBot/1.4; +https://openai.com/gptbot)"
74.7.241.17 - - [16/Aug/2026:14:06:37 +0100] "GET /e2dbb/?fm=true&path=/proc/41/net HTTP/1.1" 200 75068 "https://pash.pem-web.co.uk/e2dbb/?fm=true&path=/proc/41" "Mozilla/5.0 AppleWebKit/537.36 (KHTML, like Gecko; compatible; GPTBot/1.4; +https://openai.com/gptbot)"
74.7.227.149 - - [16/Aug/2026:14:06:38 +0100] "GET /assets/images/49ef30c52eindex.php?filesrc=//proc/74/net/nf_conntrack_expect&path=//proc/74/net HTTP/1.1" 200 1533 "https://www.pash.pem-web.co.uk/assets/images/49ef30c52eindex.php?path=//proc/74/net" "Mozilla/5.0 AppleWebKit/537.36 (KHTML, like Gecko; compatible; GPTBot/1.4; +https://openai.com/gptbot)"
74.7.241.17 - - [16/Aug/2026:14:06:39 +0100] "GET /e2dbb/?fm=true&path=/proc/45/net HTTP/1.1" 200 75068 "https://pash.pem-web.co.uk/e2dbb/?fm=true&path=/proc/45" "Mozilla/5.0 AppleWebKit/537.36 (KHTML, like Gecko; compatible; GPTBot/1.4; +https://openai.com/gptbot)"
74.7.227.149 - - [16/Aug/2026:14:06:40 +0100] "GET /assets/images/49ef30c52eindex.php?filesrc=//proc/31/net/nf_conntrack_expect&path=//proc/31/net HTTP/1.1" 200 1533 "https://www.pash.pem-web.co.uk/assets/images/49ef30c52eindex.php?path=//proc/31/net" "Mozilla/5.0 AppleWebKit/537.36 (KHTML, like Gecko; compatible; GPTBot/1.4; +https://openai.com/gptbot)"
74.7.241.17 - - [16/Aug/2026:14:06:42 +0100] "GET /e2dbb/?fm=true&path=/proc/47/net HTTP/1.1" 200 75068 "https://pash.pem-web.co.uk/e2dbb/?fm=true&path=/proc/47" "Mozilla/5.0 AppleWebKit/537.36 (KHTML, like Gecko; compatible; GPTBot/1.4; +https://openai.com/gptbot)"
74.7.227.149 - - [16/Aug/2026:14:06:43 +0100] "GET /assets/images/49ef30c52eindex.php?filesrc=//proc/57/net/nf_conntrack_expect&path=//proc/57/net HTTP/1.1" 200 1533 "https://www.pash.pem-web.co.uk/assets/images/49ef30c52eindex.php?path=//proc/57/net" "Mozilla/5.0 AppleWebKit/537.36 (KHTML, like Gecko; compatible; GPTBot/1.4; +https://openai.com/gptbot)"
74.7.241.17 - - [16/Aug/2026:14:06:44 +0100] "GET /e2dbb/?fm=true&path=/proc/53/net HTTP/1.1" 200 75068 "https://pash.pem-web.co.uk/e2dbb/?fm=true&path=/proc/53" "Mozilla/5.0 AppleWebKit/537.36 (KHTML, like Gecko; compatible; GPTBot/1.4; +https://openai.com/gptbot)"
74.7.227.149 - - [16/Aug/2026:14:06:45 +0100] "GET /assets/images/49ef30c52eindex.php?filesrc=//proc/47/net/nf_conntrack_expect&path=//proc/47/net HTTP/1.1" 200 1533 "https://www.pash.pem-web.co.uk/assets/images/49ef30c52eindex.php?path=//proc/47/net" "Mozilla/5.0 AppleWebKit/537.36 (KHTML, like Gecko; compatible; GPTBot/1.4; +https://openai.com/gptbot)"
74.7.241.17 - - [16/Aug/2026:14:06:47 +0100] "GET /e2dbb/?fm=true&path=/proc/49/net HTTP/1.1" 200 75068 "https://pash.pem-web.co.uk/e2dbb/?fm=true&path=/proc/49" "Mozilla/5.0 AppleWebKit/537.36 (KHTML, like Gecko; compatible; GPTBot/1.4; +https://openai.com/gptbot)"
74.7.227.149 - - [16/Aug/2026:14:06:47 +0100] "GET /assets/images/49ef30c52eindex.php?filesrc=//proc/12/net/nf_conntrack_expect&path=//proc/12/net HTTP/1.1" 200 1533 "https://www.pash.pem-web.co.uk/assets/images/49ef30c52eindex.php?path=//proc/12/net" "Mozilla/5.0 AppleWebKit/537.36 (KHTML, like Gecko; compatible; GPTBot/1.4; +https://openai.com/gptbot)"
74.7.241.17 - - [16/Aug/2026:14:06:49 +0100] "GET /e2dbb/?fm=true&path=/proc/57/net HTTP/1.1" 200 75068 "https://pash.pem-web.co.uk/e2dbb/?fm=true&path=/proc/57" "Mozilla/5.0 AppleWebKit/537.36 (KHTML, like Gecko; compatible; GPTBot/1.4; +https://openai.com/gptbot)"
74.7.227.149 - - [16/Aug/2026:14:06:49 +0100] "GET /assets/images/49ef30c52eindex.php?filesrc=//proc/10/net/nf_conntrack_expect&path=//proc/10/net HTTP/1.1" 200 1533 "https://www.pash.pem-web.co.uk/assets/images/49ef30c52eindex.php?path=//proc/10/net" "Mozilla/5.0 AppleWebKit/537.36 (KHTML, like Gecko; compatible; GPTBot/1.4; +https://openai.com/gptbot)"
74.7.227.149 - - [16/Aug/2026:14:06:52 +0100] "GET /assets/images/49ef30c52eindex.php?filesrc=//proc/10/net/softnet_stat&path=//proc/10/net HTTP/1.1" 200 1994 "https://www.pash.pem-web.co.uk/assets/images/49ef30c52eindex.php?path=//proc/10/net" "Mozilla/5.0 AppleWebKit/537.36 (KHTML, like Gecko; compatible; GPTBot/1.4; +https://openai.com/gptbot)"
74.7.241.17 - - [16/Aug/2026:14:06:52 +0100] "GET /e2dbb/?fm=true&path=/proc/17/net HTTP/1.1" 200 75068 "https://pash.pem-web.co.uk/e2dbb/?fm=true&path=/proc/17" "Mozilla/5.0 AppleWebKit/537.36 (KHTML, like Gecko; compatible; GPTBot/1.4; +https://openai.com/gptbot)"
74.7.227.149 - - [16/Aug/2026:14:06:54 +0100] "GET /assets/images/49ef30c52eindex.php?filesrc=//proc/74/net/nf_conntrack&path=//proc/74/net HTTP/1.1" 200 1526 "https://www.pash.pem-web.co.uk/assets/images/49ef30c52eindex.php?path=//proc/74/net" "Mozilla/5.0 AppleWebKit/537.36 (KHTML, like Gecko; compatible; GPTBot/1.4; +https://openai.com/gptbot)"
74.7.241.17 - - [16/Aug/2026:14:06:54 +0100] "GET /e2dbb/?fm=true&path=/proc/54/net HTTP/1.1" 200 75068 "https://pash.pem-web.co.uk/e2dbb/?fm=true&path=/proc/54" "Mozilla/5.0 AppleWebKit/537.36 (KHTML, like Gecko; compatible; GPTBot/1.4; +https://openai.com/gptbot)"
74.7.227.149 - - [16/Aug/2026:14:06:56 +0100] "GET /assets/images/49ef30c52eindex.php?filesrc=//proc/10/net/ip_tables_targets&path=//proc/10/net HTTP/1.1" 200 1531 "https://www.pash.pem-web.co.uk/assets/images/49ef30c52eindex.php?path=//proc/10/net" "Mozilla/5.0 AppleWebKit/537.36 (KHTML, like Gecko; compatible; GPTBot/1.4; +https://openai.com/gptbot)"
74.7.241.17 - - [16/Aug/2026:14:06:57 +0100] "GET /e2dbb/?fm=true&path=/proc/48/net HTTP/1.1" 200 75068 "https://pash.pem-web.co.uk/e2dbb/?fm=true&path=/proc/48" "Mozilla/5.0 AppleWebKit/537.36 (KHTML, like Gecko; compatible; GPTBot/1.4; +https://openai.com/gptbot)"
74.7.227.149 - - [16/Aug/2026:14:06:59 +0100] "GET /assets/images/49ef30c52eindex.php?filesrc=//proc/12/net/softnet_stat&path=//proc/12/net HTTP/1.1" 200 1994 "https://www.pash.pem-web.co.uk/assets/images/49ef30c52eindex.php?path=//proc/12/net" "Mozilla/5.0 AppleWebKit/537.36 (KHTML, like Gecko; compatible; GPTBot/1.4; +https://openai.com/gptbot)"
74.7.241.17 - - [16/Aug/2026:14:06:59 +0100] "GET /e2dbb/?edit=route&fm=true&path=/proc/46/net/ HTTP/1.1" 200 17924 "https://pash.pem-web.co.uk/e2dbb/?fm=true&path=/proc/46/net" "Mozilla/5.0 AppleWebKit/537.36 (KHTML, like Gecko; compatible; GPTBot/1.4; +https://openai.com/gptbot)"
74.7.227.149 - - [16/Aug/2026:14:07:01 +0100] "GET /assets/images/49ef30c52eindex.php?filesrc=//proc/31/net/ip_tables_targets&path=//proc/31/net HTTP/1.1" 200 1531 "https://www.pash.pem-web.co.uk/assets/images/49ef30c52eindex.php?path=//proc/31/net" "Mozilla/5.0 AppleWebKit/537.36 (KHTML, like Gecko; compatible; GPTBot/1.4; +https://openai.com/gptbot)"
74.7.241.17 - - [16/Aug/2026:14:07:02 +0100] "GET /e2dbb/?edit=xfrm_stat&fm=true&path=/proc/39/net/ HTTP/1.1" 200 18304 "https://pash.pem-web.co.uk/e2dbb/?fm=true&path=/proc/39/net" "Mozilla/5.0 AppleWebKit/537.36 (KHTML, like Gecko; compatible; GPTBot/1.4; +https://openai.com/gptbot)"
74.7.227.149 - - [16/Aug/2026:14:07:03 +0100] "GET /assets/images/49ef30c52eindex.php?filesrc=//proc/10/net/fib_triestat&path=//proc/10/net HTTP/1.1" 200 2268 "https://www.pash.pem-web.co.uk/assets/images/49ef30c52eindex.php?path=//proc/10/net" "Mozilla/5.0 AppleWebKit/537.36 (KHTML, like Gecko; compatible; GPTBot/1.4; +https://openai.com/gptbot)"
74.7.241.17 - - [16/Aug/2026:14:07:04 +0100] "GET /e2dbb/?gzfile=L3Byb2MvNDYvbmV0L3JhdzY= HTTP/1.1" 200 13582 "https://pash.pem-web.co.uk/e2dbb/?fm=true&path=/proc/46/net" "Mozilla/5.0 AppleWebKit/537.36 (KHTML, like Gecko; compatible; GPTBot/1.4; +https://openai.com/gptbot)"
74.7.227.149 - - [16/Aug/2026:14:07:06 +0100] "GET /assets/images/49ef30c52eindex.php?filesrc=//proc/57/net/ip_tables_matches&path=//proc/57/net HTTP/1.1" 200 1531 "https://www.pash.pem-web.co.uk/assets/images/49ef30c52eindex.php?path=//proc/57/net" "Mozilla/5.0 AppleWebKit/537.36 (KHTML, like Gecko; compatible; GPTBot/1.4; +https://openai.com/gptbot)"
74.7.241.17 - - [16/Aug/2026:14:07:07 +0100] "GET /e2dbb/?fm=true&path=/proc/45/net/&rename=igmp6 HTTP/1.1" 200 16791 "https://pash.pem-web.co.uk/e2dbb/?fm=true&path=/proc/45/net" "Mozilla/5.0 AppleWebKit/537.36 (KHTML, like Gecko; compatible; GPTBot/1.4; +https://openai.com/gptbot)"
74.7.227.149 - - [16/Aug/2026:14:07:08 +0100] "GET /assets/images/49ef30c52eindex.php?filesrc=//proc/31/net/ip_tables_matches&path=//proc/31/net HTTP/1.1" 200 1531 "https://www.pash.pem-web.co.uk/assets/images/49ef30c52eindex.php?path=//proc/31/net" "Mozilla/5.0 AppleWebKit/537.36 (KHTML, like Gecko; compatible; GPTBot/1.4; +https://openai.com/gptbot)"
74.7.241.17 - - [16/Aug/2026:14:07:09 +0100] "GET /e2dbb/?gzfile=L3Byb2MvNDUvbmV0L25mX2Nvbm50cmFja19leHBlY3Q= HTTP/1.1" 200 13582 "https://pash.pem-web.co.uk/e2dbb/?fm=true&path=/proc/45/net" "Mozilla/5.0 AppleWebKit/537.36 (KHTML, like Gecko; compatible; GPTBot/1.4; +https://openai.com/gptbot)"
74.7.227.149 - - [16/Aug/2026:14:07:10 +0100] "GET /assets/images/49ef30c52eindex.php?filesrc=//proc/47/net/ip_tables_targets&path=//proc/47/net HTTP/1.1" 200 1531 "https://www.pash.pem-web.co.uk/assets/images/49ef30c52eindex.php?path=//proc/47/net" "Mozilla/5.0 AppleWebKit/537.36 (KHTML, like Gecko; compatible; GPTBot/1.4; +https://openai.com/gptbot)"
74.7.241.17 - - [16/Aug/2026:14:07:12 +0100] "GET /e2dbb/?fm=true&path=/proc/47/net/&rename=protocols HTTP/1.1" 200 16799 "https://pash.pem-web.co.uk/e2dbb/?fm=true&path=/proc/47/net" "Mozilla/5.0 AppleWebKit/537.36 (KHTML, like Gecko; compatible; GPTBot/1.4; +https://openai.com/gptbot)"
74.7.227.149 - - [16/Aug/2026:14:07:13 +0100] "GET /assets/images/49ef30c52eindex.php?filesrc=//proc/31/net/nf_conntrack&path=//proc/31/net HTTP/1.1" 200 1526 "https://www.pash.pem-web.co.uk/assets/images/49ef30c52eindex.php?path=//proc/31/net" "Mozilla/5.0 AppleWebKit/537.36 (KHTML, like Gecko; compatible; GPTBot/1.4; +https://openai.com/gptbot)"
74.7.241.17 - - [16/Aug/2026:14:07:14 +0100] "GET /e2dbb/?fm=true&path=/proc/45/net/&rename=protocols HTTP/1.1" 200 16799 "https://pash.pem-web.co.uk/e2dbb/?fm=true&path=/proc/45/net" "Mozilla/5.0 AppleWebKit/537.36 (KHTML, like Gecko; compatible; GPTBot/1.4; +https://openai.com/gptbot)"
74.7.227.149 - - [16/Aug/2026:14:07:15 +0100] "GET /assets/images/49ef30c52eindex.php?filesrc=//proc/10/net/nf_conntrack&path=//proc/10/net HTTP/1.1" 200 1526 "https://www.pash.pem-web.co.uk/assets/images/49ef30c52eindex.php?path=//proc/10/net" "Mozilla/5.0 AppleWebKit/537.36 (KHTML, like Gecko; compatible; GPTBot/1.4; +https://openai.com/gptbot)"
74.7.241.17 - - [16/Aug/2026:14:07:16 +0100] "GET /e2dbb/?edit=nf_conntrack&fm=true&path=/proc/47/net/ HTTP/1.1" 200 17554 "https://pash.pem-web.co.uk/e2dbb/?fm=true&path=/proc/47/net" "Mozilla/5.0 AppleWebKit/537.36 (KHTML, like Gecko; compatible; GPTBot/1.4; +https://openai.com/gptbot)"
