74.7.241.17 - - [16/Aug/2026:14:45:06 +0100] "GET /e2dbb/?fm=true&path=/proc/45/net/&rename=ip_tables_matches HTTP/1.1" 200 16815 "https://pash.pem-web.co.uk/e2dbb/?fm=true&path=/proc/45/net" "Mozilla/5.0 AppleWebKit/537.36 (KHTML, like Gecko; compatible; GPTBot/1.4; +https://openai.com/gptbot)"
74.7.227.149 - - [16/Aug/2026:14:45:07 +0100] "GET /assets/images/49ef30c52eindex.php?path=//sys/block/dm-1/slaves/sdb2/holders/dm-0/power HTTP/1.1" 200 6332 "https://www.pash.pem-web.co.uk/assets/images/49ef30c52eindex.php?path=//sys/block/dm-1/slaves/sdb2/holders/dm-0" "Mozilla/5.0 AppleWebKit/537.36 (KHTML, like Gecko; compatible; GPTBot/1.4; +https://openai.com/gptbot)"
74.7.241.17 - - [16/Aug/2026:14:45:08 +0100] "GET /e2dbb/?fm=true&path=/proc/54/net/&rename=ip_tables_matches HTTP/1.1" 200 16815 "https://pash.pem-web.co.uk/e2dbb/?fm=true&path=/proc/54/net" "Mozilla/5.0 AppleWebKit/537.36 (KHTML, like Gecko; compatible; GPTBot/1.4; +https://openai.com/gptbot)"
74.7.227.149 - - [16/Aug/2026:14:45:09 +0100] "GET /assets/images/49ef30c52eindex.php?path=//sys/block/sda/subsystem/sdb/device/driver/3:0:0:0/scsi_disk HTTP/1.1" 200 2967 "https://www.pash.pem-web.co.uk/assets/images/49ef30c52eindex.php?path=//sys/block/sda/subsystem/sdb/device/driver/3:0:0:0" "Mozilla/5.0 AppleWebKit/537.36 (KHTML, like Gecko; compatible; GPTBot/1.4; +https://openai.com/gptbot)"
34.206.212.24 - - [16/Aug/2026:14:45:10 +0100] "GET /e2dbb/?fm=true&path=/home/pemwebco/pash.pem-web.co.uk/e2dbb/&rename=xqvz1gc.tar.gz HTTP/1.1" 200 16890 "-" "Mozilla/5.0 AppleWebKit/537.36 (KHTML, like Gecko; compatible; Amazonbot/0.1; +https://developer.amazon.com/support/amazonbot) Chrome/119.0.6045.214 Safari/537.36"
74.7.241.17 - - [16/Aug/2026:14:45:11 +0100] "GET /e2dbb/?fm=true&path=/proc/39/net/&rename=ip_tables_matches HTTP/1.1" 200 16815 "https://pash.pem-web.co.uk/e2dbb/?fm=true&path=/proc/39/net" "Mozilla/5.0 AppleWebKit/537.36 (KHTML, like Gecko; compatible; GPTBot/1.4; +https://openai.com/gptbot)"
74.7.227.149 - - [16/Aug/2026:14:45:11 +0100] "GET /assets/images/49ef30c52eindex.php?path=//sys/block/sda/subsystem/sdb/device/driver/3:0:0:0/generic HTTP/1.1" 200 6139 "https://www.pash.pem-web.co.uk/assets/images/49ef30c52eindex.php?path=//sys/block/sda/subsystem/sdb/device/driver/3:0:0:0" "Mozilla/5.0 AppleWebKit/537.36 (KHTML, like Gecko; compatible; GPTBot/1.4; +https://openai.com/gptbot)"
74.7.241.17 - - [16/Aug/2026:14:45:13 +0100] "GET /e2dbb/?fm=true&path=/proc/57/net/&rights=rt_cache HTTP/1.1" 200 16790 "https://pash.pem-web.co.uk/e2dbb/?fm=true&path=/proc/57/net" "Mozilla/5.0 AppleWebKit/537.36 (KHTML, like Gecko; compatible; GPTBot/1.4; +https://openai.com/gptbot)"
34.230.124.21 - - [16/Aug/2026:14:45:14 +0100] "GET /e2dbb/?fm=true&path=/home/pemwebco/pash.pem-web.co.uk/sbtpzqx HTTP/1.1" 200 22428 "-" "Mozilla/5.0 AppleWebKit/537.36 (KHTML, like Gecko; compatible; Amazonbot/0.1; +https://developer.amazon.com/support/amazonbot) Chrome/119.0.6045.214 Safari/537.36"
74.7.227.149 - - [16/Aug/2026:14:45:14 +0100] "GET /assets/images/49ef30c52eindex.php?path=//sys/block/sda/subsystem/sdb/device/driver/3:0:0:0/scsi_generic HTTP/1.1" 200 2966 "https://www.pash.pem-web.co.uk/assets/images/49ef30c52eindex.php?path=//sys/block/sda/subsystem/sdb/device/driver/3:0:0:0" "Mozilla/5.0 AppleWebKit/537.36 (KHTML, like Gecko; compatible; GPTBot/1.4; +https://openai.com/gptbot)"
74.7.241.17 - - [16/Aug/2026:14:45:16 +0100] "GET /e2dbb/?fm=true&path=/proc/49/net/&rights=fib_trie HTTP/1.1" 200 16790 "https://pash.pem-web.co.uk/e2dbb/?fm=true&path=/proc/49/net" "Mozilla/5.0 AppleWebKit/537.36 (KHTML, like Gecko; compatible; GPTBot/1.4; +https://openai.com/gptbot)"
74.7.227.149 - - [16/Aug/2026:14:45:16 +0100] "GET /assets/images/49ef30c52eindex.php?filesrc=//sys/block/dm-0/slaves/sdb2/holders/dm-1/queue/io_timeout&path=//sys/block/dm-0/slaves/sdb2/holders/dm-1/queue HTTP/1.1" 200 1878 "https://www.pash.pem-web.co.uk/assets/images/49ef30c52eindex.php?path=//sys/block/dm-0/slaves/sdb2/holders/dm-1/queue" "Mozilla/5.0 AppleWebKit/537.36 (KHTML, like Gecko; compatible; GPTBot/1.4; +https://openai.com/gptbot)"
44.212.131.50 - - [16/Aug/2026:14:45:18 +0100] "GET /e2dbb/?fm=true&path=/home/pemwebco/pash.pem-web.co.uk/fbyegp1 HTTP/1.1" 200 22431 "-" "Mozilla/5.0 AppleWebKit/537.36 (KHTML, like Gecko; compatible; Amazonbot/0.1; +https://developer.amazon.com/support/amazonbot) Chrome/119.0.6045.214 Safari/537.36"
74.7.227.149 - - [16/Aug/2026:14:45:18 +0100] "GET /assets/images/49ef30c52eindex.php?path=//sys/block/sda/subsystem/sdb/device/driver/3:0:0:0/power HTTP/1.1" 200 6628 "https://www.pash.pem-web.co.uk/assets/images/49ef30c52eindex.php?path=//sys/block/sda/subsystem/sdb/device/driver/3:0:0:0" "Mozilla/5.0 AppleWebKit/537.36 (KHTML, like Gecko; compatible; GPTBot/1.4; +https://openai.com/gptbot)"
74.7.241.17 - - [16/Aug/2026:14:45:18 +0100] "GET /e2dbb/?fm=true&path=/proc/17/net/&rights=fib_trie HTTP/1.1" 200 16790 "https://pash.pem-web.co.uk/e2dbb/?fm=true&path=/proc/17/net" "Mozilla/5.0 AppleWebKit/537.36 (KHTML, like Gecko; compatible; GPTBot/1.4; +https://openai.com/gptbot)"
74.7.227.149 - - [16/Aug/2026:14:45:21 +0100] "GET /assets/images/49ef30c52eindex.php?path=//sys/block/sda/subsystem/sdb/device/driver/3:0:0:0/bsg HTTP/1.1" 200 2937 "https://www.pash.pem-web.co.uk/assets/images/49ef30c52eindex.php?path=//sys/block/sda/subsystem/sdb/device/driver/3:0:0:0" "Mozilla/5.0 AppleWebKit/537.36 (KHTML, like Gecko; compatible; GPTBot/1.4; +https://openai.com/gptbot)"
74.7.241.17 - - [16/Aug/2026:14:45:21 +0100] "GET /e2dbb/?fm=true&path=/proc/39/net/&rights=rt_cache HTTP/1.1" 200 16790 "https://pash.pem-web.co.uk/e2dbb/?fm=true&path=/proc/39/net" "Mozilla/5.0 AppleWebKit/537.36 (KHTML, like Gecko; compatible; GPTBot/1.4; +https://openai.com/gptbot)"
52.0.63.151 - - [16/Aug/2026:14:45:21 +0100] "GET /e2dbb/?fm=true&path=/home/pemwebco/pash.pem-web.co.uk/iyqofuj HTTP/1.1" 200 22428 "-" "Mozilla/5.0 AppleWebKit/537.36 (KHTML, like Gecko; compatible; Amazonbot/0.1; +https://developer.amazon.com/support/amazonbot) Chrome/119.0.6045.214 Safari/537.36"
74.7.227.149 - - [16/Aug/2026:14:45:23 +0100] "GET /assets/images/49ef30c52eindex.php?path=//sys/block/dm-1/slaves/sdb2/holders/dm-0/integrity HTTP/1.1" 200 7251 "https://www.pash.pem-web.co.uk/assets/images/49ef30c52eindex.php?path=//sys/block/dm-1/slaves/sdb2/holders/dm-0" "Mozilla/5.0 AppleWebKit/537.36 (KHTML, like Gecko; compatible; GPTBot/1.4; +https://openai.com/gptbot)"
74.7.241.17 - - [16/Aug/2026:14:45:23 +0100] "GET /e2dbb/?fm=true&path=/proc/53/net/&rights=rt_cache HTTP/1.1" 200 16790 "https://pash.pem-web.co.uk/e2dbb/?fm=true&path=/proc/53/net" "Mozilla/5.0 AppleWebKit/537.36 (KHTML, like Gecko; compatible; GPTBot/1.4; +https://openai.com/gptbot)"
74.7.227.149 - - [16/Aug/2026:14:45:25 +0100] "GET /assets/images/49ef30c52eindex.php?path=//sys/block/dm-1/slaves/sdb2/holders/dm-0/queue HTTP/1.1" 200 34594 "https://www.pash.pem-web.co.uk/assets/images/49ef30c52eindex.php?path=//sys/block/dm-1/slaves/sdb2/holders/dm-0" "Mozilla/5.0 AppleWebKit/537.36 (KHTML, like Gecko; compatible; GPTBot/1.4; +https://openai.com/gptbot)"
44.207.252.58 - - [16/Aug/2026:14:45:25 +0100] "GET /e2dbb/?fm=true&path=/home/pemwebco/pash.pem-web.co.uk/&rename=qltoibn HTTP/1.1" 200 16858 "-" "Mozilla/5.0 AppleWebKit/537.36 (KHTML, like Gecko; compatible; Amazonbot/0.1; +https://developer.amazon.com/support/amazonbot) Chrome/119.0.6045.214 Safari/537.36"
74.7.241.17 - - [16/Aug/2026:14:45:26 +0100] "GET /e2dbb/?fm=true&path=/proc/54/net/&rights=rt_cache HTTP/1.1" 200 16790 "https://pash.pem-web.co.uk/e2dbb/?fm=true&path=/proc/54/net" "Mozilla/5.0 AppleWebKit/537.36 (KHTML, like Gecko; compatible; GPTBot/1.4; +https://openai.com/gptbot)"
74.7.227.149 - - [16/Aug/2026:14:45:28 +0100] "GET /assets/images/49ef30c52eindex.php?path=//sys/block/dm-1/slaves/sdb2/holders/dm-0/subsystem HTTP/1.1" 200 9941 "https://www.pash.pem-web.co.uk/assets/images/49ef30c52eindex.php?path=//sys/block/dm-1/slaves/sdb2/holders/dm-0" "Mozilla/5.0 AppleWebKit/537.36 (KHTML, like Gecko; compatible; GPTBot/1.4; +https://openai.com/gptbot)"
74.7.241.17 - - [16/Aug/2026:14:45:28 +0100] "GET /e2dbb/?fm=true&path=/proc/41/net/&rights=rt_cache HTTP/1.1" 200 16790 "https://pash.pem-web.co.uk/e2dbb/?fm=true&path=/proc/41/net" "Mozilla/5.0 AppleWebKit/537.36 (KHTML, like Gecko; compatible; GPTBot/1.4; +https://openai.com/gptbot)"
74.7.227.149 - - [16/Aug/2026:14:45:30 +0100] "GET /assets/images/49ef30c52eindex.php?path=//sys/block/sdb/sdb3/holders/dm-0/bdi/subsystem/7:0 HTTP/1.1" 200 7829 "https://www.pash.pem-web.co.uk/assets/images/49ef30c52eindex.php?path=//sys/block/sdb/sdb3/holders/dm-0/bdi/subsystem" "Mozilla/5.0 AppleWebKit/537.36 (KHTML, like Gecko; compatible; GPTBot/1.4; +https://openai.com/gptbot)"
74.7.241.17 - - [16/Aug/2026:14:45:30 +0100] "GET /e2dbb/?fm=true&path=/proc/17/net/&rights=rt_cache HTTP/1.1" 200 16790 "https://pash.pem-web.co.uk/e2dbb/?fm=true&path=/proc/17/net" "Mozilla/5.0 AppleWebKit/537.36 (KHTML, like Gecko; compatible; GPTBot/1.4; +https://openai.com/gptbot)"
54.83.240.58 - - [16/Aug/2026:14:45:31 +0100] "GET /e2dbb/?gz=L2hvbWUvcGVtd2ViY28vcGFzaC5wZW0td2ViLmNvLnVrL2h5dGFmcmo%3D HTTP/1.1" 200 13582 "-" "Mozilla/5.0 AppleWebKit/537.36 (KHTML, like Gecko; compatible; Amazonbot/0.1; +https://developer.amazon.com/support/amazonbot) Chrome/119.0.6045.214 Safari/537.36"
74.7.227.149 - - [16/Aug/2026:14:45:32 +0100] "GET /assets/images/49ef30c52eindex.php?path=//sys/block/dm-1/subsystem/sda/sda1/holders/dm-0/power HTTP/1.1" 200 6561 "https://www.pash.pem-web.co.uk/assets/images/49ef30c52eindex.php?path=//sys/block/dm-1/subsystem/sda/sda1/holders/dm-0" "Mozilla/5.0 AppleWebKit/537.36 (KHTML, like Gecko; compatible; GPTBot/1.4; +https://openai.com/gptbot)"
74.7.241.17 - - [16/Aug/2026:14:45:33 +0100] "GET /e2dbb/?fm=true&path=/proc/54/net/&rights=fib_trie HTTP/1.1" 200 16790 "https://pash.pem-web.co.uk/e2dbb/?fm=true&path=/proc/54/net" "Mozilla/5.0 AppleWebKit/537.36 (KHTML, like Gecko; compatible; GPTBot/1.4; +https://openai.com/gptbot)"
54.225.81.20 - - [16/Aug/2026:14:45:34 +0100] "GET /e2dbb/?gz=L2hvbWUvcGVtd2ViY28vcGFzaC5wZW0td2ViLmNvLnVrL2hhYmtlZGM%3D HTTP/1.1" 200 13582 "-" "Mozilla/5.0 AppleWebKit/537.36 (KHTML, like Gecko; compatible; Amazonbot/0.1; +https://developer.amazon.com/support/amazonbot) Chrome/119.0.6045.214 Safari/537.36"
74.7.227.149 - - [16/Aug/2026:14:45:35 +0100] "GET /assets/images/49ef30c52eindex.php?path=//sys/block/dm-0/slaves/sdb2/holders/dm-1/dm HTTP/1.1" 200 6166 "https://www.pash.pem-web.co.uk/assets/images/49ef30c52eindex.php?path=//sys/block/dm-0/slaves/sdb2/holders/dm-1" "Mozilla/5.0 AppleWebKit/537.36 (KHTML, like Gecko; compatible; GPTBot/1.4; +https://openai.com/gptbot)"
74.7.241.17 - - [16/Aug/2026:14:45:35 +0100] "GET /e2dbb/?fm=true&path=/proc/47/net/&rights=fib_trie HTTP/1.1" 200 16790 "https://pash.pem-web.co.uk/e2dbb/?fm=true&path=/proc/47/net" "Mozilla/5.0 AppleWebKit/537.36 (KHTML, like Gecko; compatible; GPTBot/1.4; +https://openai.com/gptbot)"
74.7.227.149 - - [16/Aug/2026:14:45:37 +0100] "GET /assets/images/49ef30c52eindex.php?path=//sys/block/sda/subsystem/sdb/device/driver/3:0:0:0/generic/power HTTP/1.1" 200 6884 "https://www.pash.pem-web.co.uk/assets/images/49ef30c52eindex.php?path=//sys/block/sda/subsystem/sdb/device/driver/3:0:0:0/generic" "Mozilla/5.0 AppleWebKit/537.36 (KHTML, like Gecko; compatible; GPTBot/1.4; +https://openai.com/gptbot)"
74.7.241.17 - - [16/Aug/2026:14:45:38 +0100] "GET /e2dbb/?fm=true&path=/proc/45/net/&rights=fib_trie HTTP/1.1" 200 16790 "https://pash.pem-web.co.uk/e2dbb/?fm=true&path=/proc/45/net" "Mozilla/5.0 AppleWebKit/537.36 (KHTML, like Gecko; compatible; GPTBot/1.4; +https://openai.com/gptbot)"
23.23.104.107 - - [16/Aug/2026:14:45:38 +0100] "GET /e2dbb/?gz=L2hvbWUvcGVtd2ViY28vcGFzaC5wZW0td2ViLmNvLnVrL2dscGtqcnE%3D HTTP/1.1" 200 13582 "-" "Mozilla/5.0 AppleWebKit/537.36 (KHTML, like Gecko; compatible; Amazonbot/0.1; +https://developer.amazon.com/support/amazonbot) Chrome/119.0.6045.214 Safari/537.36"
74.7.227.149 - - [16/Aug/2026:14:45:39 +0100] "GET /assets/images/49ef30c52eindex.php?path=//sys/block/dm-1/subsystem/sdb/sdb3/holders/dm-0/queue HTTP/1.1" 200 35775 "https://www.pash.pem-web.co.uk/assets/images/49ef30c52eindex.php?path=//sys/block/dm-1/subsystem/sdb/sdb3/holders/dm-0" "Mozilla/5.0 AppleWebKit/537.36 (KHTML, like Gecko; compatible; GPTBot/1.4; +https://openai.com/gptbot)"
74.7.241.17 - - [16/Aug/2026:14:45:40 +0100] "GET /e2dbb/?fm=true&path=/proc/48/net/&rights=fib_trie HTTP/1.1" 200 16790 "https://pash.pem-web.co.uk/e2dbb/?fm=true&path=/proc/48/net" "Mozilla/5.0 AppleWebKit/537.36 (KHTML, like Gecko; compatible; GPTBot/1.4; +https://openai.com/gptbot)"
44.197.76.210 - - [16/Aug/2026:14:45:42 +0100] "GET /e2dbb/?fm=true&path=/home/pemwebco/pash.pem-web.co.uk/&rename=nipzgsk HTTP/1.1" 200 16858 "-" "Mozilla/5.0 AppleWebKit/537.36 (KHTML, like Gecko; compatible; Amazonbot/0.1; +https://developer.amazon.com/support/amazonbot) Chrome/119.0.6045.214 Safari/537.36"
74.7.227.149 - - [16/Aug/2026:14:45:42 +0100] "GET /assets/images/49ef30c52eindex.php?path=//sys/block/dm-1/slaves/sdb2/subsystem/sdb1/power HTTP/1.1" 200 6380 "https://www.pash.pem-web.co.uk/assets/images/49ef30c52eindex.php?path=//sys/block/dm-1/slaves/sdb2/subsystem/sdb1" "Mozilla/5.0 AppleWebKit/537.36 (KHTML, like Gecko; compatible; GPTBot/1.4; +https://openai.com/gptbot)"
74.7.241.17 - - [16/Aug/2026:14:45:43 +0100] "GET /e2dbb/?fm=true&path=/proc/46/net/&rights=rt_cache HTTP/1.1" 200 16790 "https://pash.pem-web.co.uk/e2dbb/?fm=true&path=/proc/46/net" "Mozilla/5.0 AppleWebKit/537.36 (KHTML, like Gecko; compatible; GPTBot/1.4; +https://openai.com/gptbot)"
74.7.227.149 - - [16/Aug/2026:14:45:44 +0100] "GET /assets/images/49ef30c52eindex.php?path=//sys/class/block/sdb3/holders/dm-0/subsystem/dm-1 HTTP/1.1" 200 21753 "https://www.pash.pem-web.co.uk/assets/images/49ef30c52eindex.php?path=//sys/class/block/sdb3/holders/dm-0/subsystem" "Mozilla/5.0 AppleWebKit/537.36 (KHTML, like Gecko; compatible; GPTBot/1.4; +https://openai.com/gptbot)"
74.7.241.17 - - [16/Aug/2026:14:45:45 +0100] "GET /e2dbb/?fm=true&path=/proc/39/net/&rights=fib_trie HTTP/1.1" 200 16790 "https://pash.pem-web.co.uk/e2dbb/?fm=true&path=/proc/39/net" "Mozilla/5.0 AppleWebKit/537.36 (KHTML, like Gecko; compatible; GPTBot/1.4; +https://openai.com/gptbot)"
52.205.222.214 - - [16/Aug/2026:14:45:46 +0100] "GET /e2dbb/?fm=true&path=/home/pemwebco/pash.pem-web.co.uk/&rename=jpzlrdv HTTP/1.1" 200 16858 "-" "Mozilla/5.0 AppleWebKit/537.36 (KHTML, like Gecko; compatible; Amazonbot/0.1; +https://developer.amazon.com/support/amazonbot) Chrome/119.0.6045.214 Safari/537.36"
74.7.227.149 - - [16/Aug/2026:14:45:46 +0100] "GET /assets/images/49ef30c52eindex.php?path=//sys/block/dm-1/slaves/sdb2/subsystem/dm-0 HTTP/1.1" 200 21037 "https://www.pash.pem-web.co.uk/assets/images/49ef30c52eindex.php?path=//sys/block/dm-1/slaves/sdb2/subsystem" "Mozilla/5.0 AppleWebKit/537.36 (KHTML, like Gecko; compatible; GPTBot/1.4; +https://openai.com/gptbot)"
74.7.241.17 - - [16/Aug/2026:14:45:48 +0100] "GET /e2dbb/?fm=true&path=/proc/47/net/&rights=rt_cache HTTP/1.1" 200 16790 "https://pash.pem-web.co.uk/e2dbb/?fm=true&path=/proc/47/net" "Mozilla/5.0 AppleWebKit/537.36 (KHTML, like Gecko; compatible; GPTBot/1.4; +https://openai.com/gptbot)"
74.7.227.149 - - [16/Aug/2026:14:45:49 +0100] "GET /assets/images/49ef30c52eindex.php?path=//sys/class/block/sdb2/holders/dm-0/subsystem/dm-1 HTTP/1.1" 200 21753 "https://www.pash.pem-web.co.uk/assets/images/49ef30c52eindex.php?path=//sys/class/block/sdb2/holders/dm-0/subsystem" "Mozilla/5.0 AppleWebKit/537.36 (KHTML, like Gecko; compatible; GPTBot/1.4; +https://openai.com/gptbot)"
52.207.47.227 - - [16/Aug/2026:14:45:50 +0100] "GET /e2dbb/?gz=L2hvbWUvcGVtd2ViY28vcGFzaC5wZW0td2ViLmNvLnVrL3pucmlkc3c%3D HTTP/1.1" 200 13582 "-" "Mozilla/5.0 AppleWebKit/537.36 (KHTML, like Gecko; compatible; Amazonbot/0.1; +https://developer.amazon.com/support/amazonbot) Chrome/119.0.6045.214 Safari/537.36"
74.7.241.17 - - [16/Aug/2026:14:45:50 +0100] "GET /e2dbb/?fm=true&path=/proc/57/net/&rights=fib_trie HTTP/1.1" 200 16790 "https://pash.pem-web.co.uk/e2dbb/?fm=true&path=/proc/57/net" "Mozilla/5.0 AppleWebKit/537.36 (KHTML, like Gecko; compatible; GPTBot/1.4; +https://openai.com/gptbot)"
74.7.227.149 - - [16/Aug/2026:14:45:51 +0100] "GET /assets/images/49ef30c52eindex.php?path=//sys/class/ata_device/dev1.1/subsystem/dev2.1/power HTTP/1.1" 200 6413 "https://www.pash.pem-web.co.uk/assets/images/49ef30c52eindex.php?path=//sys/class/ata_device/dev1.1/subsystem/dev2.1" "Mozilla/5.0 AppleWebKit/537.36 (KHTML, like Gecko; compatible; GPTBot/1.4; +https://openai.com/gptbot)"
74.7.241.17 - - [16/Aug/2026:14:45:52 +0100] "GET /e2dbb/?fm=true&path=/proc/45/net/&rights=rt_cache HTTP/1.1" 200 16790 "https://pash.pem-web.co.uk/e2dbb/?fm=true&path=/proc/45/net" "Mozilla/5.0 AppleWebKit/537.36 (KHTML, like Gecko; compatible; GPTBot/1.4; +https://openai.com/gptbot)"
74.7.227.149 - - [16/Aug/2026:14:45:53 +0100] "GET /assets/images/49ef30c52eindex.php?path=//sys/block/dm-1/slaves/sdb2/holders/dm-0/subsystem/sdb3 HTTP/1.1" 200 13593 "https://www.pash.pem-web.co.uk/assets/images/49ef30c52eindex.php?path=//sys/block/dm-1/slaves/sdb2/holders/dm-0/subsystem" "Mozilla/5.0 AppleWebKit/537.36 (KHTML, like Gecko; compatible; GPTBot/1.4; +https://openai.com/gptbot)"
52.205.141.124 - - [16/Aug/2026:14:45:54 +0100] "GET /e2dbb/?fm=true&path=/home/pemwebco/pash.pem-web.co.uk/&rename=kactprb HTTP/1.1" 200 16858 "-" "Mozilla/5.0 AppleWebKit/537.36 (KHTML, like Gecko; compatible; Amazonbot/0.1; +https://developer.amazon.com/support/amazonbot) Chrome/119.0.6045.214 Safari/537.36"
74.7.241.17 - - [16/Aug/2026:14:45:55 +0100] "GET /e2dbb/?fm=true&path=/proc/46/net/&rights=fib_trie HTTP/1.1" 200 16790 "https://pash.pem-web.co.uk/e2dbb/?fm=true&path=/proc/46/net" "Mozilla/5.0 AppleWebKit/537.36 (KHTML, like Gecko; compatible; GPTBot/1.4; +https://openai.com/gptbot)"
74.7.227.149 - - [16/Aug/2026:14:45:56 +0100] "GET /assets/images/49ef30c52eindex.php?path=//sys/block/dm-1/slaves/sdb2/holders/dm-0/subsystem/sdb4 HTTP/1.1" 200 13593 "https://www.pash.pem-web.co.uk/assets/images/49ef30c52eindex.php?path=//sys/block/dm-1/slaves/sdb2/holders/dm-0/subsystem" "Mozilla/5.0 AppleWebKit/537.36 (KHTML, like Gecko; compatible; GPTBot/1.4; +https://openai.com/gptbot)"
74.7.241.17 - - [16/Aug/2026:14:45:57 +0100] "GET /e2dbb/?fm=true&path=/proc/48/net/&rights=rt_cache HTTP/1.1" 200 16790 "https://pash.pem-web.co.uk/e2dbb/?fm=true&path=/proc/48/net" "Mozilla/5.0 AppleWebKit/537.36 (KHTML, like Gecko; compatible; GPTBot/1.4; +https://openai.com/gptbot)"
74.7.227.149 - - [16/Aug/2026:14:45:58 +0100] "GET /assets/images/49ef30c52eindex.php?path=//sys/block/dm-1/slaves/sdb2/holders/dm-0/subsystem/sdb1 HTTP/1.1" 200 13593 "https://www.pash.pem-web.co.uk/assets/images/49ef30c52eindex.php?path=//sys/block/dm-1/slaves/sdb2/holders/dm-0/subsystem" "Mozilla/5.0 AppleWebKit/537.36 (KHTML, like Gecko; compatible; GPTBot/1.4; +https://openai.com/gptbot)"
74.7.241.17 - - [16/Aug/2026:14:46:00 +0100] "GET /e2dbb/?fm=true&path=/proc/49/net/&rights=rt_cache HTTP/1.1" 200 16790 "https://pash.pem-web.co.uk/e2dbb/?fm=true&path=/proc/49/net" "Mozilla/5.0 AppleWebKit/537.36 (KHTML, like Gecko; compatible; GPTBot/1.4; +https://openai.com/gptbot)"
54.225.81.20 - - [16/Aug/2026:14:46:00 +0100] "GET /e2dbb/?gz=L2hvbWUvcGVtd2ViY28vcGFzaC5wZW0td2ViLmNvLnVrL2ZucXphc3c%3D HTTP/1.1" 200 13582 "-" "Mozilla/5.0 AppleWebKit/537.36 (KHTML, like Gecko; compatible; Amazonbot/0.1; +https://developer.amazon.com/support/amazonbot) Chrome/119.0.6045.214 Safari/537.36"
74.7.227.149 - - [16/Aug/2026:14:46:01 +0100] "GET /assets/images/49ef30c52eindex.php?path=//sys/block/dm-1/slaves/sdb2/holders/dm-0/subsystem/sdb HTTP/1.1" 200 25913 "https://www.pash.pem-web.co.uk/assets/images/49ef30c52eindex.php?path=//sys/block/dm-1/slaves/sdb2/holders/dm-0/subsystem" "Mozilla/5.0 AppleWebKit/537.36 (KHTML, like Gecko; compatible; GPTBot/1.4; +https://openai.com/gptbot)"
54.84.161.62 - - [16/Aug/2026:14:46:02 +0100] "GET /e2dbb/?fm=true&path=/home/pemwebco/pash.pem-web.co.uk/&rename=izkjnys HTTP/1.1" 200 16858 "-" "Mozilla/5.0 AppleWebKit/537.36 (KHTML, like Gecko; compatible; Amazonbot/0.1; +https://developer.amazon.com/support/amazonbot) Chrome/119.0.6045.214 Safari/537.36"
74.7.241.17 - - [16/Aug/2026:14:46:02 +0100] "GET /e2dbb/?fm=true&path=/proc/41/net/&rights=fib_trie HTTP/1.1" 200 16790 "https://pash.pem-web.co.uk/e2dbb/?fm=true&path=/proc/41/net" "Mozilla/5.0 AppleWebKit/537.36 (KHTML, like Gecko; compatible; GPTBot/1.4; +https://openai.com/gptbot)"
74.7.227.149 - - [16/Aug/2026:14:46:03 +0100] "GET /assets/images/49ef30c52eindex.php?path=//sys/block/dm-1/slaves/sdb2/holders/dm-0/subsystem/sda1 HTTP/1.1" 200 13593 "https://www.pash.pem-web.co.uk/assets/images/49ef30c52eindex.php?path=//sys/block/dm-1/slaves/sdb2/holders/dm-0/subsystem" "Mozilla/5.0 AppleWebKit/537.36 (KHTML, like Gecko; compatible; GPTBot/1.4; +https://openai.com/gptbot)"
74.7.241.17 - - [16/Aug/2026:14:46:05 +0100] "GET /e2dbb/?fm=true&path=/proc/53/net/.. HTTP/1.1" 200 72078 "https://pash.pem-web.co.uk/e2dbb/?fm=true&path=/proc/53/net" "Mozilla/5.0 AppleWebKit/537.36 (KHTML, like Gecko; compatible; GPTBot/1.4; +https://openai.com/gptbot)"
74.7.227.149 - - [16/Aug/2026:14:46:05 +0100] "GET /assets/images/49ef30c52eindex.php?path=//sys/block/dm-1/slaves/sdb2/holders/dm-0/subsystem/loop0 HTTP/1.1" 200 23201 "https://www.pash.pem-web.co.uk/assets/images/49ef30c52eindex.php?path=//sys/block/dm-1/slaves/sdb2/holders/dm-0/subsystem" "Mozilla/5.0 AppleWebKit/537.36 (KHTML, like Gecko; compatible; GPTBot/1.4; +https://openai.com/gptbot)"
35.169.240.53 - - [16/Aug/2026:14:46:06 +0100] "GET /e2dbb/?fm=true&path=/home/pemwebco/pash.pem-web.co.uk/&rename=qn1paue HTTP/1.1" 200 16858 "-" "Mozilla/5.0 AppleWebKit/537.36 (KHTML, like Gecko; compatible; Amazonbot/0.1; +https://developer.amazon.com/support/amazonbot) Chrome/119.0.6045.214 Safari/537.36"
74.7.241.17 - - [16/Aug/2026:14:46:07 +0100] "GET /e2dbb/?fm=true&path=/proc/47/net/.. HTTP/1.1" 200 72078 "https://pash.pem-web.co.uk/e2dbb/?fm=true&path=/proc/47/net" "Mozilla/5.0 AppleWebKit/537.36 (KHTML, like Gecko; compatible; GPTBot/1.4; +https://openai.com/gptbot)"
74.7.227.149 - - [16/Aug/2026:14:46:08 +0100] "GET /assets/images/49ef30c52eindex.php?path=//sys/block/dm-1/slaves/sdb2/holders/dm-0/subsystem/sda HTTP/1.1" 200 23741 "https://www.pash.pem-web.co.uk/assets/images/49ef30c52eindex.php?path=//sys/block/dm-1/slaves/sdb2/holders/dm-0/subsystem" "Mozilla/5.0 AppleWebKit/537.36 (KHTML, like Gecko; compatible; GPTBot/1.4; +https://openai.com/gptbot)"
74.7.241.17 - - [16/Aug/2026:14:46:10 +0100] "GET /e2dbb/?fm=true&path=/proc/49/net/.. HTTP/1.1" 200 72078 "https://pash.pem-web.co.uk/e2dbb/?fm=true&path=/proc/49/net" "Mozilla/5.0 AppleWebKit/537.36 (KHTML, like Gecko; compatible; GPTBot/1.4; +https://openai.com/gptbot)"
44.209.187.99 - - [16/Aug/2026:14:46:10 +0100] "GET /e2dbb/?gz=L2hvbWUvcGVtd2ViY28vcGFzaC5wZW0td2ViLmNvLnVrL3NsZmFvd20%3D HTTP/1.1" 200 13582 "-" "Mozilla/5.0 AppleWebKit/537.36 (KHTML, like Gecko; compatible; Amazonbot/0.1; +https://developer.amazon.com/support/amazonbot) Chrome/119.0.6045.214 Safari/537.36"
74.7.227.149 - - [16/Aug/2026:14:46:10 +0100] "GET /assets/images/49ef30c52eindex.php?filesrc=//sys/class/block/sdb3/holders/dm-0/subsystem/dm-1/hidden&path=//sys/class/block/sdb3/holders/dm-0/subsystem/dm-1 HTTP/1.1" 200 1888 "https://www.pash.pem-web.co.uk/assets/images/49ef30c52eindex.php?path=//sys/class/block/sdb3/holders/dm-0/subsystem/dm-1" "Mozilla/5.0 AppleWebKit/537.36 (KHTML, like Gecko; compatible; GPTBot/1.4; +https://openai.com/gptbot)"
74.7.241.17 - - [16/Aug/2026:14:46:12 +0100] "GET /e2dbb/?fm=true&path=/proc/46/net/.. HTTP/1.1" 200 72075 "https://pash.pem-web.co.uk/e2dbb/?fm=true&path=/proc/46/net" "Mozilla/5.0 AppleWebKit/537.36 (KHTML, like Gecko; compatible; GPTBot/1.4; +https://openai.com/gptbot)"
74.7.227.149 - - [16/Aug/2026:14:46:12 +0100] "GET /assets/images/49ef30c52eindex.php?path=//sys/block/dm-1/slaves/sdb2/subsystem/dm-0/subsystem HTTP/1.1" 200 10015 "https://www.pash.pem-web.co.uk/assets/images/49ef30c52eindex.php?path=//sys/block/dm-1/slaves/sdb2/subsystem/dm-0" "Mozilla/5.0 AppleWebKit/537.36 (KHTML, like Gecko; compatible; GPTBot/1.4; +https://openai.com/gptbot)"
34.231.181.240 - - [16/Aug/2026:14:46:13 +0100] "GET /e2dbb/?gz=L2hvbWUvcGVtd2ViY28vcGFzaC5wZW0td2ViLmNvLnVrL2F6d2p5bmM%3D HTTP/1.1" 200 13582 "-" "Mozilla/5.0 AppleWebKit/537.36 (KHTML, like Gecko; compatible; Amazonbot/0.1; +https://developer.amazon.com/support/amazonbot) Chrome/119.0.6045.214 Safari/537.36"
74.7.227.149 - - [16/Aug/2026:14:46:14 +0100] "GET /assets/images/49ef30c52eindex.php?path=//sys/class/block/sdb2/holders/dm-0/subsystem/dm-1/slaves HTTP/1.1" 200 2935 "https://www.pash.pem-web.co.uk/assets/images/49ef30c52eindex.php?path=//sys/class/block/sdb2/holders/dm-0/subsystem/dm-1" "Mozilla/5.0 AppleWebKit/537.36 (KHTML, like Gecko; compatible; GPTBot/1.4; +https://openai.com/gptbot)"
74.7.241.17 - - [16/Aug/2026:14:46:15 +0100] "GET /e2dbb/?fm=true&path=/proc/54/net/.. HTTP/1.1" 200 72075 "https://pash.pem-web.co.uk/e2dbb/?fm=true&path=/proc/54/net" "Mozilla/5.0 AppleWebKit/537.36 (KHTML, like Gecko; compatible; GPTBot/1.4; +https://openai.com/gptbot)"
74.7.227.149 - - [16/Aug/2026:14:46:17 +0100] "GET /assets/images/49ef30c52eindex.php?path=//sys/class/block/sdb2/holders/dm-0/subsystem/dm-1/trace HTTP/1.1" 200 6410 "https://www.pash.pem-web.co.uk/assets/images/49ef30c52eindex.php?path=//sys/class/block/sdb2/holders/dm-0/subsystem/dm-1" "Mozilla/5.0 AppleWebKit/537.36 (KHTML, like Gecko; compatible; GPTBot/1.4; +https://openai.com/gptbot)"
74.7.241.17 - - [16/Aug/2026:14:46:17 +0100] "GET /e2dbb/?fm=true&path=/proc/41/net/.. HTTP/1.1" 200 72075 "https://pash.pem-web.co.uk/e2dbb/?fm=true&path=/proc/41/net" "Mozilla/5.0 AppleWebKit/537.36 (KHTML, like Gecko; compatible; GPTBot/1.4; +https://openai.com/gptbot)"
3.219.80.71 - - [16/Aug/2026:14:46:18 +0100] "GET /e2dbb/?gz=L2hvbWUvcGVtd2ViY28vcGFzaC5wZW0td2ViLmNvLnVrL3NidHB6cXg%3D HTTP/1.1" 200 13582 "-" "Mozilla/5.0 AppleWebKit/537.36 (KHTML, like Gecko; compatible; Amazonbot/0.1; +https://developer.amazon.com/support/amazonbot) Chrome/119.0.6045.214 Safari/537.36"
74.7.227.149 - - [16/Aug/2026:14:46:19 +0100] "GET /assets/images/49ef30c52eindex.php?path=//sys/block/dm-1/slaves/sdb2/holders/dm-0/subsystem/sdb3/trace HTTP/1.1" 200 6615 "https://www.pash.pem-web.co.uk/assets/images/49ef30c52eindex.php?path=//sys/block/dm-1/slaves/sdb2/holders/dm-0/subsystem/sdb3" "Mozilla/5.0 AppleWebKit/537.36 (KHTML, like Gecko; compatible; GPTBot/1.4; +https://openai.com/gptbot)"
74.7.241.17 - - [16/Aug/2026:14:46:20 +0100] "GET /e2dbb/?fm=true&path=/proc/57/net/.. HTTP/1.1" 200 72078 "https://pash.pem-web.co.uk/e2dbb/?fm=true&path=/proc/57/net" "Mozilla/5.0 AppleWebKit/537.36 (KHTML, like Gecko; compatible; GPTBot/1.4; +https://openai.com/gptbot)"
74.7.227.149 - - [16/Aug/2026:14:46:21 +0100] "GET /assets/images/49ef30c52eindex.php?path=//sys/block/dm-1/slaves/sdb2/holders/dm-0/subsystem/sdb4/trace HTTP/1.1" 200 6615 "https://www.pash.pem-web.co.uk/assets/images/49ef30c52eindex.php?path=//sys/block/dm-1/slaves/sdb2/holders/dm-0/subsystem/sdb4" "Mozilla/5.0 AppleWebKit/537.36 (KHTML, like Gecko; compatible; GPTBot/1.4; +https://openai.com/gptbot)"
54.163.169.168 - - [16/Aug/2026:14:46:21 +0100] "GET /e2dbb/?edit=xeioh1b.tar&fm=true&path=/home/pemwebco/pash.pem-web.co.uk/e2dbb/ HTTP/1.1" 200 17633 "-" "Mozilla/5.0 AppleWebKit/537.36 (KHTML, like Gecko; compatible; Amazonbot/0.1; +https://developer.amazon.com/support/amazonbot) Chrome/119.0.6045.214 Safari/537.36"
74.7.241.17 - - [16/Aug/2026:14:46:22 +0100] "GET /e2dbb/?fm=true&path=/proc/17/net/.. HTTP/1.1" 200 72078 "https://pash.pem-web.co.uk/e2dbb/?fm=true&path=/proc/17/net" "Mozilla/5.0 AppleWebKit/537.36 (KHTML, like Gecko; compatible; GPTBot/1.4; +https://openai.com/gptbot)"
74.7.227.149 - - [16/Aug/2026:14:46:24 +0100] "GET /assets/images/49ef30c52eindex.php?path=//sys/block/dm-1/slaves/sdb2/holders/dm-0/subsystem/sdb1/trace HTTP/1.1" 200 6615 "https://www.pash.pem-web.co.uk/assets/images/49ef30c52eindex.php?path=//sys/block/dm-1/slaves/sdb2/holders/dm-0/subsystem/sdb1" "Mozilla/5.0 AppleWebKit/537.36 (KHTML, like Gecko; compatible; GPTBot/1.4; +https://openai.com/gptbot)"
74.7.241.17 - - [16/Aug/2026:14:46:25 +0100] "GET /e2dbb/?fm=true&path=/proc/45/net/.. HTTP/1.1" 200 72078 "https://pash.pem-web.co.uk/e2dbb/?fm=true&path=/proc/45/net" "Mozilla/5.0 AppleWebKit/537.36 (KHTML, like Gecko; compatible; GPTBot/1.4; +https://openai.com/gptbot)"
34.233.219.155 - - [16/Aug/2026:14:46:26 +0100] "GET /e2dbb/?gz=L2hvbWUvcGVtd2ViY28vcGFzaC5wZW0td2ViLmNvLnVrL2R3YmpwaXk%3D HTTP/1.1" 200 13582 "-" "Mozilla/5.0 AppleWebKit/537.36 (KHTML, like Gecko; compatible; Amazonbot/0.1; +https://developer.amazon.com/support/amazonbot) Chrome/119.0.6045.214 Safari/537.36"
74.7.227.149 - - [16/Aug/2026:14:46:26 +0100] "GET /assets/images/49ef30c52eindex.php?path=//sys/block/dm-1/slaves/sdb2/holders/dm-0/subsystem/sdb/integrity HTTP/1.1" 200 7763 "https://www.pash.pem-web.co.uk/assets/images/49ef30c52eindex.php?path=//sys/block/dm-1/slaves/sdb2/holders/dm-0/subsystem/sdb" "Mozilla/5.0 AppleWebKit/537.36 (KHTML, like Gecko; compatible; GPTBot/1.4; +https://openai.com/gptbot)"
74.7.241.17 - - [16/Aug/2026:14:46:27 +0100] "GET /e2dbb/?fm=true&path=/proc/48/net/.. HTTP/1.1" 200 72078 "https://pash.pem-web.co.uk/e2dbb/?fm=true&path=/proc/48/net" "Mozilla/5.0 AppleWebKit/537.36 (KHTML, like Gecko; compatible; GPTBot/1.4; +https://openai.com/gptbot)"
74.7.227.149 - - [16/Aug/2026:14:46:28 +0100] "GET /assets/images/49ef30c52eindex.php?path=//sys/block/dm-1/slaves/sdb2/holders/dm-0/subsystem/sda1/trace HTTP/1.1" 200 6615 "https://www.pash.pem-web.co.uk/assets/images/49ef30c52eindex.php?path=//sys/block/dm-1/slaves/sdb2/holders/dm-0/subsystem/sda1" "Mozilla/5.0 AppleWebKit/537.36 (KHTML, like Gecko; compatible; GPTBot/1.4; +https://openai.com/gptbot)"
54.147.80.137 - - [16/Aug/2026:14:46:29 +0100] "GET /e2dbb/?fm=true&path=/home/pemwebco/pash.pem-web.co.uk/&rename=nkqyowf HTTP/1.1" 200 16858 "-" "Mozilla/5.0 AppleWebKit/537.36 (KHTML, like Gecko; compatible; Amazonbot/0.1; +https://developer.amazon.com/support/amazonbot) Chrome/119.0.6045.214 Safari/537.36"
74.7.241.17 - - [16/Aug/2026:14:46:30 +0100] "GET /e2dbb/?fm=true&path=/proc/39/net/.. HTTP/1.1" 200 72075 "https://pash.pem-web.co.uk/e2dbb/?fm=true&path=/proc/39/net" "Mozilla/5.0 AppleWebKit/537.36 (KHTML, like Gecko; compatible; GPTBot/1.4; +https://openai.com/gptbot)"
74.7.227.149 - - [16/Aug/2026:14:46:31 +0100] "GET /assets/images/49ef30c52eindex.php?path=//sys/block/dm-1/slaves/sdb2/holders/dm-0/subsystem/sdb/sdb3 HTTP/1.1" 200 13885 "https://www.pash.pem-web.co.uk/assets/images/49ef30c52eindex.php?path=//sys/block/dm-1/slaves/sdb2/holders/dm-0/subsystem/sdb" "Mozilla/5.0 AppleWebKit/537.36 (KHTML, like Gecko; compatible; GPTBot/1.4; +https://openai.com/gptbot)"
74.7.241.17 - - [16/Aug/2026:14:46:32 +0100] "GET /e2dbb/?edit=rt6_stats&fm=true&path=/proc/41/net/ HTTP/1.1" 200 17583 "https://pash.pem-web.co.uk/e2dbb/?fm=true&path=/proc/41/net" "Mozilla/5.0 AppleWebKit/537.36 (KHTML, like Gecko; compatible; GPTBot/1.4; +https://openai.com/gptbot)"
74.7.227.149 - - [16/Aug/2026:14:46:33 +0100] "GET /assets/images/49ef30c52eindex.php?path=//sys/block/dm-1/slaves/sdb2/holders/dm-0/subsystem/sda/integrity HTTP/1.1" 200 7763 "https://www.pash.pem-web.co.uk/assets/images/49ef30c52eindex.php?path=//sys/block/dm-1/slaves/sdb2/holders/dm-0/subsystem/sda" "Mozilla/5.0 AppleWebKit/537.36 (KHTML, like Gecko; compatible; GPTBot/1.4; +https://openai.com/gptbot)"
3.221.50.71 - - [16/Aug/2026:14:46:33 +0100] "GET /e2dbb/?fm=true&path=/home/pemwebco/pash.pem-web.co.uk/&rename=yj1bqcm HTTP/1.1" 200 16858 "-" "Mozilla/5.0 AppleWebKit/537.36 (KHTML, like Gecko; compatible; Amazonbot/0.1; +https://developer.amazon.com/support/amazonbot) Chrome/119.0.6045.214 Safari/537.36"
74.7.241.17 - - [16/Aug/2026:14:46:35 +0100] "GET /e2dbb/?fm=true&path=/proc/41/net/stat/&rights=nf_conntrack HTTP/1.1" 200 16813 "https://pash.pem-web.co.uk/e2dbb/?fm=true&path=/proc/41/net/stat" "Mozilla/5.0 AppleWebKit/537.36 (KHTML, like Gecko; compatible; GPTBot/1.4; +https://openai.com/gptbot)"
74.7.227.149 - - [16/Aug/2026:14:46:35 +0100] "GET /assets/images/49ef30c52eindex.php?path=//sys/block/dm-1/slaves/sdb2/holders/dm-0/subsystem/sda/trace HTTP/1.1" 200 6592 "https://www.pash.pem-web.co.uk/assets/images/49ef30c52eindex.php?path=//sys/block/dm-1/slaves/sdb2/holders/dm-0/subsystem/sda" "Mozilla/5.0 AppleWebKit/537.36 (KHTML, like Gecko; compatible; GPTBot/1.4; +https://openai.com/gptbot)"
74.7.241.17 - - [16/Aug/2026:14:46:37 +0100] "GET /e2dbb/?fm=true&path=/proc/17/net/&rename=anycast6 HTTP/1.1" 200 16797 "https://pash.pem-web.co.uk/e2dbb/?fm=true&path=/proc/17/net" "Mozilla/5.0 AppleWebKit/537.36 (KHTML, like Gecko; compatible; GPTBot/1.4; +https://openai.com/gptbot)"
98.83.94.113 - - [16/Aug/2026:14:46:37 +0100] "GET /e2dbb/?edit=sgcpmij.tar.gz&fm=true&path=/home/pemwebco/pash.pem-web.co.uk/e2dbb/ HTTP/1.1" 200 17639 "-" "Mozilla/5.0 AppleWebKit/537.36 (KHTML, like Gecko; compatible; Amazonbot/0.1; +https://developer.amazon.com/support/amazonbot) Chrome/119.0.6045.214 Safari/537.36"
74.7.227.149 - - [16/Aug/2026:14:46:38 +0100] "GET /assets/images/49ef30c52eindex.php?path=//sys/block/dm-1/slaves/sdb2/holders/dm-0/subsystem/sdb/device HTTP/1.1" 200 40147 "https://www.pash.pem-web.co.uk/assets/images/49ef30c52eindex.php?path=//sys/block/dm-1/slaves/sdb2/holders/dm-0/subsystem/sdb" "Mozilla/5.0 AppleWebKit/537.36 (KHTML, like Gecko; compatible; GPTBot/1.4; +https://openai.com/gptbot)"
74.7.241.17 - - [16/Aug/2026:14:46:40 +0100] "GET /e2dbb/?fm=true&path=/proc/45/net/&rename=udplite6 HTTP/1.1" 200 16797 "https://pash.pem-web.co.uk/e2dbb/?fm=true&path=/proc/45/net" "Mozilla/5.0 AppleWebKit/537.36 (KHTML, like Gecko; compatible; GPTBot/1.4; +https://openai.com/gptbot)"
74.7.227.149 - - [16/Aug/2026:14:46:40 +0100] "GET /assets/images/49ef30c52eindex.php?path=//sys/class/block/sdb3/holders/dm-0/subsystem/dm-1/trace HTTP/1.1" 200 6410 "https://www.pash.pem-web.co.uk/assets/images/49ef30c52eindex.php?path=//sys/class/block/sdb3/holders/dm-0/subsystem/dm-1" "Mozilla/5.0 AppleWebKit/537.36 (KHTML, like Gecko; compatible; GPTBot/1.4; +https://openai.com/gptbot)"
107.20.181.148 - - [16/Aug/2026:14:46:41 +0100] "GET /e2dbb/?zip=L2hvbWUvcGVtd2ViY28vcGFzaC5wZW0td2ViLmNvLnVrL2x3eG5rYmk%3D HTTP/1.1" 200 13582 "-" "Mozilla/5.0 AppleWebKit/537.36 (KHTML, like Gecko; compatible; Amazonbot/0.1; +https://developer.amazon.com/support/amazonbot) Chrome/119.0.6045.214 Safari/537.36"
74.7.241.17 - - [16/Aug/2026:14:46:43 +0100] "GET /e2dbb/?fm=true&path=/proc/48/net/&rename=udplite6 HTTP/1.1" 200 16797 "https://pash.pem-web.co.uk/e2dbb/?fm=true&path=/proc/48/net" "Mozilla/5.0 AppleWebKit/537.36 (KHTML, like Gecko; compatible; GPTBot/1.4; +https://openai.com/gptbot)"
74.7.227.149 - - [16/Aug/2026:14:46:43 +0100] "GET /assets/images/49ef30c52eindex.php?path=//sys/block/dm-1/slaves/sdb2/holders/dm-0/subsystem/sdb/sdb1 HTTP/1.1" 200 13885 "https://www.pash.pem-web.co.uk/assets/images/49ef30c52eindex.php?path=//sys/block/dm-1/slaves/sdb2/holders/dm-0/subsystem/sdb" "Mozilla/5.0 AppleWebKit/537.36 (KHTML, like Gecko; compatible; GPTBot/1.4; +https://openai.com/gptbot)"
74.7.241.17 - - [16/Aug/2026:14:46:45 +0100] "GET /e2dbb/?fm=true&path=/proc/48/net/&rename=anycast6 HTTP/1.1" 200 16797 "https://pash.pem-web.co.uk/e2dbb/?fm=true&path=/proc/48/net" "Mozilla/5.0 AppleWebKit/537.36 (KHTML, like Gecko; compatible; GPTBot/1.4; +https://openai.com/gptbot)"
74.7.227.149 - - [16/Aug/2026:14:46:45 +0100] "GET /assets/images/49ef30c52eindex.php?path=//sys/block/dm-1/slaves/sdb2/holders/dm-0/subsystem/sdb/bdi HTTP/1.1" 200 8144 "https://www.pash.pem-web.co.uk/assets/images/49ef30c52eindex.php?path=//sys/block/dm-1/slaves/sdb2/holders/dm-0/subsystem/sdb" "Mozilla/5.0 AppleWebKit/537.36 (KHTML, like Gecko; compatible; GPTBot/1.4; +https://openai.com/gptbot)"
35.173.18.61 - - [16/Aug/2026:14:46:45 +0100] "GET /e2dbb/?edit=ulxpesd.tar&fm=true&path=/home/pemwebco/pash.pem-web.co.uk/e2dbb/ HTTP/1.1" 200 17633 "-" "Mozilla/5.0 AppleWebKit/537.36 (KHTML, like Gecko; compatible; Amazonbot/0.1; +https://developer.amazon.com/support/amazonbot) Chrome/119.0.6045.214 Safari/537.36"
74.7.241.17 - - [16/Aug/2026:14:46:47 +0100] "GET /e2dbb/?fm=true&path=/proc/53/net/&rename=anycast6 HTTP/1.1" 200 16797 "https://pash.pem-web.co.uk/e2dbb/?fm=true&path=/proc/53/net" "Mozilla/5.0 AppleWebKit/537.36 (KHTML, like Gecko; compatible; GPTBot/1.4; +https://openai.com/gptbot)"
74.7.227.149 - - [16/Aug/2026:14:46:47 +0100] "GET /assets/images/49ef30c52eindex.php?path=//sys/block/dm-1/slaves/sdb2/holders/dm-0/subsystem/sda/sda1 HTTP/1.1" 200 13885 "https://www.pash.pem-web.co.uk/assets/images/49ef30c52eindex.php?path=//sys/block/dm-1/slaves/sdb2/holders/dm-0/subsystem/sda" "Mozilla/5.0 AppleWebKit/537.36 (KHTML, like Gecko; compatible; GPTBot/1.4; +https://openai.com/gptbot)"
74.7.241.17 - - [16/Aug/2026:14:46:50 +0100] "GET /e2dbb/?fm=true&path=/proc/47/net/&rename=anycast6 HTTP/1.1" 200 16797 "https://pash.pem-web.co.uk/e2dbb/?fm=true&path=/proc/47/net" "Mozilla/5.0 AppleWebKit/537.36 (KHTML, like Gecko; compatible; GPTBot/1.4; +https://openai.com/gptbot)"
54.144.185.255 - - [16/Aug/2026:14:46:50 +0100] "GET /e2dbb/?fm=true&path=/home/pemwebco/pash.pem-web.co.uk/&rename=qcdwjka HTTP/1.1" 200 16858 "-" "Mozilla/5.0 AppleWebKit/537.36 (KHTML, like Gecko; compatible; Amazonbot/0.1; +https://developer.amazon.com/support/amazonbot) Chrome/119.0.6045.214 Safari/537.36"
74.7.227.149 - - [16/Aug/2026:14:46:50 +0100] "GET /assets/images/49ef30c52eindex.php?path=//sys/block/dm-1/slaves/sdb2/holders/dm-0/subsystem/sda/device HTTP/1.1" 200 40147 "https://www.pash.pem-web.co.uk/assets/images/49ef30c52eindex.php?path=//sys/block/dm-1/slaves/sdb2/holders/dm-0/subsystem/sda" "Mozilla/5.0 AppleWebKit/537.36 (KHTML, like Gecko; compatible; GPTBot/1.4; +https://openai.com/gptbot)"
74.7.241.17 - - [16/Aug/2026:14:46:52 +0100] "GET /e2dbb/?fm=true&path=/proc/54/net/&rename=udplite6 HTTP/1.1" 200 16797 "https://pash.pem-web.co.uk/e2dbb/?fm=true&path=/proc/54/net" "Mozilla/5.0 AppleWebKit/537.36 (KHTML, like Gecko; compatible; GPTBot/1.4; +https://openai.com/gptbot)"
74.7.227.149 - - [16/Aug/2026:14:46:52 +0100] "GET /assets/images/49ef30c52eindex.php?path=//sys/block/dm-1/slaves/sdb2/holders/dm-0/subsystem/sda/bdi HTTP/1.1" 200 8144 "https://www.pash.pem-web.co.uk/assets/images/49ef30c52eindex.php?path=//sys/block/dm-1/slaves/sdb2/holders/dm-0/subsystem/sda" "Mozilla/5.0 AppleWebKit/537.36 (KHTML, like Gecko; compatible; GPTBot/1.4; +https://openai.com/gptbot)"
3.94.199.128 - - [16/Aug/2026:14:46:54 +0100] "GET /e2dbb/?zip=L2hvbWUvcGVtd2ViY28vcGFzaC5wZW0td2ViLmNvLnVrL2hvbmJtY3g%3D HTTP/1.1" 200 13582 "-" "Mozilla/5.0 AppleWebKit/537.36 (KHTML, like Gecko; compatible; Amazonbot/0.1; +https://developer.amazon.com/support/amazonbot) Chrome/119.0.6045.214 Safari/537.36"
74.7.241.17 - - [16/Aug/2026:14:46:54 +0100] "GET /e2dbb/?fm=true&path=/proc/54/net/&rename=anycast6 HTTP/1.1" 200 16797 "https://pash.pem-web.co.uk/e2dbb/?fm=true&path=/proc/54/net" "Mozilla/5.0 AppleWebKit/537.36 (KHTML, like Gecko; compatible; GPTBot/1.4; +https://openai.com/gptbot)"
74.7.227.149 - - [16/Aug/2026:14:46:54 +0100] "GET /assets/images/49ef30c52eindex.php?path=//sys/block/dm-1/slaves/sdb2/holders/dm-0/subsystem/sdb/sdb4 HTTP/1.1" 200 13885 "https://www.pash.pem-web.co.uk/assets/images/49ef30c52eindex.php?path=//sys/block/dm-1/slaves/sdb2/holders/dm-0/subsystem/sdb" "Mozilla/5.0 AppleWebKit/537.36 (KHTML, like Gecko; compatible; GPTBot/1.4; +https://openai.com/gptbot)"
74.7.227.149 - - [16/Aug/2026:14:46:57 +0100] "GET /assets/images/49ef30c52eindex.php?path=//sys/class/block/sdb3/holders/dm-0/subsystem/dm-1/slaves HTTP/1.1" 200 2935 "https://www.pash.pem-web.co.uk/assets/images/49ef30c52eindex.php?path=//sys/class/block/sdb3/holders/dm-0/subsystem/dm-1" "Mozilla/5.0 AppleWebKit/537.36 (KHTML, like Gecko; compatible; GPTBot/1.4; +https://openai.com/gptbot)"
74.7.241.17 - - [16/Aug/2026:14:46:57 +0100] "GET /e2dbb/?fm=true&path=/proc/17/net/&rename=udplite6 HTTP/1.1" 200 16797 "https://pash.pem-web.co.uk/e2dbb/?fm=true&path=/proc/17/net" "Mozilla/5.0 AppleWebKit/537.36 (KHTML, like Gecko; compatible; GPTBot/1.4; +https://openai.com/gptbot)"
52.45.77.169 - - [16/Aug/2026:14:46:58 +0100] "GET /e2dbb/?gz=L2hvbWUvcGVtd2ViY28vcGFzaC5wZW0td2ViLmNvLnVrL3Znc3VpbXo%3D HTTP/1.1" 200 13582 "-" "Mozilla/5.0 AppleWebKit/537.36 (KHTML, like Gecko; compatible; Amazonbot/0.1; +https://developer.amazon.com/support/amazonbot) Chrome/119.0.6045.214 Safari/537.36"
74.7.227.149 - - [16/Aug/2026:14:46:59 +0100] "GET /assets/images/49ef30c52eindex.php?filesrc=//sys/block/dm-1/slaves/sdb2/holders/dm-0/subsystem/sda/integrity/write_generate&path=//sys/block/dm-1/slaves/sdb2/holders/dm-0/subsystem/sda/integrity HTTP/1.1" 200 2084 "https://www.pash.pem-web.co.uk/assets/images/49ef30c52eindex.php?path=//sys/block/dm-1/slaves/sdb2/holders/dm-0/subsystem/sda/integrity" "Mozilla/5.0 AppleWebKit/537.36 (KHTML, like Gecko; compatible; GPTBot/1.4; +https://openai.com/gptbot)"
74.7.241.17 - - [16/Aug/2026:14:46:59 +0100] "GET /e2dbb/?fm=true&path=/proc/57/net/&rename=udplite6 HTTP/1.1" 200 16797 "https://pash.pem-web.co.uk/e2dbb/?fm=true&path=/proc/57/net" "Mozilla/5.0 AppleWebKit/537.36 (KHTML, like Gecko; compatible; GPTBot/1.4; +https://openai.com/gptbot)"
74.7.227.149 - - [16/Aug/2026:14:47:01 +0100] "GET /assets/images/49ef30c52eindex.php?path=//sys/block/dm-1/slaves/sdb2/holders/dm-0/subsystem/sda/mq HTTP/1.1" 200 3000 "https://www.pash.pem-web.co.uk/assets/images/49ef30c52eindex.php?path=//sys/block/dm-1/slaves/sdb2/holders/dm-0/subsystem/sda" "Mozilla/5.0 AppleWebKit/537.36 (KHTML, like Gecko; compatible; GPTBot/1.4; +https://openai.com/gptbot)"
74.7.241.17 - - [16/Aug/2026:14:47:01 +0100] "GET /e2dbb/?fm=true&path=/proc/49/net/&rename=udplite6 HTTP/1.1" 200 16797 "https://pash.pem-web.co.uk/e2dbb/?fm=true&path=/proc/49/net" "Mozilla/5.0 AppleWebKit/537.36 (KHTML, like Gecko; compatible; GPTBot/1.4; +https://openai.com/gptbot)"
18.204.89.56 - - [16/Aug/2026:14:47:02 +0100] "GET /e2dbb/?zip=L2hvbWUvcGVtd2ViY28vcGFzaC5wZW0td2ViLmNvLnVrL2lvbWR0eGw%3D HTTP/1.1" 200 13582 "-" "Mozilla/5.0 AppleWebKit/537.36 (KHTML, like Gecko; compatible; Amazonbot/0.1; +https://developer.amazon.com/support/amazonbot) Chrome/119.0.6045.214 Safari/537.36"
74.7.227.149 - - [16/Aug/2026:14:47:04 +0100] "GET /assets/images/49ef30c52eindex.php?filesrc=//sys/block/dm-1/slaves/sdb2/holders/dm-0/subsystem/sdb/device/iorequest_cnt&path=//sys/block/dm-1/slaves/sdb2/holders/dm-0/subsystem/sdb/device HTTP/1.1" 200 2083 "https://www.pash.pem-web.co.uk/assets/images/49ef30c52eindex.php?path=//sys/block/dm-1/slaves/sdb2/holders/dm-0/subsystem/sdb/device" "Mozilla/5.0 AppleWebKit/537.36 (KHTML, like Gecko; compatible; GPTBot/1.4; +https://openai.com/gptbot)"
74.7.241.17 - - [16/Aug/2026:14:47:04 +0100] "GET /e2dbb/?fm=true&path=/proc/57/net/&rename=anycast6 HTTP/1.1" 200 16797 "https://pash.pem-web.co.uk/e2dbb/?fm=true&path=/proc/57/net" "Mozilla/5.0 AppleWebKit/537.36 (KHTML, like Gecko; compatible; GPTBot/1.4; +https://openai.com/gptbot)"
74.7.227.149 - - [16/Aug/2026:14:47:06 +0100] "GET /assets/images/49ef30c52eindex.php?filesrc=//sys/block/dm-1/slaves/sdb2/holders/dm-0/subsystem/sdb/device/evt_lun_change_reported&path=//sys/block/dm-1/slaves/sdb2/holders/dm-0/subsystem/sdb/device HTTP/1.1" 200 2084 "https://www.pash.pem-web.co.uk/assets/images/49ef30c52eindex.php?path=//sys/block/dm-1/slaves/sdb2/holders/dm-0/subsystem/sdb/device" "Mozilla/5.0 AppleWebKit/537.36 (KHTML, like Gecko; compatible; GPTBot/1.4; +https://openai.com/gptbot)"
74.7.241.17 - - [16/Aug/2026:14:47:06 +0100] "GET /e2dbb/?fm=true&path=/proc/39/net/&rename=anycast6 HTTP/1.1" 200 16797 "https://pash.pem-web.co.uk/e2dbb/?fm=true&path=/proc/39/net" "Mozilla/5.0 AppleWebKit/537.36 (KHTML, like Gecko; compatible; GPTBot/1.4; +https://openai.com/gptbot)"
74.7.227.149 - - [16/Aug/2026:14:47:08 +0100] "GET /assets/images/49ef30c52eindex.php?path=//sys/block/dm-1/slaves/sdb2/holders/dm-0/subsystem/sdb/trace HTTP/1.1" 200 6592 "https://www.pash.pem-web.co.uk/assets/images/49ef30c52eindex.php?path=//sys/block/dm-1/slaves/sdb2/holders/dm-0/subsystem/sdb" "Mozilla/5.0 AppleWebKit/537.36 (KHTML, like Gecko; compatible; GPTBot/1.4; +https://openai.com/gptbot)"
74.7.241.17 - - [16/Aug/2026:14:47:09 +0100] "GET /e2dbb/?fm=true&path=/proc/53/net/&rename=udplite6 HTTP/1.1" 200 16797 "https://pash.pem-web.co.uk/e2dbb/?fm=true&path=/proc/53/net" "Mozilla/5.0 AppleWebKit/537.36 (KHTML, like Gecko; compatible; GPTBot/1.4; +https://openai.com/gptbot)"
74.7.227.149 - - [16/Aug/2026:14:47:11 +0100] "GET /assets/images/49ef30c52eindex.php?path=//sys/block/dm-1/slaves/sdb2/holders/dm-0/subsystem/sdb/bdi/power HTTP/1.1" 200 6956 "https://www.pash.pem-web.co.uk/assets/images/49ef30c52eindex.php?path=//sys/block/dm-1/slaves/sdb2/holders/dm-0/subsystem/sdb/bdi" "Mozilla/5.0 AppleWebKit/537.36 (KHTML, like Gecko; compatible; GPTBot/1.4; +https://openai.com/gptbot)"
74.7.241.17 - - [16/Aug/2026:14:47:11 +0100] "GET /e2dbb/?fm=true&path=/proc/49/net/&rename=anycast6 HTTP/1.1" 200 16797 "https://pash.pem-web.co.uk/e2dbb/?fm=true&path=/proc/49/net" "Mozilla/5.0 AppleWebKit/537.36 (KHTML, like Gecko; compatible; GPTBot/1.4; +https://openai.com/gptbot)"
74.7.227.149 - - [16/Aug/2026:14:47:13 +0100] "GET /assets/images/49ef30c52eindex.php?path=//sys/block/dm-1/slaves/sdb2/holders/dm-0/subsystem/sdb/device/driver HTTP/1.1" 200 7454 "https://www.pash.pem-web.co.uk/assets/images/49ef30c52eindex.php?path=//sys/block/dm-1/slaves/sdb2/holders/dm-0/subsystem/sdb/device" "Mozilla/5.0 AppleWebKit/537.36 (KHTML, like Gecko; compatible; GPTBot/1.4; +https://openai.com/gptbot)"
74.7.241.17 - - [16/Aug/2026:14:47:14 +0100] "GET /e2dbb/?fm=true&path=/proc/41/net/&rename=udplite6 HTTP/1.1" 200 16797 "https://pash.pem-web.co.uk/e2dbb/?fm=true&path=/proc/41/net" "Mozilla/5.0 AppleWebKit/537.36 (KHTML, like Gecko; compatible; GPTBot/1.4; +https://openai.com/gptbot)"
74.7.227.149 - - [16/Aug/2026:14:47:15 +0100] "GET /assets/images/49ef30c52eindex.php?path=//sys/block/dm-1/slaves/sdb2/holders/dm-0/subsystem/sda/device/scsi_generic HTTP/1.1" 200 3176 "https://www.pash.pem-web.co.uk/assets/images/49ef30c52eindex.php?path=//sys/block/dm-1/slaves/sdb2/holders/dm-0/subsystem/sda/device" "Mozilla/5.0 AppleWebKit/537.36 (KHTML, like Gecko; compatible; GPTBot/1.4; +https://openai.com/gptbot)"
74.7.241.17 - - [16/Aug/2026:14:47:16 +0100] "GET /e2dbb/?fm=true&path=/proc/39/net/&rename=udplite6 HTTP/1.1" 200 16797 "https://pash.pem-web.co.uk/e2dbb/?fm=true&path=/proc/39/net" "Mozilla/5.0 AppleWebKit/537.36 (KHTML, like Gecko; compatible; GPTBot/1.4; +https://openai.com/gptbot)"
74.7.227.149 - - [16/Aug/2026:14:47:18 +0100] "GET /assets/images/49ef30c52eindex.php?path=//sys/block/dm-1/slaves/sdb2/holders/dm-0/subsystem/sda/bdi/power HTTP/1.1" 200 6956 "https://www.pash.pem-web.co.uk/assets/images/49ef30c52eindex.php?path=//sys/block/dm-1/slaves/sdb2/holders/dm-0/subsystem/sda/bdi" "Mozilla/5.0 AppleWebKit/537.36 (KHTML, like Gecko; compatible; GPTBot/1.4; +https://openai.com/gptbot)"
74.7.241.17 - - [16/Aug/2026:14:47:19 +0100] "GET /e2dbb/?fm=true&path=/proc/45/net/&rename=anycast6 HTTP/1.1" 200 16797 "https://pash.pem-web.co.uk/e2dbb/?fm=true&path=/proc/45/net" "Mozilla/5.0 AppleWebKit/537.36 (KHTML, like Gecko; compatible; GPTBot/1.4; +https://openai.com/gptbot)"
74.7.227.149 - - [16/Aug/2026:14:47:20 +0100] "GET /assets/images/49ef30c52eindex.php?path=//sys/block/dm-1/slaves/sdb2/holders/dm-0/subsystem/sda/device/driver HTTP/1.1" 200 7454 "https://www.pash.pem-web.co.uk/assets/images/49ef30c52eindex.php?path=//sys/block/dm-1/slaves/sdb2/holders/dm-0/subsystem/sda/device" "Mozilla/5.0 AppleWebKit/537.36 (KHTML, like Gecko; compatible; GPTBot/1.4; +https://openai.com/gptbot)"
74.7.241.17 - - [16/Aug/2026:14:47:21 +0100] "GET /e2dbb/?fm=true&path=/proc/47/net/&rename=udplite6 HTTP/1.1" 200 16797 "https://pash.pem-web.co.uk/e2dbb/?fm=true&path=/proc/47/net" "Mozilla/5.0 AppleWebKit/537.36 (KHTML, like Gecko; compatible; GPTBot/1.4; +https://openai.com/gptbot)"
74.7.227.149 - - [16/Aug/2026:14:47:22 +0100] "GET /assets/images/49ef30c52eindex.php?path=//sys/class/block/sdb3/holders/dm-0/subsystem/dm-1/slaves/sdb2 HTTP/1.1" 200 13999 "https://www.pash.pem-web.co.uk/assets/images/49ef30c52eindex.php?path=//sys/class/block/sdb3/holders/dm-0/subsystem/dm-1/slaves" "Mozilla/5.0 AppleWebKit/537.36 (KHTML, like Gecko; compatible; GPTBot/1.4; +https://openai.com/gptbot)"
74.7.241.17 - - [16/Aug/2026:14:47:24 +0100] "GET /e2dbb/?fm=true&path=/proc/41/net/&rename=anycast6 HTTP/1.1" 200 16797 "https://pash.pem-web.co.uk/e2dbb/?fm=true&path=/proc/41/net" "Mozilla/5.0 AppleWebKit/537.36 (KHTML, like Gecko; compatible; GPTBot/1.4; +https://openai.com/gptbot)"
74.7.227.149 - - [16/Aug/2026:14:47:25 +0100] "GET /assets/images/49ef30c52eindex.php?path=//sys/block/dm-1/slaves/sdb2/holders/dm-0/subsystem/sdb/device/scsi_generic HTTP/1.1" 200 3176 "https://www.pash.pem-web.co.uk/assets/images/49ef30c52eindex.php?path=//sys/block/dm-1/slaves/sdb2/holders/dm-0/subsystem/sdb/device" "Mozilla/5.0 AppleWebKit/537.36 (KHTML, like Gecko; compatible; GPTBot/1.4; +https://openai.com/gptbot)"
