74.7.227.149 - - [16/Aug/2026:13:50:57 +0100] "GET /assets/images/49ef30c52eindex.php?path=//proc/19/net/dev_snmp6 HTTP/1.1" 200 3235 "https://www.pash.pem-web.co.uk/assets/images/49ef30c52eindex.php?path=//proc/19/net" "Mozilla/5.0 AppleWebKit/537.36 (KHTML, like Gecko; compatible; GPTBot/1.4; +https://openai.com/gptbot)"
3.230.224.6 - - [16/Aug/2026:13:50:57 +0100] "GET /e2dbb/?edit=vrsje1u.tar&fm=true&path=/home/pemwebco/pash.pem-web.co.uk/e2dbb/ HTTP/1.1" 200 17633 "-" "Mozilla/5.0 AppleWebKit/537.36 (KHTML, like Gecko; compatible; Amazonbot/0.1; +https://developer.amazon.com/support/amazonbot) Chrome/119.0.6045.214 Safari/537.36"
74.7.241.17 - - [16/Aug/2026:13:50:59 +0100] "GET /e2dbb/?fm=true&path=/proc/31/net/rpc/auth.unix.gid/.. HTTP/1.1" 200 22029 "https://pash.pem-web.co.uk/e2dbb/?fm=true&path=/proc/31/net/rpc/auth.unix.gid" "Mozilla/5.0 AppleWebKit/537.36 (KHTML, like Gecko; compatible; GPTBot/1.4; +https://openai.com/gptbot)"
74.7.227.149 - - [16/Aug/2026:13:51:00 +0100] "GET /assets/images/49ef30c52eindex.php?path=//proc/38/net/dev_snmp6 HTTP/1.1" 200 3235 "https://www.pash.pem-web.co.uk/assets/images/49ef30c52eindex.php?path=//proc/38/net" "Mozilla/5.0 AppleWebKit/537.36 (KHTML, like Gecko; compatible; GPTBot/1.4; +https://openai.com/gptbot)"
74.7.241.17 - - [16/Aug/2026:13:51:01 +0100] "GET /e2dbb/?fm=true&path=/proc/38/net/rpc/auth.unix.gid/.. HTTP/1.1" 200 22029 "https://pash.pem-web.co.uk/e2dbb/?fm=true&path=/proc/38/net/rpc/auth.unix.gid" "Mozilla/5.0 AppleWebKit/537.36 (KHTML, like Gecko; compatible; GPTBot/1.4; +https://openai.com/gptbot)"
74.7.227.149 - - [16/Aug/2026:13:51:02 +0100] "GET /assets/images/49ef30c52eindex.php?path=//proc/15/net/dev_snmp6 HTTP/1.1" 200 3235 "https://www.pash.pem-web.co.uk/assets/images/49ef30c52eindex.php?path=//proc/15/net" "Mozilla/5.0 AppleWebKit/537.36 (KHTML, like Gecko; compatible; GPTBot/1.4; +https://openai.com/gptbot)"
74.7.241.17 - - [16/Aug/2026:13:51:04 +0100] "GET /e2dbb/?fm=true&path=/proc/51/net/rpc/auth.unix.gid/.. HTTP/1.1" 200 22029 "https://pash.pem-web.co.uk/e2dbb/?fm=true&path=/proc/51/net/rpc/auth.unix.gid" "Mozilla/5.0 AppleWebKit/537.36 (KHTML, like Gecko; compatible; GPTBot/1.4; +https://openai.com/gptbot)"
74.7.227.149 - - [16/Aug/2026:13:51:05 +0100] "GET /assets/images/49ef30c52eindex.php?path=//proc/21/net/dev_snmp6 HTTP/1.1" 200 3235 "https://www.pash.pem-web.co.uk/assets/images/49ef30c52eindex.php?path=//proc/21/net" "Mozilla/5.0 AppleWebKit/537.36 (KHTML, like Gecko; compatible; GPTBot/1.4; +https://openai.com/gptbot)"
74.7.241.17 - - [16/Aug/2026:13:51:07 +0100] "GET /e2dbb/?fm=true&path=/proc/31/net/rpc/auth.unix.gid/&rename=content HTTP/1.1" 200 16849 "https://pash.pem-web.co.uk/e2dbb/?fm=true&path=/proc/31/net/rpc/auth.unix.gid" "Mozilla/5.0 AppleWebKit/537.36 (KHTML, like Gecko; compatible; GPTBot/1.4; +https://openai.com/gptbot)"
74.7.227.149 - - [16/Aug/2026:13:51:07 +0100] "GET /assets/images/49ef30c52eindex.php?path=//proc/26/net/dev_snmp6 HTTP/1.1" 200 3235 "https://www.pash.pem-web.co.uk/assets/images/49ef30c52eindex.php?path=//proc/26/net" "Mozilla/5.0 AppleWebKit/537.36 (KHTML, like Gecko; compatible; GPTBot/1.4; +https://openai.com/gptbot)"
74.7.241.17 - - [16/Aug/2026:13:51:09 +0100] "GET /e2dbb/?fm=true&path=/proc/13/net/rpc/auth.unix.gid/&rename=content HTTP/1.1" 200 16849 "https://pash.pem-web.co.uk/e2dbb/?fm=true&path=/proc/13/net/rpc/auth.unix.gid" "Mozilla/5.0 AppleWebKit/537.36 (KHTML, like Gecko; compatible; GPTBot/1.4; +https://openai.com/gptbot)"
74.7.227.149 - - [16/Aug/2026:13:51:09 +0100] "GET /assets/images/49ef30c52eindex.php?path=//proc/14/net/dev_snmp6 HTTP/1.1" 200 3235 "https://www.pash.pem-web.co.uk/assets/images/49ef30c52eindex.php?path=//proc/14/net" "Mozilla/5.0 AppleWebKit/537.36 (KHTML, like Gecko; compatible; GPTBot/1.4; +https://openai.com/gptbot)"
74.7.241.17 - - [16/Aug/2026:13:51:11 +0100] "GET /e2dbb/?fm=true&path=/proc/14/net/rpc/auth.unix.gid/&rename=content HTTP/1.1" 200 16849 "https://pash.pem-web.co.uk/e2dbb/?fm=true&path=/proc/14/net/rpc/auth.unix.gid" "Mozilla/5.0 AppleWebKit/537.36 (KHTML, like Gecko; compatible; GPTBot/1.4; +https://openai.com/gptbot)"
74.7.227.149 - - [16/Aug/2026:13:51:12 +0100] "GET /assets/images/49ef30c52eindex.php?filesrc=//proc/17/net/ip_mr_cache&path=//proc/17/net HTTP/1.1" 200 1579 "https://www.pash.pem-web.co.uk/assets/images/49ef30c52eindex.php?path=//proc/17/net" "Mozilla/5.0 AppleWebKit/537.36 (KHTML, like Gecko; compatible; GPTBot/1.4; +https://openai.com/gptbot)"
74.7.227.149 - - [16/Aug/2026:13:51:14 +0100] "GET /assets/images/49ef30c52eindex.php?filesrc=//proc/18/net/ip_mr_cache&path=//proc/18/net HTTP/1.1" 200 1579 "https://www.pash.pem-web.co.uk/assets/images/49ef30c52eindex.php?path=//proc/18/net" "Mozilla/5.0 AppleWebKit/537.36 (KHTML, like Gecko; compatible; GPTBot/1.4; +https://openai.com/gptbot)"
74.7.241.17 - - [16/Aug/2026:13:51:14 +0100] "GET /e2dbb/?fm=true&path=/proc/43/net/rpc/auth.unix.gid/&rename=content HTTP/1.1" 200 16849 "https://pash.pem-web.co.uk/e2dbb/?fm=true&path=/proc/43/net/rpc/auth.unix.gid" "Mozilla/5.0 AppleWebKit/537.36 (KHTML, like Gecko; compatible; GPTBot/1.4; +https://openai.com/gptbot)"
74.7.227.149 - - [16/Aug/2026:13:51:16 +0100] "GET /assets/images/49ef30c52eindex.php?filesrc=//proc/17/net/connector&path=//proc/17/net HTTP/1.1" 200 1603 "https://www.pash.pem-web.co.uk/assets/images/49ef30c52eindex.php?path=//proc/17/net" "Mozilla/5.0 AppleWebKit/537.36 (KHTML, like Gecko; compatible; GPTBot/1.4; +https://openai.com/gptbot)"
74.7.241.17 - - [16/Aug/2026:13:51:16 +0100] "GET /e2dbb/?fm=true&path=/proc/10/net/rpc/auth.unix.gid/&rename=content HTTP/1.1" 200 16849 "https://pash.pem-web.co.uk/e2dbb/?fm=true&path=/proc/10/net/rpc/auth.unix.gid" "Mozilla/5.0 AppleWebKit/537.36 (KHTML, like Gecko; compatible; GPTBot/1.4; +https://openai.com/gptbot)"
74.7.227.149 - - [16/Aug/2026:13:51:18 +0100] "GET /assets/images/49ef30c52eindex.php?filesrc=//proc/18/net/connector&path=//proc/18/net HTTP/1.1" 200 1603 "https://www.pash.pem-web.co.uk/assets/images/49ef30c52eindex.php?path=//proc/18/net" "Mozilla/5.0 AppleWebKit/537.36 (KHTML, like Gecko; compatible; GPTBot/1.4; +https://openai.com/gptbot)"
74.7.241.17 - - [16/Aug/2026:13:51:19 +0100] "GET /e2dbb/?fm=true&path=/proc/19/net/netfilter/ HTTP/1.1" 200 20905 "https://pash.pem-web.co.uk/e2dbb/?edit=nf_log&fm=true&path=/proc/19/net/netfilter/" "Mozilla/5.0 AppleWebKit/537.36 (KHTML, like Gecko; compatible; GPTBot/1.4; +https://openai.com/gptbot)"
74.7.227.149 - - [16/Aug/2026:13:51:21 +0100] "GET /assets/images/49ef30c52eindex.php?filesrc=//proc/18/net/ip_tables_targets&path=//proc/18/net HTTP/1.1" 200 1531 "https://www.pash.pem-web.co.uk/assets/images/49ef30c52eindex.php?path=//proc/18/net" "Mozilla/5.0 AppleWebKit/537.36 (KHTML, like Gecko; compatible; GPTBot/1.4; +https://openai.com/gptbot)"
74.7.241.17 - - [16/Aug/2026:13:51:21 +0100] "GET /e2dbb/?fm=true&path=/proc/74/net/netfilter/ HTTP/1.1" 200 20905 "https://pash.pem-web.co.uk/e2dbb/?edit=nf_log&fm=true&path=/proc/74/net/netfilter/" "Mozilla/5.0 AppleWebKit/537.36 (KHTML, like Gecko; compatible; GPTBot/1.4; +https://openai.com/gptbot)"
74.7.227.149 - - [16/Aug/2026:13:51:23 +0100] "GET /assets/images/49ef30c52eindex.php?filesrc=//proc/17/net/ip_tables_targets&path=//proc/17/net HTTP/1.1" 200 1531 "https://www.pash.pem-web.co.uk/assets/images/49ef30c52eindex.php?path=//proc/17/net" "Mozilla/5.0 AppleWebKit/537.36 (KHTML, like Gecko; compatible; GPTBot/1.4; +https://openai.com/gptbot)"
74.7.241.17 - - [16/Aug/2026:13:51:24 +0100] "GET /e2dbb/?fm=true&path=/proc/14/net/netfilter/ HTTP/1.1" 200 20905 "https://pash.pem-web.co.uk/e2dbb/?edit=nf_log&fm=true&path=/proc/14/net/netfilter/" "Mozilla/5.0 AppleWebKit/537.36 (KHTML, like Gecko; compatible; GPTBot/1.4; +https://openai.com/gptbot)"
74.7.227.149 - - [16/Aug/2026:13:51:26 +0100] "GET /assets/images/49ef30c52eindex.php?filesrc=//proc/17/net/fib_triestat&path=//proc/17/net HTTP/1.1" 200 2268 "https://www.pash.pem-web.co.uk/assets/images/49ef30c52eindex.php?path=//proc/17/net" "Mozilla/5.0 AppleWebKit/537.36 (KHTML, like Gecko; compatible; GPTBot/1.4; +https://openai.com/gptbot)"
74.7.241.17 - - [16/Aug/2026:13:51:26 +0100] "GET /e2dbb/?fm=true&path=/proc/16/net/netfilter/ HTTP/1.1" 200 20905 "https://pash.pem-web.co.uk/e2dbb/?edit=nf_log&fm=true&path=/proc/16/net/netfilter/" "Mozilla/5.0 AppleWebKit/537.36 (KHTML, like Gecko; compatible; GPTBot/1.4; +https://openai.com/gptbot)"
74.7.227.149 - - [16/Aug/2026:13:51:28 +0100] "GET /assets/images/49ef30c52eindex.php?filesrc=//proc/18/net/fib_triestat&path=//proc/18/net HTTP/1.1" 200 2268 "https://www.pash.pem-web.co.uk/assets/images/49ef30c52eindex.php?path=//proc/18/net" "Mozilla/5.0 AppleWebKit/537.36 (KHTML, like Gecko; compatible; GPTBot/1.4; +https://openai.com/gptbot)"
74.7.241.17 - - [16/Aug/2026:13:51:28 +0100] "GET /e2dbb/?fm=true&path=/proc/38/net/netfilter/ HTTP/1.1" 200 20905 "https://pash.pem-web.co.uk/e2dbb/?edit=nf_log&fm=true&path=/proc/38/net/netfilter/" "Mozilla/5.0 AppleWebKit/537.36 (KHTML, like Gecko; compatible; GPTBot/1.4; +https://openai.com/gptbot)"
74.7.227.149 - - [16/Aug/2026:13:51:30 +0100] "GET /assets/images/49ef30c52eindex.php?filesrc=//proc/17/net/ptype&path=//proc/17/net HTTP/1.1" 200 1611 "https://www.pash.pem-web.co.uk/assets/images/49ef30c52eindex.php?path=//proc/17/net" "Mozilla/5.0 AppleWebKit/537.36 (KHTML, like Gecko; compatible; GPTBot/1.4; +https://openai.com/gptbot)"
74.7.241.17 - - [16/Aug/2026:13:51:31 +0100] "GET /e2dbb/?fm=true&path=/proc/13/net/netfilter/ HTTP/1.1" 200 20905 "https://pash.pem-web.co.uk/e2dbb/?edit=nf_log&fm=true&path=/proc/13/net/netfilter/" "Mozilla/5.0 AppleWebKit/537.36 (KHTML, like Gecko; compatible; GPTBot/1.4; +https://openai.com/gptbot)"
74.7.227.149 - - [16/Aug/2026:13:51:33 +0100] "GET /assets/images/49ef30c52eindex.php?filesrc=//proc/17/net/route&path=//proc/17/net HTTP/1.1" 200 1903 "https://www.pash.pem-web.co.uk/assets/images/49ef30c52eindex.php?path=//proc/17/net" "Mozilla/5.0 AppleWebKit/537.36 (KHTML, like Gecko; compatible; GPTBot/1.4; +https://openai.com/gptbot)"
74.7.241.17 - - [16/Aug/2026:13:51:33 +0100] "GET /e2dbb/?fm=true&path=/proc/51/net/netfilter/ HTTP/1.1" 200 20905 "https://pash.pem-web.co.uk/e2dbb/?edit=nf_log&fm=true&path=/proc/51/net/netfilter/" "Mozilla/5.0 AppleWebKit/537.36 (KHTML, like Gecko; compatible; GPTBot/1.4; +https://openai.com/gptbot)"
74.7.227.149 - - [16/Aug/2026:13:51:35 +0100] "GET /assets/images/49ef30c52eindex.php?filesrc=//proc/18/net/udplite&path=//proc/18/net HTTP/1.1" 200 1652 "https://www.pash.pem-web.co.uk/assets/images/49ef30c52eindex.php?path=//proc/18/net" "Mozilla/5.0 AppleWebKit/537.36 (KHTML, like Gecko; compatible; GPTBot/1.4; +https://openai.com/gptbot)"
74.7.241.17 - - [16/Aug/2026:13:51:36 +0100] "GET /e2dbb/?fm=true&path=/proc/10/net/netfilter/ HTTP/1.1" 200 20905 "https://pash.pem-web.co.uk/e2dbb/?edit=nf_log&fm=true&path=/proc/10/net/netfilter/" "Mozilla/5.0 AppleWebKit/537.36 (KHTML, like Gecko; compatible; GPTBot/1.4; +https://openai.com/gptbot)"
74.7.227.149 - - [16/Aug/2026:13:51:38 +0100] "GET /assets/images/49ef30c52eindex.php?filesrc=//proc/17/net/netstat&path=//proc/17/net HTTP/1.1" 200 4990 "https://www.pash.pem-web.co.uk/assets/images/49ef30c52eindex.php?path=//proc/17/net" "Mozilla/5.0 AppleWebKit/537.36 (KHTML, like Gecko; compatible; GPTBot/1.4; +https://openai.com/gptbot)"
74.7.241.17 - - [16/Aug/2026:13:51:38 +0100] "GET /e2dbb/?fm=true&path=/proc/31/net/netfilter/ HTTP/1.1" 200 20905 "https://pash.pem-web.co.uk/e2dbb/?edit=nf_log&fm=true&path=/proc/31/net/netfilter/" "Mozilla/5.0 AppleWebKit/537.36 (KHTML, like Gecko; compatible; GPTBot/1.4; +https://openai.com/gptbot)"
74.7.227.149 - - [16/Aug/2026:13:51:40 +0100] "GET /assets/images/49ef30c52eindex.php?filesrc=//proc/18/net/rt_acct&path=//proc/18/net HTTP/1.1" 200 5617 "https://www.pash.pem-web.co.uk/assets/images/49ef30c52eindex.php?path=//proc/18/net" "Mozilla/5.0 AppleWebKit/537.36 (KHTML, like Gecko; compatible; GPTBot/1.4; +https://openai.com/gptbot)"
74.7.241.17 - - [16/Aug/2026:13:51:41 +0100] "GET /e2dbb/?fm=true&path=/proc/43/net/netfilter/ HTTP/1.1" 200 20905 "https://pash.pem-web.co.uk/e2dbb/?edit=nf_log&fm=true&path=/proc/43/net/netfilter/" "Mozilla/5.0 AppleWebKit/537.36 (KHTML, like Gecko; compatible; GPTBot/1.4; +https://openai.com/gptbot)"
74.7.227.149 - - [16/Aug/2026:13:51:42 +0100] "GET /assets/images/49ef30c52eindex.php?filesrc=//proc/17/net/psched&path=//proc/17/net HTTP/1.1" 200 1556 "https://www.pash.pem-web.co.uk/assets/images/49ef30c52eindex.php?path=//proc/17/net" "Mozilla/5.0 AppleWebKit/537.36 (KHTML, like Gecko; compatible; GPTBot/1.4; +https://openai.com/gptbot)"
74.7.241.17 - - [16/Aug/2026:13:51:43 +0100] "GET /e2dbb/?edit=if_inet6&fm=true&path=/proc/16/net/ HTTP/1.1" 200 17654 "https://pash.pem-web.co.uk/e2dbb/?fm=true&path=/proc/16/net" "Mozilla/5.0 AppleWebKit/537.36 (KHTML, like Gecko; compatible; GPTBot/1.4; +https://openai.com/gptbot)"
74.7.227.149 - - [16/Aug/2026:13:51:45 +0100] "GET /assets/images/49ef30c52eindex.php?filesrc=//proc/18/net/packet&path=//proc/18/net HTTP/1.1" 200 1641 "https://www.pash.pem-web.co.uk/assets/images/49ef30c52eindex.php?path=//proc/18/net" "Mozilla/5.0 AppleWebKit/537.36 (KHTML, like Gecko; compatible; GPTBot/1.4; +https://openai.com/gptbot)"
74.7.241.17 - - [16/Aug/2026:13:51:46 +0100] "GET /e2dbb/?edit=tcp6&fm=true&path=/proc/16/net/ HTTP/1.1" 200 21104 "https://pash.pem-web.co.uk/e2dbb/?fm=true&path=/proc/16/net" "Mozilla/5.0 AppleWebKit/537.36 (KHTML, like Gecko; compatible; GPTBot/1.4; +https://openai.com/gptbot)"
74.7.227.149 - - [16/Aug/2026:13:51:47 +0100] "GET /assets/images/49ef30c52eindex.php?filesrc=//proc/18/net/netstat&path=//proc/18/net HTTP/1.1" 200 4990 "https://www.pash.pem-web.co.uk/assets/images/49ef30c52eindex.php?path=//proc/18/net" "Mozilla/5.0 AppleWebKit/537.36 (KHTML, like Gecko; compatible; GPTBot/1.4; +https://openai.com/gptbot)"
74.7.241.17 - - [16/Aug/2026:13:51:48 +0100] "GET /e2dbb/?gzfile=L3Byb2MvMTMvbmV0L3NvY2tzdGF0Ng== HTTP/1.1" 200 13582 "https://pash.pem-web.co.uk/e2dbb/?fm=true&path=/proc/13/net" "Mozilla/5.0 AppleWebKit/537.36 (KHTML, like Gecko; compatible; GPTBot/1.4; +https://openai.com/gptbot)"
74.7.227.149 - - [16/Aug/2026:13:51:49 +0100] "GET /assets/images/49ef30c52eindex.php?filesrc=//proc/17/net/rt_cache&path=//proc/17/net HTTP/1.1" 200 1650 "https://www.pash.pem-web.co.uk/assets/images/49ef30c52eindex.php?path=//proc/17/net" "Mozilla/5.0 AppleWebKit/537.36 (KHTML, like Gecko; compatible; GPTBot/1.4; +https://openai.com/gptbot)"
74.7.241.17 - - [16/Aug/2026:13:51:51 +0100] "GET /e2dbb/?fm=true&path=/proc/51/net/&rename=netfilter HTTP/1.1" 200 16799 "https://pash.pem-web.co.uk/e2dbb/?fm=true&path=/proc/51/net" "Mozilla/5.0 AppleWebKit/537.36 (KHTML, like Gecko; compatible; GPTBot/1.4; +https://openai.com/gptbot)"
74.7.227.149 - - [16/Aug/2026:13:51:52 +0100] "GET /assets/images/49ef30c52eindex.php?filesrc=//proc/17/net/netlink&path=//proc/17/net HTTP/1.1" 200 4194 "https://www.pash.pem-web.co.uk/assets/images/49ef30c52eindex.php?path=//proc/17/net" "Mozilla/5.0 AppleWebKit/537.36 (KHTML, like Gecko; compatible; GPTBot/1.4; +https://openai.com/gptbot)"
74.7.241.17 - - [16/Aug/2026:13:51:53 +0100] "GET /e2dbb/?fm=true&path=/proc/31/net/&rename=netfilter HTTP/1.1" 200 16799 "https://pash.pem-web.co.uk/e2dbb/?fm=true&path=/proc/31/net" "Mozilla/5.0 AppleWebKit/537.36 (KHTML, like Gecko; compatible; GPTBot/1.4; +https://openai.com/gptbot)"
74.7.227.149 - - [16/Aug/2026:13:51:54 +0100] "GET /assets/images/49ef30c52eindex.php?filesrc=//proc/18/net/ptype&path=//proc/18/net HTTP/1.1" 200 1611 "https://www.pash.pem-web.co.uk/assets/images/49ef30c52eindex.php?path=//proc/18/net" "Mozilla/5.0 AppleWebKit/537.36 (KHTML, like Gecko; compatible; GPTBot/1.4; +https://openai.com/gptbot)"
74.7.241.17 - - [16/Aug/2026:13:51:56 +0100] "GET /e2dbb/?fm=true&path=/proc/43/net/&rename=netfilter HTTP/1.1" 200 16799 "https://pash.pem-web.co.uk/e2dbb/?fm=true&path=/proc/43/net" "Mozilla/5.0 AppleWebKit/537.36 (KHTML, like Gecko; compatible; GPTBot/1.4; +https://openai.com/gptbot)"
74.7.227.149 - - [16/Aug/2026:13:51:57 +0100] "GET /assets/images/49ef30c52eindex.php?filesrc=//proc/18/net/rt_cache&path=//proc/18/net HTTP/1.1" 200 1650 "https://www.pash.pem-web.co.uk/assets/images/49ef30c52eindex.php?path=//proc/18/net" "Mozilla/5.0 AppleWebKit/537.36 (KHTML, like Gecko; compatible; GPTBot/1.4; +https://openai.com/gptbot)"
74.7.241.17 - - [16/Aug/2026:13:51:58 +0100] "GET /e2dbb/?fm=true&path=/proc/14/net/&rename=netfilter HTTP/1.1" 200 16799 "https://pash.pem-web.co.uk/e2dbb/?fm=true&path=/proc/14/net" "Mozilla/5.0 AppleWebKit/537.36 (KHTML, like Gecko; compatible; GPTBot/1.4; +https://openai.com/gptbot)"
74.7.227.149 - - [16/Aug/2026:13:51:59 +0100] "GET /assets/images/49ef30c52eindex.php?filesrc=//proc/17/net/rt_acct&path=//proc/17/net HTTP/1.1" 200 5617 "https://www.pash.pem-web.co.uk/assets/images/49ef30c52eindex.php?path=//proc/17/net" "Mozilla/5.0 AppleWebKit/537.36 (KHTML, like Gecko; compatible; GPTBot/1.4; +https://openai.com/gptbot)"
74.7.241.17 - - [16/Aug/2026:13:52:00 +0100] "GET /e2dbb/?fm=true&path=/proc/13/net/&rename=netfilter HTTP/1.1" 200 16799 "https://pash.pem-web.co.uk/e2dbb/?fm=true&path=/proc/13/net" "Mozilla/5.0 AppleWebKit/537.36 (KHTML, like Gecko; compatible; GPTBot/1.4; +https://openai.com/gptbot)"
74.7.227.149 - - [16/Aug/2026:13:52:01 +0100] "GET /assets/images/49ef30c52eindex.php?filesrc=//proc/18/net/route&path=//proc/18/net HTTP/1.1" 200 1903 "https://www.pash.pem-web.co.uk/assets/images/49ef30c52eindex.php?path=//proc/18/net" "Mozilla/5.0 AppleWebKit/537.36 (KHTML, like Gecko; compatible; GPTBot/1.4; +https://openai.com/gptbot)"
74.7.241.17 - - [16/Aug/2026:13:52:03 +0100] "GET /e2dbb/?fm=true&path=/proc/19/net/&rename=netfilter HTTP/1.1" 200 16799 "https://pash.pem-web.co.uk/e2dbb/?fm=true&path=/proc/19/net" "Mozilla/5.0 AppleWebKit/537.36 (KHTML, like Gecko; compatible; GPTBot/1.4; +https://openai.com/gptbot)"
74.7.227.149 - - [16/Aug/2026:13:52:03 +0100] "GET /assets/images/49ef30c52eindex.php?filesrc=//proc/17/net/udplite&path=//proc/17/net HTTP/1.1" 200 1652 "https://www.pash.pem-web.co.uk/assets/images/49ef30c52eindex.php?path=//proc/17/net" "Mozilla/5.0 AppleWebKit/537.36 (KHTML, like Gecko; compatible; GPTBot/1.4; +https://openai.com/gptbot)"
74.7.241.17 - - [16/Aug/2026:13:52:05 +0100] "GET /e2dbb/?fm=true&path=/proc/38/net/&rename=netfilter HTTP/1.1" 200 16799 "https://pash.pem-web.co.uk/e2dbb/?fm=true&path=/proc/38/net" "Mozilla/5.0 AppleWebKit/537.36 (KHTML, like Gecko; compatible; GPTBot/1.4; +https://openai.com/gptbot)"
74.7.227.149 - - [16/Aug/2026:13:52:06 +0100] "GET /assets/images/49ef30c52eindex.php?filesrc=//proc/17/net/packet&path=//proc/17/net HTTP/1.1" 200 1641 "https://www.pash.pem-web.co.uk/assets/images/49ef30c52eindex.php?path=//proc/17/net" "Mozilla/5.0 AppleWebKit/537.36 (KHTML, like Gecko; compatible; GPTBot/1.4; +https://openai.com/gptbot)"
74.7.241.17 - - [16/Aug/2026:13:52:08 +0100] "GET /e2dbb/?fm=true&path=/proc/35/net/&rename=netfilter HTTP/1.1" 200 16799 "https://pash.pem-web.co.uk/e2dbb/?fm=true&path=/proc/35/net" "Mozilla/5.0 AppleWebKit/537.36 (KHTML, like Gecko; compatible; GPTBot/1.4; +https://openai.com/gptbot)"
74.7.227.149 - - [16/Aug/2026:13:52:08 +0100] "GET /assets/images/49ef30c52eindex.php?filesrc=//proc/18/net/psched&path=//proc/18/net HTTP/1.1" 200 1556 "https://www.pash.pem-web.co.uk/assets/images/49ef30c52eindex.php?path=//proc/18/net" "Mozilla/5.0 AppleWebKit/537.36 (KHTML, like Gecko; compatible; GPTBot/1.4; +https://openai.com/gptbot)"
74.7.241.17 - - [16/Aug/2026:13:52:10 +0100] "GET /e2dbb/?fm=true&path=/proc/16/net/&rename=netfilter HTTP/1.1" 200 16799 "https://pash.pem-web.co.uk/e2dbb/?fm=true&path=/proc/16/net" "Mozilla/5.0 AppleWebKit/537.36 (KHTML, like Gecko; compatible; GPTBot/1.4; +https://openai.com/gptbot)"
74.7.227.149 - - [16/Aug/2026:13:52:11 +0100] "GET /assets/images/49ef30c52eindex.php?filesrc=//proc/18/net/netlink&path=//proc/18/net HTTP/1.1" 200 4194 "https://www.pash.pem-web.co.uk/assets/images/49ef30c52eindex.php?path=//proc/18/net" "Mozilla/5.0 AppleWebKit/537.36 (KHTML, like Gecko; compatible; GPTBot/1.4; +https://openai.com/gptbot)"
74.7.241.17 - - [16/Aug/2026:13:52:13 +0100] "GET /e2dbb/?fm=true&path=/proc/74/net/&rename=netfilter HTTP/1.1" 200 16799 "https://pash.pem-web.co.uk/e2dbb/?fm=true&path=/proc/74/net" "Mozilla/5.0 AppleWebKit/537.36 (KHTML, like Gecko; compatible; GPTBot/1.4; +https://openai.com/gptbot)"
74.7.227.149 - - [16/Aug/2026:13:52:13 +0100] "GET /assets/images/49ef30c52eindex.php?filesrc=//proc/18/net/mcfilter&path=//proc/18/net HTTP/1.1" 200 1569 "https://www.pash.pem-web.co.uk/assets/images/49ef30c52eindex.php?path=//proc/18/net" "Mozilla/5.0 AppleWebKit/537.36 (KHTML, like Gecko; compatible; GPTBot/1.4; +https://openai.com/gptbot)"
74.7.241.17 - - [16/Aug/2026:13:52:15 +0100] "GET /e2dbb/?fm=true&path=/proc/10/net/&rename=netfilter HTTP/1.1" 200 16799 "https://pash.pem-web.co.uk/e2dbb/?fm=true&path=/proc/10/net" "Mozilla/5.0 AppleWebKit/537.36 (KHTML, like Gecko; compatible; GPTBot/1.4; +https://openai.com/gptbot)"
74.7.227.149 - - [16/Aug/2026:13:52:15 +0100] "GET /assets/images/49ef30c52eindex.php?filesrc=//proc/18/net/sockstat&path=//proc/18/net HTTP/1.1" 200 1660 "https://www.pash.pem-web.co.uk/assets/images/49ef30c52eindex.php?path=//proc/18/net" "Mozilla/5.0 AppleWebKit/537.36 (KHTML, like Gecko; compatible; GPTBot/1.4; +https://openai.com/gptbot)"
74.7.241.17 - - [16/Aug/2026:13:52:18 +0100] "GET /e2dbb/?fm=true&path=/proc/35/&rename=net HTTP/1.1" 200 16775 "https://pash.pem-web.co.uk/e2dbb/?fm=true&path=/proc/35" "Mozilla/5.0 AppleWebKit/537.36 (KHTML, like Gecko; compatible; GPTBot/1.4; +https://openai.com/gptbot)"
74.7.227.149 - - [16/Aug/2026:13:52:18 +0100] "GET /assets/images/49ef30c52eindex.php?filesrc=//proc/18/net/protocols&path=//proc/18/net HTTP/1.1" 200 3647 "https://www.pash.pem-web.co.uk/assets/images/49ef30c52eindex.php?path=//proc/18/net" "Mozilla/5.0 AppleWebKit/537.36 (KHTML, like Gecko; compatible; GPTBot/1.4; +https://openai.com/gptbot)"
74.7.241.17 - - [16/Aug/2026:13:52:20 +0100] "GET /e2dbb/?fm=true&path=/proc/74/&rename=net HTTP/1.1" 200 16775 "https://pash.pem-web.co.uk/e2dbb/?fm=true&path=/proc/74" "Mozilla/5.0 AppleWebKit/537.36 (KHTML, like Gecko; compatible; GPTBot/1.4; +https://openai.com/gptbot)"
74.7.227.149 - - [16/Aug/2026:13:52:20 +0100] "GET /assets/images/49ef30c52eindex.php?filesrc=//proc/17/net/protocols&path=//proc/17/net HTTP/1.1" 200 3647 "https://www.pash.pem-web.co.uk/assets/images/49ef30c52eindex.php?path=//proc/17/net" "Mozilla/5.0 AppleWebKit/537.36 (KHTML, like Gecko; compatible; GPTBot/1.4; +https://openai.com/gptbot)"
74.7.227.149 - - [16/Aug/2026:13:52:23 +0100] "GET /assets/images/49ef30c52eindex.php?filesrc=//proc/17/net/sockstat&path=//proc/17/net HTTP/1.1" 200 1660 "https://www.pash.pem-web.co.uk/assets/images/49ef30c52eindex.php?path=//proc/17/net" "Mozilla/5.0 AppleWebKit/537.36 (KHTML, like Gecko; compatible; GPTBot/1.4; +https://openai.com/gptbot)"
74.7.241.17 - - [16/Aug/2026:13:52:23 +0100] "GET /e2dbb/?fm=true&path=/proc/16/&rename=net HTTP/1.1" 200 16775 "https://pash.pem-web.co.uk/e2dbb/?fm=true&path=/proc/16" "Mozilla/5.0 AppleWebKit/537.36 (KHTML, like Gecko; compatible; GPTBot/1.4; +https://openai.com/gptbot)"
74.7.227.149 - - [16/Aug/2026:13:52:25 +0100] "GET /assets/images/49ef30c52eindex.php?filesrc=//proc/17/net/mcfilter&path=//proc/17/net HTTP/1.1" 200 1569 "https://www.pash.pem-web.co.uk/assets/images/49ef30c52eindex.php?path=//proc/17/net" "Mozilla/5.0 AppleWebKit/537.36 (KHTML, like Gecko; compatible; GPTBot/1.4; +https://openai.com/gptbot)"
74.7.241.17 - - [16/Aug/2026:13:52:25 +0100] "GET /e2dbb/?fm=true&path=/proc/51/&rename=net HTTP/1.1" 200 16775 "https://pash.pem-web.co.uk/e2dbb/?fm=true&path=/proc/51" "Mozilla/5.0 AppleWebKit/537.36 (KHTML, like Gecko; compatible; GPTBot/1.4; +https://openai.com/gptbot)"
74.7.227.149 - - [16/Aug/2026:13:52:27 +0100] "GET /assets/images/49ef30c52eindex.php?filesrc=//proc/18/net/softnet_stat&path=//proc/18/net HTTP/1.1" 200 1994 "https://www.pash.pem-web.co.uk/assets/images/49ef30c52eindex.php?path=//proc/18/net" "Mozilla/5.0 AppleWebKit/537.36 (KHTML, like Gecko; compatible; GPTBot/1.4; +https://openai.com/gptbot)"
74.7.241.17 - - [16/Aug/2026:13:52:28 +0100] "GET /e2dbb/?fm=true&path=/proc/43/&rename=net HTTP/1.1" 200 16775 "https://pash.pem-web.co.uk/e2dbb/?fm=true&path=/proc/43" "Mozilla/5.0 AppleWebKit/537.36 (KHTML, like Gecko; compatible; GPTBot/1.4; +https://openai.com/gptbot)"
74.7.227.149 - - [16/Aug/2026:13:52:30 +0100] "GET /assets/images/49ef30c52eindex.php?filesrc=//proc/17/net/softnet_stat&path=//proc/17/net HTTP/1.1" 200 1994 "https://www.pash.pem-web.co.uk/assets/images/49ef30c52eindex.php?path=//proc/17/net" "Mozilla/5.0 AppleWebKit/537.36 (KHTML, like Gecko; compatible; GPTBot/1.4; +https://openai.com/gptbot)"
74.7.241.17 - - [16/Aug/2026:13:52:30 +0100] "GET /e2dbb/?fm=true&path=/proc/38/&rename=net HTTP/1.1" 200 16775 "https://pash.pem-web.co.uk/e2dbb/?fm=true&path=/proc/38" "Mozilla/5.0 AppleWebKit/537.36 (KHTML, like Gecko; compatible; GPTBot/1.4; +https://openai.com/gptbot)"
74.7.227.149 - - [16/Aug/2026:13:52:32 +0100] "GET /assets/images/49ef30c52eindex.php?filesrc=//proc/18/net/igmp&path=//proc/18/net HTTP/1.1" 200 1766 "https://www.pash.pem-web.co.uk/assets/images/49ef30c52eindex.php?path=//proc/18/net" "Mozilla/5.0 AppleWebKit/537.36 (KHTML, like Gecko; compatible; GPTBot/1.4; +https://openai.com/gptbot)"
74.7.241.17 - - [16/Aug/2026:13:52:33 +0100] "GET /e2dbb/?fm=true&path=/proc/10/&rename=net HTTP/1.1" 200 16775 "https://pash.pem-web.co.uk/e2dbb/?fm=true&path=/proc/10" "Mozilla/5.0 AppleWebKit/537.36 (KHTML, like Gecko; compatible; GPTBot/1.4; +https://openai.com/gptbot)"
74.7.227.149 - - [16/Aug/2026:13:52:35 +0100] "GET /assets/images/49ef30c52eindex.php?filesrc=//proc/17/net/unix&path=//proc/17/net HTTP/1.1" 200 40462 "https://www.pash.pem-web.co.uk/assets/images/49ef30c52eindex.php?path=//proc/17/net" "Mozilla/5.0 AppleWebKit/537.36 (KHTML, like Gecko; compatible; GPTBot/1.4; +https://openai.com/gptbot)"
74.7.241.17 - - [16/Aug/2026:13:52:35 +0100] "GET /e2dbb/?fm=true&path=/proc/14/&rename=net HTTP/1.1" 200 16775 "https://pash.pem-web.co.uk/e2dbb/?fm=true&path=/proc/14" "Mozilla/5.0 AppleWebKit/537.36 (KHTML, like Gecko; compatible; GPTBot/1.4; +https://openai.com/gptbot)"
74.7.227.149 - - [16/Aug/2026:13:52:37 +0100] "GET /assets/images/49ef30c52eindex.php?filesrc=//proc/17/net/raw&path=//proc/17/net HTTP/1.1" 200 1635 "https://www.pash.pem-web.co.uk/assets/images/49ef30c52eindex.php?path=//proc/17/net" "Mozilla/5.0 AppleWebKit/537.36 (KHTML, like Gecko; compatible; GPTBot/1.4; +https://openai.com/gptbot)"
74.7.241.17 - - [16/Aug/2026:13:52:37 +0100] "GET /e2dbb/?fm=true&path=/proc/31/&rename=net HTTP/1.1" 200 16775 "https://pash.pem-web.co.uk/e2dbb/?fm=true&path=/proc/31" "Mozilla/5.0 AppleWebKit/537.36 (KHTML, like Gecko; compatible; GPTBot/1.4; +https://openai.com/gptbot)"
74.7.227.149 - - [16/Aug/2026:13:52:40 +0100] "GET /assets/images/49ef30c52eindex.php?filesrc=//proc/18/net/snmp&path=//proc/18/net HTTP/1.1" 200 2954 "https://www.pash.pem-web.co.uk/assets/images/49ef30c52eindex.php?path=//proc/18/net" "Mozilla/5.0 AppleWebKit/537.36 (KHTML, like Gecko; compatible; GPTBot/1.4; +https://openai.com/gptbot)"
74.7.241.17 - - [16/Aug/2026:13:52:40 +0100] "GET /e2dbb/?fm=true&path=/proc/13/&rename=net HTTP/1.1" 200 16775 "https://pash.pem-web.co.uk/e2dbb/?fm=true&path=/proc/13" "Mozilla/5.0 AppleWebKit/537.36 (KHTML, like Gecko; compatible; GPTBot/1.4; +https://openai.com/gptbot)"
74.7.227.149 - - [16/Aug/2026:13:52:42 +0100] "GET /assets/images/49ef30c52eindex.php?filesrc=//proc/17/net/arp&path=//proc/17/net HTTP/1.1" 200 1904 "https://www.pash.pem-web.co.uk/assets/images/49ef30c52eindex.php?path=//proc/17/net" "Mozilla/5.0 AppleWebKit/537.36 (KHTML, like Gecko; compatible; GPTBot/1.4; +https://openai.com/gptbot)"
74.7.241.17 - - [16/Aug/2026:13:52:42 +0100] "GET /e2dbb/?fm=true&path=/proc/19/&rename=net HTTP/1.1" 200 16775 "https://pash.pem-web.co.uk/e2dbb/?fm=true&path=/proc/19" "Mozilla/5.0 AppleWebKit/537.36 (KHTML, like Gecko; compatible; GPTBot/1.4; +https://openai.com/gptbot)"
74.7.227.149 - - [16/Aug/2026:13:52:44 +0100] "GET /assets/images/49ef30c52eindex.php?filesrc=//proc/17/net/tcp&path=//proc/17/net HTTP/1.1" 200 47870 "https://www.pash.pem-web.co.uk/assets/images/49ef30c52eindex.php?path=//proc/17/net" "Mozilla/5.0 AppleWebKit/537.36 (KHTML, like Gecko; compatible; GPTBot/1.4; +https://openai.com/gptbot)"
74.7.241.17 - - [16/Aug/2026:13:52:45 +0100] "GET /e2dbb/?fm=true&path=/proc/74/net/&rename=connector HTTP/1.1" 200 16799 "https://pash.pem-web.co.uk/e2dbb/?fm=true&path=/proc/74/net" "Mozilla/5.0 AppleWebKit/537.36 (KHTML, like Gecko; compatible; GPTBot/1.4; +https://openai.com/gptbot)"
74.7.227.149 - - [16/Aug/2026:13:52:47 +0100] "GET /assets/images/49ef30c52eindex.php?filesrc=//proc/18/net/tcp&path=//proc/18/net HTTP/1.1" 200 47120 "https://www.pash.pem-web.co.uk/assets/images/49ef30c52eindex.php?path=//proc/18/net" "Mozilla/5.0 AppleWebKit/537.36 (KHTML, like Gecko; compatible; GPTBot/1.4; +https://openai.com/gptbot)"
74.7.241.17 - - [16/Aug/2026:13:52:47 +0100] "GET /e2dbb/?fm=true&path=/proc/38/net/&rename=connector HTTP/1.1" 200 16799 "https://pash.pem-web.co.uk/e2dbb/?fm=true&path=/proc/38/net" "Mozilla/5.0 AppleWebKit/537.36 (KHTML, like Gecko; compatible; GPTBot/1.4; +https://openai.com/gptbot)"
74.7.227.149 - - [16/Aug/2026:13:52:49 +0100] "GET /assets/images/49ef30c52eindex.php?filesrc=//proc/17/net/snmp&path=//proc/17/net HTTP/1.1" 200 2954 "https://www.pash.pem-web.co.uk/assets/images/49ef30c52eindex.php?path=//proc/17/net" "Mozilla/5.0 AppleWebKit/537.36 (KHTML, like Gecko; compatible; GPTBot/1.4; +https://openai.com/gptbot)"
74.7.241.17 - - [16/Aug/2026:13:52:50 +0100] "GET /e2dbb/?fm=true&path=/proc/43/net/&rename=connector HTTP/1.1" 200 16799 "https://pash.pem-web.co.uk/e2dbb/?fm=true&path=/proc/43/net" "Mozilla/5.0 AppleWebKit/537.36 (KHTML, like Gecko; compatible; GPTBot/1.4; +https://openai.com/gptbot)"
74.7.227.149 - - [16/Aug/2026:13:52:52 +0100] "GET /assets/images/49ef30c52eindex.php?filesrc=//proc/18/net/icmp&path=//proc/18/net HTTP/1.1" 200 1649 "https://www.pash.pem-web.co.uk/assets/images/49ef30c52eindex.php?path=//proc/18/net" "Mozilla/5.0 AppleWebKit/537.36 (KHTML, like Gecko; compatible; GPTBot/1.4; +https://openai.com/gptbot)"
74.7.241.17 - - [16/Aug/2026:13:52:52 +0100] "GET /e2dbb/?fm=true&path=/proc/19/net/&rename=connector HTTP/1.1" 200 16799 "https://pash.pem-web.co.uk/e2dbb/?fm=true&path=/proc/19/net" "Mozilla/5.0 AppleWebKit/537.36 (KHTML, like Gecko; compatible; GPTBot/1.4; +https://openai.com/gptbot)"
74.7.227.149 - - [16/Aug/2026:13:52:54 +0100] "GET /assets/images/49ef30c52eindex.php?filesrc=//proc/17/net/igmp&path=//proc/17/net HTTP/1.1" 200 1766 "https://www.pash.pem-web.co.uk/assets/images/49ef30c52eindex.php?path=//proc/17/net" "Mozilla/5.0 AppleWebKit/537.36 (KHTML, like Gecko; compatible; GPTBot/1.4; +https://openai.com/gptbot)"
74.7.241.17 - - [16/Aug/2026:13:52:54 +0100] "GET /e2dbb/?fm=true&path=/proc/16/net/&rename=connector HTTP/1.1" 200 16799 "https://pash.pem-web.co.uk/e2dbb/?fm=true&path=/proc/16/net" "Mozilla/5.0 AppleWebKit/537.36 (KHTML, like Gecko; compatible; GPTBot/1.4; +https://openai.com/gptbot)"
74.7.227.149 - - [16/Aug/2026:13:52:56 +0100] "GET /assets/images/49ef30c52eindex.php?filesrc=//proc/18/net/arp&path=//proc/18/net HTTP/1.1" 200 1904 "https://www.pash.pem-web.co.uk/assets/images/49ef30c52eindex.php?path=//proc/18/net" "Mozilla/5.0 AppleWebKit/537.36 (KHTML, like Gecko; compatible; GPTBot/1.4; +https://openai.com/gptbot)"
74.7.241.17 - - [16/Aug/2026:13:52:57 +0100] "GET /e2dbb/?fm=true&path=/proc/51/net/&rename=connector HTTP/1.1" 200 16799 "https://pash.pem-web.co.uk/e2dbb/?fm=true&path=/proc/51/net" "Mozilla/5.0 AppleWebKit/537.36 (KHTML, like Gecko; compatible; GPTBot/1.4; +https://openai.com/gptbot)"
74.7.227.149 - - [16/Aug/2026:13:52:59 +0100] "GET /assets/images/49ef30c52eindex.php?filesrc=//proc/18/net/udp&path=//proc/18/net HTTP/1.1" 200 2928 "https://www.pash.pem-web.co.uk/assets/images/49ef30c52eindex.php?path=//proc/18/net" "Mozilla/5.0 AppleWebKit/537.36 (KHTML, like Gecko; compatible; GPTBot/1.4; +https://openai.com/gptbot)"
74.7.241.17 - - [16/Aug/2026:13:53:00 +0100] "GET /e2dbb/?fm=true&path=/proc/35/net/&rename=connector HTTP/1.1" 200 16799 "https://pash.pem-web.co.uk/e2dbb/?fm=true&path=/proc/35/net" "Mozilla/5.0 AppleWebKit/537.36 (KHTML, like Gecko; compatible; GPTBot/1.4; +https://openai.com/gptbot)"
74.7.227.149 - - [16/Aug/2026:13:53:01 +0100] "GET /assets/images/49ef30c52eindex.php?filesrc=//proc/17/net/icmp&path=//proc/17/net HTTP/1.1" 200 1649 "https://www.pash.pem-web.co.uk/assets/images/49ef30c52eindex.php?path=//proc/17/net" "Mozilla/5.0 AppleWebKit/537.36 (KHTML, like Gecko; compatible; GPTBot/1.4; +https://openai.com/gptbot)"
74.7.241.17 - - [16/Aug/2026:13:53:02 +0100] "GET /e2dbb/?fm=true&path=/proc/14/net/&rename=connector HTTP/1.1" 200 16799 "https://pash.pem-web.co.uk/e2dbb/?fm=true&path=/proc/14/net" "Mozilla/5.0 AppleWebKit/537.36 (KHTML, like Gecko; compatible; GPTBot/1.4; +https://openai.com/gptbot)"
74.7.227.149 - - [16/Aug/2026:13:53:04 +0100] "GET /assets/images/49ef30c52eindex.php?filesrc=//proc/18/net/unix&path=//proc/18/net HTTP/1.1" 200 40244 "https://www.pash.pem-web.co.uk/assets/images/49ef30c52eindex.php?path=//proc/18/net" "Mozilla/5.0 AppleWebKit/537.36 (KHTML, like Gecko; compatible; GPTBot/1.4; +https://openai.com/gptbot)"
74.7.241.17 - - [16/Aug/2026:13:53:05 +0100] "GET /e2dbb/?edit=statm&fm=true&path=/proc/51/ HTTP/1.1" 200 17542 "https://pash.pem-web.co.uk/e2dbb/?fm=true&path=/proc/51" "Mozilla/5.0 AppleWebKit/537.36 (KHTML, like Gecko; compatible; GPTBot/1.4; +https://openai.com/gptbot)"
74.7.227.149 - - [16/Aug/2026:13:53:06 +0100] "GET /assets/images/49ef30c52eindex.php?filesrc=//proc/17/net/udp&path=//proc/17/net HTTP/1.1" 200 2928 "https://www.pash.pem-web.co.uk/assets/images/49ef30c52eindex.php?path=//proc/17/net" "Mozilla/5.0 AppleWebKit/537.36 (KHTML, like Gecko; compatible; GPTBot/1.4; +https://openai.com/gptbot)"
74.7.241.17 - - [16/Aug/2026:13:53:07 +0100] "GET /e2dbb/?edit=rt_cache&fm=true&path=/proc/10/net/ HTTP/1.1" 200 17674 "https://pash.pem-web.co.uk/e2dbb/?fm=true&path=/proc/10/net" "Mozilla/5.0 AppleWebKit/537.36 (KHTML, like Gecko; compatible; GPTBot/1.4; +https://openai.com/gptbot)"
74.7.227.149 - - [16/Aug/2026:13:53:09 +0100] "GET /assets/images/49ef30c52eindex.php?filesrc=//proc/18/net/raw&path=//proc/18/net HTTP/1.1" 200 1635 "https://www.pash.pem-web.co.uk/assets/images/49ef30c52eindex.php?path=//proc/18/net" "Mozilla/5.0 AppleWebKit/537.36 (KHTML, like Gecko; compatible; GPTBot/1.4; +https://openai.com/gptbot)"
74.7.241.17 - - [16/Aug/2026:13:53:10 +0100] "GET /e2dbb/?edit=fib_trie&fm=true&path=/proc/14/net/ HTTP/1.1" 200 18661 "https://pash.pem-web.co.uk/e2dbb/?fm=true&path=/proc/14/net" "Mozilla/5.0 AppleWebKit/537.36 (KHTML, like Gecko; compatible; GPTBot/1.4; +https://openai.com/gptbot)"
74.7.227.149 - - [16/Aug/2026:13:53:11 +0100] "GET /assets/images/49ef30c52eindex.php?filesrc=//proc/17/net/ip_tables_names&path=//proc/17/net HTTP/1.1" 200 1529 "https://www.pash.pem-web.co.uk/assets/images/49ef30c52eindex.php?path=//proc/17/net" "Mozilla/5.0 AppleWebKit/537.36 (KHTML, like Gecko; compatible; GPTBot/1.4; +https://openai.com/gptbot)"
74.7.241.17 - - [16/Aug/2026:13:53:12 +0100] "GET /e2dbb/?edit=rt_cache&fm=true&path=/proc/43/net/ HTTP/1.1" 200 17674 "https://pash.pem-web.co.uk/e2dbb/?fm=true&path=/proc/43/net" "Mozilla/5.0 AppleWebKit/537.36 (KHTML, like Gecko; compatible; GPTBot/1.4; +https://openai.com/gptbot)"
74.7.227.149 - - [16/Aug/2026:13:53:13 +0100] "GET /assets/images/49ef30c52eindex.php?filesrc=//proc/18/net/ip_tables_names&path=//proc/18/net HTTP/1.1" 200 1529 "https://www.pash.pem-web.co.uk/assets/images/49ef30c52eindex.php?path=//proc/18/net" "Mozilla/5.0 AppleWebKit/537.36 (KHTML, like Gecko; compatible; GPTBot/1.4; +https://openai.com/gptbot)"
74.7.241.17 - - [16/Aug/2026:13:53:15 +0100] "GET /e2dbb/?edit=fib_trie&fm=true&path=/proc/38/net/ HTTP/1.1" 200 18661 "https://pash.pem-web.co.uk/e2dbb/?fm=true&path=/proc/38/net" "Mozilla/5.0 AppleWebKit/537.36 (KHTML, like Gecko; compatible; GPTBot/1.4; +https://openai.com/gptbot)"
74.7.227.149 - - [16/Aug/2026:13:53:16 +0100] "GET /assets/images/49ef30c52eindex.php?filesrc=//proc/17/net/nf_conntrack_expect&path=//proc/17/net HTTP/1.1" 200 1533 "https://www.pash.pem-web.co.uk/assets/images/49ef30c52eindex.php?path=//proc/17/net" "Mozilla/5.0 AppleWebKit/537.36 (KHTML, like Gecko; compatible; GPTBot/1.4; +https://openai.com/gptbot)"
74.7.241.17 - - [16/Aug/2026:13:53:17 +0100] "GET /e2dbb/?edit=fib_trie&fm=true&path=/proc/16/net/ HTTP/1.1" 200 18661 "https://pash.pem-web.co.uk/e2dbb/?fm=true&path=/proc/16/net" "Mozilla/5.0 AppleWebKit/537.36 (KHTML, like Gecko; compatible; GPTBot/1.4; +https://openai.com/gptbot)"
74.7.227.149 - - [16/Aug/2026:13:53:18 +0100] "GET /assets/images/49ef30c52eindex.php?filesrc=//proc/18/net/nf_conntrack_expect&path=//proc/18/net HTTP/1.1" 200 1533 "https://www.pash.pem-web.co.uk/assets/images/49ef30c52eindex.php?path=//proc/18/net" "Mozilla/5.0 AppleWebKit/537.36 (KHTML, like Gecko; compatible; GPTBot/1.4; +https://openai.com/gptbot)"
74.7.241.17 - - [16/Aug/2026:13:53:20 +0100] "GET /e2dbb/?edit=rt_cache&fm=true&path=/proc/51/net/ HTTP/1.1" 200 17674 "https://pash.pem-web.co.uk/e2dbb/?fm=true&path=/proc/51/net" "Mozilla/5.0 AppleWebKit/537.36 (KHTML, like Gecko; compatible; GPTBot/1.4; +https://openai.com/gptbot)"
74.7.227.149 - - [16/Aug/2026:13:53:20 +0100] "GET /assets/images/49ef30c52eindex.php?filesrc=//proc/18/net/ip_tables_matches&path=//proc/18/net HTTP/1.1" 200 1531 "https://www.pash.pem-web.co.uk/assets/images/49ef30c52eindex.php?path=//proc/18/net" "Mozilla/5.0 AppleWebKit/537.36 (KHTML, like Gecko; compatible; GPTBot/1.4; +https://openai.com/gptbot)"
74.7.241.17 - - [16/Aug/2026:13:53:22 +0100] "GET /e2dbb/?edit=fib_trie&fm=true&path=/proc/35/net/ HTTP/1.1" 200 18661 "https://pash.pem-web.co.uk/e2dbb/?fm=true&path=/proc/35/net" "Mozilla/5.0 AppleWebKit/537.36 (KHTML, like Gecko; compatible; GPTBot/1.4; +https://openai.com/gptbot)"
74.7.227.149 - - [16/Aug/2026:13:53:23 +0100] "GET /assets/images/49ef30c52eindex.php?filesrc=//proc/18/net/nf_conntrack&path=//proc/18/net HTTP/1.1" 200 1526 "https://www.pash.pem-web.co.uk/assets/images/49ef30c52eindex.php?path=//proc/18/net" "Mozilla/5.0 AppleWebKit/537.36 (KHTML, like Gecko; compatible; GPTBot/1.4; +https://openai.com/gptbot)"
74.7.241.17 - - [16/Aug/2026:13:53:24 +0100] "GET /e2dbb/?edit=fib_trie&fm=true&path=/proc/31/net/ HTTP/1.1" 200 18661 "https://pash.pem-web.co.uk/e2dbb/?fm=true&path=/proc/31/net" "Mozilla/5.0 AppleWebKit/537.36 (KHTML, like Gecko; compatible; GPTBot/1.4; +https://openai.com/gptbot)"
74.7.227.149 - - [16/Aug/2026:13:53:25 +0100] "GET /assets/images/49ef30c52eindex.php?filesrc=//proc/17/net/nf_conntrack&path=//proc/17/net HTTP/1.1" 200 1526 "https://www.pash.pem-web.co.uk/assets/images/49ef30c52eindex.php?path=//proc/17/net" "Mozilla/5.0 AppleWebKit/537.36 (KHTML, like Gecko; compatible; GPTBot/1.4; +https://openai.com/gptbot)"
74.7.241.17 - - [16/Aug/2026:13:53:27 +0100] "GET /e2dbb/?edit=rt_cache&fm=true&path=/proc/16/net/ HTTP/1.1" 200 17674 "https://pash.pem-web.co.uk/e2dbb/?fm=true&path=/proc/16/net" "Mozilla/5.0 AppleWebKit/537.36 (KHTML, like Gecko; compatible; GPTBot/1.4; +https://openai.com/gptbot)"
74.7.227.149 - - [16/Aug/2026:13:53:27 +0100] "GET /assets/images/49ef30c52eindex.php?filesrc=//proc/17/net/ip_tables_matches&path=//proc/17/net HTTP/1.1" 200 1531 "https://www.pash.pem-web.co.uk/assets/images/49ef30c52eindex.php?path=//proc/17/net" "Mozilla/5.0 AppleWebKit/537.36 (KHTML, like Gecko; compatible; GPTBot/1.4; +https://openai.com/gptbot)"
74.7.241.17 - - [16/Aug/2026:13:53:29 +0100] "GET /e2dbb/?edit=fib_trie&fm=true&path=/proc/19/net/ HTTP/1.1" 200 18661 "https://pash.pem-web.co.uk/e2dbb/?fm=true&path=/proc/19/net" "Mozilla/5.0 AppleWebKit/537.36 (KHTML, like Gecko; compatible; GPTBot/1.4; +https://openai.com/gptbot)"
74.7.227.149 - - [16/Aug/2026:13:53:29 +0100] "GET /assets/images/49ef30c52eindex.php?filesrc=//proc/18/net/dev_mcast&path=//proc/18/net HTTP/1.1" 200 1707 "https://www.pash.pem-web.co.uk/assets/images/49ef30c52eindex.php?path=//proc/18/net" "Mozilla/5.0 AppleWebKit/537.36 (KHTML, like Gecko; compatible; GPTBot/1.4; +https://openai.com/gptbot)"
74.7.241.17 - - [16/Aug/2026:13:53:31 +0100] "GET /e2dbb/?edit=rt_cache&fm=true&path=/proc/19/net/ HTTP/1.1" 200 17674 "https://pash.pem-web.co.uk/e2dbb/?fm=true&path=/proc/19/net" "Mozilla/5.0 AppleWebKit/537.36 (KHTML, like Gecko; compatible; GPTBot/1.4; +https://openai.com/gptbot)"
74.7.227.149 - - [16/Aug/2026:13:53:32 +0100] "GET /assets/images/49ef30c52eindex.php?filesrc=//proc/18/net/fib_trie&path=//proc/18/net HTTP/1.1" 200 2637 "https://www.pash.pem-web.co.uk/assets/images/49ef30c52eindex.php?path=//proc/18/net" "Mozilla/5.0 AppleWebKit/537.36 (KHTML, like Gecko; compatible; GPTBot/1.4; +https://openai.com/gptbot)"
74.7.241.17 - - [16/Aug/2026:13:53:34 +0100] "GET /e2dbb/?edit=rt_cache&fm=true&path=/proc/14/net/ HTTP/1.1" 200 17674 "https://pash.pem-web.co.uk/e2dbb/?fm=true&path=/proc/14/net" "Mozilla/5.0 AppleWebKit/537.36 (KHTML, like Gecko; compatible; GPTBot/1.4; +https://openai.com/gptbot)"
74.7.227.149 - - [16/Aug/2026:13:53:34 +0100] "GET /assets/images/49ef30c52eindex.php?filesrc=//proc/17/net/ip_mr_vif&path=//proc/17/net HTTP/1.1" 200 1594 "https://www.pash.pem-web.co.uk/assets/images/49ef30c52eindex.php?path=//proc/17/net" "Mozilla/5.0 AppleWebKit/537.36 (KHTML, like Gecko; compatible; GPTBot/1.4; +https://openai.com/gptbot)"
74.7.241.17 - - [16/Aug/2026:13:53:36 +0100] "GET /e2dbb/?edit=fib_trie&fm=true&path=/proc/43/net/ HTTP/1.1" 200 18661 "https://pash.pem-web.co.uk/e2dbb/?fm=true&path=/proc/43/net" "Mozilla/5.0 AppleWebKit/537.36 (KHTML, like Gecko; compatible; GPTBot/1.4; +https://openai.com/gptbot)"
74.7.227.149 - - [16/Aug/2026:13:53:36 +0100] "GET /assets/images/49ef30c52eindex.php?filesrc=//proc/18/net/xfrm_stat&path=//proc/18/net HTTP/1.1" 200 2279 "https://www.pash.pem-web.co.uk/assets/images/49ef30c52eindex.php?path=//proc/18/net" "Mozilla/5.0 AppleWebKit/537.36 (KHTML, like Gecko; compatible; GPTBot/1.4; +https://openai.com/gptbot)"
74.7.241.17 - - [16/Aug/2026:13:53:39 +0100] "GET /e2dbb/?edit=rt_cache&fm=true&path=/proc/35/net/ HTTP/1.1" 200 17674 "https://pash.pem-web.co.uk/e2dbb/?fm=true&path=/proc/35/net" "Mozilla/5.0 AppleWebKit/537.36 (KHTML, like Gecko; compatible; GPTBot/1.4; +https://openai.com/gptbot)"
74.7.227.149 - - [16/Aug/2026:13:53:39 +0100] "GET /assets/images/49ef30c52eindex.php?filesrc=//proc/17/net/fib_trie&path=//proc/17/net HTTP/1.1" 200 2637 "https://www.pash.pem-web.co.uk/assets/images/49ef30c52eindex.php?path=//proc/17/net" "Mozilla/5.0 AppleWebKit/537.36 (KHTML, like Gecko; compatible; GPTBot/1.4; +https://openai.com/gptbot)"
74.7.241.17 - - [16/Aug/2026:13:53:41 +0100] "GET /e2dbb/?edit=rt_cache&fm=true&path=/proc/38/net/ HTTP/1.1" 200 17674 "https://pash.pem-web.co.uk/e2dbb/?fm=true&path=/proc/38/net" "Mozilla/5.0 AppleWebKit/537.36 (KHTML, like Gecko; compatible; GPTBot/1.4; +https://openai.com/gptbot)"
74.7.227.149 - - [16/Aug/2026:13:53:41 +0100] "GET /assets/images/49ef30c52eindex.php?filesrc=//proc/17/net/xfrm_stat&path=//proc/17/net HTTP/1.1" 200 2279 "https://www.pash.pem-web.co.uk/assets/images/49ef30c52eindex.php?path=//proc/17/net" "Mozilla/5.0 AppleWebKit/537.36 (KHTML, like Gecko; compatible; GPTBot/1.4; +https://openai.com/gptbot)"
74.7.241.17 - - [16/Aug/2026:13:53:43 +0100] "GET /e2dbb/?edit=fib_trie&fm=true&path=/proc/10/net/ HTTP/1.1" 200 18661 "https://pash.pem-web.co.uk/e2dbb/?fm=true&path=/proc/10/net" "Mozilla/5.0 AppleWebKit/537.36 (KHTML, like Gecko; compatible; GPTBot/1.4; +https://openai.com/gptbot)"
74.7.227.149 - - [16/Aug/2026:13:53:44 +0100] "GET /assets/images/49ef30c52eindex.php?filesrc=//proc/18/net/ip_mr_vif&path=//proc/18/net HTTP/1.1" 200 1594 "https://www.pash.pem-web.co.uk/assets/images/49ef30c52eindex.php?path=//proc/18/net" "Mozilla/5.0 AppleWebKit/537.36 (KHTML, like Gecko; compatible; GPTBot/1.4; +https://openai.com/gptbot)"
74.7.227.149 - - [16/Aug/2026:13:53:46 +0100] "GET /assets/images/49ef30c52eindex.php?filesrc=//proc/17/net/dev_mcast&path=//proc/17/net HTTP/1.1" 200 1707 "https://www.pash.pem-web.co.uk/assets/images/49ef30c52eindex.php?path=//proc/17/net" "Mozilla/5.0 AppleWebKit/537.36 (KHTML, like Gecko; compatible; GPTBot/1.4; +https://openai.com/gptbot)"
74.7.241.17 - - [16/Aug/2026:13:53:46 +0100] "GET /e2dbb/?edit=fib_trie&fm=true&path=/proc/74/net/ HTTP/1.1" 200 18661 "https://pash.pem-web.co.uk/e2dbb/?fm=true&path=/proc/74/net" "Mozilla/5.0 AppleWebKit/537.36 (KHTML, like Gecko; compatible; GPTBot/1.4; +https://openai.com/gptbot)"
74.7.227.149 - - [16/Aug/2026:13:53:48 +0100] "GET /assets/images/49ef30c52eindex.php?filesrc=//proc/17/net/sockstat6&path=//proc/17/net HTTP/1.1" 200 1608 "https://www.pash.pem-web.co.uk/assets/images/49ef30c52eindex.php?path=//proc/17/net" "Mozilla/5.0 AppleWebKit/537.36 (KHTML, like Gecko; compatible; GPTBot/1.4; +https://openai.com/gptbot)"
74.7.241.17 - - [16/Aug/2026:13:53:49 +0100] "GET /e2dbb/?edit=fib_trie&fm=true&path=/proc/51/net/ HTTP/1.1" 200 18661 "https://pash.pem-web.co.uk/e2dbb/?fm=true&path=/proc/51/net" "Mozilla/5.0 AppleWebKit/537.36 (KHTML, like Gecko; compatible; GPTBot/1.4; +https://openai.com/gptbot)"
74.7.227.149 - - [16/Aug/2026:13:53:51 +0100] "GET /assets/images/49ef30c52eindex.php?filesrc=//proc/18/net/sockstat6&path=//proc/18/net HTTP/1.1" 200 1608 "https://www.pash.pem-web.co.uk/assets/images/49ef30c52eindex.php?path=//proc/18/net" "Mozilla/5.0 AppleWebKit/537.36 (KHTML, like Gecko; compatible; GPTBot/1.4; +https://openai.com/gptbot)"
74.7.241.17 - - [16/Aug/2026:13:53:51 +0100] "GET /e2dbb/?edit=rt_cache&fm=true&path=/proc/31/net/ HTTP/1.1" 200 17674 "https://pash.pem-web.co.uk/e2dbb/?fm=true&path=/proc/31/net" "Mozilla/5.0 AppleWebKit/537.36 (KHTML, like Gecko; compatible; GPTBot/1.4; +https://openai.com/gptbot)"
74.7.227.149 - - [16/Aug/2026:13:53:53 +0100] "GET /assets/images/49ef30c52eindex.php?filesrc=//proc/17/net/rt6_stats&path=//proc/17/net HTTP/1.1" 200 1558 "https://www.pash.pem-web.co.uk/assets/images/49ef30c52eindex.php?path=//proc/17/net" "Mozilla/5.0 AppleWebKit/537.36 (KHTML, like Gecko; compatible; GPTBot/1.4; +https://openai.com/gptbot)"
74.7.241.17 - - [16/Aug/2026:13:53:53 +0100] "GET /e2dbb/?edit=rt_cache&fm=true&path=/proc/74/net/ HTTP/1.1" 200 17674 "https://pash.pem-web.co.uk/e2dbb/?fm=true&path=/proc/74/net" "Mozilla/5.0 AppleWebKit/537.36 (KHTML, like Gecko; compatible; GPTBot/1.4; +https://openai.com/gptbot)"
74.7.227.149 - - [16/Aug/2026:13:53:55 +0100] "GET /assets/images/49ef30c52eindex.php?filesrc=//proc/18/net/icmp6&path=//proc/18/net HTTP/1.1" 200 1685 "https://www.pash.pem-web.co.uk/assets/images/49ef30c52eindex.php?path=//proc/18/net" "Mozilla/5.0 AppleWebKit/537.36 (KHTML, like Gecko; compatible; GPTBot/1.4; +https://openai.com/gptbot)"
74.7.241.17 - - [16/Aug/2026:13:53:56 +0100] "GET /e2dbb/?edit=rt_cache&fm=true&path=/proc/13/net/ HTTP/1.1" 200 17674 "https://pash.pem-web.co.uk/e2dbb/?fm=true&path=/proc/13/net" "Mozilla/5.0 AppleWebKit/537.36 (KHTML, like Gecko; compatible; GPTBot/1.4; +https://openai.com/gptbot)"
74.7.227.149 - - [16/Aug/2026:13:53:57 +0100] "GET /assets/images/49ef30c52eindex.php?filesrc=//proc/17/net/icmp6&path=//proc/17/net HTTP/1.1" 200 1685 "https://www.pash.pem-web.co.uk/assets/images/49ef30c52eindex.php?path=//proc/17/net" "Mozilla/5.0 AppleWebKit/537.36 (KHTML, like Gecko; compatible; GPTBot/1.4; +https://openai.com/gptbot)"
74.7.241.17 - - [16/Aug/2026:13:53:58 +0100] "GET /e2dbb/?edit=fib_trie&fm=true&path=/proc/13/net/ HTTP/1.1" 200 18661 "https://pash.pem-web.co.uk/e2dbb/?fm=true&path=/proc/13/net" "Mozilla/5.0 AppleWebKit/537.36 (KHTML, like Gecko; compatible; GPTBot/1.4; +https://openai.com/gptbot)"
74.7.227.149 - - [16/Aug/2026:13:54:00 +0100] "GET /assets/images/49ef30c52eindex.php?filesrc=//proc/17/net/snmp6&path=//proc/17/net HTTP/1.1" 200 4771 "https://www.pash.pem-web.co.uk/assets/images/49ef30c52eindex.php?path=//proc/17/net" "Mozilla/5.0 AppleWebKit/537.36 (KHTML, like Gecko; compatible; GPTBot/1.4; +https://openai.com/gptbot)"
74.7.241.17 - - [16/Aug/2026:13:54:01 +0100] "GET /e2dbb/?edit=nf_conntrack&fm=true&path=/proc/14/net/ HTTP/1.1" 200 17554 "https://pash.pem-web.co.uk/e2dbb/?fm=true&path=/proc/14/net" "Mozilla/5.0 AppleWebKit/537.36 (KHTML, like Gecko; compatible; GPTBot/1.4; +https://openai.com/gptbot)"
74.7.227.149 - - [16/Aug/2026:13:54:02 +0100] "GET /assets/images/49ef30c52eindex.php?filesrc=//proc/18/net/snmp6&path=//proc/18/net HTTP/1.1" 200 4771 "https://www.pash.pem-web.co.uk/assets/images/49ef30c52eindex.php?path=//proc/18/net" "Mozilla/5.0 AppleWebKit/537.36 (KHTML, like Gecko; compatible; GPTBot/1.4; +https://openai.com/gptbot)"
74.7.241.17 - - [16/Aug/2026:13:54:03 +0100] "GET /e2dbb/?edit=nf_conntrack&fm=true&path=/proc/74/net/ HTTP/1.1" 200 17554 "https://pash.pem-web.co.uk/e2dbb/?fm=true&path=/proc/74/net" "Mozilla/5.0 AppleWebKit/537.36 (KHTML, like Gecko; compatible; GPTBot/1.4; +https://openai.com/gptbot)"
74.7.227.149 - - [16/Aug/2026:13:54:04 +0100] "GET /assets/images/49ef30c52eindex.php?filesrc=//proc/18/net/rt6_stats&path=//proc/18/net HTTP/1.1" 200 1558 "https://www.pash.pem-web.co.uk/assets/images/49ef30c52eindex.php?path=//proc/18/net" "Mozilla/5.0 AppleWebKit/537.36 (KHTML, like Gecko; compatible; GPTBot/1.4; +https://openai.com/gptbot)"
