74.7.241.17 - - [16/Aug/2026:13:09:33 +0100] "GET /e2dbb/?fm=true&path=/proc/14/net/stat HTTP/1.1" 200 24148 "https://pash.pem-web.co.uk/e2dbb/?fm=true&path=/proc/14/net" "Mozilla/5.0 AppleWebKit/537.36 (KHTML, like Gecko; compatible; GPTBot/1.4; +https://openai.com/gptbot)"
23.23.180.225 - - [16/Aug/2026:13:09:33 +0100] "GET /e2dbb/?zip=L2hvbWUvcGVtd2ViY28vcGFzaC5wZW0td2ViLmNvLnVrL2N3ZW5naHQ%3D HTTP/1.1" 200 13582 "-" "Mozilla/5.0 AppleWebKit/537.36 (KHTML, like Gecko; compatible; Amazonbot/0.1; +https://developer.amazon.com/support/amazonbot) Chrome/119.0.6045.214 Safari/537.36"
74.7.227.149 - - [16/Aug/2026:13:09:33 +0100] "GET /assets/images/49ef30c52eindex.php?path=//sys/class/tty/tty18/subsystem/tty/power HTTP/1.1" 200 6137 "https://www.pash.pem-web.co.uk/assets/images/49ef30c52eindex.php?path=//sys/class/tty/tty18/subsystem/tty" "Mozilla/5.0 AppleWebKit/537.36 (KHTML, like Gecko; compatible; GPTBot/1.4; +https://openai.com/gptbot)"
74.7.241.17 - - [16/Aug/2026:13:09:36 +0100] "GET /e2dbb/?fm=true&path=/proc/16/net/stat HTTP/1.1" 200 24148 "https://pash.pem-web.co.uk/e2dbb/?fm=true&path=/proc/16/net" "Mozilla/5.0 AppleWebKit/537.36 (KHTML, like Gecko; compatible; GPTBot/1.4; +https://openai.com/gptbot)"
74.7.227.149 - - [16/Aug/2026:13:09:36 +0100] "GET /assets/images/49ef30c52eindex.php?path=//sys/class/block/sdb/sdb1/subsystem/sdb1 HTTP/1.1" 200 12646 "https://www.pash.pem-web.co.uk/assets/images/49ef30c52eindex.php?path=//sys/class/block/sdb/sdb1/subsystem" "Mozilla/5.0 AppleWebKit/537.36 (KHTML, like Gecko; compatible; GPTBot/1.4; +https://openai.com/gptbot)"
74.7.241.17 - - [16/Aug/2026:13:09:39 +0100] "GET /e2dbb/?fm=true&path=/proc/13/net/stat HTTP/1.1" 200 24148 "https://pash.pem-web.co.uk/e2dbb/?fm=true&path=/proc/13/net" "Mozilla/5.0 AppleWebKit/537.36 (KHTML, like Gecko; compatible; GPTBot/1.4; +https://openai.com/gptbot)"
74.7.227.149 - - [16/Aug/2026:13:09:39 +0100] "GET /assets/images/49ef30c52eindex.php?path=//sys/bus/cpu/devices/cpu1/node0/hugepages HTTP/1.1" 200 3502 "https://www.pash.pem-web.co.uk/assets/images/49ef30c52eindex.php?path=//sys/bus/cpu/devices/cpu1/node0" "Mozilla/5.0 AppleWebKit/537.36 (KHTML, like Gecko; compatible; GPTBot/1.4; +https://openai.com/gptbot)"
74.7.227.149 - - [16/Aug/2026:13:09:41 +0100] "GET /assets/images/49ef30c52eindex.php?path=//sys/class/block/sda/sda1/subsystem/sda1/holders HTTP/1.1" 200 2816 "https://www.pash.pem-web.co.uk/assets/images/49ef30c52eindex.php?path=//sys/class/block/sda/sda1/subsystem/sda1" "Mozilla/5.0 AppleWebKit/537.36 (KHTML, like Gecko; compatible; GPTBot/1.4; +https://openai.com/gptbot)"
74.7.241.17 - - [16/Aug/2026:13:09:41 +0100] "GET /e2dbb/?fm=true&path=/proc/35/net/stat HTTP/1.1" 200 24148 "https://pash.pem-web.co.uk/e2dbb/?fm=true&path=/proc/35/net" "Mozilla/5.0 AppleWebKit/537.36 (KHTML, like Gecko; compatible; GPTBot/1.4; +https://openai.com/gptbot)"
35.174.253.85 - - [16/Aug/2026:13:09:41 +0100] "GET /e2dbb/?zip=L2hvbWUvcGVtd2ViY28vcGFzaC5wZW0td2ViLmNvLnVrL2Z0aXFjdmw%3D HTTP/1.1" 200 13582 "-" "Mozilla/5.0 AppleWebKit/537.36 (KHTML, like Gecko; compatible; Amazonbot/0.1; +https://developer.amazon.com/support/amazonbot) Chrome/119.0.6045.214 Safari/537.36"
74.7.227.149 - - [16/Aug/2026:13:09:43 +0100] "GET /assets/images/49ef30c52eindex.php?path=//sys/class/block/sr0/subsystem/sr0/slaves HTTP/1.1" 200 2038 "https://www.pash.pem-web.co.uk/assets/images/49ef30c52eindex.php?path=//sys/class/block/sr0/subsystem/sr0" "Mozilla/5.0 AppleWebKit/537.36 (KHTML, like Gecko; compatible; GPTBot/1.4; +https://openai.com/gptbot)"
74.7.241.17 - - [16/Aug/2026:13:09:44 +0100] "GET /e2dbb/?fm=true&path=/proc/51/net/stat HTTP/1.1" 200 24148 "https://pash.pem-web.co.uk/e2dbb/?fm=true&path=/proc/51/net" "Mozilla/5.0 AppleWebKit/537.36 (KHTML, like Gecko; compatible; GPTBot/1.4; +https://openai.com/gptbot)"
54.84.147.79 - - [16/Aug/2026:13:09:45 +0100] "GET /e2dbb/?fm=true&path=/home/pemwebco/pash.pem-web.co.uk/&rename=sgyomjv HTTP/1.1" 200 16858 "-" "Mozilla/5.0 AppleWebKit/537.36 (KHTML, like Gecko; compatible; Amazonbot/0.1; +https://developer.amazon.com/support/amazonbot) Chrome/119.0.6045.214 Safari/537.36"
74.7.227.149 - - [16/Aug/2026:13:09:46 +0100] "GET /assets/images/49ef30c52eindex.php?path=//sys/class/ata_port/ata1/subsystem/ata1/power HTTP/1.1" 200 6265 "https://www.pash.pem-web.co.uk/assets/images/49ef30c52eindex.php?path=//sys/class/ata_port/ata1/subsystem/ata1" "Mozilla/5.0 AppleWebKit/537.36 (KHTML, like Gecko; compatible; GPTBot/1.4; +https://openai.com/gptbot)"
74.7.241.17 - - [16/Aug/2026:13:09:46 +0100] "GET /e2dbb/?fm=true&path=/proc/43/net/stat HTTP/1.1" 200 24148 "https://pash.pem-web.co.uk/e2dbb/?fm=true&path=/proc/43/net" "Mozilla/5.0 AppleWebKit/537.36 (KHTML, like Gecko; compatible; GPTBot/1.4; +https://openai.com/gptbot)"
74.7.227.149 - - [16/Aug/2026:13:09:48 +0100] "GET /assets/images/49ef30c52eindex.php?path=//sys/bus/cpu/drivers/processor/cpu2/cache/index0 HTTP/1.1" 200 11275 "https://www.pash.pem-web.co.uk/assets/images/49ef30c52eindex.php?path=//sys/bus/cpu/drivers/processor/cpu2/cache" "Mozilla/5.0 AppleWebKit/537.36 (KHTML, like Gecko; compatible; GPTBot/1.4; +https://openai.com/gptbot)"
74.7.241.17 - - [16/Aug/2026:13:09:49 +0100] "GET /e2dbb/?fm=true&path=/proc/38/net/stat/&rename=arp_cache HTTP/1.1" 200 16814 "https://pash.pem-web.co.uk/e2dbb/?fm=true&path=/proc/38/net/stat" "Mozilla/5.0 AppleWebKit/537.36 (KHTML, like Gecko; compatible; GPTBot/1.4; +https://openai.com/gptbot)"
52.22.64.232 - - [16/Aug/2026:13:09:51 +0100] "GET /e2dbb/?zip=L2hvbWUvcGVtd2ViY28vcGFzaC5wZW0td2ViLmNvLnVrL2pnaGtvbGY%3D HTTP/1.1" 200 13582 "-" "Mozilla/5.0 AppleWebKit/537.36 (KHTML, like Gecko; compatible; Amazonbot/0.1; +https://developer.amazon.com/support/amazonbot) Chrome/119.0.6045.214 Safari/537.36"
74.7.227.149 - - [16/Aug/2026:13:09:51 +0100] "GET /assets/images/49ef30c52eindex.php?path=//sys/class/block/sdb1/subsystem/sdb/sdb1/trace HTTP/1.1" 200 6140 "https://www.pash.pem-web.co.uk/assets/images/49ef30c52eindex.php?path=//sys/class/block/sdb1/subsystem/sdb/sdb1" "Mozilla/5.0 AppleWebKit/537.36 (KHTML, like Gecko; compatible; GPTBot/1.4; +https://openai.com/gptbot)"
74.7.241.17 - - [16/Aug/2026:13:09:51 +0100] "GET /e2dbb/?fm=true&path=/proc/74/net/stat/&rename=rt_cache HTTP/1.1" 200 16812 "https://pash.pem-web.co.uk/e2dbb/?fm=true&path=/proc/74/net/stat" "Mozilla/5.0 AppleWebKit/537.36 (KHTML, like Gecko; compatible; GPTBot/1.4; +https://openai.com/gptbot)"
74.7.227.149 - - [16/Aug/2026:13:09:53 +0100] "GET /assets/images/49ef30c52eindex.php?path=//sys/class/scsi_generic/sg2/subsystem/sg2/power HTTP/1.1" 200 6321 "https://www.pash.pem-web.co.uk/assets/images/49ef30c52eindex.php?path=//sys/class/scsi_generic/sg2/subsystem/sg2" "Mozilla/5.0 AppleWebKit/537.36 (KHTML, like Gecko; compatible; GPTBot/1.4; +https://openai.com/gptbot)"
74.7.241.17 - - [16/Aug/2026:13:09:54 +0100] "GET /e2dbb/?fm=true&path=/proc/19/net/stat/&rename=rt_cache HTTP/1.1" 200 16812 "https://pash.pem-web.co.uk/e2dbb/?fm=true&path=/proc/19/net/stat" "Mozilla/5.0 AppleWebKit/537.36 (KHTML, like Gecko; compatible; GPTBot/1.4; +https://openai.com/gptbot)"
3.229.95.193 - - [16/Aug/2026:13:09:54 +0100] "GET /e2dbb/?gz=L2hvbWUvcGVtd2ViY28vcGFzaC5wZW0td2ViLmNvLnVrL3piZ2xlbm0%3D HTTP/1.1" 200 13582 "-" "Mozilla/5.0 AppleWebKit/537.36 (KHTML, like Gecko; compatible; Amazonbot/0.1; +https://developer.amazon.com/support/amazonbot) Chrome/119.0.6045.214 Safari/537.36"
74.7.227.149 - - [16/Aug/2026:13:09:56 +0100] "GET /assets/images/49ef30c52eindex.php?path=//sys/class/tty/tty/subsystem/tty18/power HTTP/1.1" 200 6133 "https://www.pash.pem-web.co.uk/assets/images/49ef30c52eindex.php?path=//sys/class/tty/tty/subsystem/tty18" "Mozilla/5.0 AppleWebKit/537.36 (KHTML, like Gecko; compatible; GPTBot/1.4; +https://openai.com/gptbot)"
74.7.241.17 - - [16/Aug/2026:13:09:56 +0100] "GET /e2dbb/?fm=true&path=/proc/10/net/stat/&rename=rt_cache HTTP/1.1" 200 16812 "https://pash.pem-web.co.uk/e2dbb/?fm=true&path=/proc/10/net/stat" "Mozilla/5.0 AppleWebKit/537.36 (KHTML, like Gecko; compatible; GPTBot/1.4; +https://openai.com/gptbot)"
18.213.240.226 - - [16/Aug/2026:13:09:57 +0100] "GET /e2dbb/?zip=L2hvbWUvcGVtd2ViY28vcGFzaC5wZW0td2ViLmNvLnVrL2Fla2d4emo%3D HTTP/1.1" 200 13582 "-" "Mozilla/5.0 AppleWebKit/537.36 (KHTML, like Gecko; compatible; Amazonbot/0.1; +https://developer.amazon.com/support/amazonbot) Chrome/119.0.6045.214 Safari/537.36"
74.7.227.149 - - [16/Aug/2026:13:09:58 +0100] "GET /assets/images/49ef30c52eindex.php?path=//sys/class/block/sdb/sdb2/subsystem/loop0/loop HTTP/1.1" 200 6969 "https://www.pash.pem-web.co.uk/assets/images/49ef30c52eindex.php?path=//sys/class/block/sdb/sdb2/subsystem/loop0" "Mozilla/5.0 AppleWebKit/537.36 (KHTML, like Gecko; compatible; GPTBot/1.4; +https://openai.com/gptbot)"
74.7.241.17 - - [16/Aug/2026:13:09:59 +0100] "GET /e2dbb/?fm=true&path=/proc/31/net/stat/&rename=rt_cache HTTP/1.1" 200 16812 "https://pash.pem-web.co.uk/e2dbb/?fm=true&path=/proc/31/net/stat" "Mozilla/5.0 AppleWebKit/537.36 (KHTML, like Gecko; compatible; GPTBot/1.4; +https://openai.com/gptbot)"
74.7.227.149 - - [16/Aug/2026:13:10:00 +0100] "GET /assets/images/49ef30c52eindex.php?path=//sys/bus/cpu/drivers/processor/cpu0/cache/index0 HTTP/1.1" 200 11275 "https://www.pash.pem-web.co.uk/assets/images/49ef30c52eindex.php?path=//sys/bus/cpu/drivers/processor/cpu0/cache" "Mozilla/5.0 AppleWebKit/537.36 (KHTML, like Gecko; compatible; GPTBot/1.4; +https://openai.com/gptbot)"
74.7.241.17 - - [16/Aug/2026:13:10:01 +0100] "GET /e2dbb/?fm=true&path=/proc/14/net/stat/&rename=rt_cache HTTP/1.1" 200 16812 "https://pash.pem-web.co.uk/e2dbb/?fm=true&path=/proc/14/net/stat" "Mozilla/5.0 AppleWebKit/537.36 (KHTML, like Gecko; compatible; GPTBot/1.4; +https://openai.com/gptbot)"
54.92.171.106 - - [16/Aug/2026:13:10:01 +0100] "GET /e2dbb/?gz=L2hvbWUvcGVtd2ViY28vcGFzaC5wZW0td2ViLmNvLnVrL21qeGZoemk%3D HTTP/1.1" 200 13582 "-" "Mozilla/5.0 AppleWebKit/537.36 (KHTML, like Gecko; compatible; Amazonbot/0.1; +https://developer.amazon.com/support/amazonbot) Chrome/119.0.6045.214 Safari/537.36"
74.7.227.149 - - [16/Aug/2026:13:10:03 +0100] "GET /assets/images/49ef30c52eindex.php?path=//sys/class/block/sdb/sdb1/subsystem/sdb1/holders HTTP/1.1" 200 2110 "https://www.pash.pem-web.co.uk/assets/images/49ef30c52eindex.php?path=//sys/class/block/sdb/sdb1/subsystem/sdb1" "Mozilla/5.0 AppleWebKit/537.36 (KHTML, like Gecko; compatible; GPTBot/1.4; +https://openai.com/gptbot)"
74.7.241.17 - - [16/Aug/2026:13:10:04 +0100] "GET /e2dbb/?edit=arp_cache&fm=true&path=/proc/16/net/stat/ HTTP/1.1" 200 25536 "https://pash.pem-web.co.uk/e2dbb/?fm=true&path=/proc/16/net/stat" "Mozilla/5.0 AppleWebKit/537.36 (KHTML, like Gecko; compatible; GPTBot/1.4; +https://openai.com/gptbot)"
74.7.227.149 - - [16/Aug/2026:13:10:05 +0100] "GET /assets/images/49ef30c52eindex.php?path=//sys/class/block/sdb/sdb1/subsystem/sdb1/trace HTTP/1.1" 200 6133 "https://www.pash.pem-web.co.uk/assets/images/49ef30c52eindex.php?path=//sys/class/block/sdb/sdb1/subsystem/sdb1" "Mozilla/5.0 AppleWebKit/537.36 (KHTML, like Gecko; compatible; GPTBot/1.4; +https://openai.com/gptbot)"
34.193.2.57 - - [16/Aug/2026:13:10:07 +0100] "GET /e2dbb/?zip=L2hvbWUvcGVtd2ViY28vcGFzaC5wZW0td2ViLmNvLnVrL3ZiYXJnMW8%3D HTTP/1.1" 200 13582 "-" "Mozilla/5.0 AppleWebKit/537.36 (KHTML, like Gecko; compatible; Amazonbot/0.1; +https://developer.amazon.com/support/amazonbot) Chrome/119.0.6045.214 Safari/537.36"
74.7.241.17 - - [16/Aug/2026:13:10:07 +0100] "GET /e2dbb/?fm=true&path=/proc/16/net/stat/&rename=rt_cache HTTP/1.1" 200 16812 "https://pash.pem-web.co.uk/e2dbb/?fm=true&path=/proc/16/net/stat" "Mozilla/5.0 AppleWebKit/537.36 (KHTML, like Gecko; compatible; GPTBot/1.4; +https://openai.com/gptbot)"
74.7.227.149 - - [16/Aug/2026:13:10:08 +0100] "GET /assets/images/49ef30c52eindex.php?path=//sys/class/tty/tty16/subsystem/tty/power HTTP/1.1" 200 6137 "https://www.pash.pem-web.co.uk/assets/images/49ef30c52eindex.php?path=//sys/class/tty/tty16/subsystem/tty" "Mozilla/5.0 AppleWebKit/537.36 (KHTML, like Gecko; compatible; GPTBot/1.4; +https://openai.com/gptbot)"
74.7.241.17 - - [16/Aug/2026:13:10:09 +0100] "GET /e2dbb/?fm=true&path=/proc/35/net/stat/&rename=rt_cache HTTP/1.1" 200 16812 "https://pash.pem-web.co.uk/e2dbb/?fm=true&path=/proc/35/net/stat" "Mozilla/5.0 AppleWebKit/537.36 (KHTML, like Gecko; compatible; GPTBot/1.4; +https://openai.com/gptbot)"
44.221.37.41 - - [16/Aug/2026:13:10:10 +0100] "GET /e2dbb/?edit=ucexynb.tar.gz&fm=true&path=/home/pemwebco/pash.pem-web.co.uk/e2dbb/ HTTP/1.1" 200 17639 "-" "Mozilla/5.0 AppleWebKit/537.36 (KHTML, like Gecko; compatible; Amazonbot/0.1; +https://developer.amazon.com/support/amazonbot) Chrome/119.0.6045.214 Safari/537.36"
74.7.227.149 - - [16/Aug/2026:13:10:10 +0100] "GET /assets/images/a33746cbebindex.php?path=//lib64/aspell-0.60 HTTP/1.1" 200 58989 "https://www.pash.pem-web.co.uk/assets/images/a33746cbebindex.php?path=//lib64" "Mozilla/5.0 AppleWebKit/537.36 (KHTML, like Gecko; compatible; GPTBot/1.4; +https://openai.com/gptbot)"
74.7.241.17 - - [16/Aug/2026:13:10:12 +0100] "GET /e2dbb/?fm=true&path=/proc/51/net/stat/&rename=rt_cache HTTP/1.1" 200 16812 "https://pash.pem-web.co.uk/e2dbb/?fm=true&path=/proc/51/net/stat" "Mozilla/5.0 AppleWebKit/537.36 (KHTML, like Gecko; compatible; GPTBot/1.4; +https://openai.com/gptbot)"
74.7.227.149 - - [16/Aug/2026:13:10:13 +0100] "GET /assets/images/49ef30c52eindex.php?path=//sys/devices/virtual/block/loop0/subsystem/sr0/mq/0 HTTP/1.1" 200 50716 "https://www.pash.pem-web.co.uk/assets/images/49ef30c52eindex.php?path=//sys/devices/virtual/block/loop0/subsystem/sr0/mq" "Mozilla/5.0 AppleWebKit/537.36 (KHTML, like Gecko; compatible; GPTBot/1.4; +https://openai.com/gptbot)"
74.7.241.17 - - [16/Aug/2026:13:10:14 +0100] "GET /e2dbb/?fm=true&path=/proc/43/net/stat/&rename=rt_cache HTTP/1.1" 200 16812 "https://pash.pem-web.co.uk/e2dbb/?fm=true&path=/proc/43/net/stat" "Mozilla/5.0 AppleWebKit/537.36 (KHTML, like Gecko; compatible; GPTBot/1.4; +https://openai.com/gptbot)"
74.7.227.149 - - [16/Aug/2026:13:10:15 +0100] "GET /assets/images/49ef30c52eindex.php?path=//sys/block/loop0/subsystem/sda1/holders/dm-0/slaves HTTP/1.1" 200 4996 "https://www.pash.pem-web.co.uk/assets/images/49ef30c52eindex.php?path=//sys/block/loop0/subsystem/sda1/holders/dm-0" "Mozilla/5.0 AppleWebKit/537.36 (KHTML, like Gecko; compatible; GPTBot/1.4; +https://openai.com/gptbot)"
18.207.79.144 - - [16/Aug/2026:13:10:16 +0100] "GET /e2dbb/?zip=L2hvbWUvcGVtd2ViY28vcGFzaC5wZW0td2ViLmNvLnVrL2N0bXdibGk%3D HTTP/1.1" 200 13582 "-" "Mozilla/5.0 AppleWebKit/537.36 (KHTML, like Gecko; compatible; Amazonbot/0.1; +https://developer.amazon.com/support/amazonbot) Chrome/119.0.6045.214 Safari/537.36"
74.7.241.17 - - [16/Aug/2026:13:10:17 +0100] "GET /e2dbb/?fm=true&path=/proc/13/net/stat/&rename=rt_cache HTTP/1.1" 200 16812 "https://pash.pem-web.co.uk/e2dbb/?fm=true&path=/proc/13/net/stat" "Mozilla/5.0 AppleWebKit/537.36 (KHTML, like Gecko; compatible; GPTBot/1.4; +https://openai.com/gptbot)"
34.236.135.14 - - [16/Aug/2026:13:10:17 +0100] "GET /e2dbb/?zip=L2hvbWUvcGVtd2ViY28vcGFzaC5wZW0td2ViLmNvLnVrL2dzZWhkbWo%3D HTTP/1.1" 200 13582 "-" "Mozilla/5.0 AppleWebKit/537.36 (KHTML, like Gecko; compatible; Amazonbot/0.1; +https://developer.amazon.com/support/amazonbot) Chrome/119.0.6045.214 Safari/537.36"
74.7.227.149 - - [16/Aug/2026:13:10:18 +0100] "GET /assets/images/49ef30c52eindex.php?path=//sys/block/dm-1/slaves/sdb2/subsystem/sr0/integrity HTTP/1.1" 200 7280 "https://www.pash.pem-web.co.uk/assets/images/49ef30c52eindex.php?path=//sys/block/dm-1/slaves/sdb2/subsystem/sr0" "Mozilla/5.0 AppleWebKit/537.36 (KHTML, like Gecko; compatible; GPTBot/1.4; +https://openai.com/gptbot)"
74.7.241.17 - - [16/Aug/2026:13:10:19 +0100] "GET /e2dbb/?fm=true&path=/proc/19/net/stat/&rename=arp_cache HTTP/1.1" 200 16814 "https://pash.pem-web.co.uk/e2dbb/?fm=true&path=/proc/19/net/stat" "Mozilla/5.0 AppleWebKit/537.36 (KHTML, like Gecko; compatible; GPTBot/1.4; +https://openai.com/gptbot)"
74.7.227.149 - - [16/Aug/2026:13:10:20 +0100] "GET /assets/images/49ef30c52eindex.php?path=//sys/block/dm-0/slaves/sda1/subsystem/loop0/holders HTTP/1.1" 200 2124 "https://www.pash.pem-web.co.uk/assets/images/49ef30c52eindex.php?path=//sys/block/dm-0/slaves/sda1/subsystem/loop0" "Mozilla/5.0 AppleWebKit/537.36 (KHTML, like Gecko; compatible; GPTBot/1.4; +https://openai.com/gptbot)"
18.214.138.148 - - [16/Aug/2026:13:10:21 +0100] "GET /e2dbb/?zip=L2hvbWUvcGVtd2ViY28vcGFzaC5wZW0td2ViLmNvLnVrL3pwa2kxbWg%3D HTTP/1.1" 200 13582 "-" "Mozilla/5.0 AppleWebKit/537.36 (KHTML, like Gecko; compatible; Amazonbot/0.1; +https://developer.amazon.com/support/amazonbot) Chrome/119.0.6045.214 Safari/537.36"
74.7.241.17 - - [16/Aug/2026:13:10:22 +0100] "GET /e2dbb/?fm=true&path=/proc/14/net/stat/&rename=arp_cache HTTP/1.1" 200 16814 "https://pash.pem-web.co.uk/e2dbb/?fm=true&path=/proc/14/net/stat" "Mozilla/5.0 AppleWebKit/537.36 (KHTML, like Gecko; compatible; GPTBot/1.4; +https://openai.com/gptbot)"
74.7.227.149 - - [16/Aug/2026:13:10:23 +0100] "GET /assets/images/49ef30c52eindex.php?path=//sys/block/dm-1/slaves/sdb2/subsystem/loop0/holders HTTP/1.1" 200 2124 "https://www.pash.pem-web.co.uk/assets/images/49ef30c52eindex.php?path=//sys/block/dm-1/slaves/sdb2/subsystem/loop0" "Mozilla/5.0 AppleWebKit/537.36 (KHTML, like Gecko; compatible; GPTBot/1.4; +https://openai.com/gptbot)"
74.7.241.17 - - [16/Aug/2026:13:10:25 +0100] "GET /e2dbb/?fm=true&path=/proc/10/net/stat/ HTTP/1.1" 200 24148 "https://pash.pem-web.co.uk/e2dbb/?fm=true&path=/proc/10/net/stat/&rename=rt_cache" "Mozilla/5.0 AppleWebKit/537.36 (KHTML, like Gecko; compatible; GPTBot/1.4; +https://openai.com/gptbot)"
74.7.227.149 - - [16/Aug/2026:13:10:25 +0100] "GET /assets/images/49ef30c52eindex.php?path=//sys/block/dm-0/slaves/sda1/subsystem/sr0/integrity HTTP/1.1" 200 7280 "https://www.pash.pem-web.co.uk/assets/images/49ef30c52eindex.php?path=//sys/block/dm-0/slaves/sda1/subsystem/sr0" "Mozilla/5.0 AppleWebKit/537.36 (KHTML, like Gecko; compatible; GPTBot/1.4; +https://openai.com/gptbot)"
23.22.105.143 - - [16/Aug/2026:13:10:26 +0100] "GET /e2dbb/?zip=L2hvbWUvcGVtd2ViY28vcGFzaC5wZW0td2ViLmNvLnVrL3hxZGhhajE%3D HTTP/1.1" 200 13582 "-" "Mozilla/5.0 AppleWebKit/537.36 (KHTML, like Gecko; compatible; Amazonbot/0.1; +https://developer.amazon.com/support/amazonbot) Chrome/119.0.6045.214 Safari/537.36"
74.7.241.17 - - [16/Aug/2026:13:10:27 +0100] "GET /e2dbb/?fm=true&path=/proc/43/net/stat/&rename=arp_cache HTTP/1.1" 200 16814 "https://pash.pem-web.co.uk/e2dbb/?fm=true&path=/proc/43/net/stat" "Mozilla/5.0 AppleWebKit/537.36 (KHTML, like Gecko; compatible; GPTBot/1.4; +https://openai.com/gptbot)"
74.7.227.149 - - [16/Aug/2026:13:10:28 +0100] "GET /assets/images/49ef30c52eindex.php?path=//sys/block/loop0/subsystem/dm-0/slaves/sda1/holders HTTP/1.1" 200 2849 "https://www.pash.pem-web.co.uk/assets/images/49ef30c52eindex.php?path=//sys/block/loop0/subsystem/dm-0/slaves/sda1" "Mozilla/5.0 AppleWebKit/537.36 (KHTML, like Gecko; compatible; GPTBot/1.4; +https://openai.com/gptbot)"
3.230.224.6 - - [16/Aug/2026:13:10:29 +0100] "GET /e2dbb/?fm=true&path=/home/pemwebco/pash.pem-web.co.uk/&rename=pzdcjah HTTP/1.1" 200 16858 "-" "Mozilla/5.0 AppleWebKit/537.36 (KHTML, like Gecko; compatible; Amazonbot/0.1; +https://developer.amazon.com/support/amazonbot) Chrome/119.0.6045.214 Safari/537.36"
74.7.241.17 - - [16/Aug/2026:13:10:30 +0100] "GET /e2dbb/?fm=true&path=/proc/51/net/stat/&rename=arp_cache HTTP/1.1" 200 16814 "https://pash.pem-web.co.uk/e2dbb/?fm=true&path=/proc/51/net/stat" "Mozilla/5.0 AppleWebKit/537.36 (KHTML, like Gecko; compatible; GPTBot/1.4; +https://openai.com/gptbot)"
74.7.227.149 - - [16/Aug/2026:13:10:30 +0100] "GET /assets/images/49ef30c52eindex.php?path=//sys/block/dm-0/slaves/sdb3/subsystem/sr0/integrity HTTP/1.1" 200 7280 "https://www.pash.pem-web.co.uk/assets/images/49ef30c52eindex.php?path=//sys/block/dm-0/slaves/sdb3/subsystem/sr0" "Mozilla/5.0 AppleWebKit/537.36 (KHTML, like Gecko; compatible; GPTBot/1.4; +https://openai.com/gptbot)"
74.7.241.17 - - [16/Aug/2026:13:10:32 +0100] "GET /e2dbb/?fm=true&path=/proc/16/net/stat/&rename=arp_cache HTTP/1.1" 200 16814 "https://pash.pem-web.co.uk/e2dbb/?fm=true&path=/proc/16/net/stat" "Mozilla/5.0 AppleWebKit/537.36 (KHTML, like Gecko; compatible; GPTBot/1.4; +https://openai.com/gptbot)"
74.7.227.149 - - [16/Aug/2026:13:10:32 +0100] "GET /assets/images/49ef30c52eindex.php?path=//sys/block/sr0/subsystem/sda1/holders/dm-0/integrity HTTP/1.1" 200 7310 "https://www.pash.pem-web.co.uk/assets/images/49ef30c52eindex.php?path=//sys/block/sr0/subsystem/sda1/holders/dm-0" "Mozilla/5.0 AppleWebKit/537.36 (KHTML, like Gecko; compatible; GPTBot/1.4; +https://openai.com/gptbot)"
3.230.69.161 - - [16/Aug/2026:13:10:33 +0100] "GET /e2dbb/?zip=L2hvbWUvcGVtd2ViY28vcGFzaC5wZW0td2ViLmNvLnVrL3FpdGhmZXM%3D HTTP/1.1" 200 13582 "-" "Mozilla/5.0 AppleWebKit/537.36 (KHTML, like Gecko; compatible; Amazonbot/0.1; +https://developer.amazon.com/support/amazonbot) Chrome/119.0.6045.214 Safari/537.36"
74.7.241.17 - - [16/Aug/2026:13:10:35 +0100] "GET /e2dbb/?fm=true&path=/proc/35/net/stat/&rename=arp_cache HTTP/1.1" 200 16814 "https://pash.pem-web.co.uk/e2dbb/?fm=true&path=/proc/35/net/stat" "Mozilla/5.0 AppleWebKit/537.36 (KHTML, like Gecko; compatible; GPTBot/1.4; +https://openai.com/gptbot)"
74.7.227.149 - - [16/Aug/2026:13:10:35 +0100] "GET /assets/images/49ef30c52eindex.php?path=//sys/block/dm-0/slaves/sda1/subsystem/loop0/integrity HTTP/1.1" 200 7334 "https://www.pash.pem-web.co.uk/assets/images/49ef30c52eindex.php?path=//sys/block/dm-0/slaves/sda1/subsystem/loop0" "Mozilla/5.0 AppleWebKit/537.36 (KHTML, like Gecko; compatible; GPTBot/1.4; +https://openai.com/gptbot)"
74.7.241.17 - - [16/Aug/2026:13:10:37 +0100] "GET /e2dbb/?fm=true&path=/proc/31/net/stat/&rename=arp_cache HTTP/1.1" 200 16814 "https://pash.pem-web.co.uk/e2dbb/?fm=true&path=/proc/31/net/stat" "Mozilla/5.0 AppleWebKit/537.36 (KHTML, like Gecko; compatible; GPTBot/1.4; +https://openai.com/gptbot)"
74.7.227.149 - - [16/Aug/2026:13:10:37 +0100] "GET /assets/images/49ef30c52eindex.php?path=//sys/block/sr0/subsystem/sdb4/holders/dm-0/integrity HTTP/1.1" 200 7310 "https://www.pash.pem-web.co.uk/assets/images/49ef30c52eindex.php?path=//sys/block/sr0/subsystem/sdb4/holders/dm-0" "Mozilla/5.0 AppleWebKit/537.36 (KHTML, like Gecko; compatible; GPTBot/1.4; +https://openai.com/gptbot)"
23.21.250.48 - - [16/Aug/2026:13:10:38 +0100] "GET /e2dbb/?zip=L2hvbWUvcGVtd2ViY28vcGFzaC5wZW0td2ViLmNvLnVrL2hrMWdjdnc%3D HTTP/1.1" 200 13582 "-" "Mozilla/5.0 AppleWebKit/537.36 (KHTML, like Gecko; compatible; Amazonbot/0.1; +https://developer.amazon.com/support/amazonbot) Chrome/119.0.6045.214 Safari/537.36"
74.7.227.149 - - [16/Aug/2026:13:10:40 +0100] "GET /assets/images/49ef30c52eindex.php?path=//sys/devices/virtual/block/loop0/subsystem/sr0/mq/0/cpu17 HTTP/1.1" 200 2304 "https://www.pash.pem-web.co.uk/assets/images/49ef30c52eindex.php?path=//sys/devices/virtual/block/loop0/subsystem/sr0/mq/0" "Mozilla/5.0 AppleWebKit/537.36 (KHTML, like Gecko; compatible; GPTBot/1.4; +https://openai.com/gptbot)"
74.7.241.17 - - [16/Aug/2026:13:10:40 +0100] "GET /e2dbb/?fm=true&path=/proc/10/net/stat/&rename=arp_cache HTTP/1.1" 200 16814 "https://pash.pem-web.co.uk/e2dbb/?fm=true&path=/proc/10/net/stat" "Mozilla/5.0 AppleWebKit/537.36 (KHTML, like Gecko; compatible; GPTBot/1.4; +https://openai.com/gptbot)"
3.213.46.222 - - [16/Aug/2026:13:10:42 +0100] "GET /e2dbb/?zip=L2hvbWUvcGVtd2ViY28vcGFzaC5wZW0td2ViLmNvLnVrL3hzb2VxbnQ%3D HTTP/1.1" 200 13582 "-" "Mozilla/5.0 AppleWebKit/537.36 (KHTML, like Gecko; compatible; Amazonbot/0.1; +https://developer.amazon.com/support/amazonbot) Chrome/119.0.6045.214 Safari/537.36"
74.7.227.149 - - [16/Aug/2026:13:10:42 +0100] "GET /assets/images/49ef30c52eindex.php?path=//sys/block/loop0/subsystem/sda1/holders/dm-0/slaves/sdb4 HTTP/1.1" 200 13665 "https://www.pash.pem-web.co.uk/assets/images/49ef30c52eindex.php?path=//sys/block/loop0/subsystem/sda1/holders/dm-0/slaves" "Mozilla/5.0 AppleWebKit/537.36 (KHTML, like Gecko; compatible; GPTBot/1.4; +https://openai.com/gptbot)"
74.7.241.17 - - [16/Aug/2026:13:10:42 +0100] "GET /e2dbb/?fm=true&path=/proc/13/net/stat/&rename=arp_cache HTTP/1.1" 200 16814 "https://pash.pem-web.co.uk/e2dbb/?fm=true&path=/proc/13/net/stat" "Mozilla/5.0 AppleWebKit/537.36 (KHTML, like Gecko; compatible; GPTBot/1.4; +https://openai.com/gptbot)"
74.7.227.149 - - [16/Aug/2026:13:10:45 +0100] "GET /assets/images/49ef30c52eindex.php?path=//sys/block/loop0/subsystem/sda1/holders/dm-0/slaves/sdb3 HTTP/1.1" 200 13665 "https://www.pash.pem-web.co.uk/assets/images/49ef30c52eindex.php?path=//sys/block/loop0/subsystem/sda1/holders/dm-0/slaves" "Mozilla/5.0 AppleWebKit/537.36 (KHTML, like Gecko; compatible; GPTBot/1.4; +https://openai.com/gptbot)"
74.7.241.17 - - [16/Aug/2026:13:10:45 +0100] "GET /e2dbb/?fm=true&path=/proc/38/net/stat/&rename=rt_cache HTTP/1.1" 200 16812 "https://pash.pem-web.co.uk/e2dbb/?fm=true&path=/proc/38/net/stat" "Mozilla/5.0 AppleWebKit/537.36 (KHTML, like Gecko; compatible; GPTBot/1.4; +https://openai.com/gptbot)"
3.94.156.104 - - [16/Aug/2026:13:10:46 +0100] "GET /e2dbb/?zip=L2hvbWUvcGVtd2ViY28vcGFzaC5wZW0td2ViLmNvLnVrL2pyZ2Vic2M%3D HTTP/1.1" 200 13582 "-" "Mozilla/5.0 AppleWebKit/537.36 (KHTML, like Gecko; compatible; Amazonbot/0.1; +https://developer.amazon.com/support/amazonbot) Chrome/119.0.6045.214 Safari/537.36"
74.7.227.149 - - [16/Aug/2026:13:10:47 +0100] "GET /assets/images/49ef30c52eindex.php?path=//sys/block/loop0/subsystem/sda1/holders/dm-0/slaves/sdb2 HTTP/1.1" 200 13665 "https://www.pash.pem-web.co.uk/assets/images/49ef30c52eindex.php?path=//sys/block/loop0/subsystem/sda1/holders/dm-0/slaves" "Mozilla/5.0 AppleWebKit/537.36 (KHTML, like Gecko; compatible; GPTBot/1.4; +https://openai.com/gptbot)"
74.7.241.17 - - [16/Aug/2026:13:10:48 +0100] "GET /e2dbb/?edit=arp_cache&fm=true&path=/proc/10/net/stat/ HTTP/1.1" 200 25533 "https://pash.pem-web.co.uk/e2dbb/?fm=true&path=/proc/10/net/stat" "Mozilla/5.0 AppleWebKit/537.36 (KHTML, like Gecko; compatible; GPTBot/1.4; +https://openai.com/gptbot)"
34.225.243.131 - - [16/Aug/2026:13:10:50 +0100] "GET /e2dbb/?fm=true&path=/home/pemwebco/pash.pem-web.co.uk/itzspkm HTTP/1.1" 200 22428 "-" "Mozilla/5.0 AppleWebKit/537.36 (KHTML, like Gecko; compatible; Amazonbot/0.1; +https://developer.amazon.com/support/amazonbot) Chrome/119.0.6045.214 Safari/537.36"
74.7.227.149 - - [16/Aug/2026:13:10:50 +0100] "GET /assets/images/49ef30c52eindex.php?path=//sys/devices/virtual/block/loop0/subsystem/sr0/mq/0/cpu2 HTTP/1.1" 200 2302 "https://www.pash.pem-web.co.uk/assets/images/49ef30c52eindex.php?path=//sys/devices/virtual/block/loop0/subsystem/sr0/mq/0" "Mozilla/5.0 AppleWebKit/537.36 (KHTML, like Gecko; compatible; GPTBot/1.4; +https://openai.com/gptbot)"
74.7.241.17 - - [16/Aug/2026:13:10:50 +0100] "GET /e2dbb/?fm=true&path=/proc/10/net/stat/&rights=rt_cache HTTP/1.1" 200 16805 "https://pash.pem-web.co.uk/e2dbb/?fm=true&path=/proc/10/net/stat" "Mozilla/5.0 AppleWebKit/537.36 (KHTML, like Gecko; compatible; GPTBot/1.4; +https://openai.com/gptbot)"
74.7.227.149 - - [16/Aug/2026:13:10:52 +0100] "GET /assets/images/49ef30c52eindex.php?path=//sys/devices/virtual/block/loop0/subsystem/sr0/mq/0/cpu5 HTTP/1.1" 200 2302 "https://www.pash.pem-web.co.uk/assets/images/49ef30c52eindex.php?path=//sys/devices/virtual/block/loop0/subsystem/sr0/mq/0" "Mozilla/5.0 AppleWebKit/537.36 (KHTML, like Gecko; compatible; GPTBot/1.4; +https://openai.com/gptbot)"
74.7.241.17 - - [16/Aug/2026:13:10:53 +0100] "GET /e2dbb/?fm=true&path=/proc/31/net/stat/&rights=rt_cache HTTP/1.1" 200 16805 "https://pash.pem-web.co.uk/e2dbb/?fm=true&path=/proc/31/net/stat" "Mozilla/5.0 AppleWebKit/537.36 (KHTML, like Gecko; compatible; GPTBot/1.4; +https://openai.com/gptbot)"
23.21.148.226 - - [16/Aug/2026:13:10:54 +0100] "GET /e2dbb/?edit=siogduv.zip&fm=true&path=/home/pemwebco/pash.pem-web.co.uk/e2dbb/ HTTP/1.1" 200 17633 "-" "Mozilla/5.0 AppleWebKit/537.36 (KHTML, like Gecko; compatible; Amazonbot/0.1; +https://developer.amazon.com/support/amazonbot) Chrome/119.0.6045.214 Safari/537.36"
74.7.227.149 - - [16/Aug/2026:13:10:55 +0100] "GET /assets/images/49ef30c52eindex.php?path=//sys/devices/virtual/block/loop0/subsystem/sr0/mq/0/cpu1 HTTP/1.1" 200 2302 "https://www.pash.pem-web.co.uk/assets/images/49ef30c52eindex.php?path=//sys/devices/virtual/block/loop0/subsystem/sr0/mq/0" "Mozilla/5.0 AppleWebKit/537.36 (KHTML, like Gecko; compatible; GPTBot/1.4; +https://openai.com/gptbot)"
74.7.241.17 - - [16/Aug/2026:13:10:56 +0100] "GET /e2dbb/?fm=true&path=/proc/13/net/stat/&rights=rt_cache HTTP/1.1" 200 16805 "https://pash.pem-web.co.uk/e2dbb/?fm=true&path=/proc/13/net/stat" "Mozilla/5.0 AppleWebKit/537.36 (KHTML, like Gecko; compatible; GPTBot/1.4; +https://openai.com/gptbot)"
74.7.227.149 - - [16/Aug/2026:13:10:57 +0100] "GET /assets/images/49ef30c52eindex.php?path=//sys/devices/virtual/block/loop0/subsystem/sr0/mq/0/cpu3 HTTP/1.1" 200 2302 "https://www.pash.pem-web.co.uk/assets/images/49ef30c52eindex.php?path=//sys/devices/virtual/block/loop0/subsystem/sr0/mq/0" "Mozilla/5.0 AppleWebKit/537.36 (KHTML, like Gecko; compatible; GPTBot/1.4; +https://openai.com/gptbot)"
44.212.131.50 - - [16/Aug/2026:13:10:58 +0100] "GET /e2dbb/?fm=true&path=/home/pemwebco/pash.pem-web.co.uk/&rename=cwxuoij HTTP/1.1" 200 16858 "-" "Mozilla/5.0 AppleWebKit/537.36 (KHTML, like Gecko; compatible; Amazonbot/0.1; +https://developer.amazon.com/support/amazonbot) Chrome/119.0.6045.214 Safari/537.36"
74.7.241.17 - - [16/Aug/2026:13:10:58 +0100] "GET /e2dbb/?fm=true&path=/proc/35/net/stat/&rights=arp_cache HTTP/1.1" 200 16807 "https://pash.pem-web.co.uk/e2dbb/?fm=true&path=/proc/35/net/stat" "Mozilla/5.0 AppleWebKit/537.36 (KHTML, like Gecko; compatible; GPTBot/1.4; +https://openai.com/gptbot)"
74.7.227.149 - - [16/Aug/2026:13:11:00 +0100] "GET /assets/images/49ef30c52eindex.php?path=//sys/devices/virtual/block/loop0/subsystem/sr0/mq/0/cpu7 HTTP/1.1" 200 2302 "https://www.pash.pem-web.co.uk/assets/images/49ef30c52eindex.php?path=//sys/devices/virtual/block/loop0/subsystem/sr0/mq/0" "Mozilla/5.0 AppleWebKit/537.36 (KHTML, like Gecko; compatible; GPTBot/1.4; +https://openai.com/gptbot)"
74.7.241.17 - - [16/Aug/2026:13:11:01 +0100] "GET /e2dbb/?edit=arp_cache&fm=true&path=/proc/35/net/stat/ HTTP/1.1" 200 25533 "https://pash.pem-web.co.uk/e2dbb/?fm=true&path=/proc/35/net/stat" "Mozilla/5.0 AppleWebKit/537.36 (KHTML, like Gecko; compatible; GPTBot/1.4; +https://openai.com/gptbot)"
18.205.213.231 - - [16/Aug/2026:13:11:02 +0100] "GET /e2dbb/?zip=L2hvbWUvcGVtd2ViY28vcGFzaC5wZW0td2ViLmNvLnVrL3NnaWpxcHY%3D HTTP/1.1" 200 13582 "-" "Mozilla/5.0 AppleWebKit/537.36 (KHTML, like Gecko; compatible; Amazonbot/0.1; +https://developer.amazon.com/support/amazonbot) Chrome/119.0.6045.214 Safari/537.36"
74.7.227.149 - - [16/Aug/2026:13:11:02 +0100] "GET /assets/images/49ef30c52eindex.php?path=//sys/devices/virtual/block/loop0/subsystem/sr0/mq/0/cpu0 HTTP/1.1" 200 2302 "https://www.pash.pem-web.co.uk/assets/images/49ef30c52eindex.php?path=//sys/devices/virtual/block/loop0/subsystem/sr0/mq/0" "Mozilla/5.0 AppleWebKit/537.36 (KHTML, like Gecko; compatible; GPTBot/1.4; +https://openai.com/gptbot)"
74.7.241.17 - - [16/Aug/2026:13:11:03 +0100] "GET /e2dbb/?edit=arp_cache&fm=true&path=/proc/14/net/stat/ HTTP/1.1" 200 25533 "https://pash.pem-web.co.uk/e2dbb/?fm=true&path=/proc/14/net/stat" "Mozilla/5.0 AppleWebKit/537.36 (KHTML, like Gecko; compatible; GPTBot/1.4; +https://openai.com/gptbot)"
74.7.227.149 - - [16/Aug/2026:13:11:05 +0100] "GET /assets/images/49ef30c52eindex.php?path=//sys/devices/virtual/block/loop0/subsystem/sr0/mq/0/cpu8 HTTP/1.1" 200 2302 "https://www.pash.pem-web.co.uk/assets/images/49ef30c52eindex.php?path=//sys/devices/virtual/block/loop0/subsystem/sr0/mq/0" "Mozilla/5.0 AppleWebKit/537.36 (KHTML, like Gecko; compatible; GPTBot/1.4; +https://openai.com/gptbot)"
74.7.241.17 - - [16/Aug/2026:13:11:06 +0100] "GET /e2dbb/?fm=true&path=/proc/74/net/stat/&rename=arp_cache HTTP/1.1" 200 16814 "https://pash.pem-web.co.uk/e2dbb/?fm=true&path=/proc/74/net/stat" "Mozilla/5.0 AppleWebKit/537.36 (KHTML, like Gecko; compatible; GPTBot/1.4; +https://openai.com/gptbot)"
3.222.190.107 - - [16/Aug/2026:13:11:06 +0100] "GET /e2dbb/?zip=L2hvbWUvcGVtd2ViY28vcGFzaC5wZW0td2ViLmNvLnVrL2JvbmhycWo%3D HTTP/1.1" 200 13582 "-" "Mozilla/5.0 AppleWebKit/537.36 (KHTML, like Gecko; compatible; Amazonbot/0.1; +https://developer.amazon.com/support/amazonbot) Chrome/119.0.6045.214 Safari/537.36"
74.7.227.149 - - [16/Aug/2026:13:11:07 +0100] "GET /assets/images/49ef30c52eindex.php?path=//sys/devices/virtual/block/loop0/subsystem/sr0/mq/0/cpu6 HTTP/1.1" 200 2302 "https://www.pash.pem-web.co.uk/assets/images/49ef30c52eindex.php?path=//sys/devices/virtual/block/loop0/subsystem/sr0/mq/0" "Mozilla/5.0 AppleWebKit/537.36 (KHTML, like Gecko; compatible; GPTBot/1.4; +https://openai.com/gptbot)"
74.7.241.17 - - [16/Aug/2026:13:11:08 +0100] "GET /e2dbb/?edit=arp_cache&fm=true&path=/proc/74/net/stat/ HTTP/1.1" 200 25533 "https://pash.pem-web.co.uk/e2dbb/?fm=true&path=/proc/74/net/stat" "Mozilla/5.0 AppleWebKit/537.36 (KHTML, like Gecko; compatible; GPTBot/1.4; +https://openai.com/gptbot)"
74.7.227.149 - - [16/Aug/2026:13:11:10 +0100] "GET /assets/images/49ef30c52eindex.php?path=//sys/block/loop0/subsystem/sda1/holders/dm-0/slaves/sdb4/trace HTTP/1.1" 200 6656 "https://www.pash.pem-web.co.uk/assets/images/49ef30c52eindex.php?path=//sys/block/loop0/subsystem/sda1/holders/dm-0/slaves/sdb4" "Mozilla/5.0 AppleWebKit/537.36 (KHTML, like Gecko; compatible; GPTBot/1.4; +https://openai.com/gptbot)"
3.213.213.161 - - [16/Aug/2026:13:11:10 +0100] "GET /e2dbb/?zip=L2hvbWUvcGVtd2ViY28vcGFzaC5wZW0td2ViLmNvLnVrL2Nkd2tnZnY%3D HTTP/1.1" 200 13582 "-" "Mozilla/5.0 AppleWebKit/537.36 (KHTML, like Gecko; compatible; Amazonbot/0.1; +https://developer.amazon.com/support/amazonbot) Chrome/119.0.6045.214 Safari/537.36"
74.7.241.17 - - [16/Aug/2026:13:11:11 +0100] "GET /e2dbb/?edit=arp_cache&fm=true&path=/proc/43/net/stat/ HTTP/1.1" 200 25533 "https://pash.pem-web.co.uk/e2dbb/?fm=true&path=/proc/43/net/stat" "Mozilla/5.0 AppleWebKit/537.36 (KHTML, like Gecko; compatible; GPTBot/1.4; +https://openai.com/gptbot)"
74.7.227.149 - - [16/Aug/2026:13:11:12 +0100] "GET /assets/images/49ef30c52eindex.php?path=//sys/block/loop0/subsystem/sda1/holders/dm-0/slaves/sdb3/trace HTTP/1.1" 200 6656 "https://www.pash.pem-web.co.uk/assets/images/49ef30c52eindex.php?path=//sys/block/loop0/subsystem/sda1/holders/dm-0/slaves/sdb3" "Mozilla/5.0 AppleWebKit/537.36 (KHTML, like Gecko; compatible; GPTBot/1.4; +https://openai.com/gptbot)"
74.7.241.17 - - [16/Aug/2026:13:11:14 +0100] "GET /e2dbb/?edit=arp_cache&fm=true&path=/proc/51/net/stat/ HTTP/1.1" 200 25533 "https://pash.pem-web.co.uk/e2dbb/?fm=true&path=/proc/51/net/stat" "Mozilla/5.0 AppleWebKit/537.36 (KHTML, like Gecko; compatible; GPTBot/1.4; +https://openai.com/gptbot)"
34.206.212.24 - - [16/Aug/2026:13:11:14 +0100] "GET /e2dbb/?edit=eioyfmu.tar.gz&fm=true&path=/home/pemwebco/pash.pem-web.co.uk/e2dbb/ HTTP/1.1" 200 17639 "-" "Mozilla/5.0 AppleWebKit/537.36 (KHTML, like Gecko; compatible; Amazonbot/0.1; +https://developer.amazon.com/support/amazonbot) Chrome/119.0.6045.214 Safari/537.36"
74.7.227.149 - - [16/Aug/2026:13:11:15 +0100] "GET /assets/images/49ef30c52eindex.php?path=//sys/block/loop0/subsystem/sda1/holders/dm-0/slaves/sdb2/trace HTTP/1.1" 200 6656 "https://www.pash.pem-web.co.uk/assets/images/49ef30c52eindex.php?path=//sys/block/loop0/subsystem/sda1/holders/dm-0/slaves/sdb2" "Mozilla/5.0 AppleWebKit/537.36 (KHTML, like Gecko; compatible; GPTBot/1.4; +https://openai.com/gptbot)"
74.7.241.17 - - [16/Aug/2026:13:11:16 +0100] "GET /e2dbb/?edit=arp_cache&fm=true&path=/proc/19/net/stat/ HTTP/1.1" 200 25533 "https://pash.pem-web.co.uk/e2dbb/?fm=true&path=/proc/19/net/stat" "Mozilla/5.0 AppleWebKit/537.36 (KHTML, like Gecko; compatible; GPTBot/1.4; +https://openai.com/gptbot)"
74.7.227.149 - - [16/Aug/2026:13:11:17 +0100] "GET /assets/images/49ef30c52eindex.php?path=//sys/block/loop0/subsystem/sda1/holders/dm-0/slaves/sdb4/power HTTP/1.1" 200 6852 "https://www.pash.pem-web.co.uk/assets/images/49ef30c52eindex.php?path=//sys/block/loop0/subsystem/sda1/holders/dm-0/slaves/sdb4" "Mozilla/5.0 AppleWebKit/537.36 (KHTML, like Gecko; compatible; GPTBot/1.4; +https://openai.com/gptbot)"
184.73.47.24 - - [16/Aug/2026:13:11:18 +0100] "GET /e2dbb/?gz=L2hvbWUvcGVtd2ViY28vcGFzaC5wZW0td2ViLmNvLnVrL3JobjFxYno%3D HTTP/1.1" 200 13582 "-" "Mozilla/5.0 AppleWebKit/537.36 (KHTML, like Gecko; compatible; Amazonbot/0.1; +https://developer.amazon.com/support/amazonbot) Chrome/119.0.6045.214 Safari/537.36"
74.7.241.17 - - [16/Aug/2026:13:11:18 +0100] "GET /e2dbb/?edit=arp_cache&fm=true&path=/proc/13/net/stat/ HTTP/1.1" 200 25533 "https://pash.pem-web.co.uk/e2dbb/?fm=true&path=/proc/13/net/stat" "Mozilla/5.0 AppleWebKit/537.36 (KHTML, like Gecko; compatible; GPTBot/1.4; +https://openai.com/gptbot)"
74.7.227.149 - - [16/Aug/2026:13:11:19 +0100] "GET /assets/images/49ef30c52eindex.php?path=//sys/block/loop0/subsystem/sda1/holders/dm-0/slaves/sdb3/power HTTP/1.1" 200 6852 "https://www.pash.pem-web.co.uk/assets/images/49ef30c52eindex.php?path=//sys/block/loop0/subsystem/sda1/holders/dm-0/slaves/sdb3" "Mozilla/5.0 AppleWebKit/537.36 (KHTML, like Gecko; compatible; GPTBot/1.4; +https://openai.com/gptbot)"
74.7.241.17 - - [16/Aug/2026:13:11:21 +0100] "GET /e2dbb/?edit=arp_cache&fm=true&path=/proc/31/net/stat/ HTTP/1.1" 200 25533 "https://pash.pem-web.co.uk/e2dbb/?fm=true&path=/proc/31/net/stat" "Mozilla/5.0 AppleWebKit/537.36 (KHTML, like Gecko; compatible; GPTBot/1.4; +https://openai.com/gptbot)"
52.200.58.199 - - [16/Aug/2026:13:11:21 +0100] "GET /e2dbb/?edit=yfzxqdn.tar&fm=true&path=/home/pemwebco/pash.pem-web.co.uk/e2dbb/ HTTP/1.1" 200 17633 "-" "Mozilla/5.0 AppleWebKit/537.36 (KHTML, like Gecko; compatible; Amazonbot/0.1; +https://developer.amazon.com/support/amazonbot) Chrome/119.0.6045.214 Safari/537.36"
74.7.227.149 - - [16/Aug/2026:13:11:22 +0100] "GET /assets/images/49ef30c52eindex.php?path=//sys/block/loop0/subsystem/sda1/holders/dm-0/slaves/sdb2/power HTTP/1.1" 200 6852 "https://www.pash.pem-web.co.uk/assets/images/49ef30c52eindex.php?path=//sys/block/loop0/subsystem/sda1/holders/dm-0/slaves/sdb2" "Mozilla/5.0 AppleWebKit/537.36 (KHTML, like Gecko; compatible; GPTBot/1.4; +https://openai.com/gptbot)"
74.7.241.17 - - [16/Aug/2026:13:11:23 +0100] "GET /e2dbb/?edit=arp_cache&fm=true&path=/proc/38/net/stat/ HTTP/1.1" 200 25533 "https://pash.pem-web.co.uk/e2dbb/?fm=true&path=/proc/38/net/stat" "Mozilla/5.0 AppleWebKit/537.36 (KHTML, like Gecko; compatible; GPTBot/1.4; +https://openai.com/gptbot)"
74.7.227.149 - - [16/Aug/2026:13:11:24 +0100] "GET /assets/images/49ef30c52eindex.php?path=//sys/devices/virtual/block/loop0/subsystem/sr0/mq/0/cpu4 HTTP/1.1" 200 2302 "https://www.pash.pem-web.co.uk/assets/images/49ef30c52eindex.php?path=//sys/devices/virtual/block/loop0/subsystem/sr0/mq/0" "Mozilla/5.0 AppleWebKit/537.36 (KHTML, like Gecko; compatible; GPTBot/1.4; +https://openai.com/gptbot)"
74.7.241.17 - - [16/Aug/2026:13:11:26 +0100] "GET /e2dbb/?fm=true&path=/proc/74/net/stat/&rights=rt_cache HTTP/1.1" 200 16805 "https://pash.pem-web.co.uk/e2dbb/?fm=true&path=/proc/74/net/stat" "Mozilla/5.0 AppleWebKit/537.36 (KHTML, like Gecko; compatible; GPTBot/1.4; +https://openai.com/gptbot)"
52.44.229.124 - - [16/Aug/2026:13:11:26 +0100] "GET /e2dbb/?fm=true&path=/home/pemwebco/pash.pem-web.co.uk/&rename=nwuykzm HTTP/1.1" 200 16858 "-" "Mozilla/5.0 AppleWebKit/537.36 (KHTML, like Gecko; compatible; Amazonbot/0.1; +https://developer.amazon.com/support/amazonbot) Chrome/119.0.6045.214 Safari/537.36"
74.7.227.149 - - [16/Aug/2026:13:11:27 +0100] "GET /assets/images/49ef30c52eindex.php?path=//sys/devices/virtual/block/loop0/subsystem/sr0/mq/0/cpu9 HTTP/1.1" 200 2302 "https://www.pash.pem-web.co.uk/assets/images/49ef30c52eindex.php?path=//sys/devices/virtual/block/loop0/subsystem/sr0/mq/0" "Mozilla/5.0 AppleWebKit/537.36 (KHTML, like Gecko; compatible; GPTBot/1.4; +https://openai.com/gptbot)"
74.7.241.17 - - [16/Aug/2026:13:11:28 +0100] "GET /e2dbb/?fm=true&path=/proc/16/net/stat/&rights=rt_cache HTTP/1.1" 200 16805 "https://pash.pem-web.co.uk/e2dbb/?fm=true&path=/proc/16/net/stat" "Mozilla/5.0 AppleWebKit/537.36 (KHTML, like Gecko; compatible; GPTBot/1.4; +https://openai.com/gptbot)"
74.7.227.149 - - [16/Aug/2026:13:11:29 +0100] "GET /assets/images/49ef30c52eindex.php?path=//sys/block/dm-0/slaves/sdb2/subsystem/sr0/integrity HTTP/1.1" 200 7280 "https://www.pash.pem-web.co.uk/assets/images/49ef30c52eindex.php?path=//sys/block/dm-0/slaves/sdb2/subsystem/sr0" "Mozilla/5.0 AppleWebKit/537.36 (KHTML, like Gecko; compatible; GPTBot/1.4; +https://openai.com/gptbot)"
54.157.99.244 - - [16/Aug/2026:13:11:29 +0100] "GET /e2dbb/?fm=true&path=/home/pemwebco/pash.pem-web.co.uk/&rename=qdfmgez HTTP/1.1" 200 16858 "-" "Mozilla/5.0 AppleWebKit/537.36 (KHTML, like Gecko; compatible; Amazonbot/0.1; +https://developer.amazon.com/support/amazonbot) Chrome/119.0.6045.214 Safari/537.36"
74.7.241.17 - - [16/Aug/2026:13:11:31 +0100] "GET /e2dbb/?fm=true&path=/proc/14/net/stat/&rights=rt_cache HTTP/1.1" 200 16805 "https://pash.pem-web.co.uk/e2dbb/?fm=true&path=/proc/14/net/stat" "Mozilla/5.0 AppleWebKit/537.36 (KHTML, like Gecko; compatible; GPTBot/1.4; +https://openai.com/gptbot)"
74.7.227.149 - - [16/Aug/2026:13:11:31 +0100] "GET /assets/images/49ef30c52eindex.php?path=//sys/block/sr0/subsystem/sdb2/holders/dm-0/integrity HTTP/1.1" 200 7310 "https://www.pash.pem-web.co.uk/assets/images/49ef30c52eindex.php?path=//sys/block/sr0/subsystem/sdb2/holders/dm-0" "Mozilla/5.0 AppleWebKit/537.36 (KHTML, like Gecko; compatible; GPTBot/1.4; +https://openai.com/gptbot)"
74.7.241.17 - - [16/Aug/2026:13:11:33 +0100] "GET /e2dbb/?fm=true&path=/proc/43/net/stat/&rights=rt_cache HTTP/1.1" 200 16805 "https://pash.pem-web.co.uk/e2dbb/?fm=true&path=/proc/43/net/stat" "Mozilla/5.0 AppleWebKit/537.36 (KHTML, like Gecko; compatible; GPTBot/1.4; +https://openai.com/gptbot)"
34.231.156.59 - - [16/Aug/2026:13:11:33 +0100] "GET /e2dbb/?edit=wdjacsr.tar.gz&fm=true&path=/home/pemwebco/pash.pem-web.co.uk/e2dbb/ HTTP/1.1" 200 17639 "-" "Mozilla/5.0 AppleWebKit/537.36 (KHTML, like Gecko; compatible; Amazonbot/0.1; +https://developer.amazon.com/support/amazonbot) Chrome/119.0.6045.214 Safari/537.36"
74.7.227.149 - - [16/Aug/2026:13:11:34 +0100] "GET /assets/images/49ef30c52eindex.php?path=//sys/block/dm-0/slaves/sdb2/subsystem/loop0/integrity HTTP/1.1" 200 7334 "https://www.pash.pem-web.co.uk/assets/images/49ef30c52eindex.php?path=//sys/block/dm-0/slaves/sdb2/subsystem/loop0" "Mozilla/5.0 AppleWebKit/537.36 (KHTML, like Gecko; compatible; GPTBot/1.4; +https://openai.com/gptbot)"
74.7.241.17 - - [16/Aug/2026:13:11:36 +0100] "GET /e2dbb/?fm=true&path=/proc/38/net/stat/&rights=rt_cache HTTP/1.1" 200 16805 "https://pash.pem-web.co.uk/e2dbb/?fm=true&path=/proc/38/net/stat" "Mozilla/5.0 AppleWebKit/537.36 (KHTML, like Gecko; compatible; GPTBot/1.4; +https://openai.com/gptbot)"
74.7.227.149 - - [16/Aug/2026:13:11:36 +0100] "GET /assets/images/49ef30c52eindex.php?path=//sys/block/dm-0/slaves/sdb4/subsystem/sr0/integrity HTTP/1.1" 200 7280 "https://www.pash.pem-web.co.uk/assets/images/49ef30c52eindex.php?path=//sys/block/dm-0/slaves/sdb4/subsystem/sr0" "Mozilla/5.0 AppleWebKit/537.36 (KHTML, like Gecko; compatible; GPTBot/1.4; +https://openai.com/gptbot)"
74.7.241.17 - - [16/Aug/2026:13:11:38 +0100] "GET /e2dbb/?fm=true&path=/proc/19/net/stat/&rights=rt_cache HTTP/1.1" 200 16805 "https://pash.pem-web.co.uk/e2dbb/?fm=true&path=/proc/19/net/stat" "Mozilla/5.0 AppleWebKit/537.36 (KHTML, like Gecko; compatible; GPTBot/1.4; +https://openai.com/gptbot)"
74.7.227.149 - - [16/Aug/2026:13:11:39 +0100] "GET /assets/images/49ef30c52eindex.php?path=//sys/block/loop0/subsystem/sdb2/holders/dm-1/slaves HTTP/1.1" 200 2851 "https://www.pash.pem-web.co.uk/assets/images/49ef30c52eindex.php?path=//sys/block/loop0/subsystem/sdb2/holders/dm-1" "Mozilla/5.0 AppleWebKit/537.36 (KHTML, like Gecko; compatible; GPTBot/1.4; +https://openai.com/gptbot)"
74.7.241.17 - - [16/Aug/2026:13:11:41 +0100] "GET /e2dbb/?fm=true&path=/proc/51/net/stat/&rights=rt_cache HTTP/1.1" 200 16805 "https://pash.pem-web.co.uk/e2dbb/?fm=true&path=/proc/51/net/stat" "Mozilla/5.0 AppleWebKit/537.36 (KHTML, like Gecko; compatible; GPTBot/1.4; +https://openai.com/gptbot)"
74.7.227.149 - - [16/Aug/2026:13:11:41 +0100] "GET /assets/images/49ef30c52eindex.php?path=//sys/block/loop0/subsystem/dm-1/slaves/sdb2/holders HTTP/1.1" 200 3564 "https://www.pash.pem-web.co.uk/assets/images/49ef30c52eindex.php?path=//sys/block/loop0/subsystem/dm-1/slaves/sdb2" "Mozilla/5.0 AppleWebKit/537.36 (KHTML, like Gecko; compatible; GPTBot/1.4; +https://openai.com/gptbot)"
74.7.241.17 - - [16/Aug/2026:13:11:44 +0100] "GET /e2dbb/?fm=true&path=/proc/35/net/stat/&rights=rt_cache HTTP/1.1" 200 16805 "https://pash.pem-web.co.uk/e2dbb/?fm=true&path=/proc/35/net/stat" "Mozilla/5.0 AppleWebKit/537.36 (KHTML, like Gecko; compatible; GPTBot/1.4; +https://openai.com/gptbot)"
74.7.227.149 - - [16/Aug/2026:13:11:44 +0100] "GET /assets/images/49ef30c52eindex.php?path=//sys/block/sr0/subsystem/sdb3/holders/dm-0/integrity HTTP/1.1" 200 7310 "https://www.pash.pem-web.co.uk/assets/images/49ef30c52eindex.php?path=//sys/block/sr0/subsystem/sdb3/holders/dm-0" "Mozilla/5.0 AppleWebKit/537.36 (KHTML, like Gecko; compatible; GPTBot/1.4; +https://openai.com/gptbot)"
74.7.241.17 - - [16/Aug/2026:13:11:46 +0100] "GET /e2dbb/?edit=ndisc_cache&fm=true&path=/proc/14/net/stat/ HTTP/1.1" 200 25537 "https://pash.pem-web.co.uk/e2dbb/?fm=true&path=/proc/14/net/stat" "Mozilla/5.0 AppleWebKit/537.36 (KHTML, like Gecko; compatible; GPTBot/1.4; +https://openai.com/gptbot)"
74.7.227.149 - - [16/Aug/2026:13:11:46 +0100] "GET /assets/images/49ef30c52eindex.php?path=//sys/block/sr0/subsystem/sdb2/holders/dm-1/integrity HTTP/1.1" 200 7310 "https://www.pash.pem-web.co.uk/assets/images/49ef30c52eindex.php?path=//sys/block/sr0/subsystem/sdb2/holders/dm-1" "Mozilla/5.0 AppleWebKit/537.36 (KHTML, like Gecko; compatible; GPTBot/1.4; +https://openai.com/gptbot)"
74.7.227.149 - - [16/Aug/2026:13:11:49 +0100] "GET /assets/images/49ef30c52eindex.php?path=//sys/block/dm-0/slaves/sdb3/subsystem/loop0/integrity HTTP/1.1" 200 7334 "https://www.pash.pem-web.co.uk/assets/images/49ef30c52eindex.php?path=//sys/block/dm-0/slaves/sdb3/subsystem/loop0" "Mozilla/5.0 AppleWebKit/537.36 (KHTML, like Gecko; compatible; GPTBot/1.4; +https://openai.com/gptbot)"
74.7.241.17 - - [16/Aug/2026:13:11:49 +0100] "GET /e2dbb/?fm=true&path=/proc/16/net/stat/&rights=arp_cache HTTP/1.1" 200 16807 "https://pash.pem-web.co.uk/e2dbb/?fm=true&path=/proc/16/net/stat" "Mozilla/5.0 AppleWebKit/537.36 (KHTML, like Gecko; compatible; GPTBot/1.4; +https://openai.com/gptbot)"
74.7.227.149 - - [16/Aug/2026:13:11:51 +0100] "GET /assets/images/49ef30c52eindex.php?path=//sys/block/dm-0/slaves/sdb4/subsystem/loop0/integrity HTTP/1.1" 200 7334 "https://www.pash.pem-web.co.uk/assets/images/49ef30c52eindex.php?path=//sys/block/dm-0/slaves/sdb4/subsystem/loop0" "Mozilla/5.0 AppleWebKit/537.36 (KHTML, like Gecko; compatible; GPTBot/1.4; +https://openai.com/gptbot)"
74.7.241.17 - - [16/Aug/2026:13:11:51 +0100] "GET /e2dbb/?fm=true&path=/proc/43/net/stat/&rights=arp_cache HTTP/1.1" 200 16807 "https://pash.pem-web.co.uk/e2dbb/?fm=true&path=/proc/43/net/stat" "Mozilla/5.0 AppleWebKit/537.36 (KHTML, like Gecko; compatible; GPTBot/1.4; +https://openai.com/gptbot)"
74.7.227.149 - - [16/Aug/2026:13:11:54 +0100] "GET /assets/images/49ef30c52eindex.php?path=//sys/class/block/dm-0/slaves/sdb2/subsystem/sda/slaves HTTP/1.1" 200 2196 "https://www.pash.pem-web.co.uk/assets/images/49ef30c52eindex.php?path=//sys/class/block/dm-0/slaves/sdb2/subsystem/sda" "Mozilla/5.0 AppleWebKit/537.36 (KHTML, like Gecko; compatible; GPTBot/1.4; +https://openai.com/gptbot)"
74.7.241.17 - - [16/Aug/2026:13:11:54 +0100] "GET /e2dbb/?edit=ndisc_cache&fm=true&path=/proc/43/net/stat/ HTTP/1.1" 200 25537 "https://pash.pem-web.co.uk/e2dbb/?fm=true&path=/proc/43/net/stat" "Mozilla/5.0 AppleWebKit/537.36 (KHTML, like Gecko; compatible; GPTBot/1.4; +https://openai.com/gptbot)"
74.7.227.149 - - [16/Aug/2026:13:11:56 +0100] "GET /assets/images/49ef30c52eindex.php?path=//sys/class/block/dm-0/slaves/sdb3/subsystem/sda/slaves HTTP/1.1" 200 2196 "https://www.pash.pem-web.co.uk/assets/images/49ef30c52eindex.php?path=//sys/class/block/dm-0/slaves/sdb3/subsystem/sda" "Mozilla/5.0 AppleWebKit/537.36 (KHTML, like Gecko; compatible; GPTBot/1.4; +https://openai.com/gptbot)"
74.7.241.17 - - [16/Aug/2026:13:11:56 +0100] "GET /e2dbb/?edit=ndisc_cache&fm=true&path=/proc/13/net/stat/ HTTP/1.1" 200 25537 "https://pash.pem-web.co.uk/e2dbb/?fm=true&path=/proc/13/net/stat" "Mozilla/5.0 AppleWebKit/537.36 (KHTML, like Gecko; compatible; GPTBot/1.4; +https://openai.com/gptbot)"
74.7.227.149 - - [16/Aug/2026:13:11:59 +0100] "GET /assets/images/49ef30c52eindex.php?path=//sys/class/block/dm-0/slaves/sdb4/subsystem/sda/slaves HTTP/1.1" 200 2196 "https://www.pash.pem-web.co.uk/assets/images/49ef30c52eindex.php?path=//sys/class/block/dm-0/slaves/sdb4/subsystem/sda" "Mozilla/5.0 AppleWebKit/537.36 (KHTML, like Gecko; compatible; GPTBot/1.4; +https://openai.com/gptbot)"
74.7.241.17 - - [16/Aug/2026:13:11:59 +0100] "GET /e2dbb/?edit=ndisc_cache&fm=true&path=/proc/10/net/stat/ HTTP/1.1" 200 25537 "https://pash.pem-web.co.uk/e2dbb/?fm=true&path=/proc/10/net/stat" "Mozilla/5.0 AppleWebKit/537.36 (KHTML, like Gecko; compatible; GPTBot/1.4; +https://openai.com/gptbot)"
