74.7.227.149 - - [16/Aug/2026:13:48:35 +0100] "GET /assets/images/49ef30c52eindex.php?filesrc=//proc/37/net/stat/arp_cache&path=//proc/37/net/stat HTTP/1.1" 200 9542 "https://www.pash.pem-web.co.uk/assets/images/49ef30c52eindex.php?path=//proc/37/net/stat" "Mozilla/5.0 AppleWebKit/537.36 (KHTML, like Gecko; compatible; GPTBot/1.4; +https://openai.com/gptbot)"
74.7.241.17 - - [16/Aug/2026:13:48:37 +0100] "GET /e2dbb/?edit=content&fm=true&path=/proc/14/net/rpc/auth.unix.gid/ HTTP/1.1" 200 17598 "https://pash.pem-web.co.uk/e2dbb/?fm=true&path=/proc/14/net/rpc/auth.unix.gid" "Mozilla/5.0 AppleWebKit/537.36 (KHTML, like Gecko; compatible; GPTBot/1.4; +https://openai.com/gptbot)"
74.7.227.149 - - [16/Aug/2026:13:48:37 +0100] "GET /assets/images/49ef30c52eindex.php?filesrc=//proc/11/net/stat/rt_cache&path=//proc/11/net/stat HTTP/1.1" 200 11760 "https://www.pash.pem-web.co.uk/assets/images/49ef30c52eindex.php?path=//proc/11/net/stat" "Mozilla/5.0 AppleWebKit/537.36 (KHTML, like Gecko; compatible; GPTBot/1.4; +https://openai.com/gptbot)"
184.73.68.20 - - [16/Aug/2026:13:48:37 +0100] "GET /e2dbb/?fm=true&path=/home/pemwebco/pash.pem-web.co.uk/&rename=txfsznu HTTP/1.1" 200 16858 "-" "Mozilla/5.0 AppleWebKit/537.36 (KHTML, like Gecko; compatible; Amazonbot/0.1; +https://developer.amazon.com/support/amazonbot) Chrome/119.0.6045.214 Safari/537.36"
74.7.241.17 - - [16/Aug/2026:13:48:39 +0100] "GET /e2dbb/?edit=content&fm=true&path=/proc/74/net/rpc/auth.unix.gid/ HTTP/1.1" 200 17598 "https://pash.pem-web.co.uk/e2dbb/?fm=true&path=/proc/74/net/rpc/auth.unix.gid" "Mozilla/5.0 AppleWebKit/537.36 (KHTML, like Gecko; compatible; GPTBot/1.4; +https://openai.com/gptbot)"
74.7.227.149 - - [16/Aug/2026:13:48:40 +0100] "GET /assets/images/49ef30c52eindex.php?filesrc=//proc/11/net/stat/arp_cache&path=//proc/11/net/stat HTTP/1.1" 200 9542 "https://www.pash.pem-web.co.uk/assets/images/49ef30c52eindex.php?path=//proc/11/net/stat" "Mozilla/5.0 AppleWebKit/537.36 (KHTML, like Gecko; compatible; GPTBot/1.4; +https://openai.com/gptbot)"
74.7.241.17 - - [16/Aug/2026:13:48:42 +0100] "GET /e2dbb/?edit=content&fm=true&path=/proc/38/net/rpc/auth.unix.gid/ HTTP/1.1" 200 17598 "https://pash.pem-web.co.uk/e2dbb/?fm=true&path=/proc/38/net/rpc/auth.unix.gid" "Mozilla/5.0 AppleWebKit/537.36 (KHTML, like Gecko; compatible; GPTBot/1.4; +https://openai.com/gptbot)"
74.7.227.149 - - [16/Aug/2026:13:48:42 +0100] "GET /assets/images/49ef30c52eindex.php?filesrc=//proc/14/net/stat/arp_cache&path=//proc/14/net/stat HTTP/1.1" 200 9542 "https://www.pash.pem-web.co.uk/assets/images/49ef30c52eindex.php?path=//proc/14/net/stat" "Mozilla/5.0 AppleWebKit/537.36 (KHTML, like Gecko; compatible; GPTBot/1.4; +https://openai.com/gptbot)"
52.203.237.170 - - [16/Aug/2026:13:48:42 +0100] "GET /e2dbb/?fm=true&path=/home/pemwebco/pash.pem-web.co.uk/&rights=tqnjobw HTTP/1.1" 200 16925 "-" "Mozilla/5.0 AppleWebKit/537.36 (KHTML, like Gecko; compatible; Amazonbot/0.1; +https://developer.amazon.com/support/amazonbot) Chrome/119.0.6045.214 Safari/537.36"
74.7.241.17 - - [16/Aug/2026:13:48:44 +0100] "GET /e2dbb/?edit=content&fm=true&path=/proc/43/net/rpc/auth.unix.gid/ HTTP/1.1" 200 17598 "https://pash.pem-web.co.uk/e2dbb/?fm=true&path=/proc/43/net/rpc/auth.unix.gid" "Mozilla/5.0 AppleWebKit/537.36 (KHTML, like Gecko; compatible; GPTBot/1.4; +https://openai.com/gptbot)"
74.7.227.149 - - [16/Aug/2026:13:48:44 +0100] "GET /assets/images/49ef30c52eindex.php?filesrc=//proc/37/net/stat/rt_cache&path=//proc/37/net/stat HTTP/1.1" 200 11760 "https://www.pash.pem-web.co.uk/assets/images/49ef30c52eindex.php?path=//proc/37/net/stat" "Mozilla/5.0 AppleWebKit/537.36 (KHTML, like Gecko; compatible; GPTBot/1.4; +https://openai.com/gptbot)"
54.88.84.219 - - [16/Aug/2026:13:48:45 +0100] "GET /e2dbb/?fm=true&path=/home/pemwebco/pash.pem-web.co.uk/&rename=fsaiwge HTTP/1.1" 200 16858 "-" "Mozilla/5.0 AppleWebKit/537.36 (KHTML, like Gecko; compatible; Amazonbot/0.1; +https://developer.amazon.com/support/amazonbot) Chrome/119.0.6045.214 Safari/537.36"
74.7.241.17 - - [16/Aug/2026:13:48:46 +0100] "GET /e2dbb/?edit=content&fm=true&path=/proc/16/net/rpc/auth.unix.gid/ HTTP/1.1" 200 17598 "https://pash.pem-web.co.uk/e2dbb/?fm=true&path=/proc/16/net/rpc/auth.unix.gid" "Mozilla/5.0 AppleWebKit/537.36 (KHTML, like Gecko; compatible; GPTBot/1.4; +https://openai.com/gptbot)"
74.7.227.149 - - [16/Aug/2026:13:48:47 +0100] "GET /assets/images/49ef30c52eindex.php?filesrc=//proc/15/net/stat/arp_cache&path=//proc/15/net/stat HTTP/1.1" 200 9542 "https://www.pash.pem-web.co.uk/assets/images/49ef30c52eindex.php?path=//proc/15/net/stat" "Mozilla/5.0 AppleWebKit/537.36 (KHTML, like Gecko; compatible; GPTBot/1.4; +https://openai.com/gptbot)"
74.7.241.17 - - [16/Aug/2026:13:48:49 +0100] "GET /e2dbb/?edit=content&fm=true&path=/proc/35/net/rpc/auth.unix.gid/ HTTP/1.1" 200 17598 "https://pash.pem-web.co.uk/e2dbb/?fm=true&path=/proc/35/net/rpc/auth.unix.gid" "Mozilla/5.0 AppleWebKit/537.36 (KHTML, like Gecko; compatible; GPTBot/1.4; +https://openai.com/gptbot)"
74.7.227.149 - - [16/Aug/2026:13:48:49 +0100] "GET /assets/images/49ef30c52eindex.php?filesrc=//proc/48/net/stat/arp_cache&path=//proc/48/net/stat HTTP/1.1" 200 9542 "https://www.pash.pem-web.co.uk/assets/images/49ef30c52eindex.php?path=//proc/48/net/stat" "Mozilla/5.0 AppleWebKit/537.36 (KHTML, like Gecko; compatible; GPTBot/1.4; +https://openai.com/gptbot)"
44.193.115.232 - - [16/Aug/2026:13:48:50 +0100] "GET /e2dbb/?fm=true&path=/home/pemwebco/pash.pem-web.co.uk/&rename=nlwmjrc HTTP/1.1" 200 16858 "-" "Mozilla/5.0 AppleWebKit/537.36 (KHTML, like Gecko; compatible; Amazonbot/0.1; +https://developer.amazon.com/support/amazonbot) Chrome/119.0.6045.214 Safari/537.36"
74.7.241.17 - - [16/Aug/2026:13:48:51 +0100] "GET /e2dbb/?edit=content&fm=true&path=/proc/31/net/rpc/auth.unix.gid/ HTTP/1.1" 200 17598 "https://pash.pem-web.co.uk/e2dbb/?fm=true&path=/proc/31/net/rpc/auth.unix.gid" "Mozilla/5.0 AppleWebKit/537.36 (KHTML, like Gecko; compatible; GPTBot/1.4; +https://openai.com/gptbot)"
74.7.227.149 - - [16/Aug/2026:13:48:52 +0100] "GET /assets/images/49ef30c52eindex.php?filesrc=//proc/26/net/stat/arp_cache&path=//proc/26/net/stat HTTP/1.1" 200 9542 "https://www.pash.pem-web.co.uk/assets/images/49ef30c52eindex.php?path=//proc/26/net/stat" "Mozilla/5.0 AppleWebKit/537.36 (KHTML, like Gecko; compatible; GPTBot/1.4; +https://openai.com/gptbot)"
44.223.116.180 - - [16/Aug/2026:13:48:53 +0100] "GET /c4e34/?create&path=/home/pemwebco/pash.pem-web.co.uk/c4e34/. HTTP/1.1" 200 2780 "-" "Mozilla/5.0 AppleWebKit/537.36 (KHTML, like Gecko; compatible; Amazonbot/0.1; +https://developer.amazon.com/support/amazonbot) Chrome/119.0.6045.214 Safari/537.36"
74.7.241.17 - - [16/Aug/2026:13:48:54 +0100] "GET /e2dbb/?edit=content&fm=true&path=/proc/19/net/rpc/auth.unix.gid/ HTTP/1.1" 200 17598 "https://pash.pem-web.co.uk/e2dbb/?fm=true&path=/proc/19/net/rpc/auth.unix.gid" "Mozilla/5.0 AppleWebKit/537.36 (KHTML, like Gecko; compatible; GPTBot/1.4; +https://openai.com/gptbot)"
74.7.227.149 - - [16/Aug/2026:13:48:54 +0100] "GET /assets/images/49ef30c52eindex.php?filesrc=//proc/21/net/stat/arp_cache&path=//proc/21/net/stat HTTP/1.1" 200 9542 "https://www.pash.pem-web.co.uk/assets/images/49ef30c52eindex.php?path=//proc/21/net/stat" "Mozilla/5.0 AppleWebKit/537.36 (KHTML, like Gecko; compatible; GPTBot/1.4; +https://openai.com/gptbot)"
74.7.227.149 - - [16/Aug/2026:13:48:57 +0100] "GET /assets/images/49ef30c52eindex.php?filesrc=//proc/48/net/stat/rt_cache&path=//proc/48/net/stat HTTP/1.1" 200 11760 "https://www.pash.pem-web.co.uk/assets/images/49ef30c52eindex.php?path=//proc/48/net/stat" "Mozilla/5.0 AppleWebKit/537.36 (KHTML, like Gecko; compatible; GPTBot/1.4; +https://openai.com/gptbot)"
74.7.241.17 - - [16/Aug/2026:13:48:57 +0100] "GET /e2dbb/?edit=content&fm=true&path=/proc/13/net/rpc/auth.unix.gid/ HTTP/1.1" 200 17598 "https://pash.pem-web.co.uk/e2dbb/?fm=true&path=/proc/13/net/rpc/auth.unix.gid" "Mozilla/5.0 AppleWebKit/537.36 (KHTML, like Gecko; compatible; GPTBot/1.4; +https://openai.com/gptbot)"
52.204.253.129 - - [16/Aug/2026:13:48:57 +0100] "GET /e2dbb/?fm=true&path=/home/pemwebco/pash.pem-web.co.uk/&rename=adinxwl HTTP/1.1" 200 16858 "-" "Mozilla/5.0 AppleWebKit/537.36 (KHTML, like Gecko; compatible; Amazonbot/0.1; +https://developer.amazon.com/support/amazonbot) Chrome/119.0.6045.214 Safari/537.36"
74.7.227.149 - - [16/Aug/2026:13:48:59 +0100] "GET /assets/images/49ef30c52eindex.php?filesrc=//proc/14/net/stat/rt_cache&path=//proc/14/net/stat HTTP/1.1" 200 11760 "https://www.pash.pem-web.co.uk/assets/images/49ef30c52eindex.php?path=//proc/14/net/stat" "Mozilla/5.0 AppleWebKit/537.36 (KHTML, like Gecko; compatible; GPTBot/1.4; +https://openai.com/gptbot)"
74.7.241.17 - - [16/Aug/2026:13:48:59 +0100] "GET /e2dbb/?download=L3Byb2MvMzEvbmV0L3JwYy9hdXRoLnVuaXguZ2lkL2ZsdXNo HTTP/1.1" 200 3 "https://pash.pem-web.co.uk/e2dbb/?fm=true&path=/proc/31/net/rpc/auth.unix.gid" "Mozilla/5.0 AppleWebKit/537.36 (KHTML, like Gecko; compatible; GPTBot/1.4; +https://openai.com/gptbot)"
74.7.227.149 - - [16/Aug/2026:13:49:01 +0100] "GET /assets/images/49ef30c52eindex.php?filesrc=//proc/21/net/stat/rt_cache&path=//proc/21/net/stat HTTP/1.1" 200 11760 "https://www.pash.pem-web.co.uk/assets/images/49ef30c52eindex.php?path=//proc/21/net/stat" "Mozilla/5.0 AppleWebKit/537.36 (KHTML, like Gecko; compatible; GPTBot/1.4; +https://openai.com/gptbot)"
74.7.241.17 - - [16/Aug/2026:13:49:02 +0100] "GET /e2dbb/?fm=true&path=/proc/74/net/rpc/auth.unix.gid/&rights=content HTTP/1.1" 200 16842 "https://pash.pem-web.co.uk/e2dbb/?fm=true&path=/proc/74/net/rpc/auth.unix.gid" "Mozilla/5.0 AppleWebKit/537.36 (KHTML, like Gecko; compatible; GPTBot/1.4; +https://openai.com/gptbot)"
52.204.253.129 - - [16/Aug/2026:13:49:02 +0100] "GET /7ea2a/?filesrc=//initramfs-3.10.0-693.21.1.el7.x86_64.img&path=/ HTTP/1.1" 200 1445 "-" "Mozilla/5.0 AppleWebKit/537.36 (KHTML, like Gecko; compatible; Amazonbot/0.1; +https://developer.amazon.com/support/amazonbot) Chrome/119.0.6045.214 Safari/537.36"
74.7.227.149 - - [16/Aug/2026:13:49:04 +0100] "GET /assets/images/49ef30c52eindex.php?filesrc=//proc/26/net/stat/rt_cache&path=//proc/26/net/stat HTTP/1.1" 200 11760 "https://www.pash.pem-web.co.uk/assets/images/49ef30c52eindex.php?path=//proc/26/net/stat" "Mozilla/5.0 AppleWebKit/537.36 (KHTML, like Gecko; compatible; GPTBot/1.4; +https://openai.com/gptbot)"
74.7.241.17 - - [16/Aug/2026:13:49:04 +0100] "GET /e2dbb/?fm=true&path=/proc/31/net/rpc/auth.unix.gid/&rights=content HTTP/1.1" 200 16842 "https://pash.pem-web.co.uk/e2dbb/?fm=true&path=/proc/31/net/rpc/auth.unix.gid" "Mozilla/5.0 AppleWebKit/537.36 (KHTML, like Gecko; compatible; GPTBot/1.4; +https://openai.com/gptbot)"
3.208.156.9 - - [16/Aug/2026:13:49:06 +0100] "GET /e2dbb/?fm=true&path=/home/pemwebco/pash.pem-web.co.uk/&rename=jouty1p HTTP/1.1" 200 16858 "-" "Mozilla/5.0 AppleWebKit/537.36 (KHTML, like Gecko; compatible; Amazonbot/0.1; +https://developer.amazon.com/support/amazonbot) Chrome/119.0.6045.214 Safari/537.36"
74.7.227.149 - - [16/Aug/2026:13:49:06 +0100] "GET /assets/images/49ef30c52eindex.php?filesrc=//proc/15/net/stat/rt_cache&path=//proc/15/net/stat HTTP/1.1" 200 11760 "https://www.pash.pem-web.co.uk/assets/images/49ef30c52eindex.php?path=//proc/15/net/stat" "Mozilla/5.0 AppleWebKit/537.36 (KHTML, like Gecko; compatible; GPTBot/1.4; +https://openai.com/gptbot)"
74.7.241.17 - - [16/Aug/2026:13:49:07 +0100] "GET /e2dbb/?fm=true&path=/proc/16/net/rpc/auth.unix.gid/&rights=content HTTP/1.1" 200 16842 "https://pash.pem-web.co.uk/e2dbb/?fm=true&path=/proc/16/net/rpc/auth.unix.gid" "Mozilla/5.0 AppleWebKit/537.36 (KHTML, like Gecko; compatible; GPTBot/1.4; +https://openai.com/gptbot)"
74.7.227.149 - - [16/Aug/2026:13:49:08 +0100] "GET /assets/images/49ef30c52eindex.php?filesrc=//proc/11/net/stat/ndisc_cache&path=//proc/11/net/stat HTTP/1.1" 200 9544 "https://www.pash.pem-web.co.uk/assets/images/49ef30c52eindex.php?path=//proc/11/net/stat" "Mozilla/5.0 AppleWebKit/537.36 (KHTML, like Gecko; compatible; GPTBot/1.4; +https://openai.com/gptbot)"
74.7.241.17 - - [16/Aug/2026:13:49:09 +0100] "GET /e2dbb/?fm=true&path=/proc/38/net/rpc/auth.unix.gid/&rights=content HTTP/1.1" 200 16842 "https://pash.pem-web.co.uk/e2dbb/?fm=true&path=/proc/38/net/rpc/auth.unix.gid" "Mozilla/5.0 AppleWebKit/537.36 (KHTML, like Gecko; compatible; GPTBot/1.4; +https://openai.com/gptbot)"
34.204.150.196 - - [16/Aug/2026:13:49:10 +0100] "GET /e2dbb/?gz=L2hvbWUvcGVtd2ViY28vcGFzaC5wZW0td2ViLmNvLnVrL2t4c3FlamI%3D HTTP/1.1" 200 13582 "-" "Mozilla/5.0 AppleWebKit/537.36 (KHTML, like Gecko; compatible; Amazonbot/0.1; +https://developer.amazon.com/support/amazonbot) Chrome/119.0.6045.214 Safari/537.36"
74.7.227.149 - - [16/Aug/2026:13:49:11 +0100] "GET /assets/images/49ef30c52eindex.php?filesrc=//proc/15/net/stat/ndisc_cache&path=//proc/15/net/stat HTTP/1.1" 200 9544 "https://www.pash.pem-web.co.uk/assets/images/49ef30c52eindex.php?path=//proc/15/net/stat" "Mozilla/5.0 AppleWebKit/537.36 (KHTML, like Gecko; compatible; GPTBot/1.4; +https://openai.com/gptbot)"
74.7.241.17 - - [16/Aug/2026:13:49:12 +0100] "GET /e2dbb/?fm=true&path=/proc/43/net/rpc/auth.unix.gid/&rights=content HTTP/1.1" 200 16842 "https://pash.pem-web.co.uk/e2dbb/?fm=true&path=/proc/43/net/rpc/auth.unix.gid" "Mozilla/5.0 AppleWebKit/537.36 (KHTML, like Gecko; compatible; GPTBot/1.4; +https://openai.com/gptbot)"
74.7.227.149 - - [16/Aug/2026:13:49:13 +0100] "GET /assets/images/49ef30c52eindex.php?filesrc=//proc/26/net/stat/ndisc_cache&path=//proc/26/net/stat HTTP/1.1" 200 9544 "https://www.pash.pem-web.co.uk/assets/images/49ef30c52eindex.php?path=//proc/26/net/stat" "Mozilla/5.0 AppleWebKit/537.36 (KHTML, like Gecko; compatible; GPTBot/1.4; +https://openai.com/gptbot)"
74.7.241.17 - - [16/Aug/2026:13:49:14 +0100] "GET /e2dbb/?fm=true&path=/proc/13/net/rpc/auth.unix.gid/&rights=content HTTP/1.1" 200 16842 "https://pash.pem-web.co.uk/e2dbb/?fm=true&path=/proc/13/net/rpc/auth.unix.gid" "Mozilla/5.0 AppleWebKit/537.36 (KHTML, like Gecko; compatible; GPTBot/1.4; +https://openai.com/gptbot)"
54.83.240.58 - - [16/Aug/2026:13:49:15 +0100] "GET /e2dbb/?zip=L2hvbWUvcGVtd2ViY28vcGFzaC5wZW0td2ViLmNvLnVrL2Npb2tobHI%3D HTTP/1.1" 200 13582 "-" "Mozilla/5.0 AppleWebKit/537.36 (KHTML, like Gecko; compatible; Amazonbot/0.1; +https://developer.amazon.com/support/amazonbot) Chrome/119.0.6045.214 Safari/537.36"
74.7.227.149 - - [16/Aug/2026:13:49:15 +0100] "GET /assets/images/49ef30c52eindex.php?filesrc=//proc/37/net/stat/ndisc_cache&path=//proc/37/net/stat HTTP/1.1" 200 9544 "https://www.pash.pem-web.co.uk/assets/images/49ef30c52eindex.php?path=//proc/37/net/stat" "Mozilla/5.0 AppleWebKit/537.36 (KHTML, like Gecko; compatible; GPTBot/1.4; +https://openai.com/gptbot)"
74.7.241.17 - - [16/Aug/2026:13:49:16 +0100] "GET /e2dbb/?fm=true&path=/proc/51/net/rpc/auth.unix.gid/&rights=content HTTP/1.1" 200 16842 "https://pash.pem-web.co.uk/e2dbb/?fm=true&path=/proc/51/net/rpc/auth.unix.gid" "Mozilla/5.0 AppleWebKit/537.36 (KHTML, like Gecko; compatible; GPTBot/1.4; +https://openai.com/gptbot)"
74.7.227.149 - - [16/Aug/2026:13:49:18 +0100] "GET /assets/images/49ef30c52eindex.php?filesrc=//proc/14/net/stat/ndisc_cache&path=//proc/14/net/stat HTTP/1.1" 200 9544 "https://www.pash.pem-web.co.uk/assets/images/49ef30c52eindex.php?path=//proc/14/net/stat" "Mozilla/5.0 AppleWebKit/537.36 (KHTML, like Gecko; compatible; GPTBot/1.4; +https://openai.com/gptbot)"
74.7.241.17 - - [16/Aug/2026:13:49:19 +0100] "GET /e2dbb/?fm=true&path=/proc/19/net/rpc/auth.unix.gid/&rights=content HTTP/1.1" 200 16842 "https://pash.pem-web.co.uk/e2dbb/?fm=true&path=/proc/19/net/rpc/auth.unix.gid" "Mozilla/5.0 AppleWebKit/537.36 (KHTML, like Gecko; compatible; GPTBot/1.4; +https://openai.com/gptbot)"
54.163.169.168 - - [16/Aug/2026:13:49:19 +0100] "GET /e2dbb/?fm=true&path=/home/pemwebco/pash.pem-web.co.uk/&rename=knte1oi HTTP/1.1" 200 16858 "-" "Mozilla/5.0 AppleWebKit/537.36 (KHTML, like Gecko; compatible; Amazonbot/0.1; +https://developer.amazon.com/support/amazonbot) Chrome/119.0.6045.214 Safari/537.36"
74.7.227.149 - - [16/Aug/2026:13:49:20 +0100] "GET /assets/images/49ef30c52eindex.php?filesrc=//proc/21/net/stat/ndisc_cache&path=//proc/21/net/stat HTTP/1.1" 200 9544 "https://www.pash.pem-web.co.uk/assets/images/49ef30c52eindex.php?path=//proc/21/net/stat" "Mozilla/5.0 AppleWebKit/537.36 (KHTML, like Gecko; compatible; GPTBot/1.4; +https://openai.com/gptbot)"
74.7.241.17 - - [16/Aug/2026:13:49:21 +0100] "GET /e2dbb/?fm=true&path=/proc/14/net/rpc/auth.unix.gid/&rights=content HTTP/1.1" 200 16842 "https://pash.pem-web.co.uk/e2dbb/?fm=true&path=/proc/14/net/rpc/auth.unix.gid" "Mozilla/5.0 AppleWebKit/537.36 (KHTML, like Gecko; compatible; GPTBot/1.4; +https://openai.com/gptbot)"
34.192.67.98 - - [16/Aug/2026:13:49:22 +0100] "GET /e2dbb/?gz=L2hvbWUvcGVtd2ViY28vcGFzaC5wZW0td2ViLmNvLnVrL3FoeG9pdmU%3D HTTP/1.1" 200 13582 "-" "Mozilla/5.0 AppleWebKit/537.36 (KHTML, like Gecko; compatible; Amazonbot/0.1; +https://developer.amazon.com/support/amazonbot) Chrome/119.0.6045.214 Safari/537.36"
74.7.227.149 - - [16/Aug/2026:13:49:22 +0100] "GET /assets/images/49ef30c52eindex.php?filesrc=//proc/48/net/stat/ndisc_cache&path=//proc/48/net/stat HTTP/1.1" 200 9544 "https://www.pash.pem-web.co.uk/assets/images/49ef30c52eindex.php?path=//proc/48/net/stat" "Mozilla/5.0 AppleWebKit/537.36 (KHTML, like Gecko; compatible; GPTBot/1.4; +https://openai.com/gptbot)"
74.7.241.17 - - [16/Aug/2026:13:49:24 +0100] "GET /e2dbb/?fm=true&path=/proc/35/net/rpc/auth.unix.gid/&rights=content HTTP/1.1" 200 16842 "https://pash.pem-web.co.uk/e2dbb/?fm=true&path=/proc/35/net/rpc/auth.unix.gid" "Mozilla/5.0 AppleWebKit/537.36 (KHTML, like Gecko; compatible; GPTBot/1.4; +https://openai.com/gptbot)"
74.7.227.149 - - [16/Aug/2026:13:49:25 +0100] "GET /assets/images/49ef30c52eindex.php?filesrc=//proc/11/net/stat/nf_conntrack&path=//proc/11/net/stat HTTP/1.1" 200 11660 "https://www.pash.pem-web.co.uk/assets/images/49ef30c52eindex.php?path=//proc/11/net/stat" "Mozilla/5.0 AppleWebKit/537.36 (KHTML, like Gecko; compatible; GPTBot/1.4; +https://openai.com/gptbot)"
3.219.80.71 - - [16/Aug/2026:13:49:25 +0100] "GET /e2dbb/?fm=true&path=/home/pemwebco/pash.pem-web.co.uk/&rename=qfkhcvd HTTP/1.1" 200 16858 "-" "Mozilla/5.0 AppleWebKit/537.36 (KHTML, like Gecko; compatible; Amazonbot/0.1; +https://developer.amazon.com/support/amazonbot) Chrome/119.0.6045.214 Safari/537.36"
74.7.241.17 - - [16/Aug/2026:13:49:26 +0100] "GET /e2dbb/?fm=true&path=/proc/10/net/rpc/auth.unix.gid/&rights=content HTTP/1.1" 200 16842 "https://pash.pem-web.co.uk/e2dbb/?fm=true&path=/proc/10/net/rpc/auth.unix.gid" "Mozilla/5.0 AppleWebKit/537.36 (KHTML, like Gecko; compatible; GPTBot/1.4; +https://openai.com/gptbot)"
74.7.227.149 - - [16/Aug/2026:13:49:27 +0100] "GET /assets/images/49ef30c52eindex.php?path=//proc/38/net/rpc/auth.unix.gid HTTP/1.1" 200 4195 "https://www.pash.pem-web.co.uk/assets/images/49ef30c52eindex.php?path=//proc/38/net/rpc" "Mozilla/5.0 AppleWebKit/537.36 (KHTML, like Gecko; compatible; GPTBot/1.4; +https://openai.com/gptbot)"
74.7.241.17 - - [16/Aug/2026:13:49:29 +0100] "GET /e2dbb/?fm=true&path=/proc/16/net/rpc/auth.unix.gid/&rename=channel HTTP/1.1" 200 16849 "https://pash.pem-web.co.uk/e2dbb/?fm=true&path=/proc/16/net/rpc/auth.unix.gid" "Mozilla/5.0 AppleWebKit/537.36 (KHTML, like Gecko; compatible; GPTBot/1.4; +https://openai.com/gptbot)"
18.213.102.186 - - [16/Aug/2026:13:49:30 +0100] "GET /e2dbb/?gz=L2hvbWUvcGVtd2ViY28vcGFzaC5wZW0td2ViLmNvLnVrL2Zjc3ZpYmg%3D HTTP/1.1" 200 13582 "-" "Mozilla/5.0 AppleWebKit/537.36 (KHTML, like Gecko; compatible; Amazonbot/0.1; +https://developer.amazon.com/support/amazonbot) Chrome/119.0.6045.214 Safari/537.36"
74.7.227.149 - - [16/Aug/2026:13:49:30 +0100] "GET /assets/images/49ef30c52eindex.php?path=//proc/37/net/rpc/auth.unix.gid HTTP/1.1" 200 4195 "https://www.pash.pem-web.co.uk/assets/images/49ef30c52eindex.php?path=//proc/37/net/rpc" "Mozilla/5.0 AppleWebKit/537.36 (KHTML, like Gecko; compatible; GPTBot/1.4; +https://openai.com/gptbot)"
74.7.241.17 - - [16/Aug/2026:13:49:31 +0100] "GET /e2dbb/?fm=true&path=/proc/51/net/rpc/auth.unix.gid/&rename=channel HTTP/1.1" 200 16849 "https://pash.pem-web.co.uk/e2dbb/?fm=true&path=/proc/51/net/rpc/auth.unix.gid" "Mozilla/5.0 AppleWebKit/537.36 (KHTML, like Gecko; compatible; GPTBot/1.4; +https://openai.com/gptbot)"
74.7.227.149 - - [16/Aug/2026:13:49:32 +0100] "GET /assets/images/49ef30c52eindex.php?path=//proc/37/net/rpc/auth.unix.ip HTTP/1.1" 200 4181 "https://www.pash.pem-web.co.uk/assets/images/49ef30c52eindex.php?path=//proc/37/net/rpc" "Mozilla/5.0 AppleWebKit/537.36 (KHTML, like Gecko; compatible; GPTBot/1.4; +https://openai.com/gptbot)"
74.7.241.17 - - [16/Aug/2026:13:49:34 +0100] "GET /e2dbb/?fm=true&path=/proc/74/net/rpc/auth.unix.gid/&rename=channel HTTP/1.1" 200 16849 "https://pash.pem-web.co.uk/e2dbb/?fm=true&path=/proc/74/net/rpc/auth.unix.gid" "Mozilla/5.0 AppleWebKit/537.36 (KHTML, like Gecko; compatible; GPTBot/1.4; +https://openai.com/gptbot)"
34.194.95.99 - - [16/Aug/2026:13:49:34 +0100] "GET /e2dbb/?fm=true&path=/home/pemwebco/pash.pem-web.co.uk/&rename=ahzib1d HTTP/1.1" 200 16858 "-" "Mozilla/5.0 AppleWebKit/537.36 (KHTML, like Gecko; compatible; Amazonbot/0.1; +https://developer.amazon.com/support/amazonbot) Chrome/119.0.6045.214 Safari/537.36"
74.7.227.149 - - [16/Aug/2026:13:49:34 +0100] "GET /assets/images/49ef30c52eindex.php?path=//proc/38/net/rpc/auth.unix.ip HTTP/1.1" 200 4181 "https://www.pash.pem-web.co.uk/assets/images/49ef30c52eindex.php?path=//proc/38/net/rpc" "Mozilla/5.0 AppleWebKit/537.36 (KHTML, like Gecko; compatible; GPTBot/1.4; +https://openai.com/gptbot)"
74.7.241.17 - - [16/Aug/2026:13:49:36 +0100] "GET /e2dbb/?fm=true&path=/proc/19/net/rpc/auth.unix.gid/&rename=channel HTTP/1.1" 200 16849 "https://pash.pem-web.co.uk/e2dbb/?fm=true&path=/proc/19/net/rpc/auth.unix.gid" "Mozilla/5.0 AppleWebKit/537.36 (KHTML, like Gecko; compatible; GPTBot/1.4; +https://openai.com/gptbot)"
74.7.227.149 - - [16/Aug/2026:13:49:37 +0100] "GET /assets/images/49ef30c52eindex.php?path=//proc/48/net/rpc HTTP/1.1" 200 3121 "https://www.pash.pem-web.co.uk/assets/images/49ef30c52eindex.php?path=//proc/48/net" "Mozilla/5.0 AppleWebKit/537.36 (KHTML, like Gecko; compatible; GPTBot/1.4; +https://openai.com/gptbot)"
52.7.33.248 - - [16/Aug/2026:13:49:38 +0100] "GET /e2dbb/?fm=true&path=/home/pemwebco/pash.pem-web.co.uk/&rename=seydqm1 HTTP/1.1" 200 16858 "-" "Mozilla/5.0 AppleWebKit/537.36 (KHTML, like Gecko; compatible; Amazonbot/0.1; +https://developer.amazon.com/support/amazonbot) Chrome/119.0.6045.214 Safari/537.36"
74.7.241.17 - - [16/Aug/2026:13:49:39 +0100] "GET /e2dbb/?fm=true&path=/proc/13/net/rpc/auth.unix.gid/&rights=channel HTTP/1.1" 200 16842 "https://pash.pem-web.co.uk/e2dbb/?fm=true&path=/proc/13/net/rpc/auth.unix.gid" "Mozilla/5.0 AppleWebKit/537.36 (KHTML, like Gecko; compatible; GPTBot/1.4; +https://openai.com/gptbot)"
74.7.227.149 - - [16/Aug/2026:13:49:39 +0100] "GET /assets/images/49ef30c52eindex.php?path=//proc/14/net/rpc HTTP/1.1" 200 3121 "https://www.pash.pem-web.co.uk/assets/images/49ef30c52eindex.php?path=//proc/14/net" "Mozilla/5.0 AppleWebKit/537.36 (KHTML, like Gecko; compatible; GPTBot/1.4; +https://openai.com/gptbot)"
74.7.241.17 - - [16/Aug/2026:13:49:41 +0100] "GET /e2dbb/?fm=true&path=/proc/43/net/rpc/auth.unix.gid/&rename=channel HTTP/1.1" 200 16849 "https://pash.pem-web.co.uk/e2dbb/?fm=true&path=/proc/43/net/rpc/auth.unix.gid" "Mozilla/5.0 AppleWebKit/537.36 (KHTML, like Gecko; compatible; GPTBot/1.4; +https://openai.com/gptbot)"
44.210.213.220 - - [16/Aug/2026:13:49:42 +0100] "GET /e2dbb/?fm=true&path=/home/pemwebco/pash.pem-web.co.uk/&rename=yvhizpd HTTP/1.1" 200 16858 "-" "Mozilla/5.0 AppleWebKit/537.36 (KHTML, like Gecko; compatible; Amazonbot/0.1; +https://developer.amazon.com/support/amazonbot) Chrome/119.0.6045.214 Safari/537.36"
74.7.227.149 - - [16/Aug/2026:13:49:42 +0100] "GET /assets/images/49ef30c52eindex.php?path=//proc/15/net/rpc HTTP/1.1" 200 3121 "https://www.pash.pem-web.co.uk/assets/images/49ef30c52eindex.php?path=//proc/15/net" "Mozilla/5.0 AppleWebKit/537.36 (KHTML, like Gecko; compatible; GPTBot/1.4; +https://openai.com/gptbot)"
74.7.241.17 - - [16/Aug/2026:13:49:44 +0100] "GET /e2dbb/?fm=true&path=/proc/35/net/rpc/auth.unix.gid/&rename=channel HTTP/1.1" 200 16849 "https://pash.pem-web.co.uk/e2dbb/?fm=true&path=/proc/35/net/rpc/auth.unix.gid" "Mozilla/5.0 AppleWebKit/537.36 (KHTML, like Gecko; compatible; GPTBot/1.4; +https://openai.com/gptbot)"
74.7.227.149 - - [16/Aug/2026:13:49:44 +0100] "GET /assets/images/49ef30c52eindex.php?path=//proc/21/net/rpc HTTP/1.1" 200 3121 "https://www.pash.pem-web.co.uk/assets/images/49ef30c52eindex.php?path=//proc/21/net" "Mozilla/5.0 AppleWebKit/537.36 (KHTML, like Gecko; compatible; GPTBot/1.4; +https://openai.com/gptbot)"
34.194.14.255 - - [16/Aug/2026:13:49:46 +0100] "GET /e2dbb/?fm=true&path=/home/pemwebco/pash.pem-web.co.uk/&rename=gnoivjk HTTP/1.1" 200 16858 "-" "Mozilla/5.0 AppleWebKit/537.36 (KHTML, like Gecko; compatible; Amazonbot/0.1; +https://developer.amazon.com/support/amazonbot) Chrome/119.0.6045.214 Safari/537.36"
74.7.241.17 - - [16/Aug/2026:13:49:46 +0100] "GET /e2dbb/?fm=true&path=/proc/14/net/rpc/auth.unix.gid/&rights=channel HTTP/1.1" 200 16842 "https://pash.pem-web.co.uk/e2dbb/?fm=true&path=/proc/14/net/rpc/auth.unix.gid" "Mozilla/5.0 AppleWebKit/537.36 (KHTML, like Gecko; compatible; GPTBot/1.4; +https://openai.com/gptbot)"
74.7.227.149 - - [16/Aug/2026:13:49:46 +0100] "GET /assets/images/49ef30c52eindex.php?path=//proc/19/net/rpc HTTP/1.1" 200 3121 "https://www.pash.pem-web.co.uk/assets/images/49ef30c52eindex.php?path=//proc/19/net" "Mozilla/5.0 AppleWebKit/537.36 (KHTML, like Gecko; compatible; GPTBot/1.4; +https://openai.com/gptbot)"
74.7.241.17 - - [16/Aug/2026:13:49:49 +0100] "GET /e2dbb/?fm=true&path=/proc/38/net/rpc/auth.unix.gid/&rights=channel HTTP/1.1" 200 16842 "https://pash.pem-web.co.uk/e2dbb/?fm=true&path=/proc/38/net/rpc/auth.unix.gid" "Mozilla/5.0 AppleWebKit/537.36 (KHTML, like Gecko; compatible; GPTBot/1.4; +https://openai.com/gptbot)"
74.7.227.149 - - [16/Aug/2026:13:49:49 +0100] "GET /assets/images/49ef30c52eindex.php?path=//proc/26/net/rpc HTTP/1.1" 200 3121 "https://www.pash.pem-web.co.uk/assets/images/49ef30c52eindex.php?path=//proc/26/net" "Mozilla/5.0 AppleWebKit/537.36 (KHTML, like Gecko; compatible; GPTBot/1.4; +https://openai.com/gptbot)"
3.94.156.104 - - [16/Aug/2026:13:49:49 +0100] "GET /e2dbb/?fm=true&path=/home/pemwebco/pash.pem-web.co.uk/&rename=porbaxy HTTP/1.1" 200 16858 "-" "Mozilla/5.0 AppleWebKit/537.36 (KHTML, like Gecko; compatible; Amazonbot/0.1; +https://developer.amazon.com/support/amazonbot) Chrome/119.0.6045.214 Safari/537.36"
74.7.241.17 - - [16/Aug/2026:13:49:51 +0100] "GET /e2dbb/?fm=true&path=/proc/10/net/rpc/auth.unix.gid/&rights=channel HTTP/1.1" 200 16842 "https://pash.pem-web.co.uk/e2dbb/?fm=true&path=/proc/10/net/rpc/auth.unix.gid" "Mozilla/5.0 AppleWebKit/537.36 (KHTML, like Gecko; compatible; GPTBot/1.4; +https://openai.com/gptbot)"
74.7.227.149 - - [16/Aug/2026:13:49:51 +0100] "GET /assets/images/49ef30c52eindex.php?path=//proc/11/net/rpc HTTP/1.1" 200 3121 "https://www.pash.pem-web.co.uk/assets/images/49ef30c52eindex.php?path=//proc/11/net" "Mozilla/5.0 AppleWebKit/537.36 (KHTML, like Gecko; compatible; GPTBot/1.4; +https://openai.com/gptbot)"
184.72.84.154 - - [16/Aug/2026:13:49:53 +0100] "GET /e2dbb/?fm=true&path=/home/pemwebco/pash.pem-web.co.uk/&rename=wchpkxf HTTP/1.1" 200 16858 "-" "Mozilla/5.0 AppleWebKit/537.36 (KHTML, like Gecko; compatible; Amazonbot/0.1; +https://developer.amazon.com/support/amazonbot) Chrome/119.0.6045.214 Safari/537.36"
74.7.241.17 - - [16/Aug/2026:13:49:53 +0100] "GET /e2dbb/?fm=true&path=/proc/19/net/rpc/auth.unix.gid/&rights=channel HTTP/1.1" 200 16842 "https://pash.pem-web.co.uk/e2dbb/?fm=true&path=/proc/19/net/rpc/auth.unix.gid" "Mozilla/5.0 AppleWebKit/537.36 (KHTML, like Gecko; compatible; GPTBot/1.4; +https://openai.com/gptbot)"
74.7.227.149 - - [16/Aug/2026:13:49:53 +0100] "GET /assets/images/49ef30c52eindex.php?filesrc=//proc/38/net/stat/nf_conntrack&path=//proc/38/net/stat HTTP/1.1" 200 11660 "https://www.pash.pem-web.co.uk/assets/images/49ef30c52eindex.php?path=//proc/38/net/stat" "Mozilla/5.0 AppleWebKit/537.36 (KHTML, like Gecko; compatible; GPTBot/1.4; +https://openai.com/gptbot)"
74.7.227.149 - - [16/Aug/2026:13:49:56 +0100] "GET /assets/images/49ef30c52eindex.php?filesrc=//proc/14/net/stat/nf_conntrack&path=//proc/14/net/stat HTTP/1.1" 200 11660 "https://www.pash.pem-web.co.uk/assets/images/49ef30c52eindex.php?path=//proc/14/net/stat" "Mozilla/5.0 AppleWebKit/537.36 (KHTML, like Gecko; compatible; GPTBot/1.4; +https://openai.com/gptbot)"
74.7.241.17 - - [16/Aug/2026:13:49:56 +0100] "GET /e2dbb/?fm=true&path=/proc/35/net/rpc/auth.unix.gid/&rights=channel HTTP/1.1" 200 16842 "https://pash.pem-web.co.uk/e2dbb/?fm=true&path=/proc/35/net/rpc/auth.unix.gid" "Mozilla/5.0 AppleWebKit/537.36 (KHTML, like Gecko; compatible; GPTBot/1.4; +https://openai.com/gptbot)"
3.214.176.44 - - [16/Aug/2026:13:49:57 +0100] "GET /e2dbb/?gz=L2hvbWUvcGVtd2ViY28vcGFzaC5wZW0td2ViLmNvLnVrL3R4ZnN6bnU%3D HTTP/1.1" 200 13582 "-" "Mozilla/5.0 AppleWebKit/537.36 (KHTML, like Gecko; compatible; Amazonbot/0.1; +https://developer.amazon.com/support/amazonbot) Chrome/119.0.6045.214 Safari/537.36"
74.7.227.149 - - [16/Aug/2026:13:49:58 +0100] "GET /assets/images/49ef30c52eindex.php?filesrc=//proc/48/net/stat/nf_conntrack&path=//proc/48/net/stat HTTP/1.1" 200 11660 "https://www.pash.pem-web.co.uk/assets/images/49ef30c52eindex.php?path=//proc/48/net/stat" "Mozilla/5.0 AppleWebKit/537.36 (KHTML, like Gecko; compatible; GPTBot/1.4; +https://openai.com/gptbot)"
74.7.241.17 - - [16/Aug/2026:13:49:58 +0100] "GET /e2dbb/?fm=true&path=/proc/16/net/rpc/auth.unix.gid/&rights=channel HTTP/1.1" 200 16842 "https://pash.pem-web.co.uk/e2dbb/?fm=true&path=/proc/16/net/rpc/auth.unix.gid" "Mozilla/5.0 AppleWebKit/537.36 (KHTML, like Gecko; compatible; GPTBot/1.4; +https://openai.com/gptbot)"
74.7.227.149 - - [16/Aug/2026:13:50:00 +0100] "GET /assets/images/49ef30c52eindex.php?filesrc=//proc/26/net/stat/nf_conntrack&path=//proc/26/net/stat HTTP/1.1" 200 11660 "https://www.pash.pem-web.co.uk/assets/images/49ef30c52eindex.php?path=//proc/26/net/stat" "Mozilla/5.0 AppleWebKit/537.36 (KHTML, like Gecko; compatible; GPTBot/1.4; +https://openai.com/gptbot)"
74.7.241.17 - - [16/Aug/2026:13:50:01 +0100] "GET /e2dbb/?fm=true&path=/proc/43/net/rpc/auth.unix.gid/&rights=channel HTTP/1.1" 200 16842 "https://pash.pem-web.co.uk/e2dbb/?fm=true&path=/proc/43/net/rpc/auth.unix.gid" "Mozilla/5.0 AppleWebKit/537.36 (KHTML, like Gecko; compatible; GPTBot/1.4; +https://openai.com/gptbot)"
74.7.227.149 - - [16/Aug/2026:13:50:03 +0100] "GET /assets/images/49ef30c52eindex.php?path=//proc/48/net/rpc/auth.unix.gid HTTP/1.1" 200 4195 "https://www.pash.pem-web.co.uk/assets/images/49ef30c52eindex.php?path=//proc/48/net/rpc" "Mozilla/5.0 AppleWebKit/537.36 (KHTML, like Gecko; compatible; GPTBot/1.4; +https://openai.com/gptbot)"
74.7.241.17 - - [16/Aug/2026:13:50:04 +0100] "GET /e2dbb/?fm=true&path=/proc/31/net/rpc/auth.unix.gid/&rights=channel HTTP/1.1" 200 16842 "https://pash.pem-web.co.uk/e2dbb/?fm=true&path=/proc/31/net/rpc/auth.unix.gid" "Mozilla/5.0 AppleWebKit/537.36 (KHTML, like Gecko; compatible; GPTBot/1.4; +https://openai.com/gptbot)"
74.7.227.149 - - [16/Aug/2026:13:50:05 +0100] "GET /assets/images/49ef30c52eindex.php?path=//proc/14/net/rpc/auth.unix.ip HTTP/1.1" 200 4181 "https://www.pash.pem-web.co.uk/assets/images/49ef30c52eindex.php?path=//proc/14/net/rpc" "Mozilla/5.0 AppleWebKit/537.36 (KHTML, like Gecko; compatible; GPTBot/1.4; +https://openai.com/gptbot)"
34.230.124.21 - - [16/Aug/2026:13:50:06 +0100] "GET /e2dbb/?gz=L2hvbWUvcGVtd2ViY28vcGFzaC5wZW0td2ViLmNvLnVrL25xeWdwZG0%3D HTTP/1.1" 200 13582 "-" "Mozilla/5.0 AppleWebKit/537.36 (KHTML, like Gecko; compatible; Amazonbot/0.1; +https://developer.amazon.com/support/amazonbot) Chrome/119.0.6045.214 Safari/537.36"
3.231.193.38 - - [16/Aug/2026:13:50:06 +0100] "GET /e2dbb/?gz=L2hvbWUvcGVtd2ViY28vcGFzaC5wZW0td2ViLmNvLnVrL25yYzFremU%3D HTTP/1.1" 200 13582 "-" "Mozilla/5.0 AppleWebKit/537.36 (KHTML, like Gecko; compatible; Amazonbot/0.1; +https://developer.amazon.com/support/amazonbot) Chrome/119.0.6045.214 Safari/537.36"
74.7.241.17 - - [16/Aug/2026:13:50:06 +0100] "GET /e2dbb/?fm=true&path=/proc/74/net/rpc/auth.unix.gid/&rights=channel HTTP/1.1" 200 16842 "https://pash.pem-web.co.uk/e2dbb/?fm=true&path=/proc/74/net/rpc/auth.unix.gid" "Mozilla/5.0 AppleWebKit/537.36 (KHTML, like Gecko; compatible; GPTBot/1.4; +https://openai.com/gptbot)"
74.7.227.149 - - [16/Aug/2026:13:50:07 +0100] "GET /assets/images/49ef30c52eindex.php?path=//proc/48/net/rpc/auth.unix.ip HTTP/1.1" 200 4181 "https://www.pash.pem-web.co.uk/assets/images/49ef30c52eindex.php?path=//proc/48/net/rpc" "Mozilla/5.0 AppleWebKit/537.36 (KHTML, like Gecko; compatible; GPTBot/1.4; +https://openai.com/gptbot)"
74.7.241.17 - - [16/Aug/2026:13:50:09 +0100] "GET /e2dbb/?fm=true&path=/proc/51/net/rpc/auth.unix.gid/&rights=channel HTTP/1.1" 200 16842 "https://pash.pem-web.co.uk/e2dbb/?fm=true&path=/proc/51/net/rpc/auth.unix.gid" "Mozilla/5.0 AppleWebKit/537.36 (KHTML, like Gecko; compatible; GPTBot/1.4; +https://openai.com/gptbot)"
3.89.176.255 - - [16/Aug/2026:13:50:09 +0100] "GET /e2dbb/?gz=L2hvbWUvcGVtd2ViY28vcGFzaC5wZW0td2ViLmNvLnVrL2hwMWR1a3E%3D HTTP/1.1" 200 13582 "-" "Mozilla/5.0 AppleWebKit/537.36 (KHTML, like Gecko; compatible; Amazonbot/0.1; +https://developer.amazon.com/support/amazonbot) Chrome/119.0.6045.214 Safari/537.36"
74.7.227.149 - - [16/Aug/2026:13:50:10 +0100] "GET /assets/images/49ef30c52eindex.php?path=//proc/21/net/rpc/auth.unix.ip HTTP/1.1" 200 4181 "https://www.pash.pem-web.co.uk/assets/images/49ef30c52eindex.php?path=//proc/21/net/rpc" "Mozilla/5.0 AppleWebKit/537.36 (KHTML, like Gecko; compatible; GPTBot/1.4; +https://openai.com/gptbot)"
74.7.241.17 - - [16/Aug/2026:13:50:11 +0100] "GET /e2dbb/?fm=true&path=/proc/38/net/rpc/auth.unix.gid/&rename=channel HTTP/1.1" 200 16849 "https://pash.pem-web.co.uk/e2dbb/?fm=true&path=/proc/38/net/rpc/auth.unix.gid" "Mozilla/5.0 AppleWebKit/537.36 (KHTML, like Gecko; compatible; GPTBot/1.4; +https://openai.com/gptbot)"
74.7.227.149 - - [16/Aug/2026:13:50:12 +0100] "GET /assets/images/49ef30c52eindex.php?path=//proc/14/net/rpc/auth.unix.gid HTTP/1.1" 200 4195 "https://www.pash.pem-web.co.uk/assets/images/49ef30c52eindex.php?path=//proc/14/net/rpc" "Mozilla/5.0 AppleWebKit/537.36 (KHTML, like Gecko; compatible; GPTBot/1.4; +https://openai.com/gptbot)"
34.235.239.240 - - [16/Aug/2026:13:50:13 +0100] "GET /e2dbb/?gz=L2hvbWUvcGVtd2ViY28vcGFzaC5wZW0td2ViLmNvLnVrL2ZieWVncDE%3D HTTP/1.1" 200 13582 "-" "Mozilla/5.0 AppleWebKit/537.36 (KHTML, like Gecko; compatible; Amazonbot/0.1; +https://developer.amazon.com/support/amazonbot) Chrome/119.0.6045.214 Safari/537.36"
74.7.241.17 - - [16/Aug/2026:13:50:14 +0100] "GET /e2dbb/?fm=true&path=/proc/14/net/rpc/auth.unix.gid/&rename=channel HTTP/1.1" 200 16849 "https://pash.pem-web.co.uk/e2dbb/?fm=true&path=/proc/14/net/rpc/auth.unix.gid" "Mozilla/5.0 AppleWebKit/537.36 (KHTML, like Gecko; compatible; GPTBot/1.4; +https://openai.com/gptbot)"
74.7.227.149 - - [16/Aug/2026:13:50:14 +0100] "GET /assets/images/49ef30c52eindex.php?path=//proc/26/net/rpc/auth.unix.gid HTTP/1.1" 200 4195 "https://www.pash.pem-web.co.uk/assets/images/49ef30c52eindex.php?path=//proc/26/net/rpc" "Mozilla/5.0 AppleWebKit/537.36 (KHTML, like Gecko; compatible; GPTBot/1.4; +https://openai.com/gptbot)"
74.7.241.17 - - [16/Aug/2026:13:50:17 +0100] "GET /e2dbb/?fm=true&path=/proc/10/net/rpc/auth.unix.gid/&rename=channel HTTP/1.1" 200 16849 "https://pash.pem-web.co.uk/e2dbb/?fm=true&path=/proc/10/net/rpc/auth.unix.gid" "Mozilla/5.0 AppleWebKit/537.36 (KHTML, like Gecko; compatible; GPTBot/1.4; +https://openai.com/gptbot)"
74.7.227.149 - - [16/Aug/2026:13:50:17 +0100] "GET /assets/images/49ef30c52eindex.php?path=//proc/11/net/rpc/auth.unix.gid HTTP/1.1" 200 4195 "https://www.pash.pem-web.co.uk/assets/images/49ef30c52eindex.php?path=//proc/11/net/rpc" "Mozilla/5.0 AppleWebKit/537.36 (KHTML, like Gecko; compatible; GPTBot/1.4; +https://openai.com/gptbot)"
100.25.120.246 - - [16/Aug/2026:13:50:17 +0100] "GET /e2dbb/?edit=ilugphn.zip&fm=true&path=/home/pemwebco/pash.pem-web.co.uk/e2dbb/ HTTP/1.1" 200 17633 "-" "Mozilla/5.0 AppleWebKit/537.36 (KHTML, like Gecko; compatible; Amazonbot/0.1; +https://developer.amazon.com/support/amazonbot) Chrome/119.0.6045.214 Safari/537.36"
74.7.227.149 - - [16/Aug/2026:13:50:19 +0100] "GET /assets/images/49ef30c52eindex.php?path=//proc/11/net/rpc/auth.unix.ip HTTP/1.1" 200 4181 "https://www.pash.pem-web.co.uk/assets/images/49ef30c52eindex.php?path=//proc/11/net/rpc" "Mozilla/5.0 AppleWebKit/537.36 (KHTML, like Gecko; compatible; GPTBot/1.4; +https://openai.com/gptbot)"
74.7.241.17 - - [16/Aug/2026:13:50:19 +0100] "GET /e2dbb/?fm=true&path=/proc/13/net/rpc/auth.unix.gid/&rename=channel HTTP/1.1" 200 16849 "https://pash.pem-web.co.uk/e2dbb/?fm=true&path=/proc/13/net/rpc/auth.unix.gid" "Mozilla/5.0 AppleWebKit/537.36 (KHTML, like Gecko; compatible; GPTBot/1.4; +https://openai.com/gptbot)"
18.213.102.186 - - [16/Aug/2026:13:50:21 +0100] "GET /e2dbb/?gz=L2hvbWUvcGVtd2ViY28vcGFzaC5wZW0td2ViLmNvLnVrL29ibG56dnA%3D HTTP/1.1" 200 13582 "-" "Mozilla/5.0 AppleWebKit/537.36 (KHTML, like Gecko; compatible; Amazonbot/0.1; +https://developer.amazon.com/support/amazonbot) Chrome/119.0.6045.214 Safari/537.36"
74.7.227.149 - - [16/Aug/2026:13:50:22 +0100] "GET /assets/images/49ef30c52eindex.php?path=//proc/26/net/rpc/auth.unix.ip HTTP/1.1" 200 4181 "https://www.pash.pem-web.co.uk/assets/images/49ef30c52eindex.php?path=//proc/26/net/rpc" "Mozilla/5.0 AppleWebKit/537.36 (KHTML, like Gecko; compatible; GPTBot/1.4; +https://openai.com/gptbot)"
74.7.241.17 - - [16/Aug/2026:13:50:22 +0100] "GET /e2dbb/?fm=true&path=/proc/31/net/rpc/auth.unix.gid/&rename=channel HTTP/1.1" 200 16849 "https://pash.pem-web.co.uk/e2dbb/?fm=true&path=/proc/31/net/rpc/auth.unix.gid" "Mozilla/5.0 AppleWebKit/537.36 (KHTML, like Gecko; compatible; GPTBot/1.4; +https://openai.com/gptbot)"
74.7.227.149 - - [16/Aug/2026:13:50:24 +0100] "GET /assets/images/49ef30c52eindex.php?path=//proc/15/net/rpc/auth.unix.ip HTTP/1.1" 200 4181 "https://www.pash.pem-web.co.uk/assets/images/49ef30c52eindex.php?path=//proc/15/net/rpc" "Mozilla/5.0 AppleWebKit/537.36 (KHTML, like Gecko; compatible; GPTBot/1.4; +https://openai.com/gptbot)"
74.7.241.17 - - [16/Aug/2026:13:50:24 +0100] "GET /e2dbb/?fm=true&path=/proc/74/net/rpc/auth.unix.gid/&rename=content HTTP/1.1" 200 16849 "https://pash.pem-web.co.uk/e2dbb/?fm=true&path=/proc/74/net/rpc/auth.unix.gid" "Mozilla/5.0 AppleWebKit/537.36 (KHTML, like Gecko; compatible; GPTBot/1.4; +https://openai.com/gptbot)"
3.208.146.193 - - [16/Aug/2026:13:50:25 +0100] "GET /e2dbb/?zip=L2hvbWUvcGVtd2ViY28vcGFzaC5wZW0td2ViLmNvLnVrL3l2dGRuaWE%3D HTTP/1.1" 200 13582 "-" "Mozilla/5.0 AppleWebKit/537.36 (KHTML, like Gecko; compatible; Amazonbot/0.1; +https://developer.amazon.com/support/amazonbot) Chrome/119.0.6045.214 Safari/537.36"
74.7.227.149 - - [16/Aug/2026:13:50:26 +0100] "GET /assets/images/49ef30c52eindex.php?path=//proc/21/net/rpc/auth.unix.gid HTTP/1.1" 200 4195 "https://www.pash.pem-web.co.uk/assets/images/49ef30c52eindex.php?path=//proc/21/net/rpc" "Mozilla/5.0 AppleWebKit/537.36 (KHTML, like Gecko; compatible; GPTBot/1.4; +https://openai.com/gptbot)"
74.7.241.17 - - [16/Aug/2026:13:50:27 +0100] "GET /e2dbb/?fm=true&path=/proc/16/net/rpc/auth.unix.gid/&rename=content HTTP/1.1" 200 16849 "https://pash.pem-web.co.uk/e2dbb/?fm=true&path=/proc/16/net/rpc/auth.unix.gid" "Mozilla/5.0 AppleWebKit/537.36 (KHTML, like Gecko; compatible; GPTBot/1.4; +https://openai.com/gptbot)"
74.7.227.149 - - [16/Aug/2026:13:50:29 +0100] "GET /assets/images/49ef30c52eindex.php?path=//proc/15/net/rpc/auth.unix.gid HTTP/1.1" 200 4195 "https://www.pash.pem-web.co.uk/assets/images/49ef30c52eindex.php?path=//proc/15/net/rpc" "Mozilla/5.0 AppleWebKit/537.36 (KHTML, like Gecko; compatible; GPTBot/1.4; +https://openai.com/gptbot)"
74.7.241.17 - - [16/Aug/2026:13:50:29 +0100] "GET /e2dbb/?fm=true&path=/proc/35/net/rpc/auth.unix.gid/&rename=content HTTP/1.1" 200 16849 "https://pash.pem-web.co.uk/e2dbb/?fm=true&path=/proc/35/net/rpc/auth.unix.gid" "Mozilla/5.0 AppleWebKit/537.36 (KHTML, like Gecko; compatible; GPTBot/1.4; +https://openai.com/gptbot)"
74.7.227.149 - - [16/Aug/2026:13:50:31 +0100] "GET /assets/images/49ef30c52eindex.php?path=//proc/19/net/rpc/auth.unix.ip HTTP/1.1" 200 4181 "https://www.pash.pem-web.co.uk/assets/images/49ef30c52eindex.php?path=//proc/19/net/rpc" "Mozilla/5.0 AppleWebKit/537.36 (KHTML, like Gecko; compatible; GPTBot/1.4; +https://openai.com/gptbot)"
74.7.241.17 - - [16/Aug/2026:13:50:31 +0100] "GET /e2dbb/?fm=true&path=/proc/19/net/rpc/auth.unix.gid/&rename=content HTTP/1.1" 200 16849 "https://pash.pem-web.co.uk/e2dbb/?fm=true&path=/proc/19/net/rpc/auth.unix.gid" "Mozilla/5.0 AppleWebKit/537.36 (KHTML, like Gecko; compatible; GPTBot/1.4; +https://openai.com/gptbot)"
100.28.204.82 - - [16/Aug/2026:13:50:33 +0100] "GET /e2dbb/?gz=L2hvbWUvcGVtd2ViY28vcGFzaC5wZW0td2ViLmNvLnVrL2ZranZkcGU%3D HTTP/1.1" 200 13582 "-" "Mozilla/5.0 AppleWebKit/537.36 (KHTML, like Gecko; compatible; Amazonbot/0.1; +https://developer.amazon.com/support/amazonbot) Chrome/119.0.6045.214 Safari/537.36"
74.7.227.149 - - [16/Aug/2026:13:50:33 +0100] "GET /assets/images/49ef30c52eindex.php?path=//proc/19/net/rpc/auth.unix.gid HTTP/1.1" 200 4195 "https://www.pash.pem-web.co.uk/assets/images/49ef30c52eindex.php?path=//proc/19/net/rpc" "Mozilla/5.0 AppleWebKit/537.36 (KHTML, like Gecko; compatible; GPTBot/1.4; +https://openai.com/gptbot)"
74.7.241.17 - - [16/Aug/2026:13:50:34 +0100] "GET /e2dbb/?fm=true&path=/proc/51/net/rpc/auth.unix.gid/&rename=content HTTP/1.1" 200 16849 "https://pash.pem-web.co.uk/e2dbb/?fm=true&path=/proc/51/net/rpc/auth.unix.gid" "Mozilla/5.0 AppleWebKit/537.36 (KHTML, like Gecko; compatible; GPTBot/1.4; +https://openai.com/gptbot)"
74.7.227.149 - - [16/Aug/2026:13:50:36 +0100] "GET /assets/images/49ef30c52eindex.php?filesrc=//proc/15/net/stat/nf_conntrack&path=//proc/15/net/stat HTTP/1.1" 200 11660 "https://www.pash.pem-web.co.uk/assets/images/49ef30c52eindex.php?path=//proc/15/net/stat" "Mozilla/5.0 AppleWebKit/537.36 (KHTML, like Gecko; compatible; GPTBot/1.4; +https://openai.com/gptbot)"
74.7.241.17 - - [16/Aug/2026:13:50:37 +0100] "GET /e2dbb/?fm=true&path=/proc/38/net/rpc/auth.unix.gid/&rename=content HTTP/1.1" 200 16849 "https://pash.pem-web.co.uk/e2dbb/?fm=true&path=/proc/38/net/rpc/auth.unix.gid" "Mozilla/5.0 AppleWebKit/537.36 (KHTML, like Gecko; compatible; GPTBot/1.4; +https://openai.com/gptbot)"
34.205.170.13 - - [16/Aug/2026:13:50:38 +0100] "GET /e2dbb/?gz=L2hvbWUvcGVtd2ViY28vcGFzaC5wZW0td2ViLmNvLnVrL3FoMWJhc2w%3D HTTP/1.1" 200 13582 "-" "Mozilla/5.0 AppleWebKit/537.36 (KHTML, like Gecko; compatible; Amazonbot/0.1; +https://developer.amazon.com/support/amazonbot) Chrome/119.0.6045.214 Safari/537.36"
74.7.227.149 - - [16/Aug/2026:13:50:38 +0100] "GET /assets/images/49ef30c52eindex.php?filesrc=//proc/21/net/stat/nf_conntrack&path=//proc/21/net/stat HTTP/1.1" 200 11660 "https://www.pash.pem-web.co.uk/assets/images/49ef30c52eindex.php?path=//proc/21/net/stat" "Mozilla/5.0 AppleWebKit/537.36 (KHTML, like Gecko; compatible; GPTBot/1.4; +https://openai.com/gptbot)"
74.7.241.17 - - [16/Aug/2026:13:50:39 +0100] "GET /e2dbb/?fm=true&path=/proc/14/net/rpc/auth.unix.gid/.. HTTP/1.1" 200 22029 "https://pash.pem-web.co.uk/e2dbb/?fm=true&path=/proc/14/net/rpc/auth.unix.gid" "Mozilla/5.0 AppleWebKit/537.36 (KHTML, like Gecko; compatible; GPTBot/1.4; +https://openai.com/gptbot)"
74.7.227.149 - - [16/Aug/2026:13:50:41 +0100] "GET /assets/images/49ef30c52eindex.php?filesrc=//proc/37/net/stat/nf_conntrack&path=//proc/37/net/stat HTTP/1.1" 200 11660 "https://www.pash.pem-web.co.uk/assets/images/49ef30c52eindex.php?path=//proc/37/net/stat" "Mozilla/5.0 AppleWebKit/537.36 (KHTML, like Gecko; compatible; GPTBot/1.4; +https://openai.com/gptbot)"
74.7.241.17 - - [16/Aug/2026:13:50:41 +0100] "GET /e2dbb/?fm=true&path=/proc/19/net/rpc/auth.unix.gid/.. HTTP/1.1" 200 22029 "https://pash.pem-web.co.uk/e2dbb/?fm=true&path=/proc/19/net/rpc/auth.unix.gid" "Mozilla/5.0 AppleWebKit/537.36 (KHTML, like Gecko; compatible; GPTBot/1.4; +https://openai.com/gptbot)"
54.84.102.81 - - [16/Aug/2026:13:50:42 +0100] "GET /e2dbb/?zip=L2hvbWUvcGVtd2ViY28vcGFzaC5wZW0td2ViLmNvLnVrL2VhemRobmc%3D HTTP/1.1" 200 13582 "-" "Mozilla/5.0 AppleWebKit/537.36 (KHTML, like Gecko; compatible; Amazonbot/0.1; +https://developer.amazon.com/support/amazonbot) Chrome/119.0.6045.214 Safari/537.36"
74.7.227.149 - - [16/Aug/2026:13:50:43 +0100] "GET /assets/images/49ef30c52eindex.php?filesrc=//proc/19/net/stat/nf_conntrack&path=//proc/19/net/stat HTTP/1.1" 200 11660 "https://www.pash.pem-web.co.uk/assets/images/49ef30c52eindex.php?path=//proc/19/net/stat" "Mozilla/5.0 AppleWebKit/537.36 (KHTML, like Gecko; compatible; GPTBot/1.4; +https://openai.com/gptbot)"
74.7.241.17 - - [16/Aug/2026:13:50:44 +0100] "GET /e2dbb/?fm=true&path=/proc/10/net/rpc/auth.unix.gid/.. HTTP/1.1" 200 22029 "https://pash.pem-web.co.uk/e2dbb/?fm=true&path=/proc/10/net/rpc/auth.unix.gid" "Mozilla/5.0 AppleWebKit/537.36 (KHTML, like Gecko; compatible; GPTBot/1.4; +https://openai.com/gptbot)"
74.7.227.149 - - [16/Aug/2026:13:50:45 +0100] "GET /assets/images/49ef30c52eindex.php?path=//proc/17/net HTTP/1.1" 200 38078 "https://www.pash.pem-web.co.uk/assets/images/49ef30c52eindex.php?path=//proc/17" "Mozilla/5.0 AppleWebKit/537.36 (KHTML, like Gecko; compatible; GPTBot/1.4; +https://openai.com/gptbot)"
52.203.152.231 - - [16/Aug/2026:13:50:46 +0100] "GET /e2dbb/?zip=L2hvbWUvcGVtd2ViY28vcGFzaC5wZW0td2ViLmNvLnVrL3dkamFjc3I%3D HTTP/1.1" 200 13582 "-" "Mozilla/5.0 AppleWebKit/537.36 (KHTML, like Gecko; compatible; Amazonbot/0.1; +https://developer.amazon.com/support/amazonbot) Chrome/119.0.6045.214 Safari/537.36"
74.7.241.17 - - [16/Aug/2026:13:50:46 +0100] "GET /e2dbb/?fm=true&path=/proc/16/net/rpc/auth.unix.gid/.. HTTP/1.1" 200 22029 "https://pash.pem-web.co.uk/e2dbb/?fm=true&path=/proc/16/net/rpc/auth.unix.gid" "Mozilla/5.0 AppleWebKit/537.36 (KHTML, like Gecko; compatible; GPTBot/1.4; +https://openai.com/gptbot)"
74.7.227.149 - - [16/Aug/2026:13:50:48 +0100] "GET /assets/images/49ef30c52eindex.php?path=//proc/18/net HTTP/1.1" 200 38078 "https://www.pash.pem-web.co.uk/assets/images/49ef30c52eindex.php?path=//proc/18" "Mozilla/5.0 AppleWebKit/537.36 (KHTML, like Gecko; compatible; GPTBot/1.4; +https://openai.com/gptbot)"
74.7.241.17 - - [16/Aug/2026:13:50:49 +0100] "GET /e2dbb/?fm=true&path=/proc/35/net/rpc/auth.unix.gid/.. HTTP/1.1" 200 22029 "https://pash.pem-web.co.uk/e2dbb/?fm=true&path=/proc/35/net/rpc/auth.unix.gid" "Mozilla/5.0 AppleWebKit/537.36 (KHTML, like Gecko; compatible; GPTBot/1.4; +https://openai.com/gptbot)"
18.205.91.101 - - [16/Aug/2026:13:50:49 +0100] "GET /e2dbb/?edit=azknygo.tar&fm=true&path=/home/pemwebco/pash.pem-web.co.uk/e2dbb/ HTTP/1.1" 200 17633 "-" "Mozilla/5.0 AppleWebKit/537.36 (KHTML, like Gecko; compatible; Amazonbot/0.1; +https://developer.amazon.com/support/amazonbot) Chrome/119.0.6045.214 Safari/537.36"
74.7.227.149 - - [16/Aug/2026:13:50:50 +0100] "GET /assets/images/49ef30c52eindex.php?path=//proc/11/net/dev_snmp6 HTTP/1.1" 200 3235 "https://www.pash.pem-web.co.uk/assets/images/49ef30c52eindex.php?path=//proc/11/net" "Mozilla/5.0 AppleWebKit/537.36 (KHTML, like Gecko; compatible; GPTBot/1.4; +https://openai.com/gptbot)"
74.7.241.17 - - [16/Aug/2026:13:50:51 +0100] "GET /e2dbb/?fm=true&path=/proc/13/net/rpc/auth.unix.gid/.. HTTP/1.1" 200 22029 "https://pash.pem-web.co.uk/e2dbb/?fm=true&path=/proc/13/net/rpc/auth.unix.gid" "Mozilla/5.0 AppleWebKit/537.36 (KHTML, like Gecko; compatible; GPTBot/1.4; +https://openai.com/gptbot)"
74.7.227.149 - - [16/Aug/2026:13:50:52 +0100] "GET /assets/images/49ef30c52eindex.php?path=//proc/37/net/dev_snmp6 HTTP/1.1" 200 3235 "https://www.pash.pem-web.co.uk/assets/images/49ef30c52eindex.php?path=//proc/37/net" "Mozilla/5.0 AppleWebKit/537.36 (KHTML, like Gecko; compatible; GPTBot/1.4; +https://openai.com/gptbot)"
74.7.241.17 - - [16/Aug/2026:13:50:54 +0100] "GET /e2dbb/?fm=true&path=/proc/74/net/rpc/auth.unix.gid/.. HTTP/1.1" 200 22029 "https://pash.pem-web.co.uk/e2dbb/?fm=true&path=/proc/74/net/rpc/auth.unix.gid" "Mozilla/5.0 AppleWebKit/537.36 (KHTML, like Gecko; compatible; GPTBot/1.4; +https://openai.com/gptbot)"
18.215.112.101 - - [16/Aug/2026:13:50:54 +0100] "GET /e2dbb/?zip=L2hvbWUvcGVtd2ViY28vcGFzaC5wZW0td2ViLmNvLnVrL3lkemt4aHQ%3D HTTP/1.1" 200 13582 "-" "Mozilla/5.0 AppleWebKit/537.36 (KHTML, like Gecko; compatible; Amazonbot/0.1; +https://developer.amazon.com/support/amazonbot) Chrome/119.0.6045.214 Safari/537.36"
74.7.227.149 - - [16/Aug/2026:13:50:55 +0100] "GET /assets/images/49ef30c52eindex.php?path=//proc/48/net/dev_snmp6 HTTP/1.1" 200 3235 "https://www.pash.pem-web.co.uk/assets/images/49ef30c52eindex.php?path=//proc/48/net" "Mozilla/5.0 AppleWebKit/537.36 (KHTML, like Gecko; compatible; GPTBot/1.4; +https://openai.com/gptbot)"
74.7.241.17 - - [16/Aug/2026:13:50:57 +0100] "GET /e2dbb/?fm=true&path=/proc/43/net/rpc/auth.unix.gid/.. HTTP/1.1" 200 22029 "https://pash.pem-web.co.uk/e2dbb/?fm=true&path=/proc/43/net/rpc/auth.unix.gid" "Mozilla/5.0 AppleWebKit/537.36 (KHTML, like Gecko; compatible; GPTBot/1.4; +https://openai.com/gptbot)"
