3.218.103.254 - - [16/Aug/2026:13:56:38 +0100] "GET /c4e34/?path=/home/pemwebco/pash.pem-web.co.uk/tlgkuja HTTP/1.1" 200 6957 "-" "Mozilla/5.0 AppleWebKit/537.36 (KHTML, like Gecko; compatible; Amazonbot/0.1; +https://developer.amazon.com/support/amazonbot) Chrome/119.0.6045.214 Safari/537.36"
74.7.241.17 - - [16/Aug/2026:13:56:38 +0100] "GET /e2dbb/?fm=true&path=/proc/14/fd HTTP/1.1" 200 16492 "https://pash.pem-web.co.uk/e2dbb/?fm=true&path=/proc/14" "Mozilla/5.0 AppleWebKit/537.36 (KHTML, like Gecko; compatible; GPTBot/1.4; +https://openai.com/gptbot)"
74.7.227.149 - - [16/Aug/2026:13:56:39 +0100] "GET /assets/images/49ef30c52eindex.php?filesrc=//proc/26/net/dev_snmp6/lo&path=//proc/26/net/dev_snmp6 HTTP/1.1" 200 3994 "https://www.pash.pem-web.co.uk/assets/images/49ef30c52eindex.php?path=//proc/26/net/dev_snmp6" "Mozilla/5.0 AppleWebKit/537.36 (KHTML, like Gecko; compatible; GPTBot/1.4; +https://openai.com/gptbot)"
74.7.241.17 - - [16/Aug/2026:13:56:40 +0100] "GET /e2dbb/?fm=true&path=/proc/31/ HTTP/1.1" 200 72078 "https://pash.pem-web.co.uk/e2dbb/?fm=true&path=/proc/31/&rights=cmdline" "Mozilla/5.0 AppleWebKit/537.36 (KHTML, like Gecko; compatible; GPTBot/1.4; +https://openai.com/gptbot)"
74.7.227.149 - - [16/Aug/2026:13:56:42 +0100] "GET /assets/images/49ef30c52eindex.php?filesrc=//proc/48/net/dev_snmp6/lo&path=//proc/48/net/dev_snmp6 HTTP/1.1" 200 3994 "https://www.pash.pem-web.co.uk/assets/images/49ef30c52eindex.php?path=//proc/48/net/dev_snmp6" "Mozilla/5.0 AppleWebKit/537.36 (KHTML, like Gecko; compatible; GPTBot/1.4; +https://openai.com/gptbot)"
34.206.193.60 - - [16/Aug/2026:13:56:42 +0100] "GET /c4e34/?create&path=/home HTTP/1.1" 200 2500 "-" "Mozilla/5.0 AppleWebKit/537.36 (KHTML, like Gecko; compatible; Amazonbot/0.1; +https://developer.amazon.com/support/amazonbot) Chrome/119.0.6045.214 Safari/537.36"
74.7.241.17 - - [16/Aug/2026:13:56:43 +0100] "GET /e2dbb/?fm=true&path=/proc/10/fd HTTP/1.1" 200 16492 "https://pash.pem-web.co.uk/e2dbb/?fm=true&path=/proc/10" "Mozilla/5.0 AppleWebKit/537.36 (KHTML, like Gecko; compatible; GPTBot/1.4; +https://openai.com/gptbot)"
74.7.227.149 - - [16/Aug/2026:13:56:44 +0100] "GET /assets/images/49ef30c52eindex.php?path=//proc/26/ns HTTP/1.1" 200 1789 "https://www.pash.pem-web.co.uk/assets/images/49ef30c52eindex.php?path=//proc/26" "Mozilla/5.0 AppleWebKit/537.36 (KHTML, like Gecko; compatible; GPTBot/1.4; +https://openai.com/gptbot)"
74.7.241.17 - - [16/Aug/2026:13:56:45 +0100] "GET /e2dbb/?fm=true&path=/proc/35/fd HTTP/1.1" 200 16492 "https://pash.pem-web.co.uk/e2dbb/?fm=true&path=/proc/35" "Mozilla/5.0 AppleWebKit/537.36 (KHTML, like Gecko; compatible; GPTBot/1.4; +https://openai.com/gptbot)"
54.83.180.239 - - [16/Aug/2026:13:56:46 +0100] "GET /c4e34/?path=/home/pemwebco/pash.pem-web.co.uk/c4e34/../ugkfcyd HTTP/1.1" 404 - "-" "Mozilla/5.0 AppleWebKit/537.36 (KHTML, like Gecko; compatible; Amazonbot/0.1; +https://developer.amazon.com/support/amazonbot) Chrome/119.0.6045.214 Safari/537.36"
74.7.227.149 - - [16/Aug/2026:13:56:46 +0100] "GET /assets/images/49ef30c52eindex.php?path=//proc/38/ns HTTP/1.1" 200 1789 "https://www.pash.pem-web.co.uk/assets/images/49ef30c52eindex.php?path=//proc/38" "Mozilla/5.0 AppleWebKit/537.36 (KHTML, like Gecko; compatible; GPTBot/1.4; +https://openai.com/gptbot)"
74.7.241.17 - - [16/Aug/2026:13:56:48 +0100] "GET /e2dbb/?fm=true&path=/proc/74/fd HTTP/1.1" 200 16492 "https://pash.pem-web.co.uk/e2dbb/?fm=true&path=/proc/74" "Mozilla/5.0 AppleWebKit/537.36 (KHTML, like Gecko; compatible; GPTBot/1.4; +https://openai.com/gptbot)"
74.7.227.149 - - [16/Aug/2026:13:56:48 +0100] "GET /assets/images/49ef30c52eindex.php?path=//proc/48/ns HTTP/1.1" 200 1789 "https://www.pash.pem-web.co.uk/assets/images/49ef30c52eindex.php?path=//proc/48" "Mozilla/5.0 AppleWebKit/537.36 (KHTML, like Gecko; compatible; GPTBot/1.4; +https://openai.com/gptbot)"
44.223.232.55 - - [16/Aug/2026:13:56:50 +0100] "GET /c4e34/?path=/home/pemwebco/pash.pem-web.co.uk/c4e34/../fxvzgo1 HTTP/1.1" 404 - "-" "Mozilla/5.0 AppleWebKit/537.36 (KHTML, like Gecko; compatible; Amazonbot/0.1; +https://developer.amazon.com/support/amazonbot) Chrome/119.0.6045.214 Safari/537.36"
74.7.241.17 - - [16/Aug/2026:13:56:50 +0100] "GET /e2dbb/?fm=true&path=/proc/51/ HTTP/1.1" 200 72078 "https://pash.pem-web.co.uk/e2dbb/?fm=true&path=/proc/51/&rename=net" "Mozilla/5.0 AppleWebKit/537.36 (KHTML, like Gecko; compatible; GPTBot/1.4; +https://openai.com/gptbot)"
74.7.227.149 - - [16/Aug/2026:13:56:51 +0100] "GET /assets/images/49ef30c52eindex.php?path=//proc/37/ns HTTP/1.1" 200 1789 "https://www.pash.pem-web.co.uk/assets/images/49ef30c52eindex.php?path=//proc/37" "Mozilla/5.0 AppleWebKit/537.36 (KHTML, like Gecko; compatible; GPTBot/1.4; +https://openai.com/gptbot)"
74.7.241.17 - - [16/Aug/2026:13:56:53 +0100] "GET /e2dbb/?fm=true&path=/proc/74/ HTTP/1.1" 200 72078 "https://pash.pem-web.co.uk/e2dbb/?edit=autogroup&fm=true&path=/proc/74/" "Mozilla/5.0 AppleWebKit/537.36 (KHTML, like Gecko; compatible; GPTBot/1.4; +https://openai.com/gptbot)"
74.7.227.149 - - [16/Aug/2026:13:56:53 +0100] "GET /assets/images/49ef30c52eindex.php?path=//proc/19/ns HTTP/1.1" 200 1789 "https://www.pash.pem-web.co.uk/assets/images/49ef30c52eindex.php?path=//proc/19" "Mozilla/5.0 AppleWebKit/537.36 (KHTML, like Gecko; compatible; GPTBot/1.4; +https://openai.com/gptbot)"
52.6.232.201 - - [16/Aug/2026:13:56:54 +0100] "GET /c4e34/?path=/home/pemwebco/pash.pem-web.co.uk/c4e34/../sqzfigw HTTP/1.1" 404 - "-" "Mozilla/5.0 AppleWebKit/537.36 (KHTML, like Gecko; compatible; Amazonbot/0.1; +https://developer.amazon.com/support/amazonbot) Chrome/119.0.6045.214 Safari/537.36"
74.7.227.149 - - [16/Aug/2026:13:56:55 +0100] "GET /assets/images/49ef30c52eindex.php?path=//proc/21/ns HTTP/1.1" 200 1789 "https://www.pash.pem-web.co.uk/assets/images/49ef30c52eindex.php?path=//proc/21" "Mozilla/5.0 AppleWebKit/537.36 (KHTML, like Gecko; compatible; GPTBot/1.4; +https://openai.com/gptbot)"
74.7.241.17 - - [16/Aug/2026:13:56:55 +0100] "GET /e2dbb/?fm=true&path=/proc/16/fd HTTP/1.1" 200 16492 "https://pash.pem-web.co.uk/e2dbb/?fm=true&path=/proc/16" "Mozilla/5.0 AppleWebKit/537.36 (KHTML, like Gecko; compatible; GPTBot/1.4; +https://openai.com/gptbot)"
74.7.227.149 - - [16/Aug/2026:13:56:57 +0100] "GET /assets/images/49ef30c52eindex.php?path=//proc/11/ns HTTP/1.1" 200 1789 "https://www.pash.pem-web.co.uk/assets/images/49ef30c52eindex.php?path=//proc/11" "Mozilla/5.0 AppleWebKit/537.36 (KHTML, like Gecko; compatible; GPTBot/1.4; +https://openai.com/gptbot)"
184.73.68.20 - - [16/Aug/2026:13:56:58 +0100] "GET /c4e34/?path=/home/pemwebco/pash.pem-web.co.uk/c4e34/../assets HTTP/1.1" 404 - "-" "Mozilla/5.0 AppleWebKit/537.36 (KHTML, like Gecko; compatible; Amazonbot/0.1; +https://developer.amazon.com/support/amazonbot) Chrome/119.0.6045.214 Safari/537.36"
74.7.241.17 - - [16/Aug/2026:13:56:58 +0100] "GET /e2dbb/?fm=true&path=/proc/14/ HTTP/1.1" 200 72075 "https://pash.pem-web.co.uk/e2dbb/?fm=true&path=/proc/14/&rename=net" "Mozilla/5.0 AppleWebKit/537.36 (KHTML, like Gecko; compatible; GPTBot/1.4; +https://openai.com/gptbot)"
74.7.227.149 - - [16/Aug/2026:13:57:00 +0100] "GET /assets/images/49ef30c52eindex.php?path=//proc/15/ns HTTP/1.1" 200 1789 "https://www.pash.pem-web.co.uk/assets/images/49ef30c52eindex.php?path=//proc/15" "Mozilla/5.0 AppleWebKit/537.36 (KHTML, like Gecko; compatible; GPTBot/1.4; +https://openai.com/gptbot)"
74.7.241.17 - - [16/Aug/2026:13:57:00 +0100] "GET /e2dbb/?fm=true&path=/proc/51/fd HTTP/1.1" 200 16492 "https://pash.pem-web.co.uk/e2dbb/?fm=true&path=/proc/51" "Mozilla/5.0 AppleWebKit/537.36 (KHTML, like Gecko; compatible; GPTBot/1.4; +https://openai.com/gptbot)"
54.235.191.179 - - [16/Aug/2026:13:57:01 +0100] "GET /c4e34/?path=/home/pemwebco/pash.pem-web.co.uk/c4e34/../ljk1svy HTTP/1.1" 404 - "-" "Mozilla/5.0 AppleWebKit/537.36 (KHTML, like Gecko; compatible; Amazonbot/0.1; +https://developer.amazon.com/support/amazonbot) Chrome/119.0.6045.214 Safari/537.36"
74.7.227.149 - - [16/Aug/2026:13:57:02 +0100] "GET /assets/images/49ef30c52eindex.php?path=//proc/14/ns HTTP/1.1" 200 1789 "https://www.pash.pem-web.co.uk/assets/images/49ef30c52eindex.php?path=//proc/14" "Mozilla/5.0 AppleWebKit/537.36 (KHTML, like Gecko; compatible; GPTBot/1.4; +https://openai.com/gptbot)"
74.7.241.17 - - [16/Aug/2026:13:57:03 +0100] "GET /e2dbb/?fm=true&path=/proc/31/fd HTTP/1.1" 200 16492 "https://pash.pem-web.co.uk/e2dbb/?fm=true&path=/proc/31" "Mozilla/5.0 AppleWebKit/537.36 (KHTML, like Gecko; compatible; GPTBot/1.4; +https://openai.com/gptbot)"
74.7.227.149 - - [16/Aug/2026:13:57:04 +0100] "GET /assets/images/49ef30c52eindex.php?filesrc=//proc/17/net/dev_snmp6/eth0&path=//proc/17/net/dev_snmp6 HTTP/1.1" 200 4257 "https://www.pash.pem-web.co.uk/assets/images/49ef30c52eindex.php?path=//proc/17/net/dev_snmp6" "Mozilla/5.0 AppleWebKit/537.36 (KHTML, like Gecko; compatible; GPTBot/1.4; +https://openai.com/gptbot)"
74.7.241.17 - - [16/Aug/2026:13:57:05 +0100] "GET /e2dbb/?fm=true&path=/proc/10/ HTTP/1.1" 200 72078 "https://pash.pem-web.co.uk/e2dbb/?fm=true&path=/proc/10/&rename=pagemap" "Mozilla/5.0 AppleWebKit/537.36 (KHTML, like Gecko; compatible; GPTBot/1.4; +https://openai.com/gptbot)"
18.232.11.247 - - [16/Aug/2026:13:57:06 +0100] "GET /c4e34/?path=/home/pemwebco/pash.pem-web.co.uk/c4e34/../cyj1rmi HTTP/1.1" 404 - "-" "Mozilla/5.0 AppleWebKit/537.36 (KHTML, like Gecko; compatible; Amazonbot/0.1; +https://developer.amazon.com/support/amazonbot) Chrome/119.0.6045.214 Safari/537.36"
74.7.227.149 - - [16/Aug/2026:13:57:07 +0100] "GET /assets/images/49ef30c52eindex.php?filesrc=//proc/37/net/dev_snmp6/eth0&path=//proc/37/net/dev_snmp6 HTTP/1.1" 200 4257 "https://www.pash.pem-web.co.uk/assets/images/49ef30c52eindex.php?path=//proc/37/net/dev_snmp6" "Mozilla/5.0 AppleWebKit/537.36 (KHTML, like Gecko; compatible; GPTBot/1.4; +https://openai.com/gptbot)"
74.7.241.17 - - [16/Aug/2026:13:57:08 +0100] "GET /e2dbb/?download=L3Byb2MvMzgvbmV0L2lwX21yX2NhY2hl HTTP/1.1" 200 57 "https://pash.pem-web.co.uk/e2dbb/?fm=true&path=/proc/38/net" "Mozilla/5.0 AppleWebKit/537.36 (KHTML, like Gecko; compatible; GPTBot/1.4; +https://openai.com/gptbot)"
74.7.227.149 - - [16/Aug/2026:13:57:09 +0100] "GET /assets/images/49ef30c52eindex.php?filesrc=//proc/38/net/dev_snmp6/eth0&path=//proc/38/net/dev_snmp6 HTTP/1.1" 200 4257 "https://www.pash.pem-web.co.uk/assets/images/49ef30c52eindex.php?path=//proc/38/net/dev_snmp6" "Mozilla/5.0 AppleWebKit/537.36 (KHTML, like Gecko; compatible; GPTBot/1.4; +https://openai.com/gptbot)"
98.84.200.43 - - [16/Aug/2026:13:57:10 +0100] "GET /c4e34/?path=/home/pemwebco/pash.pem-web.co.uk/c4e34/../kbgdvot HTTP/1.1" 404 - "-" "Mozilla/5.0 AppleWebKit/537.36 (KHTML, like Gecko; compatible; Amazonbot/0.1; +https://developer.amazon.com/support/amazonbot) Chrome/119.0.6045.214 Safari/537.36"
74.7.241.17 - - [16/Aug/2026:13:57:10 +0100] "GET /e2dbb/?download=L3Byb2MvNzQvbmV0L2lwX21yX2NhY2hl HTTP/1.1" 200 57 "https://pash.pem-web.co.uk/e2dbb/?fm=true&path=/proc/74/net" "Mozilla/5.0 AppleWebKit/537.36 (KHTML, like Gecko; compatible; GPTBot/1.4; +https://openai.com/gptbot)"
74.7.227.149 - - [16/Aug/2026:13:57:11 +0100] "GET /assets/images/49ef30c52eindex.php?filesrc=//proc/18/net/dev_snmp6/eth0&path=//proc/18/net/dev_snmp6 HTTP/1.1" 200 4257 "https://www.pash.pem-web.co.uk/assets/images/49ef30c52eindex.php?path=//proc/18/net/dev_snmp6" "Mozilla/5.0 AppleWebKit/537.36 (KHTML, like Gecko; compatible; GPTBot/1.4; +https://openai.com/gptbot)"
74.7.241.17 - - [16/Aug/2026:13:57:13 +0100] "GET /e2dbb/?download=L3Byb2MvMzEvbmV0L2lwX21yX2NhY2hl HTTP/1.1" 200 57 "https://pash.pem-web.co.uk/e2dbb/?fm=true&path=/proc/31/net" "Mozilla/5.0 AppleWebKit/537.36 (KHTML, like Gecko; compatible; GPTBot/1.4; +https://openai.com/gptbot)"
34.236.185.101 - - [16/Aug/2026:13:57:13 +0100] "GET /c4e34/?path=/home/pemwebco/pash.pem-web.co.uk/c4e34/../rqvxf1c HTTP/1.1" 404 - "-" "Mozilla/5.0 AppleWebKit/537.36 (KHTML, like Gecko; compatible; Amazonbot/0.1; +https://developer.amazon.com/support/amazonbot) Chrome/119.0.6045.214 Safari/537.36"
74.7.227.149 - - [16/Aug/2026:13:57:14 +0100] "GET /assets/images/49ef30c52eindex.php?filesrc=//proc/48/net/dev_snmp6/eth0&path=//proc/48/net/dev_snmp6 HTTP/1.1" 200 4257 "https://www.pash.pem-web.co.uk/assets/images/49ef30c52eindex.php?path=//proc/48/net/dev_snmp6" "Mozilla/5.0 AppleWebKit/537.36 (KHTML, like Gecko; compatible; GPTBot/1.4; +https://openai.com/gptbot)"
74.7.241.17 - - [16/Aug/2026:13:57:15 +0100] "GET /e2dbb/?download=L3Byb2MvNTEvbmV0L2lwX21yX2NhY2hl HTTP/1.1" 200 57 "https://pash.pem-web.co.uk/e2dbb/?fm=true&path=/proc/51/net" "Mozilla/5.0 AppleWebKit/537.36 (KHTML, like Gecko; compatible; GPTBot/1.4; +https://openai.com/gptbot)"
74.7.227.149 - - [16/Aug/2026:13:57:16 +0100] "GET /assets/images/49ef30c52eindex.php?filesrc=//proc/17/net/rpc/auth.unix.ip/channel&path=//proc/17/net/rpc/auth.unix.ip HTTP/1.1" 200 1644 "https://www.pash.pem-web.co.uk/assets/images/49ef30c52eindex.php?path=//proc/17/net/rpc/auth.unix.ip" "Mozilla/5.0 AppleWebKit/537.36 (KHTML, like Gecko; compatible; GPTBot/1.4; +https://openai.com/gptbot)"
3.216.13.10 - - [16/Aug/2026:13:57:17 +0100] "GET /7ea2a/?path=/home/pemwebco/pash.pem-web.co.uk/nfsbldm HTTP/1.1" 200 3424 "-" "Mozilla/5.0 AppleWebKit/537.36 (KHTML, like Gecko; compatible; Amazonbot/0.1; +https://developer.amazon.com/support/amazonbot) Chrome/119.0.6045.214 Safari/537.36"
74.7.241.17 - - [16/Aug/2026:13:57:18 +0100] "GET /e2dbb/?download=L3Byb2MvMTAvbmV0L2lwX21yX2NhY2hl HTTP/1.1" 200 57 "https://pash.pem-web.co.uk/e2dbb/?fm=true&path=/proc/10/net" "Mozilla/5.0 AppleWebKit/537.36 (KHTML, like Gecko; compatible; GPTBot/1.4; +https://openai.com/gptbot)"
74.7.227.149 - - [16/Aug/2026:13:57:19 +0100] "GET /assets/images/49ef30c52eindex.php?filesrc=//proc/15/net/rpc/auth.unix.ip/channel&path=//proc/15/net/rpc/auth.unix.ip HTTP/1.1" 200 1644 "https://www.pash.pem-web.co.uk/assets/images/49ef30c52eindex.php?path=//proc/15/net/rpc/auth.unix.ip" "Mozilla/5.0 AppleWebKit/537.36 (KHTML, like Gecko; compatible; GPTBot/1.4; +https://openai.com/gptbot)"
74.7.241.17 - - [16/Aug/2026:13:57:20 +0100] "GET /e2dbb/?download=L3Byb2MvMTQvbmV0L2lwX21yX2NhY2hl HTTP/1.1" 200 57 "https://pash.pem-web.co.uk/e2dbb/?fm=true&path=/proc/14/net" "Mozilla/5.0 AppleWebKit/537.36 (KHTML, like Gecko; compatible; GPTBot/1.4; +https://openai.com/gptbot)"
74.7.227.149 - - [16/Aug/2026:13:57:22 +0100] "GET /assets/images/49ef30c52eindex.php?filesrc=//proc/18/net/rpc/auth.unix.ip/channel&path=//proc/18/net/rpc/auth.unix.ip HTTP/1.1" 200 1644 "https://www.pash.pem-web.co.uk/assets/images/49ef30c52eindex.php?path=//proc/18/net/rpc/auth.unix.ip" "Mozilla/5.0 AppleWebKit/537.36 (KHTML, like Gecko; compatible; GPTBot/1.4; +https://openai.com/gptbot)"
3.94.157.25 - - [16/Aug/2026:13:57:22 +0100] "GET /c4e34/?path=/home/pemwebco/pash.pem-web.co.uk/c4e34/../yfmz1hg HTTP/1.1" 404 - "-" "Mozilla/5.0 AppleWebKit/537.36 (KHTML, like Gecko; compatible; Amazonbot/0.1; +https://developer.amazon.com/support/amazonbot) Chrome/119.0.6045.214 Safari/537.36"
74.7.241.17 - - [16/Aug/2026:13:57:23 +0100] "GET /e2dbb/?download=L3Byb2MvMTkvbmV0L2lwX21yX2NhY2hl HTTP/1.1" 200 57 "https://pash.pem-web.co.uk/e2dbb/?fm=true&path=/proc/19/net" "Mozilla/5.0 AppleWebKit/537.36 (KHTML, like Gecko; compatible; GPTBot/1.4; +https://openai.com/gptbot)"
74.7.227.149 - - [16/Aug/2026:13:57:24 +0100] "GET /assets/images/49ef30c52eindex.php?filesrc=//proc/38/net/rpc/auth.unix.ip/flush&path=//proc/38/net/rpc/auth.unix.ip HTTP/1.1" 200 1642 "https://www.pash.pem-web.co.uk/assets/images/49ef30c52eindex.php?path=//proc/38/net/rpc/auth.unix.ip" "Mozilla/5.0 AppleWebKit/537.36 (KHTML, like Gecko; compatible; GPTBot/1.4; +https://openai.com/gptbot)"
74.7.241.17 - - [16/Aug/2026:13:57:25 +0100] "GET /e2dbb/?download=L3Byb2MvMzUvbmV0L2lwX21yX2NhY2hl HTTP/1.1" 200 57 "https://pash.pem-web.co.uk/e2dbb/?fm=true&path=/proc/35/net" "Mozilla/5.0 AppleWebKit/537.36 (KHTML, like Gecko; compatible; GPTBot/1.4; +https://openai.com/gptbot)"
74.7.227.149 - - [16/Aug/2026:13:57:26 +0100] "GET /assets/images/49ef30c52eindex.php?filesrc=//proc/15/net/rpc/auth.unix.ip/flush&path=//proc/15/net/rpc/auth.unix.ip HTTP/1.1" 200 1642 "https://www.pash.pem-web.co.uk/assets/images/49ef30c52eindex.php?path=//proc/15/net/rpc/auth.unix.ip" "Mozilla/5.0 AppleWebKit/537.36 (KHTML, like Gecko; compatible; GPTBot/1.4; +https://openai.com/gptbot)"
34.193.2.57 - - [16/Aug/2026:13:57:28 +0100] "GET /c4e34/?path=/home/pemwebco/pash.pem-web.co.uk/c4e34/../vpqeyat HTTP/1.1" 404 - "-" "Mozilla/5.0 AppleWebKit/537.36 (KHTML, like Gecko; compatible; Amazonbot/0.1; +https://developer.amazon.com/support/amazonbot) Chrome/119.0.6045.214 Safari/537.36"
74.7.241.17 - - [16/Aug/2026:13:57:28 +0100] "GET /e2dbb/?fm=true&path=/proc/31/net/dev_snmp6/ HTTP/1.1" 200 21889 "https://pash.pem-web.co.uk/e2dbb/?fm=true&path=/proc/31/net/dev_snmp6/&rights=lo" "Mozilla/5.0 AppleWebKit/537.36 (KHTML, like Gecko; compatible; GPTBot/1.4; +https://openai.com/gptbot)"
74.7.227.149 - - [16/Aug/2026:13:57:28 +0100] "GET /assets/images/49ef30c52eindex.php?filesrc=//proc/14/net/rpc/auth.unix.ip/flush&path=//proc/14/net/rpc/auth.unix.ip HTTP/1.1" 200 1642 "https://www.pash.pem-web.co.uk/assets/images/49ef30c52eindex.php?path=//proc/14/net/rpc/auth.unix.ip" "Mozilla/5.0 AppleWebKit/537.36 (KHTML, like Gecko; compatible; GPTBot/1.4; +https://openai.com/gptbot)"
74.7.241.17 - - [16/Aug/2026:13:57:30 +0100] "GET /e2dbb/?fm=true&path=/proc/35/net/dev_snmp6/ HTTP/1.1" 200 21889 "https://pash.pem-web.co.uk/e2dbb/?fm=true&path=/proc/35/net/dev_snmp6/&rights=lo" "Mozilla/5.0 AppleWebKit/537.36 (KHTML, like Gecko; compatible; GPTBot/1.4; +https://openai.com/gptbot)"
98.84.60.17 - - [16/Aug/2026:13:57:30 +0100] "GET /c4e34/?path=/home/pemwebco/pash.pem-web.co.uk/qhxtefz HTTP/1.1" 200 6955 "-" "Mozilla/5.0 AppleWebKit/537.36 (KHTML, like Gecko; compatible; Amazonbot/0.1; +https://developer.amazon.com/support/amazonbot) Chrome/119.0.6045.214 Safari/537.36"
74.7.227.149 - - [16/Aug/2026:13:57:31 +0100] "GET /assets/images/49ef30c52eindex.php?filesrc=//proc/48/net/rpc/auth.unix.ip/channel&path=//proc/48/net/rpc/auth.unix.ip HTTP/1.1" 200 1644 "https://www.pash.pem-web.co.uk/assets/images/49ef30c52eindex.php?path=//proc/48/net/rpc/auth.unix.ip" "Mozilla/5.0 AppleWebKit/537.36 (KHTML, like Gecko; compatible; GPTBot/1.4; +https://openai.com/gptbot)"
74.7.241.17 - - [16/Aug/2026:13:57:32 +0100] "GET /e2dbb/?fm=true&path=/proc/13/net/dev_snmp6/ HTTP/1.1" 200 21889 "https://pash.pem-web.co.uk/e2dbb/?fm=true&path=/proc/13/net/dev_snmp6/&rights=lo" "Mozilla/5.0 AppleWebKit/537.36 (KHTML, like Gecko; compatible; GPTBot/1.4; +https://openai.com/gptbot)"
74.7.227.149 - - [16/Aug/2026:13:57:33 +0100] "GET /assets/images/49ef30c52eindex.php?filesrc=//proc/48/net/rpc/auth.unix.ip/flush&path=//proc/48/net/rpc/auth.unix.ip HTTP/1.1" 200 1642 "https://www.pash.pem-web.co.uk/assets/images/49ef30c52eindex.php?path=//proc/48/net/rpc/auth.unix.ip" "Mozilla/5.0 AppleWebKit/537.36 (KHTML, like Gecko; compatible; GPTBot/1.4; +https://openai.com/gptbot)"
18.207.79.144 - - [16/Aug/2026:13:57:34 +0100] "GET /c4e34/?path=/home/pemwebco/pash.pem-web.co.uk/c4e34/../ucsvlwn HTTP/1.1" 404 - "-" "Mozilla/5.0 AppleWebKit/537.36 (KHTML, like Gecko; compatible; Amazonbot/0.1; +https://developer.amazon.com/support/amazonbot) Chrome/119.0.6045.214 Safari/537.36"
74.7.241.17 - - [16/Aug/2026:13:57:35 +0100] "GET /e2dbb/?fm=true&path=/proc/19/net/dev_snmp6/ HTTP/1.1" 200 21889 "https://pash.pem-web.co.uk/e2dbb/?fm=true&path=/proc/19/net/dev_snmp6/&rights=lo" "Mozilla/5.0 AppleWebKit/537.36 (KHTML, like Gecko; compatible; GPTBot/1.4; +https://openai.com/gptbot)"
74.7.227.149 - - [16/Aug/2026:13:57:36 +0100] "GET /assets/images/49ef30c52eindex.php?filesrc=//proc/37/net/rpc/auth.unix.ip/channel&path=//proc/37/net/rpc/auth.unix.ip HTTP/1.1" 200 1644 "https://www.pash.pem-web.co.uk/assets/images/49ef30c52eindex.php?path=//proc/37/net/rpc/auth.unix.ip" "Mozilla/5.0 AppleWebKit/537.36 (KHTML, like Gecko; compatible; GPTBot/1.4; +https://openai.com/gptbot)"
74.7.241.17 - - [16/Aug/2026:13:57:37 +0100] "GET /e2dbb/?fm=true&path=/proc/14/net/dev_snmp6/ HTTP/1.1" 200 21889 "https://pash.pem-web.co.uk/e2dbb/?fm=true&path=/proc/14/net/dev_snmp6/&rights=lo" "Mozilla/5.0 AppleWebKit/537.36 (KHTML, like Gecko; compatible; GPTBot/1.4; +https://openai.com/gptbot)"
3.214.176.44 - - [16/Aug/2026:13:57:38 +0100] "GET /b9dba/?C=D;O%3DD HTTP/1.1" 200 635 "-" "Mozilla/5.0 AppleWebKit/537.36 (KHTML, like Gecko; compatible; Amazonbot/0.1; +https://developer.amazon.com/support/amazonbot) Chrome/119.0.6045.214 Safari/537.36"
74.7.227.149 - - [16/Aug/2026:13:57:38 +0100] "GET /assets/images/49ef30c52eindex.php?filesrc=//proc/17/net/rpc/auth.unix.ip/flush&path=//proc/17/net/rpc/auth.unix.ip HTTP/1.1" 200 1642 "https://www.pash.pem-web.co.uk/assets/images/49ef30c52eindex.php?path=//proc/17/net/rpc/auth.unix.ip" "Mozilla/5.0 AppleWebKit/537.36 (KHTML, like Gecko; compatible; GPTBot/1.4; +https://openai.com/gptbot)"
74.7.241.17 - - [16/Aug/2026:13:57:39 +0100] "GET /e2dbb/?fm=true&path=/proc/74/net/dev_snmp6/ HTTP/1.1" 200 21889 "https://pash.pem-web.co.uk/e2dbb/?fm=true&path=/proc/74/net/dev_snmp6/&rights=lo" "Mozilla/5.0 AppleWebKit/537.36 (KHTML, like Gecko; compatible; GPTBot/1.4; +https://openai.com/gptbot)"
74.7.227.149 - - [16/Aug/2026:13:57:40 +0100] "GET /assets/images/49ef30c52eindex.php?filesrc=//proc/11/net/rpc/auth.unix.ip/channel&path=//proc/11/net/rpc/auth.unix.ip HTTP/1.1" 200 1644 "https://www.pash.pem-web.co.uk/assets/images/49ef30c52eindex.php?path=//proc/11/net/rpc/auth.unix.ip" "Mozilla/5.0 AppleWebKit/537.36 (KHTML, like Gecko; compatible; GPTBot/1.4; +https://openai.com/gptbot)"
74.7.241.17 - - [16/Aug/2026:13:57:42 +0100] "GET /e2dbb/?fm=true&path=/proc/51/net/dev_snmp6/ HTTP/1.1" 200 21889 "https://pash.pem-web.co.uk/e2dbb/?fm=true&path=/proc/51/net/dev_snmp6/&rights=lo" "Mozilla/5.0 AppleWebKit/537.36 (KHTML, like Gecko; compatible; GPTBot/1.4; +https://openai.com/gptbot)"
74.7.227.149 - - [16/Aug/2026:13:57:42 +0100] "GET /assets/images/49ef30c52eindex.php?filesrc=//proc/21/net/rpc/auth.unix.ip/flush&path=//proc/21/net/rpc/auth.unix.ip HTTP/1.1" 200 1642 "https://www.pash.pem-web.co.uk/assets/images/49ef30c52eindex.php?path=//proc/21/net/rpc/auth.unix.ip" "Mozilla/5.0 AppleWebKit/537.36 (KHTML, like Gecko; compatible; GPTBot/1.4; +https://openai.com/gptbot)"
44.193.115.232 - - [16/Aug/2026:13:57:43 +0100] "GET /c4e34/?path=/home/pemwebco/pash.pem-web.co.uk/c4e34/../dvuezqk HTTP/1.1" 404 - "-" "Mozilla/5.0 AppleWebKit/537.36 (KHTML, like Gecko; compatible; Amazonbot/0.1; +https://developer.amazon.com/support/amazonbot) Chrome/119.0.6045.214 Safari/537.36"
74.7.241.17 - - [16/Aug/2026:13:57:44 +0100] "GET /e2dbb/?fm=true&path=/proc/38/net/dev_snmp6/ HTTP/1.1" 200 21892 "https://pash.pem-web.co.uk/e2dbb/?fm=true&path=/proc/38/net/dev_snmp6/&rights=lo" "Mozilla/5.0 AppleWebKit/537.36 (KHTML, like Gecko; compatible; GPTBot/1.4; +https://openai.com/gptbot)"
74.7.227.149 - - [16/Aug/2026:13:57:45 +0100] "GET /assets/images/49ef30c52eindex.php?filesrc=//proc/21/net/rpc/auth.unix.gid/channel&path=//proc/21/net/rpc/auth.unix.gid HTTP/1.1" 200 1647 "https://www.pash.pem-web.co.uk/assets/images/49ef30c52eindex.php?path=//proc/21/net/rpc/auth.unix.gid" "Mozilla/5.0 AppleWebKit/537.36 (KHTML, like Gecko; compatible; GPTBot/1.4; +https://openai.com/gptbot)"
34.224.9.144 - - [16/Aug/2026:13:57:46 +0100] "GET /e2dbb/?fm=true&path=/home/pemwebco/pash.pem-web.co.uk/e2dbb/&rights=sqzfigw.tar.gz HTTP/1.1" 200 16883 "-" "Mozilla/5.0 AppleWebKit/537.36 (KHTML, like Gecko; compatible; Amazonbot/0.1; +https://developer.amazon.com/support/amazonbot) Chrome/119.0.6045.214 Safari/537.36"
74.7.241.17 - - [16/Aug/2026:13:57:46 +0100] "GET /e2dbb/?fm=true&path=/proc/43/net/dev_snmp6/ HTTP/1.1" 200 21889 "https://pash.pem-web.co.uk/e2dbb/?fm=true&path=/proc/43/net/dev_snmp6/&rights=lo" "Mozilla/5.0 AppleWebKit/537.36 (KHTML, like Gecko; compatible; GPTBot/1.4; +https://openai.com/gptbot)"
74.7.227.149 - - [16/Aug/2026:13:57:47 +0100] "GET /assets/images/49ef30c52eindex.php?filesrc=//proc/11/net/rpc/auth.unix.ip/flush&path=//proc/11/net/rpc/auth.unix.ip HTTP/1.1" 200 1642 "https://www.pash.pem-web.co.uk/assets/images/49ef30c52eindex.php?path=//proc/11/net/rpc/auth.unix.ip" "Mozilla/5.0 AppleWebKit/537.36 (KHTML, like Gecko; compatible; GPTBot/1.4; +https://openai.com/gptbot)"
74.7.241.17 - - [16/Aug/2026:13:57:49 +0100] "GET /e2dbb/?fm=true&path=/proc/10/net/dev_snmp6/ HTTP/1.1" 200 21889 "https://pash.pem-web.co.uk/e2dbb/?fm=true&path=/proc/10/net/dev_snmp6/&rights=lo" "Mozilla/5.0 AppleWebKit/537.36 (KHTML, like Gecko; compatible; GPTBot/1.4; +https://openai.com/gptbot)"
74.7.227.149 - - [16/Aug/2026:13:57:49 +0100] "GET /assets/images/49ef30c52eindex.php?filesrc=//proc/26/net/rpc/auth.unix.gid/channel&path=//proc/26/net/rpc/auth.unix.gid HTTP/1.1" 200 1647 "https://www.pash.pem-web.co.uk/assets/images/49ef30c52eindex.php?path=//proc/26/net/rpc/auth.unix.gid" "Mozilla/5.0 AppleWebKit/537.36 (KHTML, like Gecko; compatible; GPTBot/1.4; +https://openai.com/gptbot)"
3.94.156.104 - - [16/Aug/2026:13:57:50 +0100] "GET /7ea2a/?path=/home/pemwebco/pash.pem-web.co.uk/qkwhv1l HTTP/1.1" 200 3425 "-" "Mozilla/5.0 AppleWebKit/537.36 (KHTML, like Gecko; compatible; Amazonbot/0.1; +https://developer.amazon.com/support/amazonbot) Chrome/119.0.6045.214 Safari/537.36"
74.7.241.17 - - [16/Aug/2026:13:57:51 +0100] "GET /e2dbb/?fm=true&path=/proc/16/net/dev_snmp6/ HTTP/1.1" 200 21889 "https://pash.pem-web.co.uk/e2dbb/?fm=true&path=/proc/16/net/dev_snmp6/&rights=lo" "Mozilla/5.0 AppleWebKit/537.36 (KHTML, like Gecko; compatible; GPTBot/1.4; +https://openai.com/gptbot)"
74.7.227.149 - - [16/Aug/2026:13:57:51 +0100] "GET /assets/images/49ef30c52eindex.php?filesrc=//proc/18/net/rpc/auth.unix.ip/flush&path=//proc/18/net/rpc/auth.unix.ip HTTP/1.1" 200 1642 "https://www.pash.pem-web.co.uk/assets/images/49ef30c52eindex.php?path=//proc/18/net/rpc/auth.unix.ip" "Mozilla/5.0 AppleWebKit/537.36 (KHTML, like Gecko; compatible; GPTBot/1.4; +https://openai.com/gptbot)"
74.7.241.17 - - [16/Aug/2026:13:57:54 +0100] "GET /e2dbb/?fm=true&path=/proc/74/ns HTTP/1.1" 200 16492 "https://pash.pem-web.co.uk/e2dbb/?fm=true&path=/proc/74" "Mozilla/5.0 AppleWebKit/537.36 (KHTML, like Gecko; compatible; GPTBot/1.4; +https://openai.com/gptbot)"
50.19.79.213 - - [16/Aug/2026:13:57:54 +0100] "GET /e2dbb/?fm=true&path=/home/pemwebco/pash.pem-web.co.uk/e2dbb/&rights=qmldnga.tar HTTP/1.1" 200 16877 "-" "Mozilla/5.0 AppleWebKit/537.36 (KHTML, like Gecko; compatible; Amazonbot/0.1; +https://developer.amazon.com/support/amazonbot) Chrome/119.0.6045.214 Safari/537.36"
74.7.227.149 - - [16/Aug/2026:13:57:54 +0100] "GET /assets/images/49ef30c52eindex.php?filesrc=//proc/19/net/rpc/auth.unix.ip/channel&path=//proc/19/net/rpc/auth.unix.ip HTTP/1.1" 200 1644 "https://www.pash.pem-web.co.uk/assets/images/49ef30c52eindex.php?path=//proc/19/net/rpc/auth.unix.ip" "Mozilla/5.0 AppleWebKit/537.36 (KHTML, like Gecko; compatible; GPTBot/1.4; +https://openai.com/gptbot)"
74.7.227.149 - - [16/Aug/2026:13:57:56 +0100] "GET /assets/images/49ef30c52eindex.php?filesrc=//proc/37/net/rpc/auth.unix.gid/channel&path=//proc/37/net/rpc/auth.unix.gid HTTP/1.1" 200 1647 "https://www.pash.pem-web.co.uk/assets/images/49ef30c52eindex.php?path=//proc/37/net/rpc/auth.unix.gid" "Mozilla/5.0 AppleWebKit/537.36 (KHTML, like Gecko; compatible; GPTBot/1.4; +https://openai.com/gptbot)"
74.7.241.17 - - [16/Aug/2026:13:57:56 +0100] "GET /e2dbb/?fm=true&path=/proc/51/ns HTTP/1.1" 200 16492 "https://pash.pem-web.co.uk/e2dbb/?fm=true&path=/proc/51" "Mozilla/5.0 AppleWebKit/537.36 (KHTML, like Gecko; compatible; GPTBot/1.4; +https://openai.com/gptbot)"
34.205.170.13 - - [16/Aug/2026:13:57:58 +0100] "GET /e2dbb/?fm=true&path=/home/pemwebco/pash.pem-web.co.uk/&rights=scbwu1v HTTP/1.1" 200 16925 "-" "Mozilla/5.0 AppleWebKit/537.36 (KHTML, like Gecko; compatible; Amazonbot/0.1; +https://developer.amazon.com/support/amazonbot) Chrome/119.0.6045.214 Safari/537.36"
74.7.227.149 - - [16/Aug/2026:13:57:58 +0100] "GET /assets/images/49ef30c52eindex.php?filesrc=//proc/21/net/rpc/auth.unix.ip/channel&path=//proc/21/net/rpc/auth.unix.ip HTTP/1.1" 200 1644 "https://www.pash.pem-web.co.uk/assets/images/49ef30c52eindex.php?path=//proc/21/net/rpc/auth.unix.ip" "Mozilla/5.0 AppleWebKit/537.36 (KHTML, like Gecko; compatible; GPTBot/1.4; +https://openai.com/gptbot)"
74.7.241.17 - - [16/Aug/2026:13:57:58 +0100] "GET /e2dbb/?fm=true&path=/proc/10/ns HTTP/1.1" 200 16492 "https://pash.pem-web.co.uk/e2dbb/?fm=true&path=/proc/10" "Mozilla/5.0 AppleWebKit/537.36 (KHTML, like Gecko; compatible; GPTBot/1.4; +https://openai.com/gptbot)"
74.7.227.149 - - [16/Aug/2026:13:58:01 +0100] "GET /assets/images/49ef30c52eindex.php?filesrc=//proc/38/net/rpc/auth.unix.gid/channel&path=//proc/38/net/rpc/auth.unix.gid HTTP/1.1" 200 1647 "https://www.pash.pem-web.co.uk/assets/images/49ef30c52eindex.php?path=//proc/38/net/rpc/auth.unix.gid" "Mozilla/5.0 AppleWebKit/537.36 (KHTML, like Gecko; compatible; GPTBot/1.4; +https://openai.com/gptbot)"
74.7.241.17 - - [16/Aug/2026:13:58:01 +0100] "GET /e2dbb/?fm=true&path=/proc/31/ns HTTP/1.1" 200 16492 "https://pash.pem-web.co.uk/e2dbb/?fm=true&path=/proc/31" "Mozilla/5.0 AppleWebKit/537.36 (KHTML, like Gecko; compatible; GPTBot/1.4; +https://openai.com/gptbot)"
34.225.243.131 - - [16/Aug/2026:13:58:02 +0100] "GET /e2dbb/?fm=true&path=/home/pemwebco/pash.pem-web.co.uk/e2dbb/&rights=qhxoive.tar HTTP/1.1" 200 16877 "-" "Mozilla/5.0 AppleWebKit/537.36 (KHTML, like Gecko; compatible; Amazonbot/0.1; +https://developer.amazon.com/support/amazonbot) Chrome/119.0.6045.214 Safari/537.36"
74.7.227.149 - - [16/Aug/2026:13:58:03 +0100] "GET /assets/images/49ef30c52eindex.php?filesrc=//proc/26/net/rpc/auth.unix.ip/channel&path=//proc/26/net/rpc/auth.unix.ip HTTP/1.1" 200 1644 "https://www.pash.pem-web.co.uk/assets/images/49ef30c52eindex.php?path=//proc/26/net/rpc/auth.unix.ip" "Mozilla/5.0 AppleWebKit/537.36 (KHTML, like Gecko; compatible; GPTBot/1.4; +https://openai.com/gptbot)"
74.7.241.17 - - [16/Aug/2026:13:58:03 +0100] "GET /e2dbb/?fm=true&path=/proc/43/ns HTTP/1.1" 200 16492 "https://pash.pem-web.co.uk/e2dbb/?fm=true&path=/proc/43" "Mozilla/5.0 AppleWebKit/537.36 (KHTML, like Gecko; compatible; GPTBot/1.4; +https://openai.com/gptbot)"
74.7.227.149 - - [16/Aug/2026:13:58:05 +0100] "GET /assets/images/49ef30c52eindex.php?filesrc=//proc/15/net/rpc/auth.unix.gid/channel&path=//proc/15/net/rpc/auth.unix.gid HTTP/1.1" 200 1647 "https://www.pash.pem-web.co.uk/assets/images/49ef30c52eindex.php?path=//proc/15/net/rpc/auth.unix.gid" "Mozilla/5.0 AppleWebKit/537.36 (KHTML, like Gecko; compatible; GPTBot/1.4; +https://openai.com/gptbot)"
74.7.241.17 - - [16/Aug/2026:13:58:06 +0100] "GET /e2dbb/?fm=true&path=/proc/38/ns HTTP/1.1" 200 16492 "https://pash.pem-web.co.uk/e2dbb/?fm=true&path=/proc/38" "Mozilla/5.0 AppleWebKit/537.36 (KHTML, like Gecko; compatible; GPTBot/1.4; +https://openai.com/gptbot)"
98.82.40.168 - - [16/Aug/2026:13:58:06 +0100] "GET /7ea2a/?path=/home/pemwebco/pash.pem-web.co.uk/rlgwkjv HTTP/1.1" 200 3425 "-" "Mozilla/5.0 AppleWebKit/537.36 (KHTML, like Gecko; compatible; Amazonbot/0.1; +https://developer.amazon.com/support/amazonbot) Chrome/119.0.6045.214 Safari/537.36"
74.7.227.149 - - [16/Aug/2026:13:58:07 +0100] "GET /assets/images/49ef30c52eindex.php?filesrc=//proc/11/net/rpc/auth.unix.gid/channel&path=//proc/11/net/rpc/auth.unix.gid HTTP/1.1" 200 1647 "https://www.pash.pem-web.co.uk/assets/images/49ef30c52eindex.php?path=//proc/11/net/rpc/auth.unix.gid" "Mozilla/5.0 AppleWebKit/537.36 (KHTML, like Gecko; compatible; GPTBot/1.4; +https://openai.com/gptbot)"
74.7.241.17 - - [16/Aug/2026:13:58:08 +0100] "GET /e2dbb/?fm=true&path=/proc/13/ns HTTP/1.1" 200 16492 "https://pash.pem-web.co.uk/e2dbb/?fm=true&path=/proc/13" "Mozilla/5.0 AppleWebKit/537.36 (KHTML, like Gecko; compatible; GPTBot/1.4; +https://openai.com/gptbot)"
74.7.227.149 - - [16/Aug/2026:13:58:10 +0100] "GET /assets/images/49ef30c52eindex.php?filesrc=//proc/48/net/rpc/auth.unix.gid/channel&path=//proc/48/net/rpc/auth.unix.gid HTTP/1.1" 200 1647 "https://www.pash.pem-web.co.uk/assets/images/49ef30c52eindex.php?path=//proc/48/net/rpc/auth.unix.gid" "Mozilla/5.0 AppleWebKit/537.36 (KHTML, like Gecko; compatible; GPTBot/1.4; +https://openai.com/gptbot)"
44.205.74.196 - - [16/Aug/2026:13:58:10 +0100] "GET /e2dbb/?fm=true&path=/home/pemwebco/pash.pem-web.co.uk/1mqlwbp HTTP/1.1" 200 22428 "-" "Mozilla/5.0 AppleWebKit/537.36 (KHTML, like Gecko; compatible; Amazonbot/0.1; +https://developer.amazon.com/support/amazonbot) Chrome/119.0.6045.214 Safari/537.36"
74.7.241.17 - - [16/Aug/2026:13:58:10 +0100] "GET /e2dbb/?fm=true&path=/proc/14/ns HTTP/1.1" 200 16492 "https://pash.pem-web.co.uk/e2dbb/?fm=true&path=/proc/14" "Mozilla/5.0 AppleWebKit/537.36 (KHTML, like Gecko; compatible; GPTBot/1.4; +https://openai.com/gptbot)"
74.7.227.149 - - [16/Aug/2026:13:58:12 +0100] "GET /assets/images/49ef30c52eindex.php?filesrc=//proc/14/net/rpc/auth.unix.gid/channel&path=//proc/14/net/rpc/auth.unix.gid HTTP/1.1" 200 1647 "https://www.pash.pem-web.co.uk/assets/images/49ef30c52eindex.php?path=//proc/14/net/rpc/auth.unix.gid" "Mozilla/5.0 AppleWebKit/537.36 (KHTML, like Gecko; compatible; GPTBot/1.4; +https://openai.com/gptbot)"
74.7.241.17 - - [16/Aug/2026:13:58:13 +0100] "GET /e2dbb/?fm=true&path=/proc/16/ns HTTP/1.1" 200 16492 "https://pash.pem-web.co.uk/e2dbb/?fm=true&path=/proc/16" "Mozilla/5.0 AppleWebKit/537.36 (KHTML, like Gecko; compatible; GPTBot/1.4; +https://openai.com/gptbot)"
74.7.227.149 - - [16/Aug/2026:13:58:14 +0100] "GET /assets/images/49ef30c52eindex.php?filesrc=//proc/37/net/rpc/auth.unix.ip/flush&path=//proc/37/net/rpc/auth.unix.ip HTTP/1.1" 200 1642 "https://www.pash.pem-web.co.uk/assets/images/49ef30c52eindex.php?path=//proc/37/net/rpc/auth.unix.ip" "Mozilla/5.0 AppleWebKit/537.36 (KHTML, like Gecko; compatible; GPTBot/1.4; +https://openai.com/gptbot)"
74.7.241.17 - - [16/Aug/2026:13:58:15 +0100] "GET /e2dbb/?fm=true&path=/proc/19/ns HTTP/1.1" 200 16492 "https://pash.pem-web.co.uk/e2dbb/?fm=true&path=/proc/19" "Mozilla/5.0 AppleWebKit/537.36 (KHTML, like Gecko; compatible; GPTBot/1.4; +https://openai.com/gptbot)"
107.20.25.33 - - [16/Aug/2026:13:58:16 +0100] "GET /e2dbb/?fm=true&path=/home/pemwebco/pash.pem-web.co.uk/e2dbb/&rights=wnumkqp.tar HTTP/1.1" 200 16877 "-" "Mozilla/5.0 AppleWebKit/537.36 (KHTML, like Gecko; compatible; Amazonbot/0.1; +https://developer.amazon.com/support/amazonbot) Chrome/119.0.6045.214 Safari/537.36"
74.7.227.149 - - [16/Aug/2026:13:58:17 +0100] "GET /assets/images/49ef30c52eindex.php?filesrc=//proc/38/net/rpc/auth.unix.ip/channel&path=//proc/38/net/rpc/auth.unix.ip HTTP/1.1" 200 1644 "https://www.pash.pem-web.co.uk/assets/images/49ef30c52eindex.php?path=//proc/38/net/rpc/auth.unix.ip" "Mozilla/5.0 AppleWebKit/537.36 (KHTML, like Gecko; compatible; GPTBot/1.4; +https://openai.com/gptbot)"
23.23.104.107 - - [16/Aug/2026:13:58:17 +0100] "GET /e2dbb/?fm=true&path=/home/pemwebco/pash.pem-web.co.uk/wfmpxcr HTTP/1.1" 200 22428 "-" "Mozilla/5.0 AppleWebKit/537.36 (KHTML, like Gecko; compatible; Amazonbot/0.1; +https://developer.amazon.com/support/amazonbot) Chrome/119.0.6045.214 Safari/537.36"
74.7.241.17 - - [16/Aug/2026:13:58:18 +0100] "GET /e2dbb/?fm=true&path=/proc/35/ns HTTP/1.1" 200 16492 "https://pash.pem-web.co.uk/e2dbb/?fm=true&path=/proc/35" "Mozilla/5.0 AppleWebKit/537.36 (KHTML, like Gecko; compatible; GPTBot/1.4; +https://openai.com/gptbot)"
74.7.227.149 - - [16/Aug/2026:13:58:19 +0100] "GET /assets/images/49ef30c52eindex.php?filesrc=//proc/19/net/rpc/auth.unix.gid/channel&path=//proc/19/net/rpc/auth.unix.gid HTTP/1.1" 200 1647 "https://www.pash.pem-web.co.uk/assets/images/49ef30c52eindex.php?path=//proc/19/net/rpc/auth.unix.gid" "Mozilla/5.0 AppleWebKit/537.36 (KHTML, like Gecko; compatible; GPTBot/1.4; +https://openai.com/gptbot)"
74.7.241.17 - - [16/Aug/2026:13:58:20 +0100] "GET /e2dbb/?fm=true&path=/proc/10/net/&rename=protocols HTTP/1.1" 200 16799 "https://pash.pem-web.co.uk/e2dbb/?fm=true&path=/proc/10/net" "Mozilla/5.0 AppleWebKit/537.36 (KHTML, like Gecko; compatible; GPTBot/1.4; +https://openai.com/gptbot)"
74.7.227.149 - - [16/Aug/2026:13:58:21 +0100] "GET /assets/images/49ef30c52eindex.php?filesrc=//proc/19/net/rpc/auth.unix.ip/flush&path=//proc/19/net/rpc/auth.unix.ip HTTP/1.1" 200 1642 "https://www.pash.pem-web.co.uk/assets/images/49ef30c52eindex.php?path=//proc/19/net/rpc/auth.unix.ip" "Mozilla/5.0 AppleWebKit/537.36 (KHTML, like Gecko; compatible; GPTBot/1.4; +https://openai.com/gptbot)"
3.221.222.168 - - [16/Aug/2026:13:58:21 +0100] "GET /e2dbb/?fm=true&path=/home/pemwebco/pash.pem-web.co.uk/afbclim HTTP/1.1" 200 22428 "-" "Mozilla/5.0 AppleWebKit/537.36 (KHTML, like Gecko; compatible; Amazonbot/0.1; +https://developer.amazon.com/support/amazonbot) Chrome/119.0.6045.214 Safari/537.36"
74.7.241.17 - - [16/Aug/2026:13:58:22 +0100] "GET /e2dbb/?fm=true&path=/proc/14/net/&rename=protocols HTTP/1.1" 200 16799 "https://pash.pem-web.co.uk/e2dbb/?fm=true&path=/proc/14/net" "Mozilla/5.0 AppleWebKit/537.36 (KHTML, like Gecko; compatible; GPTBot/1.4; +https://openai.com/gptbot)"
74.7.227.149 - - [16/Aug/2026:13:58:24 +0100] "GET /assets/images/49ef30c52eindex.php?filesrc=//proc/26/net/rpc/auth.unix.ip/flush&path=//proc/26/net/rpc/auth.unix.ip HTTP/1.1" 200 1642 "https://www.pash.pem-web.co.uk/assets/images/49ef30c52eindex.php?path=//proc/26/net/rpc/auth.unix.ip" "Mozilla/5.0 AppleWebKit/537.36 (KHTML, like Gecko; compatible; GPTBot/1.4; +https://openai.com/gptbot)"
74.7.241.17 - - [16/Aug/2026:13:58:25 +0100] "GET /e2dbb/?fm=true&path=/proc/38/net/&rename=protocols HTTP/1.1" 200 16799 "https://pash.pem-web.co.uk/e2dbb/?fm=true&path=/proc/38/net" "Mozilla/5.0 AppleWebKit/537.36 (KHTML, like Gecko; compatible; GPTBot/1.4; +https://openai.com/gptbot)"
52.201.155.215 - - [16/Aug/2026:13:58:26 +0100] "GET /e2dbb/?fm=true&path=/home/pemwebco/pash.pem-web.co.uk/vinelwk HTTP/1.1" 200 22431 "-" "Mozilla/5.0 AppleWebKit/537.36 (KHTML, like Gecko; compatible; Amazonbot/0.1; +https://developer.amazon.com/support/amazonbot) Chrome/119.0.6045.214 Safari/537.36"
74.7.227.149 - - [16/Aug/2026:13:58:26 +0100] "GET /assets/images/49ef30c52eindex.php?filesrc=//proc/14/net/rpc/auth.unix.ip/channel&path=//proc/14/net/rpc/auth.unix.ip HTTP/1.1" 200 1644 "https://www.pash.pem-web.co.uk/assets/images/49ef30c52eindex.php?path=//proc/14/net/rpc/auth.unix.ip" "Mozilla/5.0 AppleWebKit/537.36 (KHTML, like Gecko; compatible; GPTBot/1.4; +https://openai.com/gptbot)"
74.7.241.17 - - [16/Aug/2026:13:58:27 +0100] "GET /e2dbb/?fm=true&path=/proc/16/net/&rename=protocols HTTP/1.1" 200 16799 "https://pash.pem-web.co.uk/e2dbb/?fm=true&path=/proc/16/net" "Mozilla/5.0 AppleWebKit/537.36 (KHTML, like Gecko; compatible; GPTBot/1.4; +https://openai.com/gptbot)"
74.7.227.149 - - [16/Aug/2026:13:58:28 +0100] "GET /assets/images/49ef30c52eindex.php?path=//proc/38/map_files HTTP/1.1" 200 1803 "https://www.pash.pem-web.co.uk/assets/images/49ef30c52eindex.php?path=//proc/38" "Mozilla/5.0 AppleWebKit/537.36 (KHTML, like Gecko; compatible; GPTBot/1.4; +https://openai.com/gptbot)"
184.72.84.154 - - [16/Aug/2026:13:58:30 +0100] "GET /7ea2a/?path=/home/mysqldbbackup HTTP/1.1" 200 3113 "-" "Mozilla/5.0 AppleWebKit/537.36 (KHTML, like Gecko; compatible; Amazonbot/0.1; +https://developer.amazon.com/support/amazonbot) Chrome/119.0.6045.214 Safari/537.36"
74.7.241.17 - - [16/Aug/2026:13:58:30 +0100] "GET /e2dbb/?fm=true&path=/proc/51/net/&rename=protocols HTTP/1.1" 200 16799 "https://pash.pem-web.co.uk/e2dbb/?fm=true&path=/proc/51/net" "Mozilla/5.0 AppleWebKit/537.36 (KHTML, like Gecko; compatible; GPTBot/1.4; +https://openai.com/gptbot)"
74.7.227.149 - - [16/Aug/2026:13:58:30 +0100] "GET /assets/images/49ef30c52eindex.php?path=//proc/14/map_files HTTP/1.1" 200 1803 "https://www.pash.pem-web.co.uk/assets/images/49ef30c52eindex.php?path=//proc/14" "Mozilla/5.0 AppleWebKit/537.36 (KHTML, like Gecko; compatible; GPTBot/1.4; +https://openai.com/gptbot)"
74.7.241.17 - - [16/Aug/2026:13:58:32 +0100] "GET /e2dbb/?fm=true&path=/proc/31/net/&rename=protocols HTTP/1.1" 200 16799 "https://pash.pem-web.co.uk/e2dbb/?fm=true&path=/proc/31/net" "Mozilla/5.0 AppleWebKit/537.36 (KHTML, like Gecko; compatible; GPTBot/1.4; +https://openai.com/gptbot)"
74.7.227.149 - - [16/Aug/2026:13:58:33 +0100] "GET /assets/images/49ef30c52eindex.php?path=//proc/48/map_files HTTP/1.1" 200 1803 "https://www.pash.pem-web.co.uk/assets/images/49ef30c52eindex.php?path=//proc/48" "Mozilla/5.0 AppleWebKit/537.36 (KHTML, like Gecko; compatible; GPTBot/1.4; +https://openai.com/gptbot)"
74.7.241.17 - - [16/Aug/2026:13:58:34 +0100] "GET /e2dbb/?fm=true&path=/proc/74/net/&rename=protocols HTTP/1.1" 200 16799 "https://pash.pem-web.co.uk/e2dbb/?fm=true&path=/proc/74/net" "Mozilla/5.0 AppleWebKit/537.36 (KHTML, like Gecko; compatible; GPTBot/1.4; +https://openai.com/gptbot)"
52.70.209.13 - - [16/Aug/2026:13:58:35 +0100] "GET /7ea2a/?path=/home/pemwebco/pash.pem-web.co.uk/mjxfhzi HTTP/1.1" 200 3425 "-" "Mozilla/5.0 AppleWebKit/537.36 (KHTML, like Gecko; compatible; Amazonbot/0.1; +https://developer.amazon.com/support/amazonbot) Chrome/119.0.6045.214 Safari/537.36"
74.7.227.149 - - [16/Aug/2026:13:58:35 +0100] "GET /assets/images/49ef30c52eindex.php?path=//proc/15/map_files HTTP/1.1" 200 1803 "https://www.pash.pem-web.co.uk/assets/images/49ef30c52eindex.php?path=//proc/15" "Mozilla/5.0 AppleWebKit/537.36 (KHTML, like Gecko; compatible; GPTBot/1.4; +https://openai.com/gptbot)"
74.7.241.17 - - [16/Aug/2026:13:58:37 +0100] "GET /e2dbb/?fm=true&path=/proc/13/net/&rename=protocols HTTP/1.1" 200 16799 "https://pash.pem-web.co.uk/e2dbb/?fm=true&path=/proc/13/net" "Mozilla/5.0 AppleWebKit/537.36 (KHTML, like Gecko; compatible; GPTBot/1.4; +https://openai.com/gptbot)"
74.7.227.149 - - [16/Aug/2026:13:58:37 +0100] "GET /assets/images/49ef30c52eindex.php?path=//proc/11/map_files HTTP/1.1" 200 1803 "https://www.pash.pem-web.co.uk/assets/images/49ef30c52eindex.php?path=//proc/11" "Mozilla/5.0 AppleWebKit/537.36 (KHTML, like Gecko; compatible; GPTBot/1.4; +https://openai.com/gptbot)"
107.20.181.148 - - [16/Aug/2026:13:58:38 +0100] "GET /e2dbb/?fm=true&path=/home/pemwebco/pash.pem-web.co.uk/&rights=tpxba1o HTTP/1.1" 200 16925 "-" "Mozilla/5.0 AppleWebKit/537.36 (KHTML, like Gecko; compatible; Amazonbot/0.1; +https://developer.amazon.com/support/amazonbot) Chrome/119.0.6045.214 Safari/537.36"
74.7.241.17 - - [16/Aug/2026:13:58:39 +0100] "GET /e2dbb/?fm=true&path=/proc/35/net/&rename=protocols HTTP/1.1" 200 16799 "https://pash.pem-web.co.uk/e2dbb/?fm=true&path=/proc/35/net" "Mozilla/5.0 AppleWebKit/537.36 (KHTML, like Gecko; compatible; GPTBot/1.4; +https://openai.com/gptbot)"
74.7.227.149 - - [16/Aug/2026:13:58:40 +0100] "GET /assets/images/49ef30c52eindex.php?path=//proc/21/map_files HTTP/1.1" 200 1803 "https://www.pash.pem-web.co.uk/assets/images/49ef30c52eindex.php?path=//proc/21" "Mozilla/5.0 AppleWebKit/537.36 (KHTML, like Gecko; compatible; GPTBot/1.4; +https://openai.com/gptbot)"
44.212.106.171 - - [16/Aug/2026:13:58:42 +0100] "GET /e2dbb/?download=L2hvbWUvcGVtd2ViY28vcGFzaC5wZW0td2ViLmNvLnVrL2UyZGJiL3Z3cGJxaWQudGFyLmd6 HTTP/1.1" 200 3 "-" "Mozilla/5.0 AppleWebKit/537.36 (KHTML, like Gecko; compatible; Amazonbot/0.1; +https://developer.amazon.com/support/amazonbot) Chrome/119.0.6045.214 Safari/537.36"
74.7.241.17 - - [16/Aug/2026:13:58:42 +0100] "GET /e2dbb/?fm=true&path=/proc/43/net/&rename=protocols HTTP/1.1" 200 16799 "https://pash.pem-web.co.uk/e2dbb/?fm=true&path=/proc/43/net" "Mozilla/5.0 AppleWebKit/537.36 (KHTML, like Gecko; compatible; GPTBot/1.4; +https://openai.com/gptbot)"
74.7.227.149 - - [16/Aug/2026:13:58:42 +0100] "GET /assets/images/49ef30c52eindex.php?path=//proc/37/map_files HTTP/1.1" 200 1803 "https://www.pash.pem-web.co.uk/assets/images/49ef30c52eindex.php?path=//proc/37" "Mozilla/5.0 AppleWebKit/537.36 (KHTML, like Gecko; compatible; GPTBot/1.4; +https://openai.com/gptbot)"
74.7.241.17 - - [16/Aug/2026:13:58:44 +0100] "GET /e2dbb/?fm=true&path=/proc/19/net/&rename=protocols HTTP/1.1" 200 16799 "https://pash.pem-web.co.uk/e2dbb/?fm=true&path=/proc/19/net" "Mozilla/5.0 AppleWebKit/537.36 (KHTML, like Gecko; compatible; GPTBot/1.4; +https://openai.com/gptbot)"
74.7.227.149 - - [16/Aug/2026:13:58:44 +0100] "GET /assets/images/49ef30c52eindex.php?path=//proc/19/map_files HTTP/1.1" 200 1803 "https://www.pash.pem-web.co.uk/assets/images/49ef30c52eindex.php?path=//proc/19" "Mozilla/5.0 AppleWebKit/537.36 (KHTML, like Gecko; compatible; GPTBot/1.4; +https://openai.com/gptbot)"
44.195.50.71 - - [16/Aug/2026:13:58:46 +0100] "GET /e2dbb/?fm=true&path=/home/pemwebco/pash.pem-web.co.uk/ipqytae HTTP/1.1" 200 22428 "-" "Mozilla/5.0 AppleWebKit/537.36 (KHTML, like Gecko; compatible; Amazonbot/0.1; +https://developer.amazon.com/support/amazonbot) Chrome/119.0.6045.214 Safari/537.36"
74.7.241.17 - - [16/Aug/2026:13:58:47 +0100] "GET /e2dbb/?edit=rt_acct&fm=true&path=/proc/14/net/ HTTP/1.1" 200 21640 "https://pash.pem-web.co.uk/e2dbb/?fm=true&path=/proc/14/net" "Mozilla/5.0 AppleWebKit/537.36 (KHTML, like Gecko; compatible; GPTBot/1.4; +https://openai.com/gptbot)"
74.7.227.149 - - [16/Aug/2026:13:58:47 +0100] "GET /assets/images/49ef30c52eindex.php?path=//proc/26/map_files HTTP/1.1" 200 1803 "https://www.pash.pem-web.co.uk/assets/images/49ef30c52eindex.php?path=//proc/26" "Mozilla/5.0 AppleWebKit/537.36 (KHTML, like Gecko; compatible; GPTBot/1.4; +https://openai.com/gptbot)"
74.7.241.17 - - [16/Aug/2026:13:58:49 +0100] "GET /e2dbb/?edit=rt_acct&fm=true&path=/proc/38/net/ HTTP/1.1" 200 21640 "https://pash.pem-web.co.uk/e2dbb/?fm=true&path=/proc/38/net" "Mozilla/5.0 AppleWebKit/537.36 (KHTML, like Gecko; compatible; GPTBot/1.4; +https://openai.com/gptbot)"
74.7.227.149 - - [16/Aug/2026:13:58:49 +0100] "GET /assets/images/49ef30c52eindex.php?filesrc=//proc/18/net/dev_snmp6/lo&path=//proc/18/net/dev_snmp6 HTTP/1.1" 200 3994 "https://www.pash.pem-web.co.uk/assets/images/49ef30c52eindex.php?path=//proc/18/net/dev_snmp6" "Mozilla/5.0 AppleWebKit/537.36 (KHTML, like Gecko; compatible; GPTBot/1.4; +https://openai.com/gptbot)"
3.230.69.161 - - [16/Aug/2026:13:58:49 +0100] "GET /e2dbb/?download=L2hvbWUvcGVtd2ViY28vcGFzaC5wZW0td2ViLmNvLnVrL2UyZGJiL3dudW1rcXAudGFyLmd6 HTTP/1.1" 200 3 "-" "Mozilla/5.0 AppleWebKit/537.36 (KHTML, like Gecko; compatible; Amazonbot/0.1; +https://developer.amazon.com/support/amazonbot) Chrome/119.0.6045.214 Safari/537.36"
74.7.227.149 - - [16/Aug/2026:13:58:51 +0100] "GET /assets/images/49ef30c52eindex.php?filesrc=//proc/17/net/dev_snmp6/lo&path=//proc/17/net/dev_snmp6 HTTP/1.1" 200 3994 "https://www.pash.pem-web.co.uk/assets/images/49ef30c52eindex.php?path=//proc/17/net/dev_snmp6" "Mozilla/5.0 AppleWebKit/537.36 (KHTML, like Gecko; compatible; GPTBot/1.4; +https://openai.com/gptbot)"
74.7.241.17 - - [16/Aug/2026:13:58:52 +0100] "GET /e2dbb/?edit=rt_acct&fm=true&path=/proc/19/net/ HTTP/1.1" 200 21643 "https://pash.pem-web.co.uk/e2dbb/?fm=true&path=/proc/19/net" "Mozilla/5.0 AppleWebKit/537.36 (KHTML, like Gecko; compatible; GPTBot/1.4; +https://openai.com/gptbot)"
44.221.227.90 - - [16/Aug/2026:13:58:54 +0100] "GET /e2dbb/?fm=true&path=/home/pemwebco/pash.pem-web.co.uk/&rights=swignqk HTTP/1.1" 200 16925 "-" "Mozilla/5.0 AppleWebKit/537.36 (KHTML, like Gecko; compatible; Amazonbot/0.1; +https://developer.amazon.com/support/amazonbot) Chrome/119.0.6045.214 Safari/537.36"
74.7.227.149 - - [16/Aug/2026:13:58:54 +0100] "GET /assets/images/49ef30c52eindex.php?path=//proc/18/map_files HTTP/1.1" 200 1803 "https://www.pash.pem-web.co.uk/assets/images/49ef30c52eindex.php?path=//proc/18" "Mozilla/5.0 AppleWebKit/537.36 (KHTML, like Gecko; compatible; GPTBot/1.4; +https://openai.com/gptbot)"
74.7.241.17 - - [16/Aug/2026:13:58:54 +0100] "GET /e2dbb/?edit=rt_acct&fm=true&path=/proc/74/net/ HTTP/1.1" 200 21640 "https://pash.pem-web.co.uk/e2dbb/?fm=true&path=/proc/74/net" "Mozilla/5.0 AppleWebKit/537.36 (KHTML, like Gecko; compatible; GPTBot/1.4; +https://openai.com/gptbot)"
74.7.227.149 - - [16/Aug/2026:13:58:56 +0100] "GET /assets/images/49ef30c52eindex.php?path=//proc/17/map_files HTTP/1.1" 200 1803 "https://www.pash.pem-web.co.uk/assets/images/49ef30c52eindex.php?path=//proc/17" "Mozilla/5.0 AppleWebKit/537.36 (KHTML, like Gecko; compatible; GPTBot/1.4; +https://openai.com/gptbot)"
74.7.241.17 - - [16/Aug/2026:13:58:57 +0100] "GET /e2dbb/?edit=rt_acct&fm=true&path=/proc/35/net/ HTTP/1.1" 200 21640 "https://pash.pem-web.co.uk/e2dbb/?fm=true&path=/proc/35/net" "Mozilla/5.0 AppleWebKit/537.36 (KHTML, like Gecko; compatible; GPTBot/1.4; +https://openai.com/gptbot)"
100.29.34.97 - - [16/Aug/2026:13:58:58 +0100] "GET /e2dbb/?download=L2hvbWUvcGVtd2ViY28vcGFzaC5wZW0td2ViLmNvLnVrL2UyZGJiL3lmenhxZG4udGFy HTTP/1.1" 200 3 "-" "Mozilla/5.0 AppleWebKit/537.36 (KHTML, like Gecko; compatible; Amazonbot/0.1; +https://developer.amazon.com/support/amazonbot) Chrome/119.0.6045.214 Safari/537.36"
74.7.227.149 - - [16/Aug/2026:13:58:59 +0100] "GET /assets/images/49ef30c52eindex.php?filesrc=//proc/15/net/rpc/auth.unix.gid/content&path=//proc/15/net/rpc/auth.unix.gid HTTP/1.1" 200 1647 "https://www.pash.pem-web.co.uk/assets/images/49ef30c52eindex.php?path=//proc/15/net/rpc/auth.unix.gid" "Mozilla/5.0 AppleWebKit/537.36 (KHTML, like Gecko; compatible; GPTBot/1.4; +https://openai.com/gptbot)"
74.7.241.17 - - [16/Aug/2026:13:58:59 +0100] "GET /e2dbb/?edit=rt_acct&fm=true&path=/proc/51/net/ HTTP/1.1" 200 21640 "https://pash.pem-web.co.uk/e2dbb/?fm=true&path=/proc/51/net" "Mozilla/5.0 AppleWebKit/537.36 (KHTML, like Gecko; compatible; GPTBot/1.4; +https://openai.com/gptbot)"
