66.249.74.166 - - [17/Aug/2026:00:21:30 +0100] "GET /?goods/044003155 HTTP/1.1" 200 79702 "-" "Mozilla/5.0 (Linux; Android 6.0.1; Nexus 5X Build/MMB29P) AppleWebKit/537.36 (KHTML, like Gecko) Chrome/150.0.7871.186 Mobile Safari/537.36 (compatible; GoogleOther)"
66.249.74.165 - - [17/Aug/2026:00:21:59 +0100] "GET /shopping/017023919 HTTP/1.1" 200 84735 "-" "Mozilla/5.0 (Linux; Android 6.0.1; Nexus 5X Build/MMB29P) AppleWebKit/537.36 (KHTML, like Gecko) Chrome/150.0.7871.186 Mobile Safari/537.36 (compatible; Googlebot/2.1; +http://www.google.com/bot.html)"
185.220.101.27 - - [17/Aug/2026:00:22:19 +0100] "POST /assets/images/lacent.php HTTP/1.1" 200 2 "-" "Go-http-client/1.1"
185.220.101.27 - - [17/Aug/2026:00:22:22 +0100] "POST /assets/images/lacent.php HTTP/1.1" 200 6624 "-" "Go-http-client/1.1"
66.249.74.164 - - [17/Aug/2026:00:22:57 +0100] "GET /shop/search?campaignType=3&maxCampaignPeriod=14&commercialType=0|1|2|3&relationalContentKeyword=bf260319 HTTP/1.1" 200 72102 "-" "Mozilla/5.0 (Linux; Android 6.0.1; Nexus 5X Build/MMB29P) AppleWebKit/537.36 (KHTML, like Gecko) Chrome/150.0.7871.186 Mobile Safari/537.36 (compatible; GoogleOther)"
66.249.74.166 - - [17/Aug/2026:00:24:23 +0100] "GET /?jp/241017089.html HTTP/1.1" 200 69180 "-" "Mozilla/5.0 (Linux; Android 6.0.1; Nexus 5X Build/MMB29P) AppleWebKit/537.36 (KHTML, like Gecko) Chrome/150.0.7871.186 Mobile Safari/537.36 (compatible; GoogleOther)"
66.249.74.166 - - [17/Aug/2026:00:25:50 +0100] "GET /?goods/219008801 HTTP/1.1" 200 68353 "-" "Mozilla/5.0 (Linux; Android 6.0.1; Nexus 5X Build/MMB29P) AppleWebKit/537.36 (KHTML, like Gecko) Chrome/150.0.7871.186 Mobile Safari/537.36 (compatible; GoogleOther)"
66.249.74.166 - - [17/Aug/2026:00:27:17 +0100] "GET /?goods/143001880 HTTP/1.1" 200 76320 "-" "Mozilla/5.0 (Linux; Android 6.0.1; Nexus 5X Build/MMB29P) AppleWebKit/537.36 (KHTML, like Gecko) Chrome/150.0.7871.186 Mobile Safari/537.36 (compatible; GoogleOther)"
66.249.74.166 - - [17/Aug/2026:00:28:43 +0100] "GET /?jp/051017720.html HTTP/1.1" 200 78452 "-" "Mozilla/5.0 (Linux; Android 6.0.1; Nexus 5X Build/MMB29P) AppleWebKit/537.36 (KHTML, like Gecko) Chrome/150.0.7871.186 Mobile Safari/537.36 (compatible; GoogleOther)"
66.249.74.164 - - [17/Aug/2026:00:30:10 +0100] "GET /?goods/041002463 HTTP/1.1" 200 75083 "-" "Mozilla/5.0 (Linux; Android 6.0.1; Nexus 5X Build/MMB29P) AppleWebKit/537.36 (KHTML, like Gecko) Chrome/150.0.7871.186 Mobile Safari/537.36 (compatible; GoogleOther)"
66.249.74.164 - - [17/Aug/2026:00:30:15 +0100] "GET /list/goods/qegd140asi4er_11069.shtml HTTP/1.1" 200 75244 "-" "Mozilla/5.0 (Linux; Android 6.0.1; Nexus 5X Build/MMB29P) AppleWebKit/537.36 (KHTML, like Gecko) Chrome/150.0.7871.186 Mobile Safari/537.36 (compatible; GoogleOther)"
66.249.74.165 - - [17/Aug/2026:00:31:36 +0100] "GET /?jp/056030535.html HTTP/1.1" 200 71717 "-" "Mozilla/5.0 (Linux; Android 6.0.1; Nexus 5X Build/MMB29P) AppleWebKit/537.36 (KHTML, like Gecko) Chrome/150.0.7871.186 Mobile Safari/537.36 (compatible; GoogleOther)"
66.249.74.164 - - [17/Aug/2026:00:33:02 +0100] "GET /?detail/11200026947953 HTTP/1.1" 200 75522 "-" "Mozilla/5.0 (Linux; Android 6.0.1; Nexus 5X Build/MMB29P) AppleWebKit/537.36 (KHTML, like Gecko) Chrome/150.0.7871.186 Mobile Safari/537.36 (compatible; GoogleOther)"
66.249.74.166 - - [17/Aug/2026:00:34:29 +0100] "GET /?goods/196011190 HTTP/1.1" 200 78608 "-" "Mozilla/5.0 (Linux; Android 6.0.1; Nexus 5X Build/MMB29P) AppleWebKit/537.36 (KHTML, like Gecko) Chrome/150.0.7871.186 Mobile Safari/537.36 (compatible; GoogleOther)"
66.249.74.165 - - [17/Aug/2026:00:35:55 +0100] "GET /?goods/149048609 HTTP/1.1" 200 74114 "-" "Mozilla/5.0 (Linux; Android 6.0.1; Nexus 5X Build/MMB29P) AppleWebKit/537.36 (KHTML, like Gecko) Chrome/150.0.7871.186 Mobile Safari/537.36 (compatible; GoogleOther)"
66.249.74.165 - - [17/Aug/2026:00:37:22 +0100] "GET /?goods/197014184 HTTP/1.1" 200 82588 "-" "Mozilla/5.0 (Linux; Android 6.0.1; Nexus 5X Build/MMB29P) AppleWebKit/537.36 (KHTML, like Gecko) Chrome/150.0.7871.186 Mobile Safari/537.36 (compatible; GoogleOther)"
66.249.74.165 - - [17/Aug/2026:00:37:54 +0100] "GET /shopping/022000100 HTTP/1.1" 200 95147 "-" "Mozilla/5.0 (Linux; Android 6.0.1; Nexus 5X Build/MMB29P) AppleWebKit/537.36 (KHTML, like Gecko) Chrome/150.0.7871.186 Mobile Safari/537.36 (compatible; Googlebot/2.1; +http://www.google.com/bot.html)"
66.249.74.166 - - [17/Aug/2026:00:38:48 +0100] "GET /?jp/262002552.html HTTP/1.1" 200 69238 "-" "Mozilla/5.0 (Linux; Android 6.0.1; Nexus 5X Build/MMB29P) AppleWebKit/537.36 (KHTML, like Gecko) Chrome/150.0.7871.186 Mobile Safari/537.36 (compatible; GoogleOther)"
66.249.74.166 - - [17/Aug/2026:00:39:38 +0100] "GET /?goods/038013535 HTTP/1.1" 200 70078 "-" "Mozilla/5.0 (Linux; Android 6.0.1; Nexus 5X Build/MMB29P) AppleWebKit/537.36 (KHTML, like Gecko) Chrome/150.0.7871.186 Mobile Safari/537.36 (compatible; Googlebot/2.1; +http://www.google.com/bot.html)"
66.249.74.165 - - [17/Aug/2026:00:40:15 +0100] "GET /?goods/197025822 HTTP/1.1" 200 71081 "-" "Mozilla/5.0 (Linux; Android 6.0.1; Nexus 5X Build/MMB29P) AppleWebKit/537.36 (KHTML, like Gecko) Chrome/150.0.7871.186 Mobile Safari/537.36 (compatible; GoogleOther)"
66.249.74.165 - - [17/Aug/2026:00:41:42 +0100] "GET /?detail/271040897944 HTTP/1.1" 200 63865 "-" "Mozilla/5.0 (Linux; Android 6.0.1; Nexus 5X Build/MMB29P) AppleWebKit/537.36 (KHTML, like Gecko) Chrome/150.0.7871.186 Mobile Safari/537.36 (compatible; GoogleOther)"
66.249.74.164 - - [17/Aug/2026:00:43:07 +0100] "GET /shopping/050013500 HTTP/1.1" 200 80674 "-" "Mozilla/5.0 (Linux; Android 6.0.1; Nexus 5X Build/MMB29P) AppleWebKit/537.36 (KHTML, like Gecko) Chrome/150.0.7871.186 Mobile Safari/537.36 (compatible; Googlebot/2.1; +http://www.google.com/bot.html)"
66.249.74.165 - - [17/Aug/2026:00:43:08 +0100] "GET /category/5_502_1207/1/listing HTTP/1.1" 200 76820 "-" "Mozilla/5.0 (Linux; Android 6.0.1; Nexus 5X Build/MMB29P) AppleWebKit/537.36 (KHTML, like Gecko) Chrome/150.0.7871.186 Mobile Safari/537.36 (compatible; GoogleOther)"
66.249.74.164 - - [17/Aug/2026:00:43:48 +0100] "GET /?jp/094044679.html HTTP/1.1" 200 89227 "-" "Mozilla/5.0 (Linux; Android 6.0.1; Nexus 5X Build/MMB29P) AppleWebKit/537.36 (KHTML, like Gecko) Chrome/150.0.7871.186 Mobile Safari/537.36 (compatible; GoogleOther)"
66.249.74.166 - - [17/Aug/2026:00:44:35 +0100] "GET /?goods/160033841 HTTP/1.1" 200 79638 "-" "Mozilla/5.0 (Linux; Android 6.0.1; Nexus 5X Build/MMB29P) AppleWebKit/537.36 (KHTML, like Gecko) Chrome/150.0.7871.186 Mobile Safari/537.36 (compatible; GoogleOther)"
66.249.74.165 - - [17/Aug/2026:00:46:01 +0100] "GET /?detail/021000154097 HTTP/1.1" 200 77796 "-" "Mozilla/5.0 (Linux; Android 6.0.1; Nexus 5X Build/MMB29P) AppleWebKit/537.36 (KHTML, like Gecko) Chrome/150.0.7871.186 Mobile Safari/537.36 (compatible; GoogleOther)"
66.249.74.166 - - [17/Aug/2026:00:47:23 +0100] "GET /?goods/144047776 HTTP/1.1" 200 72149 "-" "Mozilla/5.0 (Linux; Android 6.0.1; Nexus 5X Build/MMB29P) AppleWebKit/537.36 (KHTML, like Gecko) Chrome/150.0.7871.186 Mobile Safari/537.36 (compatible; GoogleOther)"
66.249.74.166 - - [17/Aug/2026:00:47:59 +0100] "GET /shopping/266022840 HTTP/1.1" 200 71263 "-" "Mozilla/5.0 (Linux; Android 6.0.1; Nexus 5X Build/MMB29P) AppleWebKit/537.36 (KHTML, like Gecko) Chrome/150.0.7871.186 Mobile Safari/537.36 (compatible; Googlebot/2.1; +http://www.google.com/bot.html)"
66.249.74.164 - - [17/Aug/2026:00:48:47 +0100] "GET /?goods/005000054 HTTP/1.1" 200 75061 "-" "Mozilla/5.0 (Linux; Android 6.0.1; Nexus 5X Build/MMB29P) AppleWebKit/537.36 (KHTML, like Gecko) Chrome/150.0.7871.186 Mobile Safari/537.36 (compatible; GoogleOther)"
66.249.74.164 - - [17/Aug/2026:00:49:15 +0100] "GET /list/goods/t74imqn0vc08f_3.shtml HTTP/1.1" 200 81179 "-" "Mozilla/5.0 (Linux; Android 6.0.1; Nexus 5X Build/MMB29P) AppleWebKit/537.36 (KHTML, like Gecko) Chrome/150.0.7871.186 Mobile Safari/537.36 (compatible; Googlebot/2.1; +http://www.google.com/bot.html)"
66.249.74.165 - - [17/Aug/2026:00:49:22 +0100] "GET /list/goods/ekkz82rrvgbd_741.shtml HTTP/1.1" 200 76224 "-" "Mozilla/5.0 (Linux; Android 6.0.1; Nexus 5X Build/MMB29P) AppleWebKit/537.36 (KHTML, like Gecko) Chrome/150.0.7871.186 Mobile Safari/537.36 (compatible; Googlebot/2.1; +http://www.google.com/bot.html)"
66.249.74.165 - - [17/Aug/2026:00:49:22 +0100] "GET /?detail/15900528507912 HTTP/1.1" 200 71899 "-" "Mozilla/5.0 (Linux; Android 6.0.1; Nexus 5X Build/MMB29P) AppleWebKit/537.36 (KHTML, like Gecko) Chrome/150.0.7871.186 Mobile Safari/537.36 (compatible; Googlebot/2.1; +http://www.google.com/bot.html)"
66.249.74.166 - - [17/Aug/2026:00:50:11 +0100] "GET /?detail/1610479895559 HTTP/1.1" 200 74153 "-" "Mozilla/5.0 (Linux; Android 6.0.1; Nexus 5X Build/MMB29P) AppleWebKit/537.36 (KHTML, like Gecko) Chrome/150.0.7871.186 Mobile Safari/537.36 (compatible; GoogleOther)"
66.249.74.165 - - [17/Aug/2026:00:51:36 +0100] "GET /?jp/025042258.html HTTP/1.1" 200 66476 "-" "Mozilla/5.0 (Linux; Android 6.0.1; Nexus 5X Build/MMB29P) AppleWebKit/537.36 (KHTML, like Gecko) Chrome/150.0.7871.186 Mobile Safari/537.36 (compatible; GoogleOther)"
66.249.74.166 - - [17/Aug/2026:00:51:36 +0100] "GET /?jp/178006957.html HTTP/1.1" 200 80333 "-" "Mozilla/5.0 (Linux; Android 6.0.1; Nexus 5X Build/MMB29P) AppleWebKit/537.36 (KHTML, like Gecko) Chrome/150.0.7871.186 Mobile Safari/537.36 (compatible; Googlebot/2.1; +http://www.google.com/bot.html)"
193.189.100.199 - - [17/Aug/2026:00:51:52 +0100] "POST /assets/images/lacent.php HTTP/1.1" 200 2 "-" "Go-http-client/1.1"
193.189.100.199 - - [17/Aug/2026:00:51:54 +0100] "POST /assets/images/lacent.php HTTP/1.1" 200 6624 "-" "Go-http-client/1.1"
66.249.74.165 - - [17/Aug/2026:00:52:48 +0100] "GET /?jp/010049372.html HTTP/1.1" 200 68382 "-" "Mozilla/5.0 (Linux; Android 6.0.1; Nexus 5X Build/MMB29P) AppleWebKit/537.36 (KHTML, like Gecko) Chrome/150.0.7871.186 Mobile Safari/537.36 (compatible; Googlebot/2.1; +http://www.google.com/bot.html)"
66.249.74.164 - - [17/Aug/2026:00:52:59 +0100] "GET /?detail/273000138884 HTTP/1.1" 200 71022 "-" "Mozilla/5.0 (Linux; Android 6.0.1; Nexus 5X Build/MMB29P) AppleWebKit/537.36 (KHTML, like Gecko) Chrome/150.0.7871.186 Mobile Safari/537.36 (compatible; GoogleOther)"
66.249.74.164 - - [17/Aug/2026:00:54:23 +0100] "GET /?goods/139032321 HTTP/1.1" 200 66867 "-" "Mozilla/5.0 (Linux; Android 6.0.1; Nexus 5X Build/MMB29P) AppleWebKit/537.36 (KHTML, like Gecko) Chrome/150.0.7871.186 Mobile Safari/537.36 (compatible; GoogleOther)"
66.249.74.165 - - [17/Aug/2026:00:55:10 +0100] "GET /?goods/204013739 HTTP/1.1" 200 75053 "-" "Mozilla/5.0 (Linux; Android 6.0.1; Nexus 5X Build/MMB29P) AppleWebKit/537.36 (KHTML, like Gecko) Chrome/150.0.7871.186 Mobile Safari/537.36 (compatible; GoogleOther)"
66.249.74.164 - - [17/Aug/2026:00:55:48 +0100] "GET /?goods/206025885 HTTP/1.1" 200 67367 "-" "Mozilla/5.0 (Linux; Android 6.0.1; Nexus 5X Build/MMB29P) AppleWebKit/537.36 (KHTML, like Gecko) Chrome/150.0.7871.186 Mobile Safari/537.36 (compatible; GoogleOther)"
66.249.74.166 - - [17/Aug/2026:00:57:12 +0100] "GET /?jp/158041968.html HTTP/1.1" 200 70682 "-" "Mozilla/5.0 (Linux; Android 6.0.1; Nexus 5X Build/MMB29P) AppleWebKit/537.36 (KHTML, like Gecko) Chrome/150.0.7871.186 Mobile Safari/537.36 (compatible; GoogleOther)"
66.249.74.165 - - [17/Aug/2026:00:57:49 +0100] "GET /?goods/230019110 HTTP/1.1" 200 73860 "-" "Mozilla/5.0 (Linux; Android 6.0.1; Nexus 5X Build/MMB29P) AppleWebKit/537.36 (KHTML, like Gecko) Chrome/150.0.7871.186 Mobile Safari/537.36 (compatible; Googlebot/2.1; +http://www.google.com/bot.html)"
66.249.74.164 - - [17/Aug/2026:00:58:36 +0100] "GET /?jp/147016861.html HTTP/1.1" 200 72843 "-" "Mozilla/5.0 (Linux; Android 6.0.1; Nexus 5X Build/MMB29P) AppleWebKit/537.36 (KHTML, like Gecko) Chrome/150.0.7871.186 Mobile Safari/537.36 (compatible; GoogleOther)"
66.249.74.166 - - [17/Aug/2026:01:00:00 +0100] "GET /list/goods/evvsf76iioytwfyf_825.shtml HTTP/1.1" 200 79071 "-" "Mozilla/5.0 (Linux; Android 6.0.1; Nexus 5X Build/MMB29P) AppleWebKit/537.36 (KHTML, like Gecko) Chrome/150.0.7871.186 Mobile Safari/537.36 (compatible; GoogleOther)"
66.249.74.164 - - [17/Aug/2026:01:00:53 +0100] "GET /?detail/001045448856 HTTP/1.1" 200 74338 "-" "Mozilla/5.0 (Linux; Android 6.0.1; Nexus 5X Build/MMB29P) AppleWebKit/537.36 (KHTML, like Gecko) Chrome/150.0.7871.186 Mobile Safari/537.36 (compatible; GoogleOther)"
66.249.74.166 - - [17/Aug/2026:01:01:17 +0100] "GET /?jp/018007425.html HTTP/1.1" 200 87867 "-" "Mozilla/5.0 (Linux; Android 6.0.1; Nexus 5X Build/MMB29P) AppleWebKit/537.36 (KHTML, like Gecko) Chrome/150.0.7871.186 Mobile Safari/537.36 (compatible; GoogleOther)"
66.249.74.165 - - [17/Aug/2026:01:01:24 +0100] "GET /?detail/065002231724 HTTP/1.1" 200 74733 "-" "Mozilla/5.0 (Linux; Android 6.0.1; Nexus 5X Build/MMB29P) AppleWebKit/537.36 (KHTML, like Gecko) Chrome/150.0.7871.186 Mobile Safari/537.36 (compatible; GoogleOther)"
66.249.74.164 - - [17/Aug/2026:01:02:41 +0100] "GET /?goods/187043043 HTTP/1.1" 200 71511 "-" "Mozilla/5.0 (Linux; Android 6.0.1; Nexus 5X Build/MMB29P) AppleWebKit/537.36 (KHTML, like Gecko) Chrome/150.0.7871.186 Mobile Safari/537.36 (compatible; Googlebot/2.1; +http://www.google.com/bot.html)"
66.249.74.165 - - [17/Aug/2026:01:02:45 +0100] "GET /?goods/140001940 HTTP/1.1" 200 73412 "-" "Mozilla/5.0 (Linux; Android 6.0.1; Nexus 5X Build/MMB29P) AppleWebKit/537.36 (KHTML, like Gecko) Chrome/150.0.7871.186 Mobile Safari/537.36 (compatible; Googlebot/2.1; +http://www.google.com/bot.html)"
66.249.74.165 - - [17/Aug/2026:01:02:47 +0100] "GET /?detail/12200280583899 HTTP/1.1" 200 74304 "-" "Mozilla/5.0 (Linux; Android 6.0.1; Nexus 5X Build/MMB29P) AppleWebKit/537.36 (KHTML, like Gecko) Chrome/150.0.7871.186 Mobile Safari/537.36 (compatible; Googlebot/2.1; +http://www.google.com/bot.html)"
66.249.74.165 - - [17/Aug/2026:01:02:48 +0100] "GET /?jp/205018940.html HTTP/1.1" 200 68562 "-" "Mozilla/5.0 (Linux; Android 6.0.1; Nexus 5X Build/MMB29P) AppleWebKit/537.36 (KHTML, like Gecko) Chrome/150.0.7871.186 Mobile Safari/537.36 (compatible; GoogleOther)"
66.249.74.166 - - [17/Aug/2026:01:04:12 +0100] "GET /?goods/126002513 HTTP/1.1" 200 79828 "-" "Mozilla/5.0 (Linux; Android 6.0.1; Nexus 5X Build/MMB29P) AppleWebKit/537.36 (KHTML, like Gecko) Chrome/150.0.7871.186 Mobile Safari/537.36 (compatible; GoogleOther)"
66.249.74.164 - - [17/Aug/2026:01:05:36 +0100] "GET /?jp/244002428.html HTTP/1.1" 200 74031 "-" "Mozilla/5.0 (Linux; Android 6.0.1; Nexus 5X Build/MMB29P) AppleWebKit/537.36 (KHTML, like Gecko) Chrome/150.0.7871.186 Mobile Safari/537.36 (compatible; GoogleOther)"
66.249.74.166 - - [17/Aug/2026:01:07:00 +0100] "GET /?goods/227016027 HTTP/1.1" 200 73399 "-" "Mozilla/5.0 (Linux; Android 6.0.1; Nexus 5X Build/MMB29P) AppleWebKit/537.36 (KHTML, like Gecko) Chrome/150.0.7871.186 Mobile Safari/537.36 (compatible; GoogleOther)"
66.249.74.164 - - [17/Aug/2026:01:07:52 +0100] "GET /?jp/277027915.html HTTP/1.1" 200 72951 "-" "Mozilla/5.0 (Linux; Android 6.0.1; Nexus 5X Build/MMB29P) AppleWebKit/537.36 (KHTML, like Gecko) Chrome/150.0.7871.186 Mobile Safari/537.36 (compatible; Googlebot/2.1; +http://www.google.com/bot.html)"
66.249.74.164 - - [17/Aug/2026:01:07:57 +0100] "GET /?goods/206045686 HTTP/1.1" 200 72030 "-" "Mozilla/5.0 (Linux; Android 6.0.1; Nexus 5X Build/MMB29P) AppleWebKit/537.36 (KHTML, like Gecko) Chrome/150.0.7871.186 Mobile Safari/537.36 (compatible; Googlebot/2.1; +http://www.google.com/bot.html)"
66.249.74.165 - - [17/Aug/2026:01:08:24 +0100] "GET /?jp/238010769.html HTTP/1.1" 200 76154 "-" "Mozilla/5.0 (Linux; Android 6.0.1; Nexus 5X Build/MMB29P) AppleWebKit/537.36 (KHTML, like Gecko) Chrome/150.0.7871.186 Mobile Safari/537.36 (compatible; GoogleOther)"
66.249.74.165 - - [17/Aug/2026:01:08:58 +0100] "GET /?detail/10202378874210 HTTP/1.1" 200 69600 "-" "Mozilla/5.0 (Linux; Android 6.0.1; Nexus 5X Build/MMB29P) AppleWebKit/537.36 (KHTML, like Gecko) Chrome/150.0.7871.186 Mobile Safari/537.36 (compatible; Googlebot/2.1; +http://www.google.com/bot.html)"
66.249.74.164 - - [17/Aug/2026:01:11:02 +0100] "GET /?detail/16201405131920 HTTP/1.1" 200 80900 "-" "Mozilla/5.0 (Linux; Android 6.0.1; Nexus 5X Build/MMB29P) AppleWebKit/537.36 (KHTML, like Gecko) Chrome/150.0.7871.186 Mobile Safari/537.36 (compatible; Googlebot/2.1; +http://www.google.com/bot.html)"
66.249.74.164 - - [17/Aug/2026:01:11:13 +0100] "GET /?goods/294024478 HTTP/1.1" 200 69900 "-" "Mozilla/5.0 (Linux; Android 6.0.1; Nexus 5X Build/MMB29P) AppleWebKit/537.36 (KHTML, like Gecko) Chrome/150.0.7871.186 Mobile Safari/537.36 (compatible; GoogleOther)"
66.249.74.165 - - [17/Aug/2026:01:12:23 +0100] "GET /?jp/226000856.html HTTP/1.1" 200 93151 "-" "Mozilla/5.0 (Linux; Android 6.0.1; Nexus 5X Build/MMB29P) AppleWebKit/537.36 (KHTML, like Gecko) Chrome/150.0.7871.186 Mobile Safari/537.36 (compatible; Googlebot/2.1; +http://www.google.com/bot.html)"
66.249.74.164 - - [17/Aug/2026:01:12:37 +0100] "GET /?goods/143000922 HTTP/1.1" 200 71002 "-" "Mozilla/5.0 (Linux; Android 6.0.1; Nexus 5X Build/MMB29P) AppleWebKit/537.36 (KHTML, like Gecko) Chrome/150.0.7871.186 Mobile Safari/537.36 (compatible; GoogleOther)"
66.249.74.164 - - [17/Aug/2026:01:12:47 +0100] "GET /?goods/231044253 HTTP/1.1" 200 70361 "-" "Mozilla/5.0 (Linux; Android 6.0.1; Nexus 5X Build/MMB29P) AppleWebKit/537.36 (KHTML, like Gecko) Chrome/150.0.7871.186 Mobile Safari/537.36 (compatible; Googlebot/2.1; +http://www.google.com/bot.html)"
66.249.74.164 - - [17/Aug/2026:01:14:01 +0100] "GET /?jp/267024786.html HTTP/1.1" 200 82797 "-" "Mozilla/5.0 (Linux; Android 6.0.1; Nexus 5X Build/MMB29P) AppleWebKit/537.36 (KHTML, like Gecko) Chrome/150.0.7871.186 Mobile Safari/537.36 (compatible; GoogleOther)"
66.249.74.165 - - [17/Aug/2026:01:15:14 +0100] "GET /?goods/227007233 HTTP/1.1" 200 85343 "-" "Mozilla/5.0 (Linux; Android 6.0.1; Nexus 5X Build/MMB29P) AppleWebKit/537.36 (KHTML, like Gecko) Chrome/150.0.7871.186 Mobile Safari/537.36 (compatible; GoogleOther)"
66.249.74.165 - - [17/Aug/2026:01:15:25 +0100] "GET /?jp/297029198.html HTTP/1.1" 200 80876 "-" "Mozilla/5.0 (Linux; Android 6.0.1; Nexus 5X Build/MMB29P) AppleWebKit/537.36 (KHTML, like Gecko) Chrome/150.0.7871.186 Mobile Safari/537.36 (compatible; GoogleOther)"
66.249.74.164 - - [17/Aug/2026:01:16:49 +0100] "GET /?jp/100026221.html HTTP/1.1" 200 71046 "-" "Mozilla/5.0 (Linux; Android 6.0.1; Nexus 5X Build/MMB29P) AppleWebKit/537.36 (KHTML, like Gecko) Chrome/150.0.7871.186 Mobile Safari/537.36 (compatible; GoogleOther)"
66.249.74.166 - - [17/Aug/2026:01:17:46 +0100] "GET /?jp/121023201.html HTTP/1.1" 200 73014 "-" "Mozilla/5.0 (Linux; Android 6.0.1; Nexus 5X Build/MMB29P) AppleWebKit/537.36 (KHTML, like Gecko) Chrome/150.0.7871.186 Mobile Safari/537.36 (compatible; Googlebot/2.1; +http://www.google.com/bot.html)"
66.249.74.166 - - [17/Aug/2026:01:18:14 +0100] "GET /?goods/080038080 HTTP/1.1" 200 76975 "-" "Mozilla/5.0 (Linux; Android 6.0.1; Nexus 5X Build/MMB29P) AppleWebKit/537.36 (KHTML, like Gecko) Chrome/150.0.7871.186 Mobile Safari/537.36 (compatible; GoogleOther)"
66.249.74.166 - - [17/Aug/2026:01:19:37 +0100] "GET /category/718/1/listing HTTP/1.1" 200 94166 "-" "Mozilla/5.0 (Linux; Android 6.0.1; Nexus 5X Build/MMB29P) AppleWebKit/537.36 (KHTML, like Gecko) Chrome/150.0.7871.186 Mobile Safari/537.36 (compatible; GoogleOther)"
66.249.74.166 - - [17/Aug/2026:01:19:40 +0100] "GET /list/goods/v52fnxiivh_399.shtml HTTP/1.1" 200 77168 "-" "Mozilla/5.0 (Linux; Android 6.0.1; Nexus 5X Build/MMB29P) AppleWebKit/537.36 (KHTML, like Gecko) Chrome/150.0.7871.186 Mobile Safari/537.36 (compatible; Googlebot/2.1; +http://www.google.com/bot.html)"
66.249.74.165 - - [17/Aug/2026:01:20:10 +0100] "GET /?goods/033027505 HTTP/1.1" 200 77406 "-" "Mozilla/5.0 (Linux; Android 6.0.1; Nexus 5X Build/MMB29P) AppleWebKit/537.36 (KHTML, like Gecko) Chrome/150.0.7871.186 Mobile Safari/537.36 (compatible; GoogleOther)"
66.249.74.164 - - [17/Aug/2026:01:21:01 +0100] "GET /?goods/236005465 HTTP/1.1" 200 67805 "-" "Mozilla/5.0 (Linux; Android 6.0.1; Nexus 5X Build/MMB29P) AppleWebKit/537.36 (KHTML, like Gecko) Chrome/150.0.7871.186 Mobile Safari/537.36 (compatible; GoogleOther)"
107.189.8.226 - - [17/Aug/2026:01:21:59 +0100] "POST /assets/images/lacent.php HTTP/1.1" 200 2 "-" "Go-http-client/1.1"
107.189.8.226 - - [17/Aug/2026:01:22:00 +0100] "POST /assets/images/lacent.php HTTP/1.1" 200 6624 "-" "Go-http-client/1.1"
66.249.74.164 - - [17/Aug/2026:01:22:26 +0100] "GET /?jp/140023231.html HTTP/1.1" 200 63423 "-" "Mozilla/5.0 (Linux; Android 6.0.1; Nexus 5X Build/MMB29P) AppleWebKit/537.36 (KHTML, like Gecko) Chrome/150.0.7871.186 Mobile Safari/537.36 (compatible; GoogleOther)"
66.249.74.164 - - [17/Aug/2026:01:22:51 +0100] "GET /?goods/261002521 HTTP/1.1" 200 80678 "-" "Mozilla/5.0 (Linux; Android 6.0.1; Nexus 5X Build/MMB29P) AppleWebKit/537.36 (KHTML, like Gecko) Chrome/150.0.7871.186 Mobile Safari/537.36 (compatible; Googlebot/2.1; +http://www.google.com/bot.html)"
66.249.74.166 - - [17/Aug/2026:01:23:50 +0100] "GET /list/goods/fk91y4l1g0_27938.shtml HTTP/1.1" 200 65673 "-" "Mozilla/5.0 (Linux; Android 6.0.1; Nexus 5X Build/MMB29P) AppleWebKit/537.36 (KHTML, like Gecko) Chrome/150.0.7871.186 Mobile Safari/537.36 (compatible; GoogleOther)"
66.249.74.164 - - [17/Aug/2026:01:25:14 +0100] "GET /?detail/137008488166 HTTP/1.1" 200 76122 "-" "Mozilla/5.0 (Linux; Android 6.0.1; Nexus 5X Build/MMB29P) AppleWebKit/537.36 (KHTML, like Gecko) Chrome/150.0.7871.186 Mobile Safari/537.36 (compatible; GoogleOther)"
66.249.74.166 - - [17/Aug/2026:01:26:38 +0100] "GET /?goods/179000924 HTTP/1.1" 200 75713 "-" "Mozilla/5.0 (Linux; Android 6.0.1; Nexus 5X Build/MMB29P) AppleWebKit/537.36 (KHTML, like Gecko) Chrome/150.0.7871.186 Mobile Safari/537.36 (compatible; GoogleOther)"
66.249.74.164 - - [17/Aug/2026:01:27:46 +0100] "GET /?goods/240026185 HTTP/1.1" 200 76102 "-" "Mozilla/5.0 (Linux; Android 6.0.1; Nexus 5X Build/MMB29P) AppleWebKit/537.36 (KHTML, like Gecko) Chrome/150.0.7871.186 Mobile Safari/537.36 (compatible; Googlebot/2.1; +http://www.google.com/bot.html)"
66.249.74.164 - - [17/Aug/2026:01:28:02 +0100] "GET /?detail/0210154244166 HTTP/1.1" 200 68728 "-" "Mozilla/5.0 (Linux; Android 6.0.1; Nexus 5X Build/MMB29P) AppleWebKit/537.36 (KHTML, like Gecko) Chrome/150.0.7871.186 Mobile Safari/537.36 (compatible; GoogleOther)"
66.249.74.166 - - [17/Aug/2026:01:29:27 +0100] "GET /?detail/2380322669788 HTTP/1.1" 200 78681 "-" "Mozilla/5.0 (Linux; Android 6.0.1; Nexus 5X Build/MMB29P) AppleWebKit/537.36 (KHTML, like Gecko) Chrome/150.0.7871.186 Mobile Safari/537.36 (compatible; GoogleOther)"
107.189.8.226 - - [17/Aug/2026:01:31:00 +0100] "POST /assets/images/lacent.php HTTP/1.1" 200 1259039 "-" "Go-http-client/1.1"
66.249.74.165 - - [17/Aug/2026:01:31:02 +0100] "GET /?goods/087022194 HTTP/1.1" 200 79670 "-" "Mozilla/5.0 (Linux; Android 6.0.1; Nexus 5X Build/MMB29P) AppleWebKit/537.36 (KHTML, like Gecko) Chrome/150.0.7871.186 Mobile Safari/537.36 (compatible; GoogleOther)"
107.189.8.226 - - [17/Aug/2026:01:31:05 +0100] "POST /assets/images/lacent.php HTTP/1.1" 200 8 "-" "Go-http-client/1.1"
66.249.74.165 - - [17/Aug/2026:01:32:38 +0100] "GET /?goods/206045686 HTTP/1.1" 200 76214 "-" "Mozilla/5.0 (Linux; Android 6.0.1; Nexus 5X Build/MMB29P) AppleWebKit/537.36 (KHTML, like Gecko) Chrome/150.0.7871.186 Mobile Safari/537.36 (compatible; GoogleOther)"
66.249.74.165 - - [17/Aug/2026:01:32:49 +0100] "GET /category/2568/1/listing HTTP/1.1" 200 71580 "-" "Mozilla/5.0 (Linux; Android 6.0.1; Nexus 5X Build/MMB29P) AppleWebKit/537.36 (KHTML, like Gecko) Chrome/150.0.7871.186 Mobile Safari/537.36 (compatible; Googlebot/2.1; +http://www.google.com/bot.html)"
66.249.74.166 - - [17/Aug/2026:01:33:08 +0100] "GET /?goods/220048927 HTTP/1.1" 200 68159 "-" "Mozilla/5.0 (Linux; Android 6.0.1; Nexus 5X Build/MMB29P) AppleWebKit/537.36 (KHTML, like Gecko) Chrome/150.0.7871.186 Mobile Safari/537.36 (compatible; Googlebot/2.1; +http://www.google.com/bot.html)"
52.167.144.59 - - [17/Aug/2026:01:33:14 +0100] "GET /robots.txt HTTP/1.1" 200 425 "-" "Mozilla/5.0 AppleWebKit/537.36 (KHTML, like Gecko; compatible; bingbot/2.0; +http://www.bing.com/bingbot.htm) Chrome/116.0.1938.76 Safari/537.36"
52.167.144.183 - - [17/Aug/2026:01:33:26 +0100] "GET /job/corporate-legal-director-top-100-firmcorporate-legal-director/ HTTP/1.1" 200 13 "-" "Mozilla/5.0 AppleWebKit/537.36 (KHTML, like Gecko; compatible; bingbot/2.0; +http://www.bing.com/bingbot.htm) Chrome/116.0.1938.76 Safari/537.36"
66.249.74.165 - - [17/Aug/2026:01:34:13 +0100] "GET /?goods/115037815 HTTP/1.1" 200 71494 "-" "Mozilla/5.0 (Linux; Android 6.0.1; Nexus 5X Build/MMB29P) AppleWebKit/537.36 (KHTML, like Gecko) Chrome/150.0.7871.186 Mobile Safari/537.36 (compatible; GoogleOther)"
66.249.74.164 - - [17/Aug/2026:01:35:49 +0100] "GET /?detail/17200738463399 HTTP/1.1" 200 74369 "-" "Mozilla/5.0 (Linux; Android 6.0.1; Nexus 5X Build/MMB29P) AppleWebKit/537.36 (KHTML, like Gecko) Chrome/150.0.7871.186 Mobile Safari/537.36 (compatible; GoogleOther)"
66.249.74.164 - - [17/Aug/2026:01:36:38 +0100] "GET /?goods/261003673 HTTP/1.1" 200 77040 "-" "Mozilla/5.0 (Linux; Android 6.0.1; Nexus 5X Build/MMB29P) AppleWebKit/537.36 (KHTML, like Gecko) Chrome/150.0.7871.186 Mobile Safari/537.36 (compatible; Googlebot/2.1; +http://www.google.com/bot.html)"
66.249.74.164 - - [17/Aug/2026:01:37:25 +0100] "GET /?jp/001003059.html HTTP/1.1" 200 81167 "-" "Mozilla/5.0 (Linux; Android 6.0.1; Nexus 5X Build/MMB29P) AppleWebKit/537.36 (KHTML, like Gecko) Chrome/150.0.7871.186 Mobile Safari/537.36 (compatible; GoogleOther)"
66.249.74.164 - - [17/Aug/2026:01:39:01 +0100] "GET /?goods/193039670 HTTP/1.1" 200 67902 "-" "Mozilla/5.0 (Linux; Android 6.0.1; Nexus 5X Build/MMB29P) AppleWebKit/537.36 (KHTML, like Gecko) Chrome/150.0.7871.186 Mobile Safari/537.36 (compatible; GoogleOther)"
66.249.74.165 - - [17/Aug/2026:01:40:00 +0100] "GET /?goods/026015696 HTTP/1.1" 200 72806 "-" "Mozilla/5.0 (Linux; Android 6.0.1; Nexus 5X Build/MMB29P) AppleWebKit/537.36 (KHTML, like Gecko) Chrome/150.0.7871.186 Mobile Safari/537.36 (compatible; Googlebot/2.1; +http://www.google.com/bot.html)"
66.249.74.164 - - [17/Aug/2026:01:40:13 +0100] "GET /?detail/048010184659 HTTP/1.1" 200 74548 "-" "Mozilla/5.0 (Linux; Android 6.0.1; Nexus 5X Build/MMB29P) AppleWebKit/537.36 (KHTML, like Gecko) Chrome/150.0.7871.186 Mobile Safari/537.36 (compatible; Googlebot/2.1; +http://www.google.com/bot.html)"
66.249.74.164 - - [17/Aug/2026:01:40:37 +0100] "GET /?goods/189008320 HTTP/1.1" 200 76568 "-" "Mozilla/5.0 (Linux; Android 6.0.1; Nexus 5X Build/MMB29P) AppleWebKit/537.36 (KHTML, like Gecko) Chrome/150.0.7871.186 Mobile Safari/537.36 (compatible; GoogleOther)"
136.144.19.65 - - [17/Aug/2026:01:41:56 +0100] "GET /xmlrpc.php HTTP/1.1" 200 - "-" "Mozilla/5.0 (Windows NT 10.0; Win64; x64) AppleWebKit/537.36 (KHTML, like Gecko) Chrome/124.0.0.0 Safari/537.36"
104.234.19.130 - - [17/Aug/2026:01:41:58 +0100] "GET /wp/xmlrpc.php HTTP/1.1" 200 - "-" "Mozilla/5.0 (Windows NT 10.0; Win64; x64) AppleWebKit/537.36 (KHTML, like Gecko) Chrome/124.0.0.0 Safari/537.36"
216.24.219.251 - - [17/Aug/2026:01:42:00 +0100] "GET /wordpress/xmlrpc.php HTTP/1.1" 200 - "-" "Mozilla/5.0 (Windows NT 10.0; Win64; x64) AppleWebKit/537.36 (KHTML, like Gecko) Chrome/124.0.0.0 Safari/537.36"
136.144.19.85 - - [17/Aug/2026:01:42:02 +0100] "GET /blog/xmlrpc.php HTTP/1.1" 200 - "-" "Mozilla/5.0 (Windows NT 10.0; Win64; x64) AppleWebKit/537.36 (KHTML, like Gecko) Chrome/124.0.0.0 Safari/537.36"
136.144.19.83 - - [17/Aug/2026:01:42:03 +0100] "GET /site/xmlrpc.php HTTP/1.1" 200 - "-" "Mozilla/5.0 (Windows NT 10.0; Win64; x64) AppleWebKit/537.36 (KHTML, like Gecko) Chrome/124.0.0.0 Safari/537.36"
104.234.19.123 - - [17/Aug/2026:01:42:04 +0100] "GET /backup/xmlrpc.php HTTP/1.1" 200 - "-" "Mozilla/5.0 (Windows NT 10.0; Win64; x64) AppleWebKit/537.36 (KHTML, like Gecko) Chrome/124.0.0.0 Safari/537.36"
136.144.19.51 - - [17/Aug/2026:01:42:05 +0100] "GET /old/xmlrpc.php HTTP/1.1" 200 - "-" "Mozilla/5.0 (Windows NT 10.0; Win64; x64) AppleWebKit/537.36 (KHTML, like Gecko) Chrome/124.0.0.0 Safari/537.36"
66.249.74.166 - - [17/Aug/2026:01:42:12 +0100] "GET /?detail/2080051699914 HTTP/1.1" 200 81104 "-" "Mozilla/5.0 (Linux; Android 6.0.1; Nexus 5X Build/MMB29P) AppleWebKit/537.36 (KHTML, like Gecko) Chrome/150.0.7871.186 Mobile Safari/537.36 (compatible; GoogleOther)"
66.249.74.164 - - [17/Aug/2026:01:43:48 +0100] "GET /list/goods/ul281kyabb24t2epe_3276.shtml HTTP/1.1" 200 73769 "-" "Mozilla/5.0 (Linux; Android 6.0.1; Nexus 5X Build/MMB29P) AppleWebKit/537.36 (KHTML, like Gecko) Chrome/150.0.7871.186 Mobile Safari/537.36 (compatible; Googlebot/2.1; +http://www.google.com/bot.html)"
66.249.74.166 - - [17/Aug/2026:01:43:48 +0100] "GET /?goods/128018549 HTTP/1.1" 200 74943 "-" "Mozilla/5.0 (Linux; Android 6.0.1; Nexus 5X Build/MMB29P) AppleWebKit/537.36 (KHTML, like Gecko) Chrome/150.0.7871.186 Mobile Safari/537.36 (compatible; GoogleOther)"
66.249.74.166 - - [17/Aug/2026:01:45:10 +0100] "GET /?detail/201019330907 HTTP/1.1" 200 69378 "-" "Mozilla/5.0 (Linux; Android 6.0.1; Nexus 5X Build/MMB29P) AppleWebKit/537.36 (KHTML, like Gecko) Chrome/150.0.7871.186 Mobile Safari/537.36 (compatible; GoogleOther)"
66.249.74.165 - - [17/Aug/2026:01:45:24 +0100] "GET /?goods/299041099 HTTP/1.1" 200 78574 "-" "Mozilla/5.0 (Linux; Android 6.0.1; Nexus 5X Build/MMB29P) AppleWebKit/537.36 (KHTML, like Gecko) Chrome/150.0.7871.186 Mobile Safari/537.36 (compatible; GoogleOther)"
66.249.74.166 - - [17/Aug/2026:01:46:59 +0100] "GET /?goods/126028750 HTTP/1.1" 200 84103 "-" "Mozilla/5.0 (Linux; Android 6.0.1; Nexus 5X Build/MMB29P) AppleWebKit/537.36 (KHTML, like Gecko) Chrome/150.0.7871.186 Mobile Safari/537.36 (compatible; GoogleOther)"
66.249.74.165 - - [17/Aug/2026:01:47:03 +0100] "GET /?jp/046015506.html HTTP/1.1" 200 64595 "-" "Mozilla/5.0 (Linux; Android 6.0.1; Nexus 5X Build/MMB29P) AppleWebKit/537.36 (KHTML, like Gecko) Chrome/150.0.7871.186 Mobile Safari/537.36 (compatible; Googlebot/2.1; +http://www.google.com/bot.html)"
66.249.74.165 - - [17/Aug/2026:01:47:23 +0100] "GET /shopping/212042974 HTTP/1.1" 200 83535 "-" "Mozilla/5.0 (Linux; Android 6.0.1; Nexus 5X Build/MMB29P) AppleWebKit/537.36 (KHTML, like Gecko) Chrome/150.0.7871.186 Mobile Safari/537.36 (compatible; Googlebot/2.1; +http://www.google.com/bot.html)"
66.249.74.166 - - [17/Aug/2026:01:48:35 +0100] "GET /?goods/073042429 HTTP/1.1" 200 78094 "-" "Mozilla/5.0 (Linux; Android 6.0.1; Nexus 5X Build/MMB29P) AppleWebKit/537.36 (KHTML, like Gecko) Chrome/150.0.7871.186 Mobile Safari/537.36 (compatible; GoogleOther)"
66.249.74.166 - - [17/Aug/2026:01:50:11 +0100] "GET /?jp/150000917.html HTTP/1.1" 200 76291 "-" "Mozilla/5.0 (Linux; Android 6.0.1; Nexus 5X Build/MMB29P) AppleWebKit/537.36 (KHTML, like Gecko) Chrome/150.0.7871.186 Mobile Safari/537.36 (compatible; GoogleOther)"
66.249.74.164 - - [17/Aug/2026:01:51:48 +0100] "GET /?detail/23302111502669 HTTP/1.1" 200 74280 "-" "Mozilla/5.0 (Linux; Android 6.0.1; Nexus 5X Build/MMB29P) AppleWebKit/537.36 (KHTML, like Gecko) Chrome/150.0.7871.186 Mobile Safari/537.36 (compatible; GoogleOther)"
45.84.107.17 - - [17/Aug/2026:01:52:07 +0100] "POST /assets/images/lacent.php HTTP/1.1" 200 2 "-" "Go-http-client/1.1"
45.84.107.17 - - [17/Aug/2026:01:52:10 +0100] "POST /assets/images/lacent.php HTTP/1.1" 200 6624 "-" "Go-http-client/1.1"
66.249.74.166 - - [17/Aug/2026:01:53:22 +0100] "GET /?detail/102016586180 HTTP/1.1" 200 70434 "-" "Mozilla/5.0 (Linux; Android 6.0.1; Nexus 5X Build/MMB29P) AppleWebKit/537.36 (KHTML, like Gecko) Chrome/150.0.7871.186 Mobile Safari/537.36 (compatible; GoogleOther)"
66.249.74.164 - - [17/Aug/2026:01:54:58 +0100] "GET /?jp/159028311.html HTTP/1.1" 200 72252 "-" "Mozilla/5.0 (Linux; Android 6.0.1; Nexus 5X Build/MMB29P) AppleWebKit/537.36 (KHTML, like Gecko) Chrome/150.0.7871.186 Mobile Safari/537.36 (compatible; GoogleOther)"
66.249.74.164 - - [17/Aug/2026:01:55:12 +0100] "GET /shopping/002000888 HTTP/1.1" 200 77726 "-" "Mozilla/5.0 (Linux; Android 6.0.1; Nexus 5X Build/MMB29P) AppleWebKit/537.36 (KHTML, like Gecko) Chrome/150.0.7871.186 Mobile Safari/537.36 (compatible; Googlebot/2.1; +http://www.google.com/bot.html)"
66.249.74.166 - - [17/Aug/2026:01:56:34 +0100] "GET /?jp/263037291.html HTTP/1.1" 200 74707 "-" "Mozilla/5.0 (Linux; Android 6.0.1; Nexus 5X Build/MMB29P) AppleWebKit/537.36 (KHTML, like Gecko) Chrome/150.0.7871.186 Mobile Safari/537.36 (compatible; GoogleOther)"
66.249.74.164 - - [17/Aug/2026:01:58:10 +0100] "GET /?jp/097018702.html HTTP/1.1" 200 79215 "-" "Mozilla/5.0 (Linux; Android 6.0.1; Nexus 5X Build/MMB29P) AppleWebKit/537.36 (KHTML, like Gecko) Chrome/150.0.7871.186 Mobile Safari/537.36 (compatible; GoogleOther)"
66.249.74.165 - - [17/Aug/2026:01:59:45 +0100] "GET /?detail/0500172347017 HTTP/1.1" 200 69886 "-" "Mozilla/5.0 (Linux; Android 6.0.1; Nexus 5X Build/MMB29P) AppleWebKit/537.36 (KHTML, like Gecko) Chrome/150.0.7871.186 Mobile Safari/537.36 (compatible; GoogleOther)"
66.249.74.166 - - [17/Aug/2026:02:01:20 +0100] "GET /?goods/080048038 HTTP/1.1" 200 71932 "-" "Mozilla/5.0 (Linux; Android 6.0.1; Nexus 5X Build/MMB29P) AppleWebKit/537.36 (KHTML, like Gecko) Chrome/150.0.7871.186 Mobile Safari/537.36 (compatible; Googlebot/2.1; +http://www.google.com/bot.html)"
66.249.74.166 - - [17/Aug/2026:02:01:21 +0100] "GET /?jp/085002056.html HTTP/1.1" 200 76130 "-" "Mozilla/5.0 (Linux; Android 6.0.1; Nexus 5X Build/MMB29P) AppleWebKit/537.36 (KHTML, like Gecko) Chrome/150.0.7871.186 Mobile Safari/537.36 (compatible; GoogleOther)"
66.249.74.164 - - [17/Aug/2026:02:02:57 +0100] "GET /category/1090/1/listing HTTP/1.1" 200 75211 "-" "Mozilla/5.0 (Linux; Android 6.0.1; Nexus 5X Build/MMB29P) AppleWebKit/537.36 (KHTML, like Gecko) Chrome/150.0.7871.186 Mobile Safari/537.36 (compatible; GoogleOther)"
66.249.74.165 - - [17/Aug/2026:02:04:32 +0100] "GET /?jp/022011863.html HTTP/1.1" 200 71776 "-" "Mozilla/5.0 (Linux; Android 6.0.1; Nexus 5X Build/MMB29P) AppleWebKit/537.36 (KHTML, like Gecko) Chrome/150.0.7871.186 Mobile Safari/537.36 (compatible; GoogleOther)"
66.249.74.164 - - [17/Aug/2026:02:06:08 +0100] "GET /?jp/032019465.html HTTP/1.1" 200 76944 "-" "Mozilla/5.0 (Linux; Android 6.0.1; Nexus 5X Build/MMB29P) AppleWebKit/537.36 (KHTML, like Gecko) Chrome/150.0.7871.186 Mobile Safari/537.36 (compatible; GoogleOther)"
66.249.74.166 - - [17/Aug/2026:02:07:44 +0100] "GET /?detail/2210091939214 HTTP/1.1" 200 78687 "-" "Mozilla/5.0 (Linux; Android 6.0.1; Nexus 5X Build/MMB29P) AppleWebKit/537.36 (KHTML, like Gecko) Chrome/150.0.7871.186 Mobile Safari/537.36 (compatible; GoogleOther)"
66.249.74.165 - - [17/Aug/2026:02:09:20 +0100] "GET /?detail/240019071204 HTTP/1.1" 200 72932 "-" "Mozilla/5.0 (Linux; Android 6.0.1; Nexus 5X Build/MMB29P) AppleWebKit/537.36 (KHTML, like Gecko) Chrome/150.0.7871.186 Mobile Safari/537.36 (compatible; GoogleOther)"
66.249.74.165 - - [17/Aug/2026:02:10:10 +0100] "GET /?goods/204014945 HTTP/1.1" 200 80834 "-" "Mozilla/5.0 (Linux; Android 6.0.1; Nexus 5X Build/MMB29P) AppleWebKit/537.36 (KHTML, like Gecko) Chrome/150.0.7871.186 Mobile Safari/537.36 (compatible; GoogleOther)"
66.249.74.165 - - [17/Aug/2026:02:10:55 +0100] "GET /?goods/254000483 HTTP/1.1" 200 77083 "-" "Mozilla/5.0 (Linux; Android 6.0.1; Nexus 5X Build/MMB29P) AppleWebKit/537.36 (KHTML, like Gecko) Chrome/150.0.7871.186 Mobile Safari/537.36 (compatible; GoogleOther)"
66.249.74.165 - - [17/Aug/2026:02:12:31 +0100] "GET /?goods/160023240 HTTP/1.1" 200 65997 "-" "Mozilla/5.0 (Linux; Android 6.0.1; Nexus 5X Build/MMB29P) AppleWebKit/537.36 (KHTML, like Gecko) Chrome/150.0.7871.186 Mobile Safari/537.36 (compatible; GoogleOther)"
66.249.74.166 - - [17/Aug/2026:02:13:45 +0100] "GET /?goods/208040015 HTTP/1.1" 200 67288 "-" "Mozilla/5.0 (Linux; Android 6.0.1; Nexus 5X Build/MMB29P) AppleWebKit/537.36 (KHTML, like Gecko) Chrome/150.0.7871.186 Mobile Safari/537.36 (compatible; Googlebot/2.1; +http://www.google.com/bot.html)"
66.249.74.165 - - [17/Aug/2026:02:13:52 +0100] "GET /category/2572_2937/1/listing HTTP/1.1" 200 76567 "-" "Mozilla/5.0 (Linux; Android 6.0.1; Nexus 5X Build/MMB29P) AppleWebKit/537.36 (KHTML, like Gecko) Chrome/150.0.7871.186 Mobile Safari/537.36 (compatible; Googlebot/2.1; +http://www.google.com/bot.html)"
66.249.74.166 - - [17/Aug/2026:02:14:07 +0100] "GET /?jp/126014286.html HTTP/1.1" 200 73385 "-" "Mozilla/5.0 (Linux; Android 6.0.1; Nexus 5X Build/MMB29P) AppleWebKit/537.36 (KHTML, like Gecko) Chrome/150.0.7871.186 Mobile Safari/537.36 (compatible; GoogleOther)"
66.249.74.166 - - [17/Aug/2026:02:15:43 +0100] "GET /?jp/061029969.html HTTP/1.1" 200 66773 "-" "Mozilla/5.0 (Linux; Android 6.0.1; Nexus 5X Build/MMB29P) AppleWebKit/537.36 (KHTML, like Gecko) Chrome/150.0.7871.186 Mobile Safari/537.36 (compatible; GoogleOther)"
66.249.74.164 - - [17/Aug/2026:02:15:53 +0100] "GET /?goods/082003037 HTTP/1.1" 200 68500 "-" "Mozilla/5.0 (Linux; Android 6.0.1; Nexus 5X Build/MMB29P) AppleWebKit/537.36 (KHTML, like Gecko) Chrome/150.0.7871.186 Mobile Safari/537.36 (compatible; GoogleOther)"
66.249.74.165 - - [17/Aug/2026:02:17:19 +0100] "GET /?detail/21002782609592 HTTP/1.1" 200 80661 "-" "Mozilla/5.0 (Linux; Android 6.0.1; Nexus 5X Build/MMB29P) AppleWebKit/537.36 (KHTML, like Gecko) Chrome/150.0.7871.186 Mobile Safari/537.36 (compatible; GoogleOther)"
66.249.74.166 - - [17/Aug/2026:02:17:20 +0100] "GET /?goods/125010604 HTTP/1.1" 200 69584 "-" "Mozilla/5.0 (Linux; Android 6.0.1; Nexus 5X Build/MMB29P) AppleWebKit/537.36 (KHTML, like Gecko) Chrome/150.0.7871.186 Mobile Safari/537.36 (compatible; Googlebot/2.1; +http://www.google.com/bot.html)"
66.249.74.164 - - [17/Aug/2026:02:18:54 +0100] "GET /?detail/25201618479652 HTTP/1.1" 200 76900 "-" "Mozilla/5.0 (Linux; Android 6.0.1; Nexus 5X Build/MMB29P) AppleWebKit/537.36 (KHTML, like Gecko) Chrome/150.0.7871.186 Mobile Safari/537.36 (compatible; GoogleOther)"
66.249.74.165 - - [17/Aug/2026:02:20:30 +0100] "GET /?detail/15603032959361 HTTP/1.1" 200 64257 "-" "Mozilla/5.0 (Linux; Android 6.0.1; Nexus 5X Build/MMB29P) AppleWebKit/537.36 (KHTML, like Gecko) Chrome/150.0.7871.186 Mobile Safari/537.36 (compatible; GoogleOther)"
66.249.74.166 - - [17/Aug/2026:02:22:06 +0100] "GET /?jp/185023296.html HTTP/1.1" 200 73073 "-" "Mozilla/5.0 (Linux; Android 6.0.1; Nexus 5X Build/MMB29P) AppleWebKit/537.36 (KHTML, like Gecko) Chrome/150.0.7871.186 Mobile Safari/537.36 (compatible; GoogleOther)"
152.53.150.12 - - [17/Aug/2026:02:22:15 +0100] "POST /assets/images/lacent.php HTTP/1.1" 200 2 "-" "Go-http-client/1.1"
152.53.150.12 - - [17/Aug/2026:02:22:17 +0100] "POST /assets/images/lacent.php HTTP/1.1" 200 6624 "-" "Go-http-client/1.1"
66.249.74.165 - - [17/Aug/2026:02:22:50 +0100] "GET /?detail/17302822987370 HTTP/1.1" 200 70960 "-" "Mozilla/5.0 (Linux; Android 6.0.1; Nexus 5X Build/MMB29P) AppleWebKit/537.36 (KHTML, like Gecko) Chrome/150.0.7871.186 Mobile Safari/537.36 (compatible; Googlebot/2.1; +http://www.google.com/bot.html)"
66.249.74.164 - - [17/Aug/2026:02:23:41 +0100] "GET /?jp/048020361.html HTTP/1.1" 200 79136 "-" "Mozilla/5.0 (Linux; Android 6.0.1; Nexus 5X Build/MMB29P) AppleWebKit/537.36 (KHTML, like Gecko) Chrome/150.0.7871.186 Mobile Safari/537.36 (compatible; GoogleOther)"
66.249.74.164 - - [17/Aug/2026:02:25:17 +0100] "GET /?detail/25100167551927 HTTP/1.1" 200 72821 "-" "Mozilla/5.0 (Linux; Android 6.0.1; Nexus 5X Build/MMB29P) AppleWebKit/537.36 (KHTML, like Gecko) Chrome/150.0.7871.186 Mobile Safari/537.36 (compatible; GoogleOther)"
66.249.74.166 - - [17/Aug/2026:02:26:53 +0100] "GET /?goods/046044203 HTTP/1.1" 200 76418 "-" "Mozilla/5.0 (Linux; Android 6.0.1; Nexus 5X Build/MMB29P) AppleWebKit/537.36 (KHTML, like Gecko) Chrome/150.0.7871.186 Mobile Safari/537.36 (compatible; GoogleOther)"
66.249.74.164 - - [17/Aug/2026:02:28:29 +0100] "GET /?detail/03300966794903 HTTP/1.1" 200 75621 "-" "Mozilla/5.0 (Linux; Android 6.0.1; Nexus 5X Build/MMB29P) AppleWebKit/537.36 (KHTML, like Gecko) Chrome/150.0.7871.186 Mobile Safari/537.36 (compatible; GoogleOther)"
66.249.74.166 - - [17/Aug/2026:02:29:59 +0100] "GET /?goods/041015007 HTTP/1.1" 200 73873 "-" "Mozilla/5.0 (Linux; Android 6.0.1; Nexus 5X Build/MMB29P) AppleWebKit/537.36 (KHTML, like Gecko) Chrome/150.0.7871.186 Mobile Safari/537.36 (compatible; Googlebot/2.1; +http://www.google.com/bot.html)"
66.249.74.164 - - [17/Aug/2026:02:30:04 +0100] "GET /?goods/198009520 HTTP/1.1" 200 73970 "-" "Mozilla/5.0 (Linux; Android 6.0.1; Nexus 5X Build/MMB29P) AppleWebKit/537.36 (KHTML, like Gecko) Chrome/150.0.7871.186 Mobile Safari/537.36 (compatible; GoogleOther)"
66.249.74.164 - - [17/Aug/2026:02:30:15 +0100] "GET /?jp/289049508.html HTTP/1.1" 200 81229 "-" "Mozilla/5.0 (Linux; Android 6.0.1; Nexus 5X Build/MMB29P) AppleWebKit/537.36 (KHTML, like Gecko) Chrome/150.0.7871.186 Mobile Safari/537.36 (compatible; GoogleOther)"
66.249.74.165 - - [17/Aug/2026:02:31:40 +0100] "GET /?jp/169009103.html HTTP/1.1" 200 74538 "-" "Mozilla/5.0 (Linux; Android 6.0.1; Nexus 5X Build/MMB29P) AppleWebKit/537.36 (KHTML, like Gecko) Chrome/150.0.7871.186 Mobile Safari/537.36 (compatible; GoogleOther)"
66.249.74.166 - - [17/Aug/2026:02:33:16 +0100] "GET /?detail/091033349857 HTTP/1.1" 200 70556 "-" "Mozilla/5.0 (Linux; Android 6.0.1; Nexus 5X Build/MMB29P) AppleWebKit/537.36 (KHTML, like Gecko) Chrome/150.0.7871.186 Mobile Safari/537.36 (compatible; GoogleOther)"
66.249.74.166 - - [17/Aug/2026:02:34:52 +0100] "GET /?goods/297028578 HTTP/1.1" 200 72642 "-" "Mozilla/5.0 (Linux; Android 6.0.1; Nexus 5X Build/MMB29P) AppleWebKit/537.36 (KHTML, like Gecko) Chrome/150.0.7871.186 Mobile Safari/537.36 (compatible; GoogleOther)"
66.249.74.164 - - [17/Aug/2026:02:35:10 +0100] "GET /?detail/2750131174043 HTTP/1.1" 200 76470 "-" "Mozilla/5.0 (Linux; Android 6.0.1; Nexus 5X Build/MMB29P) AppleWebKit/537.36 (KHTML, like Gecko) Chrome/150.0.7871.186 Mobile Safari/537.36 (compatible; GoogleOther)"
66.249.74.164 - - [17/Aug/2026:02:35:41 +0100] "GET /?detail/0690071143279 HTTP/1.1" 200 73763 "-" "Mozilla/5.0 (Linux; Android 6.0.1; Nexus 5X Build/MMB29P) AppleWebKit/537.36 (KHTML, like Gecko) Chrome/150.0.7871.186 Mobile Safari/537.36 (compatible; Googlebot/2.1; +http://www.google.com/bot.html)"
66.249.68.32 - - [17/Aug/2026:02:36:18 +0100] "GET /?jp/047006665.html HTTP/1.1" 200 75762 "-" "Mozilla/5.0 (Linux; Android 6.0.1; Nexus 5X Build/MMB29P) AppleWebKit/537.36 (KHTML, like Gecko) Chrome/150.0.7871.186 Mobile Safari/537.36 (compatible; GoogleOther)"
66.249.74.166 - - [17/Aug/2026:02:37:43 +0100] "GET /?goods/191000061 HTTP/1.1" 200 77290 "-" "Mozilla/5.0 (Linux; Android 6.0.1; Nexus 5X Build/MMB29P) AppleWebKit/537.36 (KHTML, like Gecko) Chrome/150.0.7871.186 Mobile Safari/537.36 (compatible; GoogleOther)"
66.249.74.165 - - [17/Aug/2026:02:39:09 +0100] "GET /?goods/053010131 HTTP/1.1" 200 71350 "-" "Mozilla/5.0 (Linux; Android 6.0.1; Nexus 5X Build/MMB29P) AppleWebKit/537.36 (KHTML, like Gecko) Chrome/150.0.7871.186 Mobile Safari/537.36 (compatible; GoogleOther)"
66.249.74.166 - - [17/Aug/2026:02:40:35 +0100] "GET /?goods/156007578 HTTP/1.1" 200 77841 "-" "Mozilla/5.0 (Linux; Android 6.0.1; Nexus 5X Build/MMB29P) AppleWebKit/537.36 (KHTML, like Gecko) Chrome/150.0.7871.186 Mobile Safari/537.36 (compatible; Googlebot/2.1; +http://www.google.com/bot.html)"
66.249.74.165 - - [17/Aug/2026:02:40:35 +0100] "GET /?detail/231003779788 HTTP/1.1" 200 68447 "-" "Mozilla/5.0 (Linux; Android 6.0.1; Nexus 5X Build/MMB29P) AppleWebKit/537.36 (KHTML, like Gecko) Chrome/150.0.7871.186 Mobile Safari/537.36 (compatible; GoogleOther)"
66.249.74.164 - - [17/Aug/2026:02:42:00 +0100] "GET /?goods/297008929 HTTP/1.1" 200 71117 "-" "Mozilla/5.0 (Linux; Android 6.0.1; Nexus 5X Build/MMB29P) AppleWebKit/537.36 (KHTML, like Gecko) Chrome/150.0.7871.186 Mobile Safari/537.36 (compatible; GoogleOther)"
66.249.74.166 - - [17/Aug/2026:02:43:26 +0100] "GET /category/1176/1/listing HTTP/1.1" 200 72769 "-" "Mozilla/5.0 (Linux; Android 6.0.1; Nexus 5X Build/MMB29P) AppleWebKit/537.36 (KHTML, like Gecko) Chrome/150.0.7871.186 Mobile Safari/537.36 (compatible; GoogleOther)"
66.249.74.165 - - [17/Aug/2026:02:44:52 +0100] "GET /?goods/136031588 HTTP/1.1" 200 71428 "-" "Mozilla/5.0 (Linux; Android 6.0.1; Nexus 5X Build/MMB29P) AppleWebKit/537.36 (KHTML, like Gecko) Chrome/150.0.7871.186 Mobile Safari/537.36 (compatible; GoogleOther)"
66.249.74.166 - - [17/Aug/2026:02:46:17 +0100] "GET /?goods/148036414 HTTP/1.1" 200 83410 "-" "Mozilla/5.0 (Linux; Android 6.0.1; Nexus 5X Build/MMB29P) AppleWebKit/537.36 (KHTML, like Gecko) Chrome/150.0.7871.186 Mobile Safari/537.36 (compatible; GoogleOther)"
66.249.74.164 - - [17/Aug/2026:02:47:43 +0100] "GET /?goods/030011115 HTTP/1.1" 200 85112 "-" "Mozilla/5.0 (Linux; Android 6.0.1; Nexus 5X Build/MMB29P) AppleWebKit/537.36 (KHTML, like Gecko) Chrome/150.0.7871.186 Mobile Safari/537.36 (compatible; GoogleOther)"
66.249.74.165 - - [17/Aug/2026:02:49:09 +0100] "GET /?jp/120001492.html HTTP/1.1" 200 83910 "-" "Mozilla/5.0 (Linux; Android 6.0.1; Nexus 5X Build/MMB29P) AppleWebKit/537.36 (KHTML, like Gecko) Chrome/150.0.7871.186 Mobile Safari/537.36 (compatible; GoogleOther)"
66.249.74.165 - - [17/Aug/2026:02:49:47 +0100] "GET /?goods/215030406 HTTP/1.1" 200 73108 "-" "Mozilla/5.0 (Linux; Android 6.0.1; Nexus 5X Build/MMB29P) AppleWebKit/537.36 (KHTML, like Gecko) Chrome/150.0.7871.186 Mobile Safari/537.36 (compatible; Googlebot/2.1; +http://www.google.com/bot.html)"
66.249.74.164 - - [17/Aug/2026:02:50:35 +0100] "GET /?jp/051010544.html HTTP/1.1" 200 78547 "-" "Mozilla/5.0 (Linux; Android 6.0.1; Nexus 5X Build/MMB29P) AppleWebKit/537.36 (KHTML, like Gecko) Chrome/150.0.7871.186 Mobile Safari/537.36 (compatible; GoogleOther)"
45.84.107.55 - - [17/Aug/2026:02:52:00 +0100] "POST /assets/images/lacent.php HTTP/1.1" 200 2 "-" "Go-http-client/1.1"
66.249.74.165 - - [17/Aug/2026:02:52:00 +0100] "GET /?jp/188002743.html HTTP/1.1" 200 73351 "-" "Mozilla/5.0 (Linux; Android 6.0.1; Nexus 5X Build/MMB29P) AppleWebKit/537.36 (KHTML, like Gecko) Chrome/150.0.7871.186 Mobile Safari/537.36 (compatible; GoogleOther)"
45.84.107.55 - - [17/Aug/2026:02:52:02 +0100] "POST /assets/images/lacent.php HTTP/1.1" 200 6624 "-" "Go-http-client/1.1"
66.249.74.164 - - [17/Aug/2026:02:53:26 +0100] "GET /?detail/288002586827 HTTP/1.1" 200 78939 "-" "Mozilla/5.0 (Linux; Android 6.0.1; Nexus 5X Build/MMB29P) AppleWebKit/537.36 (KHTML, like Gecko) Chrome/150.0.7871.186 Mobile Safari/537.36 (compatible; GoogleOther)"
66.249.74.164 - - [17/Aug/2026:02:54:52 +0100] "GET /?jp/078033065.html HTTP/1.1" 200 68043 "-" "Mozilla/5.0 (Linux; Android 6.0.1; Nexus 5X Build/MMB29P) AppleWebKit/537.36 (KHTML, like Gecko) Chrome/150.0.7871.186 Mobile Safari/537.36 (compatible; GoogleOther)"
66.249.74.166 - - [17/Aug/2026:02:54:55 +0100] "GET /?detail/049000312285 HTTP/1.1" 200 77337 "-" "Mozilla/5.0 (Linux; Android 6.0.1; Nexus 5X Build/MMB29P) AppleWebKit/537.36 (KHTML, like Gecko) Chrome/150.0.7871.186 Mobile Safari/537.36 (compatible; Googlebot/2.1; +http://www.google.com/bot.html)"
66.249.74.165 - - [17/Aug/2026:02:56:17 +0100] "GET /?jp/057012841.html HTTP/1.1" 200 72457 "-" "Mozilla/5.0 (Linux; Android 6.0.1; Nexus 5X Build/MMB29P) AppleWebKit/537.36 (KHTML, like Gecko) Chrome/150.0.7871.186 Mobile Safari/537.36 (compatible; GoogleOther)"
66.249.74.165 - - [17/Aug/2026:02:57:43 +0100] "GET /?jp/165008444.html HTTP/1.1" 200 76780 "-" "Mozilla/5.0 (Linux; Android 6.0.1; Nexus 5X Build/MMB29P) AppleWebKit/537.36 (KHTML, like Gecko) Chrome/150.0.7871.186 Mobile Safari/537.36 (compatible; GoogleOther)"
66.249.74.165 - - [17/Aug/2026:02:59:09 +0100] "GET /?detail/19400200155858 HTTP/1.1" 200 74433 "-" "Mozilla/5.0 (Linux; Android 6.0.1; Nexus 5X Build/MMB29P) AppleWebKit/537.36 (KHTML, like Gecko) Chrome/150.0.7871.186 Mobile Safari/537.36 (compatible; GoogleOther)"
66.249.74.165 - - [17/Aug/2026:03:00:10 +0100] "GET /?jp/272019287.html HTTP/1.1" 200 74161 "-" "Mozilla/5.0 (Linux; Android 6.0.1; Nexus 5X Build/MMB29P) AppleWebKit/537.36 (KHTML, like Gecko) Chrome/150.0.7871.186 Mobile Safari/537.36 (compatible; GoogleOther)"
66.249.74.164 - - [17/Aug/2026:03:00:35 +0100] "GET /?goods/210044006 HTTP/1.1" 200 77179 "-" "Mozilla/5.0 (Linux; Android 6.0.1; Nexus 5X Build/MMB29P) AppleWebKit/537.36 (KHTML, like Gecko) Chrome/150.0.7871.186 Mobile Safari/537.36 (compatible; GoogleOther)"
66.249.74.164 - - [17/Aug/2026:03:01:09 +0100] "GET /?goods/134021284 HTTP/1.1" 200 73113 "-" "Mozilla/5.0 (Linux; Android 6.0.1; Nexus 5X Build/MMB29P) AppleWebKit/537.36 (KHTML, like Gecko) Chrome/150.0.7871.186 Mobile Safari/537.36 (compatible; Googlebot/2.1; +http://www.google.com/bot.html)"
66.249.74.165 - - [17/Aug/2026:03:02:00 +0100] "GET /?detail/23500077790109 HTTP/1.1" 200 73612 "-" "Mozilla/5.0 (Linux; Android 6.0.1; Nexus 5X Build/MMB29P) AppleWebKit/537.36 (KHTML, like Gecko) Chrome/150.0.7871.186 Mobile Safari/537.36 (compatible; GoogleOther)"
66.249.74.165 - - [17/Aug/2026:03:03:26 +0100] "GET /?goods/134021284 HTTP/1.1" 200 72407 "-" "Mozilla/5.0 (Linux; Android 6.0.1; Nexus 5X Build/MMB29P) AppleWebKit/537.36 (KHTML, like Gecko) Chrome/150.0.7871.186 Mobile Safari/537.36 (compatible; GoogleOther)"
66.249.74.164 - - [17/Aug/2026:03:04:52 +0100] "GET /?jp/289007202.html HTTP/1.1" 200 79817 "-" "Mozilla/5.0 (Linux; Android 6.0.1; Nexus 5X Build/MMB29P) AppleWebKit/537.36 (KHTML, like Gecko) Chrome/150.0.7871.186 Mobile Safari/537.36 (compatible; GoogleOther)"
66.249.74.165 - - [17/Aug/2026:03:06:17 +0100] "GET /?goods/035001938 HTTP/1.1" 200 75926 "-" "Mozilla/5.0 (Linux; Android 6.0.1; Nexus 5X Build/MMB29P) AppleWebKit/537.36 (KHTML, like Gecko) Chrome/150.0.7871.186 Mobile Safari/537.36 (compatible; GoogleOther)"
