74.7.242.36 - - [16/Aug/2026:14:16:21 +0100] "GET /assets/images/5416eb1e01index.php?path=//proc/thread-self/root/sys/class/block/sr0/bdi HTTP/1.1" 200 7688 "https://byard.pem-web.co.uk/assets/images/5416eb1e01index.php?path=//proc/thread-self/root/sys/class/block/sr0" "Mozilla/5.0 AppleWebKit/537.36 (KHTML, like Gecko; compatible; GPTBot/1.4; +https://openai.com/gptbot)"
54.204.12.115 - - [16/Aug/2026:14:16:23 +0100] "GET /79bb2/?path=/home/pemwebco/tbcm.pem-web.co.uk/ouzrcyp HTTP/1.1" 200 2605 "-" "Mozilla/5.0 AppleWebKit/537.36 (KHTML, like Gecko; compatible; Amazonbot/0.1; +https://developer.amazon.com/support/amazonbot) Chrome/119.0.6045.214 Safari/537.36"
74.7.242.36 - - [16/Aug/2026:14:16:24 +0100] "GET /assets/images/5416eb1e01index.php?path=//proc/thread-self/root/sys/class/block/sr0/power HTTP/1.1" 200 6404 "https://byard.pem-web.co.uk/assets/images/5416eb1e01index.php?path=//proc/thread-self/root/sys/class/block/sr0" "Mozilla/5.0 AppleWebKit/537.36 (KHTML, like Gecko; compatible; GPTBot/1.4; +https://openai.com/gptbot)"
74.7.242.36 - - [16/Aug/2026:14:16:26 +0100] "GET /assets/images/5416eb1e01index.php?path=//proc/thread-self/root/sys/class/block/sr0/mq HTTP/1.1" 200 2820 "https://byard.pem-web.co.uk/assets/images/5416eb1e01index.php?path=//proc/thread-self/root/sys/class/block/sr0" "Mozilla/5.0 AppleWebKit/537.36 (KHTML, like Gecko; compatible; GPTBot/1.4; +https://openai.com/gptbot)"
54.85.126.86 - - [16/Aug/2026:14:16:27 +0100] "GET /79bb2/?path=/home/pemwebco/wiggly.pem-web.co.uk/ephiywl HTTP/1.1" 200 3445 "-" "Mozilla/5.0 AppleWebKit/537.36 (KHTML, like Gecko; compatible; Amazonbot/0.1; +https://developer.amazon.com/support/amazonbot) Chrome/119.0.6045.214 Safari/537.36"
74.7.242.36 - - [16/Aug/2026:14:16:28 +0100] "GET /assets/images/5416eb1e01index.php?path=//proc/thread-self/root/sys/class/block/sr0/slaves HTTP/1.1" 200 2143 "https://byard.pem-web.co.uk/assets/images/5416eb1e01index.php?path=//proc/thread-self/root/sys/class/block/sr0" "Mozilla/5.0 AppleWebKit/537.36 (KHTML, like Gecko; compatible; GPTBot/1.4; +https://openai.com/gptbot)"
74.7.242.36 - - [16/Aug/2026:14:16:31 +0100] "GET /assets/images/5416eb1e01index.php?path=//proc/self/root/sys/block/sda/subsystem/dm-0/integrity HTTP/1.1" 200 7409 "https://byard.pem-web.co.uk/assets/images/5416eb1e01index.php?path=//proc/self/root/sys/block/sda/subsystem/dm-0" "Mozilla/5.0 AppleWebKit/537.36 (KHTML, like Gecko; compatible; GPTBot/1.4; +https://openai.com/gptbot)"
18.214.124.6 - - [16/Aug/2026:14:16:31 +0100] "GET /79bb2/?path=/home/pemwebco/estates.pem-web.co.uk/1lphkvi HTTP/1.1" 200 3455 "-" "Mozilla/5.0 AppleWebKit/537.36 (KHTML, like Gecko; compatible; Amazonbot/0.1; +https://developer.amazon.com/support/amazonbot) Chrome/119.0.6045.214 Safari/537.36"
74.7.242.36 - - [16/Aug/2026:14:16:33 +0100] "GET /assets/images/5416eb1e01index.php?path=//proc/self/root/sys/block/sda/subsystem/dm-0/holders HTTP/1.1" 200 2175 "https://byard.pem-web.co.uk/assets/images/5416eb1e01index.php?path=//proc/self/root/sys/block/sda/subsystem/dm-0" "Mozilla/5.0 AppleWebKit/537.36 (KHTML, like Gecko; compatible; GPTBot/1.4; +https://openai.com/gptbot)"
74.7.242.36 - - [16/Aug/2026:14:16:35 +0100] "GET /assets/images/5416eb1e01index.php?path=//proc/self/root/sys/block/sda/subsystem/dm-0/power HTTP/1.1" 200 6474 "https://byard.pem-web.co.uk/assets/images/5416eb1e01index.php?path=//proc/self/root/sys/block/sda/subsystem/dm-0" "Mozilla/5.0 AppleWebKit/537.36 (KHTML, like Gecko; compatible; GPTBot/1.4; +https://openai.com/gptbot)"
44.212.106.171 - - [16/Aug/2026:14:16:36 +0100] "GET /79bb2/?filesrc=//bin/chgrp&path=//bin HTTP/1.1" 200 1444 "-" "Mozilla/5.0 AppleWebKit/537.36 (KHTML, like Gecko; compatible; Amazonbot/0.1; +https://developer.amazon.com/support/amazonbot) Chrome/119.0.6045.214 Safari/537.36"
74.7.242.36 - - [16/Aug/2026:14:16:38 +0100] "GET /assets/images/5416eb1e01index.php?path=//proc/self/root/sys/block/sda/subsystem/dm-0/trace HTTP/1.1" 200 6278 "https://byard.pem-web.co.uk/assets/images/5416eb1e01index.php?path=//proc/self/root/sys/block/sda/subsystem/dm-0" "Mozilla/5.0 AppleWebKit/537.36 (KHTML, like Gecko; compatible; GPTBot/1.4; +https://openai.com/gptbot)"
74.7.242.36 - - [16/Aug/2026:14:16:40 +0100] "GET /assets/images/5416eb1e01index.php?path=//proc/thread-self/root/sys/class/block/sr0/subsystem/sdb HTTP/1.1" 200 26159 "https://byard.pem-web.co.uk/assets/images/5416eb1e01index.php?path=//proc/thread-self/root/sys/class/block/sr0/subsystem" "Mozilla/5.0 AppleWebKit/537.36 (KHTML, like Gecko; compatible; GPTBot/1.4; +https://openai.com/gptbot)"
44.212.131.50 - - [16/Aug/2026:14:16:40 +0100] "GET /79bb2/?path=/home/pemwebco/frontrun.pem-web.co.uk/axpv1bc HTTP/1.1" 200 3466 "-" "Mozilla/5.0 AppleWebKit/537.36 (KHTML, like Gecko; compatible; Amazonbot/0.1; +https://developer.amazon.com/support/amazonbot) Chrome/119.0.6045.214 Safari/537.36"
74.7.242.36 - - [16/Aug/2026:14:16:42 +0100] "GET /assets/images/5416eb1e01index.php?path=//proc/thread-self/root/sys/class/block/sr0/subsystem/sda HTTP/1.1" 200 23969 "https://byard.pem-web.co.uk/assets/images/5416eb1e01index.php?path=//proc/thread-self/root/sys/class/block/sr0/subsystem" "Mozilla/5.0 AppleWebKit/537.36 (KHTML, like Gecko; compatible; GPTBot/1.4; +https://openai.com/gptbot)"
35.153.86.200 - - [16/Aug/2026:14:16:43 +0100] "GET /79bb2/?path=/home/pemwebco/jsw.pem-web.co.uk/zwrmqlh HTTP/1.1" 200 3416 "-" "Mozilla/5.0 AppleWebKit/537.36 (KHTML, like Gecko; compatible; Amazonbot/0.1; +https://developer.amazon.com/support/amazonbot) Chrome/119.0.6045.214 Safari/537.36"
74.7.242.36 - - [16/Aug/2026:14:16:45 +0100] "GET /assets/images/5416eb1e01index.php?path=//proc/thread-self/root/sys/class/block/sr0/queue/iosched HTTP/1.1" 200 7421 "https://byard.pem-web.co.uk/assets/images/5416eb1e01index.php?path=//proc/thread-self/root/sys/class/block/sr0/queue" "Mozilla/5.0 AppleWebKit/537.36 (KHTML, like Gecko; compatible; GPTBot/1.4; +https://openai.com/gptbot)"
74.7.242.36 - - [16/Aug/2026:14:16:47 +0100] "GET /assets/images/5416eb1e01index.php?path=//proc/thread-self/root/sys/class/block/sr0/bdi/subsystem HTTP/1.1" 200 6605 "https://byard.pem-web.co.uk/assets/images/5416eb1e01index.php?path=//proc/thread-self/root/sys/class/block/sr0/bdi" "Mozilla/5.0 AppleWebKit/537.36 (KHTML, like Gecko; compatible; GPTBot/1.4; +https://openai.com/gptbot)"
34.224.9.144 - - [16/Aug/2026:14:16:47 +0100] "GET /79bb2/?path=/home/pemwebco/jsw.pem-web.co.uk/splxfuj HTTP/1.1" 200 3415 "-" "Mozilla/5.0 AppleWebKit/537.36 (KHTML, like Gecko; compatible; Amazonbot/0.1; +https://developer.amazon.com/support/amazonbot) Chrome/119.0.6045.214 Safari/537.36"
74.7.242.36 - - [16/Aug/2026:14:16:49 +0100] "GET /assets/images/5416eb1e01index.php?path=//proc/thread-self/root/sys/class/block/sr0/bdi/power HTTP/1.1" 200 6560 "https://byard.pem-web.co.uk/assets/images/5416eb1e01index.php?path=//proc/thread-self/root/sys/class/block/sr0/bdi" "Mozilla/5.0 AppleWebKit/537.36 (KHTML, like Gecko; compatible; GPTBot/1.4; +https://openai.com/gptbot)"
3.214.176.44 - - [16/Aug/2026:14:16:51 +0100] "GET /79bb2/?path=/home/pemwebco/hebackup.pem-web.co.uk/gzufiry HTTP/1.1" 200 3465 "-" "Mozilla/5.0 AppleWebKit/537.36 (KHTML, like Gecko; compatible; Amazonbot/0.1; +https://developer.amazon.com/support/amazonbot) Chrome/119.0.6045.214 Safari/537.36"
74.7.242.36 - - [16/Aug/2026:14:16:52 +0100] "GET /assets/images/5416eb1e01index.php?path=//proc/self/root/sys/block/sda/subsystem/dm-0/slaves HTTP/1.1" 200 5033 "https://byard.pem-web.co.uk/assets/images/5416eb1e01index.php?path=//proc/self/root/sys/block/sda/subsystem/dm-0" "Mozilla/5.0 AppleWebKit/537.36 (KHTML, like Gecko; compatible; GPTBot/1.4; +https://openai.com/gptbot)"
74.7.242.36 - - [16/Aug/2026:14:16:54 +0100] "GET /assets/images/5416eb1e01index.php?path=//proc/self/root/sys/block/sda/subsystem/dm-0/queue HTTP/1.1" 200 35280 "https://byard.pem-web.co.uk/assets/images/5416eb1e01index.php?path=//proc/self/root/sys/block/sda/subsystem/dm-0" "Mozilla/5.0 AppleWebKit/537.36 (KHTML, like Gecko; compatible; GPTBot/1.4; +https://openai.com/gptbot)"
44.213.202.136 - - [16/Aug/2026:14:16:55 +0100] "GET /79bb2/?path=/home/pemwebco/sibback.pem-web.co.uk/ljpuzis HTTP/1.1" 200 3457 "-" "Mozilla/5.0 AppleWebKit/537.36 (KHTML, like Gecko; compatible; Amazonbot/0.1; +https://developer.amazon.com/support/amazonbot) Chrome/119.0.6045.214 Safari/537.36"
74.7.242.36 - - [16/Aug/2026:14:16:57 +0100] "GET /assets/images/5416eb1e01index.php?path=//proc/self/root/sys/block/sda/subsystem/dm-0/bdi HTTP/1.1" 200 7770 "https://byard.pem-web.co.uk/assets/images/5416eb1e01index.php?path=//proc/self/root/sys/block/sda/subsystem/dm-0" "Mozilla/5.0 AppleWebKit/537.36 (KHTML, like Gecko; compatible; GPTBot/1.4; +https://openai.com/gptbot)"
74.7.242.36 - - [16/Aug/2026:14:16:59 +0100] "GET /assets/images/5416eb1e01index.php?path=//proc/thread-self/root/sys/class/block/sr0/device HTTP/1.1" 200 35596 "https://byard.pem-web.co.uk/assets/images/5416eb1e01index.php?path=//proc/thread-self/root/sys/class/block/sr0" "Mozilla/5.0 AppleWebKit/537.36 (KHTML, like Gecko; compatible; GPTBot/1.4; +https://openai.com/gptbot)"
52.203.68.145 - - [16/Aug/2026:14:16:59 +0100] "GET /79bb2/?path=/home/pemwebco/hmconsult.pem-web.co.uk/xswvyej HTTP/1.1" 200 2635 "-" "Mozilla/5.0 AppleWebKit/537.36 (KHTML, like Gecko; compatible; Amazonbot/0.1; +https://developer.amazon.com/support/amazonbot) Chrome/119.0.6045.214 Safari/537.36"
74.7.242.36 - - [16/Aug/2026:14:17:01 +0100] "GET /assets/images/5416eb1e01index.php?path=//proc/thread-self/root/sys/bus/i2c/drivers/tcpci HTTP/1.1" 200 4635 "https://byard.pem-web.co.uk/assets/images/5416eb1e01index.php?path=//proc/thread-self/root/sys/bus/i2c/drivers" "Mozilla/5.0 AppleWebKit/537.36 (KHTML, like Gecko; compatible; GPTBot/1.4; +https://openai.com/gptbot)"
52.204.89.12 - - [16/Aug/2026:14:17:03 +0100] "GET /79bb2/?path=/home/pemwebco/tempfixhead.pem-web.co.uk/gtnzm1x HTTP/1.1" 200 3495 "-" "Mozilla/5.0 AppleWebKit/537.36 (KHTML, like Gecko; compatible; Amazonbot/0.1; +https://developer.amazon.com/support/amazonbot) Chrome/119.0.6045.214 Safari/537.36"
74.7.242.36 - - [16/Aug/2026:14:17:04 +0100] "GET /assets/images/5416eb1e01index.php?path=//proc/self/root/sys/block/dm-0/bdi/subsystem HTTP/1.1" 200 6253 "https://byard.pem-web.co.uk/assets/images/5416eb1e01index.php?path=//proc/self/root/sys/block/dm-0/bdi" "Mozilla/5.0 AppleWebKit/537.36 (KHTML, like Gecko; compatible; GPTBot/1.4; +https://openai.com/gptbot)"
74.7.242.36 - - [16/Aug/2026:14:17:06 +0100] "GET /assets/images/5416eb1e01index.php?path=//proc/thread-self/root/sys/class/block/sr0/subsystem/sdb/trace HTTP/1.1" 200 6668 "https://byard.pem-web.co.uk/assets/images/5416eb1e01index.php?path=//proc/thread-self/root/sys/class/block/sr0/subsystem/sdb" "Mozilla/5.0 AppleWebKit/537.36 (KHTML, like Gecko; compatible; GPTBot/1.4; +https://openai.com/gptbot)"
3.232.82.72 - - [16/Aug/2026:14:17:07 +0100] "GET /79bb2/?path=/home/pemwebco/heint.pem-web.co.uk/qymvzw1 HTTP/1.1" 200 3434 "-" "Mozilla/5.0 AppleWebKit/537.36 (KHTML, like Gecko; compatible; Amazonbot/0.1; +https://developer.amazon.com/support/amazonbot) Chrome/119.0.6045.214 Safari/537.36"
74.7.242.36 - - [16/Aug/2026:14:17:08 +0100] "GET /assets/images/5416eb1e01index.php?path=//proc/thread-self/root/sys/class/block/sr0/subsystem/sdb/holders HTTP/1.1" 200 2325 "https://byard.pem-web.co.uk/assets/images/5416eb1e01index.php?path=//proc/thread-self/root/sys/class/block/sr0/subsystem/sdb" "Mozilla/5.0 AppleWebKit/537.36 (KHTML, like Gecko; compatible; GPTBot/1.4; +https://openai.com/gptbot)"
74.7.242.36 - - [16/Aug/2026:14:17:10 +0100] "GET /assets/images/5416eb1e01index.php?path=//proc/thread-self/root/sys/class/block/sr0/subsystem/sdb/slaves HTTP/1.1" 200 2323 "https://byard.pem-web.co.uk/assets/images/5416eb1e01index.php?path=//proc/thread-self/root/sys/class/block/sr0/subsystem/sdb" "Mozilla/5.0 AppleWebKit/537.36 (KHTML, like Gecko; compatible; GPTBot/1.4; +https://openai.com/gptbot)"
74.7.242.36 - - [16/Aug/2026:14:17:13 +0100] "GET /assets/images/5416eb1e01index.php?path=//proc/thread-self/root/sys/class/block/sr0/subsystem/sda/trace HTTP/1.1" 200 6668 "https://byard.pem-web.co.uk/assets/images/5416eb1e01index.php?path=//proc/thread-self/root/sys/class/block/sr0/subsystem/sda" "Mozilla/5.0 AppleWebKit/537.36 (KHTML, like Gecko; compatible; GPTBot/1.4; +https://openai.com/gptbot)"
54.162.69.192 - - [16/Aug/2026:14:17:13 +0100] "GET /79bb2/?path=/home/pemwebco/adamtill.pem-web.co.uk/ydg1uqz HTTP/1.1" 200 2629 "-" "Mozilla/5.0 AppleWebKit/537.36 (KHTML, like Gecko; compatible; Amazonbot/0.1; +https://developer.amazon.com/support/amazonbot) Chrome/119.0.6045.214 Safari/537.36"
74.7.242.36 - - [16/Aug/2026:14:17:15 +0100] "GET /assets/images/5416eb1e01index.php?path=//proc/thread-self/root/sys/class/block/sr0/subsystem/sda/holders HTTP/1.1" 200 2325 "https://byard.pem-web.co.uk/assets/images/5416eb1e01index.php?path=//proc/thread-self/root/sys/class/block/sr0/subsystem/sda" "Mozilla/5.0 AppleWebKit/537.36 (KHTML, like Gecko; compatible; GPTBot/1.4; +https://openai.com/gptbot)"
35.174.253.85 - - [16/Aug/2026:14:17:16 +0100] "GET /79bb2/?path=/home/pemwebco/greenlab.pem-web.co.uk/leqwuyc HTTP/1.1" 200 3466 "-" "Mozilla/5.0 AppleWebKit/537.36 (KHTML, like Gecko; compatible; Amazonbot/0.1; +https://developer.amazon.com/support/amazonbot) Chrome/119.0.6045.214 Safari/537.36"
74.7.242.36 - - [16/Aug/2026:14:17:17 +0100] "GET /assets/images/5416eb1e01index.php?path=//proc/thread-self/root/sys/class/block/sr0/subsystem/sda/slaves HTTP/1.1" 200 2323 "https://byard.pem-web.co.uk/assets/images/5416eb1e01index.php?path=//proc/thread-self/root/sys/class/block/sr0/subsystem/sda" "Mozilla/5.0 AppleWebKit/537.36 (KHTML, like Gecko; compatible; GPTBot/1.4; +https://openai.com/gptbot)"
54.198.33.233 - - [16/Aug/2026:14:17:19 +0100] "GET /79bb2/?filesrc=/home/pemwebco/ferri.pem-web.co.uk/wp-activate.php&path=/home/pemwebco/ferri.pem-web.co.uk HTTP/1.1" 200 9947 "-" "Mozilla/5.0 AppleWebKit/537.36 (KHTML, like Gecko; compatible; Amazonbot/0.1; +https://developer.amazon.com/support/amazonbot) Chrome/119.0.6045.214 Safari/537.36"
74.7.242.36 - - [16/Aug/2026:14:17:20 +0100] "GET /assets/images/5416eb1e01index.php?path=//proc/thread-self/root/sys/class/block/sr0/subsystem/sdb/sdb1 HTTP/1.1" 200 14025 "https://byard.pem-web.co.uk/assets/images/5416eb1e01index.php?path=//proc/thread-self/root/sys/class/block/sr0/subsystem/sdb" "Mozilla/5.0 AppleWebKit/537.36 (KHTML, like Gecko; compatible; GPTBot/1.4; +https://openai.com/gptbot)"
74.7.242.36 - - [16/Aug/2026:14:17:22 +0100] "GET /assets/images/5416eb1e01index.php?path=//proc/thread-self/root/sys/class/block/sr0/subsystem/sda/sda1 HTTP/1.1" 200 14025 "https://byard.pem-web.co.uk/assets/images/5416eb1e01index.php?path=//proc/thread-self/root/sys/class/block/sr0/subsystem/sda" "Mozilla/5.0 AppleWebKit/537.36 (KHTML, like Gecko; compatible; GPTBot/1.4; +https://openai.com/gptbot)"
3.208.146.193 - - [16/Aug/2026:14:17:23 +0100] "GET /79bb2/?filesrc=/home/pemwebco/access-logs/pem-web.co.uk&path=/home/pemwebco/access-logs HTTP/1.1" 200 9780 "-" "Mozilla/5.0 AppleWebKit/537.36 (KHTML, like Gecko; compatible; Amazonbot/0.1; +https://developer.amazon.com/support/amazonbot) Chrome/119.0.6045.214 Safari/537.36"
74.7.242.36 - - [16/Aug/2026:14:17:24 +0100] "GET /assets/images/5416eb1e01index.php?filesrc=//proc/thread-self/root/sys/class/block/sr0/device/unpriv_sgio&path=//proc/thread-self/root/sys/class/block/sr0/device HTTP/1.1" 200 1916 "https://byard.pem-web.co.uk/assets/images/5416eb1e01index.php?path=//proc/thread-self/root/sys/class/block/sr0/device" "Mozilla/5.0 AppleWebKit/537.36 (KHTML, like Gecko; compatible; GPTBot/1.4; +https://openai.com/gptbot)"
74.7.242.36 - - [16/Aug/2026:14:17:27 +0100] "GET /assets/images/5416eb1e01index.php?path=//proc/thread-self/root/sys/class/block/sr0/subsystem/sdb/sdb4 HTTP/1.1" 200 14025 "https://byard.pem-web.co.uk/assets/images/5416eb1e01index.php?path=//proc/thread-self/root/sys/class/block/sr0/subsystem/sdb" "Mozilla/5.0 AppleWebKit/537.36 (KHTML, like Gecko; compatible; GPTBot/1.4; +https://openai.com/gptbot)"
44.212.131.50 - - [16/Aug/2026:14:17:28 +0100] "GET /79bb2/?path=/home/pemwebco/candle2.pem-web.co.uk/ujtfbr1 HTTP/1.1" 200 3456 "-" "Mozilla/5.0 AppleWebKit/537.36 (KHTML, like Gecko; compatible; Amazonbot/0.1; +https://developer.amazon.com/support/amazonbot) Chrome/119.0.6045.214 Safari/537.36"
74.7.242.36 - - [16/Aug/2026:14:17:29 +0100] "GET /assets/images/5416eb1e01index.php?path=//proc/thread-self/root/sys/class/block/sr0/subsystem/sdb/bdi HTTP/1.1" 200 8232 "https://byard.pem-web.co.uk/assets/images/5416eb1e01index.php?path=//proc/thread-self/root/sys/class/block/sr0/subsystem/sdb" "Mozilla/5.0 AppleWebKit/537.36 (KHTML, like Gecko; compatible; GPTBot/1.4; +https://openai.com/gptbot)"
54.210.155.69 - - [16/Aug/2026:14:17:31 +0100] "GET /79bb2/?filesrc=//bin/mariadb-show&path=//bin HTTP/1.1" 200 1450 "-" "Mozilla/5.0 AppleWebKit/537.36 (KHTML, like Gecko; compatible; Amazonbot/0.1; +https://developer.amazon.com/support/amazonbot) Chrome/119.0.6045.214 Safari/537.36"
74.7.242.36 - - [16/Aug/2026:14:17:31 +0100] "GET /assets/images/5416eb1e01index.php?path=//proc/thread-self/root/sys/class/block/sr0/subsystem/sdb/mq HTTP/1.1" 200 3042 "https://byard.pem-web.co.uk/assets/images/5416eb1e01index.php?path=//proc/thread-self/root/sys/class/block/sr0/subsystem/sdb" "Mozilla/5.0 AppleWebKit/537.36 (KHTML, like Gecko; compatible; GPTBot/1.4; +https://openai.com/gptbot)"
74.7.242.36 - - [16/Aug/2026:14:17:34 +0100] "GET /assets/images/5416eb1e01index.php?path=//proc/thread-self/root/sys/class/block/sr0/subsystem/sda/bdi HTTP/1.1" 200 8232 "https://byard.pem-web.co.uk/assets/images/5416eb1e01index.php?path=//proc/thread-self/root/sys/class/block/sr0/subsystem/sda" "Mozilla/5.0 AppleWebKit/537.36 (KHTML, like Gecko; compatible; GPTBot/1.4; +https://openai.com/gptbot)"
52.45.92.83 - - [16/Aug/2026:14:17:35 +0100] "GET /79bb2/?path=/home/pemwebco/shop.pem-web.co.uk/uegyqkm HTTP/1.1" 200 3424 "-" "Mozilla/5.0 AppleWebKit/537.36 (KHTML, like Gecko; compatible; Amazonbot/0.1; +https://developer.amazon.com/support/amazonbot) Chrome/119.0.6045.214 Safari/537.36"
74.7.242.36 - - [16/Aug/2026:14:17:36 +0100] "GET /assets/images/5416eb1e01index.php?path=//proc/thread-self/root/sys/class/block/sr0/subsystem/sda/mq HTTP/1.1" 200 3042 "https://byard.pem-web.co.uk/assets/images/5416eb1e01index.php?path=//proc/thread-self/root/sys/class/block/sr0/subsystem/sda" "Mozilla/5.0 AppleWebKit/537.36 (KHTML, like Gecko; compatible; GPTBot/1.4; +https://openai.com/gptbot)"
74.7.242.36 - - [16/Aug/2026:14:17:38 +0100] "GET /assets/images/5416eb1e01index.php?path=//proc/self/root/sys/block/sda/subsystem/dm-0/bdi/power HTTP/1.1" 200 6632 "https://byard.pem-web.co.uk/assets/images/5416eb1e01index.php?path=//proc/self/root/sys/block/sda/subsystem/dm-0/bdi" "Mozilla/5.0 AppleWebKit/537.36 (KHTML, like Gecko; compatible; GPTBot/1.4; +https://openai.com/gptbot)"
52.3.155.146 - - [16/Aug/2026:14:17:40 +0100] "GET /79bb2/?path=/home/pemwebco/business.pem-web.co.uk/bqywslj HTTP/1.1" 200 3465 "-" "Mozilla/5.0 AppleWebKit/537.36 (KHTML, like Gecko; compatible; Amazonbot/0.1; +https://developer.amazon.com/support/amazonbot) Chrome/119.0.6045.214 Safari/537.36"
74.7.242.36 - - [16/Aug/2026:14:17:40 +0100] "GET /assets/images/5416eb1e01index.php?path=//proc/thread-self/root/sys/class/block/sr0/subsystem/sdb/power HTTP/1.1" 200 6864 "https://byard.pem-web.co.uk/assets/images/5416eb1e01index.php?path=//proc/thread-self/root/sys/class/block/sr0/subsystem/sdb" "Mozilla/5.0 AppleWebKit/537.36 (KHTML, like Gecko; compatible; GPTBot/1.4; +https://openai.com/gptbot)"
74.7.242.36 - - [16/Aug/2026:14:17:43 +0100] "GET /assets/images/5416eb1e01index.php?path=//proc/thread-self/root/sys/class/block/sr0/device/driver HTTP/1.1" 200 6304 "https://byard.pem-web.co.uk/assets/images/5416eb1e01index.php?path=//proc/thread-self/root/sys/class/block/sr0/device" "Mozilla/5.0 AppleWebKit/537.36 (KHTML, like Gecko; compatible; GPTBot/1.4; +https://openai.com/gptbot)"
50.19.221.48 - - [16/Aug/2026:14:17:43 +0100] "GET /79bb2/?path=/home/pemwebco/ngsec.pem-web.co.uk/xjfqv1s HTTP/1.1" 200 3435 "-" "Mozilla/5.0 AppleWebKit/537.36 (KHTML, like Gecko; compatible; Amazonbot/0.1; +https://developer.amazon.com/support/amazonbot) Chrome/119.0.6045.214 Safari/537.36"
74.7.242.36 - - [16/Aug/2026:14:17:45 +0100] "GET /assets/images/5416eb1e01index.php?path=//proc/thread-self/root/sys/class/block/sr0/subsystem/sda/queue HTTP/1.1" 200 38062 "https://byard.pem-web.co.uk/assets/images/5416eb1e01index.php?path=//proc/thread-self/root/sys/class/block/sr0/subsystem/sda" "Mozilla/5.0 AppleWebKit/537.36 (KHTML, like Gecko; compatible; GPTBot/1.4; +https://openai.com/gptbot)"
54.225.98.148 - - [16/Aug/2026:14:17:47 +0100] "GET /79bb2/?path=/home/pemwebco/plugged.pem-web.co.uk/kjrpb1u HTTP/1.1" 200 3456 "-" "Mozilla/5.0 AppleWebKit/537.36 (KHTML, like Gecko; compatible; Amazonbot/0.1; +https://developer.amazon.com/support/amazonbot) Chrome/119.0.6045.214 Safari/537.36"
74.7.242.36 - - [16/Aug/2026:14:17:48 +0100] "GET /assets/images/5416eb1e01index.php?path=//proc/thread-self/root/sys/class/block/sr0/device/scsi_generic HTTP/1.1" 200 2984 "https://byard.pem-web.co.uk/assets/images/5416eb1e01index.php?path=//proc/thread-self/root/sys/class/block/sr0/device" "Mozilla/5.0 AppleWebKit/537.36 (KHTML, like Gecko; compatible; GPTBot/1.4; +https://openai.com/gptbot)"
74.7.242.36 - - [16/Aug/2026:14:17:50 +0100] "GET /assets/images/5416eb1e01index.php?path=//proc/thread-self/root/sys/class/block/sr0/subsystem/sdb/queue HTTP/1.1" 200 38062 "https://byard.pem-web.co.uk/assets/images/5416eb1e01index.php?path=//proc/thread-self/root/sys/class/block/sr0/subsystem/sdb" "Mozilla/5.0 AppleWebKit/537.36 (KHTML, like Gecko; compatible; GPTBot/1.4; +https://openai.com/gptbot)"
18.215.77.19 - - [16/Aug/2026:14:17:51 +0100] "GET /79bb2/?path=/home/pemwebco/tbcm.pem-web.co.uk/ojwfuzd HTTP/1.1" 200 2604 "-" "Mozilla/5.0 AppleWebKit/537.36 (KHTML, like Gecko; compatible; Amazonbot/0.1; +https://developer.amazon.com/support/amazonbot) Chrome/119.0.6045.214 Safari/537.36"
74.7.242.36 - - [16/Aug/2026:14:17:52 +0100] "GET /assets/images/5416eb1e01index.php?path=//proc/thread-self/root/sys/class/block/sr0/subsystem/sda/power HTTP/1.1" 200 6864 "https://byard.pem-web.co.uk/assets/images/5416eb1e01index.php?path=//proc/thread-self/root/sys/class/block/sr0/subsystem/sda" "Mozilla/5.0 AppleWebKit/537.36 (KHTML, like Gecko; compatible; GPTBot/1.4; +https://openai.com/gptbot)"
74.7.242.36 - - [16/Aug/2026:14:17:55 +0100] "GET /assets/images/5416eb1e01index.php?path=//proc/thread-self/root/sys/class/block/sr0/device/generic HTTP/1.1" 200 6143 "https://byard.pem-web.co.uk/assets/images/5416eb1e01index.php?path=//proc/thread-self/root/sys/class/block/sr0/device" "Mozilla/5.0 AppleWebKit/537.36 (KHTML, like Gecko; compatible; GPTBot/1.4; +https://openai.com/gptbot)"
44.223.116.149 - - [16/Aug/2026:14:17:55 +0100] "GET /79bb2/?path=/home/pemwebco/carbonbacky.pem-web.co.uk/itplcsv HTTP/1.1" 200 3497 "-" "Mozilla/5.0 AppleWebKit/537.36 (KHTML, like Gecko; compatible; Amazonbot/0.1; +https://developer.amazon.com/support/amazonbot) Chrome/119.0.6045.214 Safari/537.36"
74.7.242.36 - - [16/Aug/2026:14:17:57 +0100] "GET /assets/images/5416eb1e01index.php?path=//proc/thread-self/root/sys/class/block/sr0/device/subsystem HTTP/1.1" 200 6423 "https://byard.pem-web.co.uk/assets/images/5416eb1e01index.php?path=//proc/thread-self/root/sys/class/block/sr0/device" "Mozilla/5.0 AppleWebKit/537.36 (KHTML, like Gecko; compatible; GPTBot/1.4; +https://openai.com/gptbot)"
44.212.106.171 - - [16/Aug/2026:14:17:59 +0100] "GET /79bb2/?path=/home/pemwebco/gaia2.pem-web.co.uk/fcrn1sq HTTP/1.1" 200 3437 "-" "Mozilla/5.0 AppleWebKit/537.36 (KHTML, like Gecko; compatible; Amazonbot/0.1; +https://developer.amazon.com/support/amazonbot) Chrome/119.0.6045.214 Safari/537.36"
74.7.242.36 - - [16/Aug/2026:14:17:59 +0100] "GET /assets/images/5416eb1e01index.php?path=//proc/thread-self/root/sys/class/block/sr0/subsystem/sdb/device HTTP/1.1" 200 40517 "https://byard.pem-web.co.uk/assets/images/5416eb1e01index.php?path=//proc/thread-self/root/sys/class/block/sr0/subsystem/sdb" "Mozilla/5.0 AppleWebKit/537.36 (KHTML, like Gecko; compatible; GPTBot/1.4; +https://openai.com/gptbot)"
74.7.242.36 - - [16/Aug/2026:14:18:02 +0100] "GET /assets/images/5416eb1e01index.php?path=//proc/thread-self/root/sys/class/block/sr0/subsystem/sda/device HTTP/1.1" 200 40517 "https://byard.pem-web.co.uk/assets/images/5416eb1e01index.php?path=//proc/thread-self/root/sys/class/block/sr0/subsystem/sda" "Mozilla/5.0 AppleWebKit/537.36 (KHTML, like Gecko; compatible; GPTBot/1.4; +https://openai.com/gptbot)"
34.196.114.170 - - [16/Aug/2026:14:18:03 +0100] "GET /79bb2/?path=/home/pemwebco/fishshop.pem-web.co.uk/ebsr1cz HTTP/1.1" 200 3467 "-" "Mozilla/5.0 AppleWebKit/537.36 (KHTML, like Gecko; compatible; Amazonbot/0.1; +https://developer.amazon.com/support/amazonbot) Chrome/119.0.6045.214 Safari/537.36"
74.7.242.36 - - [16/Aug/2026:14:18:04 +0100] "GET /assets/images/5416eb1e01index.php?path=//proc/thread-self/root/sys/class/block/sr0/subsystem/sda/sda1/power HTTP/1.1" 200 7057 "https://byard.pem-web.co.uk/assets/images/5416eb1e01index.php?path=//proc/thread-self/root/sys/class/block/sr0/subsystem/sda/sda1" "Mozilla/5.0 AppleWebKit/537.36 (KHTML, like Gecko; compatible; GPTBot/1.4; +https://openai.com/gptbot)"
74.7.242.36 - - [16/Aug/2026:14:18:07 +0100] "GET /assets/images/5416eb1e01index.php?path=//proc/thread-self/root/sys/class/block/sr0/subsystem/sda/sda1/trace HTTP/1.1" 200 6861 "https://byard.pem-web.co.uk/assets/images/5416eb1e01index.php?path=//proc/thread-self/root/sys/class/block/sr0/subsystem/sda/sda1" "Mozilla/5.0 AppleWebKit/537.36 (KHTML, like Gecko; compatible; GPTBot/1.4; +https://openai.com/gptbot)"
3.213.106.226 - - [16/Aug/2026:14:18:07 +0100] "GET /79bb2/?path=/home/pemwebco/cartlidge.pem-web.co.uk/fkmwnqu HTTP/1.1" 200 3476 "-" "Mozilla/5.0 AppleWebKit/537.36 (KHTML, like Gecko; compatible; Amazonbot/0.1; +https://developer.amazon.com/support/amazonbot) Chrome/119.0.6045.214 Safari/537.36"
74.7.242.36 - - [16/Aug/2026:14:18:09 +0100] "GET /assets/images/5416eb1e01index.php?path=//proc/thread-self/root/sys/class/block/sr0/device/driver/module HTTP/1.1" 200 13196 "https://byard.pem-web.co.uk/assets/images/5416eb1e01index.php?path=//proc/thread-self/root/sys/class/block/sr0/device/driver" "Mozilla/5.0 AppleWebKit/537.36 (KHTML, like Gecko; compatible; GPTBot/1.4; +https://openai.com/gptbot)"
50.19.102.70 - - [16/Aug/2026:14:18:11 +0100] "GET /79bb2/?path=/home/pemwebco/toorak.pem-web.co.uk/ub1fryv HTTP/1.1" 200 3445 "-" "Mozilla/5.0 AppleWebKit/537.36 (KHTML, like Gecko; compatible; Amazonbot/0.1; +https://developer.amazon.com/support/amazonbot) Chrome/119.0.6045.214 Safari/537.36"
74.7.242.36 - - [16/Aug/2026:14:18:11 +0100] "GET /assets/images/5416eb1e01index.php?filesrc=//proc/thread-self/root/sys/class/block/sr0/subsystem/sda/queue/nomerges&path=//proc/thread-self/root/sys/class/block/sr0/subsystem/sda/queue HTTP/1.1" 200 2104 "https://byard.pem-web.co.uk/assets/images/5416eb1e01index.php?path=//proc/thread-self/root/sys/class/block/sr0/subsystem/sda/queue" "Mozilla/5.0 AppleWebKit/537.36 (KHTML, like Gecko; compatible; GPTBot/1.4; +https://openai.com/gptbot)"
74.7.242.36 - - [16/Aug/2026:14:18:14 +0100] "GET /assets/images/5416eb1e01index.php?filesrc=//proc/thread-self/root/sys/class/block/sr0/subsystem/sda/queue/io_poll&path=//proc/thread-self/root/sys/class/block/sr0/subsystem/sda/queue HTTP/1.1" 200 2103 "https://byard.pem-web.co.uk/assets/images/5416eb1e01index.php?path=//proc/thread-self/root/sys/class/block/sr0/subsystem/sda/queue" "Mozilla/5.0 AppleWebKit/537.36 (KHTML, like Gecko; compatible; GPTBot/1.4; +https://openai.com/gptbot)"
23.23.137.202 - - [16/Aug/2026:14:18:16 +0100] "GET /79bb2/?filesrc=//bin/ea-php73&path=//bin HTTP/1.1" 200 1446 "-" "Mozilla/5.0 AppleWebKit/537.36 (KHTML, like Gecko; compatible; Amazonbot/0.1; +https://developer.amazon.com/support/amazonbot) Chrome/119.0.6045.214 Safari/537.36"
74.7.242.36 - - [16/Aug/2026:14:18:16 +0100] "GET /assets/images/5416eb1e01index.php?path=//proc/thread-self/root/sys/class/block/sr0/subsystem/sdb/sdb4/trace HTTP/1.1" 200 6861 "https://byard.pem-web.co.uk/assets/images/5416eb1e01index.php?path=//proc/thread-self/root/sys/class/block/sr0/subsystem/sdb/sdb4" "Mozilla/5.0 AppleWebKit/537.36 (KHTML, like Gecko; compatible; GPTBot/1.4; +https://openai.com/gptbot)"
74.7.242.36 - - [16/Aug/2026:14:18:18 +0100] "GET /assets/images/5416eb1e01index.php?path=//proc/thread-self/root/sys/class/block/sr0/subsystem/sdb/sdb1/trace HTTP/1.1" 200 6861 "https://byard.pem-web.co.uk/assets/images/5416eb1e01index.php?path=//proc/thread-self/root/sys/class/block/sr0/subsystem/sdb/sdb1" "Mozilla/5.0 AppleWebKit/537.36 (KHTML, like Gecko; compatible; GPTBot/1.4; +https://openai.com/gptbot)"
18.214.186.220 - - [16/Aug/2026:14:18:19 +0100] "GET /79bb2/?path=/home/pemwebco/north.pem-web.co.uk/unvlkdc HTTP/1.1" 200 3437 "-" "Mozilla/5.0 AppleWebKit/537.36 (KHTML, like Gecko; compatible; Amazonbot/0.1; +https://developer.amazon.com/support/amazonbot) Chrome/119.0.6045.214 Safari/537.36"
74.7.242.36 - - [16/Aug/2026:14:18:21 +0100] "GET /assets/images/5416eb1e01index.php?path=//proc/thread-self/root/sys/class/block/sr0/device/generic/power HTTP/1.1" 200 6884 "https://byard.pem-web.co.uk/assets/images/5416eb1e01index.php?path=//proc/thread-self/root/sys/class/block/sr0/device/generic" "Mozilla/5.0 AppleWebKit/537.36 (KHTML, like Gecko; compatible; GPTBot/1.4; +https://openai.com/gptbot)"
74.7.242.36 - - [16/Aug/2026:14:18:23 +0100] "GET /assets/images/5416eb1e01index.php?path=//proc/thread-self/root/sys/class/block/sr0/subsystem/sdb/sdb1/holders HTTP/1.1" 200 2418 "https://byard.pem-web.co.uk/assets/images/5416eb1e01index.php?path=//proc/thread-self/root/sys/class/block/sr0/subsystem/sdb/sdb1" "Mozilla/5.0 AppleWebKit/537.36 (KHTML, like Gecko; compatible; GPTBot/1.4; +https://openai.com/gptbot)"
54.225.98.148 - - [16/Aug/2026:14:18:25 +0100] "GET /79bb2/?path=/home/pemwebco/carbonbacky.pem-web.co.uk/krlmwen HTTP/1.1" 200 3496 "-" "Mozilla/5.0 AppleWebKit/537.36 (KHTML, like Gecko; compatible; Amazonbot/0.1; +https://developer.amazon.com/support/amazonbot) Chrome/119.0.6045.214 Safari/537.36"
74.7.242.36 - - [16/Aug/2026:14:18:25 +0100] "GET /assets/images/5416eb1e01index.php?path=//proc/thread-self/root/sys/class/block/sr0/subsystem/sdb/sdb4/holders HTTP/1.1" 200 3187 "https://byard.pem-web.co.uk/assets/images/5416eb1e01index.php?path=//proc/thread-self/root/sys/class/block/sr0/subsystem/sdb/sdb4" "Mozilla/5.0 AppleWebKit/537.36 (KHTML, like Gecko; compatible; GPTBot/1.4; +https://openai.com/gptbot)"
74.7.242.36 - - [16/Aug/2026:14:18:28 +0100] "GET /assets/images/5416eb1e01index.php?path=//proc/thread-self/root/sys/class/block/sr0/subsystem/sda/sda1/holders HTTP/1.1" 200 3187 "https://byard.pem-web.co.uk/assets/images/5416eb1e01index.php?path=//proc/thread-self/root/sys/class/block/sr0/subsystem/sda/sda1" "Mozilla/5.0 AppleWebKit/537.36 (KHTML, like Gecko; compatible; GPTBot/1.4; +https://openai.com/gptbot)"
44.212.131.50 - - [16/Aug/2026:14:18:28 +0100] "GET /79bb2/?path=/home/pemwebco/sibback.pem-web.co.uk/bzhufdp HTTP/1.1" 200 3456 "-" "Mozilla/5.0 AppleWebKit/537.36 (KHTML, like Gecko; compatible; Amazonbot/0.1; +https://developer.amazon.com/support/amazonbot) Chrome/119.0.6045.214 Safari/537.36"
74.7.242.36 - - [16/Aug/2026:14:18:30 +0100] "GET /assets/images/5416eb1e01index.php?path=//proc/thread-self/root/sys/class/block/sr0/device/power HTTP/1.1" 200 6629 "https://byard.pem-web.co.uk/assets/images/5416eb1e01index.php?path=//proc/thread-self/root/sys/class/block/sr0/device" "Mozilla/5.0 AppleWebKit/537.36 (KHTML, like Gecko; compatible; GPTBot/1.4; +https://openai.com/gptbot)"
52.2.58.41 - - [16/Aug/2026:14:18:31 +0100] "GET /79bb2/?path=/home/pemwebco/bravebox.pem-web.co.uk/laiqohx HTTP/1.1" 200 2626 "-" "Mozilla/5.0 AppleWebKit/537.36 (KHTML, like Gecko; compatible; Amazonbot/0.1; +https://developer.amazon.com/support/amazonbot) Chrome/119.0.6045.214 Safari/537.36"
74.7.242.36 - - [16/Aug/2026:14:18:32 +0100] "GET /assets/images/5416eb1e01index.php?path=//proc/thread-self/root/sys/class/block/sr0/device/bsg HTTP/1.1" 200 2955 "https://byard.pem-web.co.uk/assets/images/5416eb1e01index.php?path=//proc/thread-self/root/sys/class/block/sr0/device" "Mozilla/5.0 AppleWebKit/537.36 (KHTML, like Gecko; compatible; GPTBot/1.4; +https://openai.com/gptbot)"
74.7.242.36 - - [16/Aug/2026:14:18:34 +0100] "GET /assets/images/5416eb1e01index.php?filesrc=//proc/thread-self/root/sys/class/block/sr0/device/driver/module/refcnt&path=//proc/thread-self/root/sys/class/block/sr0/device/driver/module HTTP/1.1" 200 2102 "https://byard.pem-web.co.uk/assets/images/5416eb1e01index.php?path=//proc/thread-self/root/sys/class/block/sr0/device/driver/module" "Mozilla/5.0 AppleWebKit/537.36 (KHTML, like Gecko; compatible; GPTBot/1.4; +https://openai.com/gptbot)"
98.82.66.172 - - [16/Aug/2026:14:18:35 +0100] "GET /79bb2/?path=/home/pemwebco/candles.pem-web.co.uk/ypkxqba HTTP/1.1" 200 3455 "-" "Mozilla/5.0 AppleWebKit/537.36 (KHTML, like Gecko; compatible; Amazonbot/0.1; +https://developer.amazon.com/support/amazonbot) Chrome/119.0.6045.214 Safari/537.36"
74.7.242.36 - - [16/Aug/2026:14:18:37 +0100] "GET /assets/images/5416eb1e01index.php?path=//proc/thread-self/root/sys/class/block/sr0/subsystem/sdb/device/bsg HTTP/1.1" 200 3191 "https://byard.pem-web.co.uk/assets/images/5416eb1e01index.php?path=//proc/thread-self/root/sys/class/block/sr0/subsystem/sdb/device" "Mozilla/5.0 AppleWebKit/537.36 (KHTML, like Gecko; compatible; GPTBot/1.4; +https://openai.com/gptbot)"
74.7.242.36 - - [16/Aug/2026:14:18:39 +0100] "GET /assets/images/5416eb1e01index.php?path=//proc/thread-self/root/sys/class/block/sr0/subsystem/sda/device/bsg HTTP/1.1" 200 3191 "https://byard.pem-web.co.uk/assets/images/5416eb1e01index.php?path=//proc/thread-self/root/sys/class/block/sr0/subsystem/sda/device" "Mozilla/5.0 AppleWebKit/537.36 (KHTML, like Gecko; compatible; GPTBot/1.4; +https://openai.com/gptbot)"
100.29.160.53 - - [16/Aug/2026:14:18:39 +0100] "GET /79bb2/?path=/home/pemwebco/mycarbon.pem-web.co.uk/ktxrhuo HTTP/1.1" 200 3466 "-" "Mozilla/5.0 AppleWebKit/537.36 (KHTML, like Gecko; compatible; Amazonbot/0.1; +https://developer.amazon.com/support/amazonbot) Chrome/119.0.6045.214 Safari/537.36"
74.7.242.36 - - [16/Aug/2026:14:18:41 +0100] "GET /assets/images/5416eb1e01index.php?path=//proc/thread-self/root/sys/class/block/sr0/subsystem/sda/device/scsi_generic HTTP/1.1" 200 3220 "https://byard.pem-web.co.uk/assets/images/5416eb1e01index.php?path=//proc/thread-self/root/sys/class/block/sr0/subsystem/sda/device" "Mozilla/5.0 AppleWebKit/537.36 (KHTML, like Gecko; compatible; GPTBot/1.4; +https://openai.com/gptbot)"
74.7.242.36 - - [16/Aug/2026:14:18:43 +0100] "GET /assets/images/5416eb1e01index.php?path=//proc/thread-self/root/sys/class/block/sr0/device/driver/module/sections HTTP/1.1" 200 22431 "https://byard.pem-web.co.uk/assets/images/5416eb1e01index.php?path=//proc/thread-self/root/sys/class/block/sr0/device/driver/module" "Mozilla/5.0 AppleWebKit/537.36 (KHTML, like Gecko; compatible; GPTBot/1.4; +https://openai.com/gptbot)"
34.225.87.80 - - [16/Aug/2026:14:18:44 +0100] "GET /79bb2/?filesrc=//lib64/libthai.so.0&path=//lib64 HTTP/1.1" 200 1455 "-" "Mozilla/5.0 AppleWebKit/537.36 (KHTML, like Gecko; compatible; Amazonbot/0.1; +https://developer.amazon.com/support/amazonbot) Chrome/119.0.6045.214 Safari/537.36"
74.7.242.36 - - [16/Aug/2026:14:18:46 +0100] "GET /assets/images/5416eb1e01index.php?path=//proc/thread-self/root/sys/class/block/sr0/subsystem/sda/device/generic HTTP/1.1" 200 6575 "https://byard.pem-web.co.uk/assets/images/5416eb1e01index.php?path=//proc/thread-self/root/sys/class/block/sr0/subsystem/sda/device" "Mozilla/5.0 AppleWebKit/537.36 (KHTML, like Gecko; compatible; GPTBot/1.4; +https://openai.com/gptbot)"
52.200.142.199 - - [16/Aug/2026:14:18:47 +0100] "GET /79bb2/?path=/home/pemwebco/abfab.pem-web.co.uk/e1yowlp HTTP/1.1" 200 3437 "-" "Mozilla/5.0 AppleWebKit/537.36 (KHTML, like Gecko; compatible; Amazonbot/0.1; +https://developer.amazon.com/support/amazonbot) Chrome/119.0.6045.214 Safari/537.36"
74.7.242.36 - - [16/Aug/2026:14:18:48 +0100] "GET /assets/images/5416eb1e01index.php?path=//proc/thread-self/root/sys/class/block/sr0/subsystem/sda/device/driver HTTP/1.1" 200 7534 "https://byard.pem-web.co.uk/assets/images/5416eb1e01index.php?path=//proc/thread-self/root/sys/class/block/sr0/subsystem/sda/device" "Mozilla/5.0 AppleWebKit/537.36 (KHTML, like Gecko; compatible; GPTBot/1.4; +https://openai.com/gptbot)"
74.7.242.36 - - [16/Aug/2026:14:18:50 +0100] "GET /assets/images/5416eb1e01index.php?path=//proc/thread-self/root/sys/class/block/sr0/subsystem/sdb/device/generic HTTP/1.1" 200 6575 "https://byard.pem-web.co.uk/assets/images/5416eb1e01index.php?path=//proc/thread-self/root/sys/class/block/sr0/subsystem/sdb/device" "Mozilla/5.0 AppleWebKit/537.36 (KHTML, like Gecko; compatible; GPTBot/1.4; +https://openai.com/gptbot)"
34.225.24.180 - - [16/Aug/2026:14:18:52 +0100] "GET /79bb2/?path=/home/pemwebco/byard.pem-web.co.uk/nzlqbwy/caxdrej HTTP/1.1" 200 5233 "-" "Mozilla/5.0 AppleWebKit/537.36 (KHTML, like Gecko; compatible; Amazonbot/0.1; +https://developer.amazon.com/support/amazonbot) Chrome/119.0.6045.214 Safari/537.36"
74.7.242.36 - - [16/Aug/2026:14:18:52 +0100] "GET /assets/images/5416eb1e01index.php?path=//proc/thread-self/root/sys/class/block/sr0/subsystem/sda/sda1/holders/dm-0 HTTP/1.1" 200 24427 "https://byard.pem-web.co.uk/assets/images/5416eb1e01index.php?path=//proc/thread-self/root/sys/class/block/sr0/subsystem/sda/sda1/holders" "Mozilla/5.0 AppleWebKit/537.36 (KHTML, like Gecko; compatible; GPTBot/1.4; +https://openai.com/gptbot)"
74.7.242.36 - - [16/Aug/2026:14:18:55 +0100] "GET /assets/images/5416eb1e01index.php?path=//proc/thread-self/root/sys/class/block/sr0/subsystem/sda/queue/iosched HTTP/1.1" 200 7951 "https://byard.pem-web.co.uk/assets/images/5416eb1e01index.php?path=//proc/thread-self/root/sys/class/block/sr0/subsystem/sda/queue" "Mozilla/5.0 AppleWebKit/537.36 (KHTML, like Gecko; compatible; GPTBot/1.4; +https://openai.com/gptbot)"
54.147.182.90 - - [16/Aug/2026:14:18:55 +0100] "GET /79bb2/?path=/home/pemwebco/byard.pem-web.co.uk/petyhsf/tvdrhfb HTTP/1.1" 200 5233 "-" "Mozilla/5.0 AppleWebKit/537.36 (KHTML, like Gecko; compatible; Amazonbot/0.1; +https://developer.amazon.com/support/amazonbot) Chrome/119.0.6045.214 Safari/537.36"
74.7.242.36 - - [16/Aug/2026:14:18:57 +0100] "GET /assets/images/5416eb1e01index.php?path=//proc/thread-self/root/sys/class/block/sr0/subsystem/sda/device/scsi_disk HTTP/1.1" 200 3221 "https://byard.pem-web.co.uk/assets/images/5416eb1e01index.php?path=//proc/thread-self/root/sys/class/block/sr0/subsystem/sda/device" "Mozilla/5.0 AppleWebKit/537.36 (KHTML, like Gecko; compatible; GPTBot/1.4; +https://openai.com/gptbot)"
74.7.242.36 - - [16/Aug/2026:14:18:59 +0100] "GET /assets/images/5416eb1e01index.php?path=//proc/thread-self/root/sys/class/block/sr0/subsystem/sdb/queue/iosched HTTP/1.1" 200 7951 "https://byard.pem-web.co.uk/assets/images/5416eb1e01index.php?path=//proc/thread-self/root/sys/class/block/sr0/subsystem/sdb/queue" "Mozilla/5.0 AppleWebKit/537.36 (KHTML, like Gecko; compatible; GPTBot/1.4; +https://openai.com/gptbot)"
44.223.193.255 - - [16/Aug/2026:14:19:00 +0100] "GET /79bb2/?path=/home/pemwebco/hmconsult.pem-web.co.uk/rnmhj1b HTTP/1.1" 200 2636 "-" "Mozilla/5.0 AppleWebKit/537.36 (KHTML, like Gecko; compatible; Amazonbot/0.1; +https://developer.amazon.com/support/amazonbot) Chrome/119.0.6045.214 Safari/537.36"
74.7.242.36 - - [16/Aug/2026:14:19:02 +0100] "GET /assets/images/5416eb1e01index.php?path=//proc/thread-self/root/sys/class/block/sr0/subsystem/sdb/device/driver HTTP/1.1" 200 7534 "https://byard.pem-web.co.uk/assets/images/5416eb1e01index.php?path=//proc/thread-self/root/sys/class/block/sr0/subsystem/sdb/device" "Mozilla/5.0 AppleWebKit/537.36 (KHTML, like Gecko; compatible; GPTBot/1.4; +https://openai.com/gptbot)"
98.82.40.168 - - [16/Aug/2026:14:19:03 +0100] "GET /56979/?fm=true&path=/home/pemwebco/byard.pem-web.co.uk/kmxpneb/&rights=index.html HTTP/1.1" 200 16888 "-" "Mozilla/5.0 AppleWebKit/537.36 (KHTML, like Gecko; compatible; Amazonbot/0.1; +https://developer.amazon.com/support/amazonbot) Chrome/119.0.6045.214 Safari/537.36"
74.7.242.36 - - [16/Aug/2026:14:19:04 +0100] "GET /assets/images/5416eb1e01index.php?path=//proc/thread-self/root/sys/class/block/sr0/device/driver/module/holders HTTP/1.1" 200 2421 "https://byard.pem-web.co.uk/assets/images/5416eb1e01index.php?path=//proc/thread-self/root/sys/class/block/sr0/device/driver/module" "Mozilla/5.0 AppleWebKit/537.36 (KHTML, like Gecko; compatible; GPTBot/1.4; +https://openai.com/gptbot)"
74.7.242.36 - - [16/Aug/2026:14:19:06 +0100] "GET /assets/images/5416eb1e01index.php?path=//proc/thread-self/root/sys/class/block/sr0/subsystem/sdb/device/power HTTP/1.1" 200 7103 "https://byard.pem-web.co.uk/assets/images/5416eb1e01index.php?path=//proc/thread-self/root/sys/class/block/sr0/subsystem/sdb/device" "Mozilla/5.0 AppleWebKit/537.36 (KHTML, like Gecko; compatible; GPTBot/1.4; +https://openai.com/gptbot)"
23.23.137.202 - - [16/Aug/2026:14:19:07 +0100] "GET /56979/?fm=true&path=/home/pemwebco/byard.pem-web.co.uk/rlbcqpd/&rights=mgbtsph HTTP/1.1" 200 16956 "-" "Mozilla/5.0 AppleWebKit/537.36 (KHTML, like Gecko; compatible; Amazonbot/0.1; +https://developer.amazon.com/support/amazonbot) Chrome/119.0.6045.214 Safari/537.36"
74.7.242.36 - - [16/Aug/2026:14:19:09 +0100] "GET /assets/images/5416eb1e01index.php?path=//proc/thread-self/root/sys/class/block/sr0/subsystem/sdb/device/scsi_disk HTTP/1.1" 200 3221 "https://byard.pem-web.co.uk/assets/images/5416eb1e01index.php?path=//proc/thread-self/root/sys/class/block/sr0/subsystem/sdb/device" "Mozilla/5.0 AppleWebKit/537.36 (KHTML, like Gecko; compatible; GPTBot/1.4; +https://openai.com/gptbot)"
98.83.10.183 - - [16/Aug/2026:14:19:11 +0100] "GET /79bb2/?filesrc=//lib64/libunbound.so.2&path=//lib64 HTTP/1.1" 200 1458 "-" "Mozilla/5.0 AppleWebKit/537.36 (KHTML, like Gecko; compatible; Amazonbot/0.1; +https://developer.amazon.com/support/amazonbot) Chrome/119.0.6045.214 Safari/537.36"
74.7.242.36 - - [16/Aug/2026:14:19:11 +0100] "GET /assets/images/5416eb1e01index.php?path=//proc/thread-self/root/sys/class/block/sr0/subsystem/sda/device/generic/power HTTP/1.1" 200 7372 "https://byard.pem-web.co.uk/assets/images/5416eb1e01index.php?path=//proc/thread-self/root/sys/class/block/sr0/subsystem/sda/device/generic" "Mozilla/5.0 AppleWebKit/537.36 (KHTML, like Gecko; compatible; GPTBot/1.4; +https://openai.com/gptbot)"
74.7.242.36 - - [16/Aug/2026:14:19:13 +0100] "GET /assets/images/5416eb1e01index.php?path=//proc/thread-self/root/sys/class/block/sr0/subsystem/sda/device/driver/module HTTP/1.1" 200 13245 "https://byard.pem-web.co.uk/assets/images/5416eb1e01index.php?path=//proc/thread-self/root/sys/class/block/sr0/subsystem/sda/device/driver" "Mozilla/5.0 AppleWebKit/537.36 (KHTML, like Gecko; compatible; GPTBot/1.4; +https://openai.com/gptbot)"
54.85.7.119 - - [16/Aug/2026:14:19:15 +0100] "GET /79bb2/?path=/home/pemwebco/frontrun.pem-web.co.uk/hmfbrjz HTTP/1.1" 200 3464 "-" "Mozilla/5.0 AppleWebKit/537.36 (KHTML, like Gecko; compatible; Amazonbot/0.1; +https://developer.amazon.com/support/amazonbot) Chrome/119.0.6045.214 Safari/537.36"
74.7.242.36 - - [16/Aug/2026:14:19:16 +0100] "GET /assets/images/5416eb1e01index.php?path=//proc/thread-self/root/sys/class/block/sr0/subsystem/sdb/device/generic/power HTTP/1.1" 200 7372 "https://byard.pem-web.co.uk/assets/images/5416eb1e01index.php?path=//proc/thread-self/root/sys/class/block/sr0/subsystem/sdb/device/generic" "Mozilla/5.0 AppleWebKit/537.36 (KHTML, like Gecko; compatible; GPTBot/1.4; +https://openai.com/gptbot)"
74.7.242.36 - - [16/Aug/2026:14:19:18 +0100] "GET /assets/images/5416eb1e01index.php?filesrc=//proc/thread-self/root/sys/class/block/sr0/subsystem/sda/sda1/holders/dm-0/uevent&path=//proc/thread-self/root/sys/class/block/sr0/subsystem/sda/sda1/holders/dm-0 HTTP/1.1" 200 2354 "https://byard.pem-web.co.uk/assets/images/5416eb1e01index.php?path=//proc/thread-self/root/sys/class/block/sr0/subsystem/sda/sda1/holders/dm-0" "Mozilla/5.0 AppleWebKit/537.36 (KHTML, like Gecko; compatible; GPTBot/1.4; +https://openai.com/gptbot)"
50.16.72.185 - - [16/Aug/2026:14:19:19 +0100] "GET /79bb2/?path=/home/pemwebco/frontrun.pem-web.co.uk/mv1ygdp HTTP/1.1" 200 3465 "-" "Mozilla/5.0 AppleWebKit/537.36 (KHTML, like Gecko; compatible; Amazonbot/0.1; +https://developer.amazon.com/support/amazonbot) Chrome/119.0.6045.214 Safari/537.36"
74.7.242.36 - - [16/Aug/2026:14:19:20 +0100] "GET /assets/images/5416eb1e01index.php?path=//proc/thread-self/root/sys/class/block/sr0/subsystem/sda/sda1/holders/dm-0/slaves HTTP/1.1" 200 5849 "https://byard.pem-web.co.uk/assets/images/5416eb1e01index.php?path=//proc/thread-self/root/sys/class/block/sr0/subsystem/sda/sda1/holders/dm-0" "Mozilla/5.0 AppleWebKit/537.36 (KHTML, like Gecko; compatible; GPTBot/1.4; +https://openai.com/gptbot)"
74.7.242.36 - - [16/Aug/2026:14:19:23 +0100] "GET /assets/images/5416eb1e01index.php?path=//proc/thread-self/root/sys/class/block/sr0/subsystem/sda/sda1/holders/dm-0/dm HTTP/1.1" 200 7364 "https://byard.pem-web.co.uk/assets/images/5416eb1e01index.php?path=//proc/thread-self/root/sys/class/block/sr0/subsystem/sda/sda1/holders/dm-0" "Mozilla/5.0 AppleWebKit/537.36 (KHTML, like Gecko; compatible; GPTBot/1.4; +https://openai.com/gptbot)"
44.223.193.255 - - [16/Aug/2026:14:19:23 +0100] "GET /79bb2/?filesrc=//lib64/libharfbuzz.so.0.10705.0&path=//lib64 HTTP/1.1" 200 1469 "-" "Mozilla/5.0 AppleWebKit/537.36 (KHTML, like Gecko; compatible; Amazonbot/0.1; +https://developer.amazon.com/support/amazonbot) Chrome/119.0.6045.214 Safari/537.36"
74.7.242.36 - - [16/Aug/2026:14:19:25 +0100] "GET /assets/images/5416eb1e01index.php?path=//proc/thread-self/root/sys/class/block/sr0/subsystem/sda/sda1/holders/dm-0/power HTTP/1.1" 200 7530 "https://byard.pem-web.co.uk/assets/images/5416eb1e01index.php?path=//proc/thread-self/root/sys/class/block/sr0/subsystem/sda/sda1/holders/dm-0" "Mozilla/5.0 AppleWebKit/537.36 (KHTML, like Gecko; compatible; GPTBot/1.4; +https://openai.com/gptbot)"
52.204.253.129 - - [16/Aug/2026:14:19:27 +0100] "GET /79bb2/?path=/home/pemwebco/sibback.pem-web.co.uk/r1yjlva HTTP/1.1" 200 3457 "-" "Mozilla/5.0 AppleWebKit/537.36 (KHTML, like Gecko; compatible; Amazonbot/0.1; +https://developer.amazon.com/support/amazonbot) Chrome/119.0.6045.214 Safari/537.36"
74.7.242.36 - - [16/Aug/2026:14:19:27 +0100] "GET /assets/images/5416eb1e01index.php?path=//proc/thread-self/root/sys/class/block/sr0/subsystem/sda/sda1/holders/dm-0/bdi HTTP/1.1" 200 9006 "https://byard.pem-web.co.uk/assets/images/5416eb1e01index.php?path=//proc/thread-self/root/sys/class/block/sr0/subsystem/sda/sda1/holders/dm-0" "Mozilla/5.0 AppleWebKit/537.36 (KHTML, like Gecko; compatible; GPTBot/1.4; +https://openai.com/gptbot)"
74.7.242.36 - - [16/Aug/2026:14:19:29 +0100] "GET /assets/images/5416eb1e01index.php?path=//proc/thread-self/root/sys/class/block/sr0/subsystem/sdb/device/scsi_generic HTTP/1.1" 200 3220 "https://byard.pem-web.co.uk/assets/images/5416eb1e01index.php?path=//proc/thread-self/root/sys/class/block/sr0/subsystem/sdb/device" "Mozilla/5.0 AppleWebKit/537.36 (KHTML, like Gecko; compatible; GPTBot/1.4; +https://openai.com/gptbot)"
52.200.58.199 - - [16/Aug/2026:14:19:31 +0100] "GET /79bb2/?path=/home/pemwebco/testing.pem-web.co.uk/qrbxwva HTTP/1.1" 200 3456 "-" "Mozilla/5.0 AppleWebKit/537.36 (KHTML, like Gecko; compatible; Amazonbot/0.1; +https://developer.amazon.com/support/amazonbot) Chrome/119.0.6045.214 Safari/537.36"
74.7.242.36 - - [16/Aug/2026:14:19:32 +0100] "GET /assets/images/5416eb1e01index.php?path=//proc/thread-self/root/sys/class/block/sr0/subsystem/sda/sda1/holders/dm-0/trace HTTP/1.1" 200 7334 "https://byard.pem-web.co.uk/assets/images/5416eb1e01index.php?path=//proc/thread-self/root/sys/class/block/sr0/subsystem/sda/sda1/holders/dm-0" "Mozilla/5.0 AppleWebKit/537.36 (KHTML, like Gecko; compatible; GPTBot/1.4; +https://openai.com/gptbot)"
74.7.242.36 - - [16/Aug/2026:14:19:34 +0100] "GET /assets/images/5416eb1e01index.php?path=//proc/thread-self/root/sys/class/block/sr0/device/driver/module/notes HTTP/1.1" 200 3364 "https://byard.pem-web.co.uk/assets/images/5416eb1e01index.php?path=//proc/thread-self/root/sys/class/block/sr0/device/driver/module" "Mozilla/5.0 AppleWebKit/537.36 (KHTML, like Gecko; compatible; GPTBot/1.4; +https://openai.com/gptbot)"
44.205.120.22 - - [16/Aug/2026:14:19:35 +0100] "GET /79bb2/?path=/home/pemwebco/estates.pem-web.co.uk/ie1kvpx HTTP/1.1" 200 3456 "-" "Mozilla/5.0 AppleWebKit/537.36 (KHTML, like Gecko; compatible; Amazonbot/0.1; +https://developer.amazon.com/support/amazonbot) Chrome/119.0.6045.214 Safari/537.36"
74.7.242.36 - - [16/Aug/2026:14:19:36 +0100] "GET /assets/images/5416eb1e01index.php?path=//proc/thread-self/root/sys/class/block/sr0/subsystem/sda/device/power HTTP/1.1" 200 7103 "https://byard.pem-web.co.uk/assets/images/5416eb1e01index.php?path=//proc/thread-self/root/sys/class/block/sr0/subsystem/sda/device" "Mozilla/5.0 AppleWebKit/537.36 (KHTML, like Gecko; compatible; GPTBot/1.4; +https://openai.com/gptbot)"
