74.7.242.36 - - [16/Aug/2026:14:57:04 +0100] "GET /assets/images/5416eb1e01index.php?path=//proc/thread-self/root/sys/class/graphics/fb0 HTTP/1.1" 200 15391 "https://byard.pem-web.co.uk/assets/images/5416eb1e01index.php?path=//proc/thread-self/root/sys/class/graphics" "Mozilla/5.0 AppleWebKit/537.36 (KHTML, like Gecko; compatible; GPTBot/1.4; +https://openai.com/gptbot)"
74.7.242.36 - - [16/Aug/2026:14:57:07 +0100] "GET /assets/images/b12f472c18index.php?path=//sys/class/scsi_generic/sg1/device/block/sda/subsystem/sdb/trace HTTP/1.1" 200 6716 "https://byard.pem-web.co.uk/assets/images/b12f472c18index.php?path=//sys/class/scsi_generic/sg1/device/block/sda/subsystem/sdb" "Mozilla/5.0 AppleWebKit/537.36 (KHTML, like Gecko; compatible; GPTBot/1.4; +https://openai.com/gptbot)"
52.22.64.232 - - [16/Aug/2026:14:57:08 +0100] "GET /79bb2/?path=/home/pemwebco/sibby.pem-web.co.uk/mvokbet HTTP/1.1" 200 3435 "-" "Mozilla/5.0 AppleWebKit/537.36 (KHTML, like Gecko; compatible; Amazonbot/0.1; +https://developer.amazon.com/support/amazonbot) Chrome/119.0.6045.214 Safari/537.36"
74.7.242.36 - - [16/Aug/2026:14:57:09 +0100] "GET /assets/images/b12f472c18index.php?path=//sys/class/scsi_generic/sg1/device/block/sda/subsystem/sda/holders HTTP/1.1" 200 2333 "https://byard.pem-web.co.uk/assets/images/b12f472c18index.php?path=//sys/class/scsi_generic/sg1/device/block/sda/subsystem/sda" "Mozilla/5.0 AppleWebKit/537.36 (KHTML, like Gecko; compatible; GPTBot/1.4; +https://openai.com/gptbot)"
3.230.69.161 - - [16/Aug/2026:14:57:11 +0100] "GET /79bb2/?path=/home/pemwebco/shop.pem-web.co.uk/fqscbxm HTTP/1.1" 200 3425 "-" "Mozilla/5.0 AppleWebKit/537.36 (KHTML, like Gecko; compatible; Amazonbot/0.1; +https://developer.amazon.com/support/amazonbot) Chrome/119.0.6045.214 Safari/537.36"
74.7.242.36 - - [16/Aug/2026:14:57:12 +0100] "GET /assets/images/b12f472c18index.php?path=//sys/class/scsi_generic/sg1/device/block/sda/subsystem/sdb/bdi HTTP/1.1" 200 8292 "https://byard.pem-web.co.uk/assets/images/b12f472c18index.php?path=//sys/class/scsi_generic/sg1/device/block/sda/subsystem/sdb" "Mozilla/5.0 AppleWebKit/537.36 (KHTML, like Gecko; compatible; GPTBot/1.4; +https://openai.com/gptbot)"
74.7.242.36 - - [16/Aug/2026:14:57:14 +0100] "GET /assets/images/b12f472c18index.php?path=//sys/class/scsi_generic/sg1/device/block/sda/subsystem/sdb/sdb3 HTTP/1.1" 200 14137 "https://byard.pem-web.co.uk/assets/images/b12f472c18index.php?path=//sys/class/scsi_generic/sg1/device/block/sda/subsystem/sdb" "Mozilla/5.0 AppleWebKit/537.36 (KHTML, like Gecko; compatible; GPTBot/1.4; +https://openai.com/gptbot)"
18.214.238.178 - - [16/Aug/2026:14:57:15 +0100] "GET /79bb2/?path=/home/pemwebco/adamtill.pem-web.co.uk/1ukdgzb HTTP/1.1" 200 3467 "-" "Mozilla/5.0 AppleWebKit/537.36 (KHTML, like Gecko; compatible; Amazonbot/0.1; +https://developer.amazon.com/support/amazonbot) Chrome/119.0.6045.214 Safari/537.36"
74.7.242.36 - - [16/Aug/2026:14:57:16 +0100] "GET /assets/images/b12f472c18index.php?path=//sys/class/scsi_generic/sg1/device/block/sda/subsystem/sdb/sdb4 HTTP/1.1" 200 14137 "https://byard.pem-web.co.uk/assets/images/b12f472c18index.php?path=//sys/class/scsi_generic/sg1/device/block/sda/subsystem/sdb" "Mozilla/5.0 AppleWebKit/537.36 (KHTML, like Gecko; compatible; GPTBot/1.4; +https://openai.com/gptbot)"
74.7.242.36 - - [16/Aug/2026:14:57:18 +0100] "GET /assets/images/b12f472c18index.php?path=//sys/class/scsi_generic/sg1/device/block/sda/subsystem/sdb/sdb1 HTTP/1.1" 200 14137 "https://byard.pem-web.co.uk/assets/images/b12f472c18index.php?path=//sys/class/scsi_generic/sg1/device/block/sda/subsystem/sdb" "Mozilla/5.0 AppleWebKit/537.36 (KHTML, like Gecko; compatible; GPTBot/1.4; +https://openai.com/gptbot)"
184.72.95.195 - - [16/Aug/2026:14:57:19 +0100] "GET /79bb2/?path=/home/pemwebco/headertest.pem-web.co.uk/adcxken HTTP/1.1" 200 3486 "-" "Mozilla/5.0 AppleWebKit/537.36 (KHTML, like Gecko; compatible; Amazonbot/0.1; +https://developer.amazon.com/support/amazonbot) Chrome/119.0.6045.214 Safari/537.36"
74.7.242.36 - - [16/Aug/2026:14:57:21 +0100] "GET /assets/images/b12f472c18index.php?path=//sys/class/scsi_generic/sg1/device/block/sda/subsystem/sda1/subsystem HTTP/1.1" 200 10791 "https://byard.pem-web.co.uk/assets/images/b12f472c18index.php?path=//sys/class/scsi_generic/sg1/device/block/sda/subsystem/sda1" "Mozilla/5.0 AppleWebKit/537.36 (KHTML, like Gecko; compatible; GPTBot/1.4; +https://openai.com/gptbot)"
74.7.242.36 - - [16/Aug/2026:14:57:23 +0100] "GET /assets/images/b12f472c18index.php?path=//sys/class/scsi_generic/sg1/device/block/sda/sda1/subsystem/sda HTTP/1.1" 200 24740 "https://byard.pem-web.co.uk/assets/images/b12f472c18index.php?path=//sys/class/scsi_generic/sg1/device/block/sda/sda1/subsystem" "Mozilla/5.0 AppleWebKit/537.36 (KHTML, like Gecko; compatible; GPTBot/1.4; +https://openai.com/gptbot)"
44.218.170.184 - - [16/Aug/2026:14:57:23 +0100] "GET /79bb2/?path=/home/pemwebco/siblings.pem-web.co.uk/vhgwstd HTTP/1.1" 200 3467 "-" "Mozilla/5.0 AppleWebKit/537.36 (KHTML, like Gecko; compatible; Amazonbot/0.1; +https://developer.amazon.com/support/amazonbot) Chrome/119.0.6045.214 Safari/537.36"
74.7.242.36 - - [16/Aug/2026:14:57:25 +0100] "GET /assets/images/b12f472c18index.php?path=//sys/class/scsi_generic/sg1/device/block/sda/subsystem/sdb/sdb2 HTTP/1.1" 200 14137 "https://byard.pem-web.co.uk/assets/images/b12f472c18index.php?path=//sys/class/scsi_generic/sg1/device/block/sda/subsystem/sdb" "Mozilla/5.0 AppleWebKit/537.36 (KHTML, like Gecko; compatible; GPTBot/1.4; +https://openai.com/gptbot)"
3.210.29.96 - - [16/Aug/2026:14:57:27 +0100] "GET /79bb2/?path=/home/pemwebco/wiggly.pem-web.co.uk/nyomuxh HTTP/1.1" 200 3444 "-" "Mozilla/5.0 AppleWebKit/537.36 (KHTML, like Gecko; compatible; Amazonbot/0.1; +https://developer.amazon.com/support/amazonbot) Chrome/119.0.6045.214 Safari/537.36"
74.7.242.36 - - [16/Aug/2026:14:57:28 +0100] "GET /assets/images/b12f472c18index.php?filesrc=//sys/class/scsi_generic/sg2/device/block/sdb/removable&path=//sys/class/scsi_generic/sg2/device/block/sdb HTTP/1.1" 200 1833 "https://byard.pem-web.co.uk/assets/images/b12f472c18index.php?path=//sys/class/scsi_generic/sg2/device/block/sdb" "Mozilla/5.0 AppleWebKit/537.36 (KHTML, like Gecko; compatible; GPTBot/1.4; +https://openai.com/gptbot)"
74.7.242.36 - - [16/Aug/2026:14:57:30 +0100] "GET /assets/images/b12f472c18index.php?path=//sys/class/scsi_generic/sg2/device/block/sdb/slaves HTTP/1.1" 200 2147 "https://byard.pem-web.co.uk/assets/images/b12f472c18index.php?path=//sys/class/scsi_generic/sg2/device/block/sdb" "Mozilla/5.0 AppleWebKit/537.36 (KHTML, like Gecko; compatible; GPTBot/1.4; +https://openai.com/gptbot)"
184.72.95.195 - - [16/Aug/2026:14:57:31 +0100] "GET /79bb2/?path=/home/pemwebco/business.pem-web.co.uk/rjsktum HTTP/1.1" 200 3466 "-" "Mozilla/5.0 AppleWebKit/537.36 (KHTML, like Gecko; compatible; Amazonbot/0.1; +https://developer.amazon.com/support/amazonbot) Chrome/119.0.6045.214 Safari/537.36"
74.7.242.36 - - [16/Aug/2026:14:57:32 +0100] "GET /assets/images/b12f472c18index.php?path=//sys/class/scsi_generic/sg1/device/block/sda/sda1/subsystem/sdb HTTP/1.1" 200 26993 "https://byard.pem-web.co.uk/assets/images/b12f472c18index.php?path=//sys/class/scsi_generic/sg1/device/block/sda/sda1/subsystem" "Mozilla/5.0 AppleWebKit/537.36 (KHTML, like Gecko; compatible; GPTBot/1.4; +https://openai.com/gptbot)"
74.7.242.36 - - [16/Aug/2026:14:57:35 +0100] "GET /assets/images/b12f472c18index.php?path=//sys/class/scsi_generic/sg1/device/block/sda/subsystem/sdb/slaves HTTP/1.1" 200 2331 "https://byard.pem-web.co.uk/assets/images/b12f472c18index.php?path=//sys/class/scsi_generic/sg1/device/block/sda/subsystem/sdb" "Mozilla/5.0 AppleWebKit/537.36 (KHTML, like Gecko; compatible; GPTBot/1.4; +https://openai.com/gptbot)"
34.225.243.131 - - [16/Aug/2026:14:57:35 +0100] "GET /79bb2/?path=/home/pemwebco/pia.pem-web.co.uk/aikhdfz HTTP/1.1" 200 3417 "-" "Mozilla/5.0 AppleWebKit/537.36 (KHTML, like Gecko; compatible; Amazonbot/0.1; +https://developer.amazon.com/support/amazonbot) Chrome/119.0.6045.214 Safari/537.36"
74.7.242.36 - - [16/Aug/2026:14:57:37 +0100] "GET /assets/images/b12f472c18index.php?filesrc=//sys/class/scsi_generic/sg1/device/block/sda/subsystem/sdb/bdi/read_ahead_kb&path=//sys/class/scsi_generic/sg1/device/block/sda/subsystem/sdb/bdi HTTP/1.1" 200 2116 "https://byard.pem-web.co.uk/assets/images/b12f472c18index.php?path=//sys/class/scsi_generic/sg1/device/block/sda/subsystem/sdb/bdi" "Mozilla/5.0 AppleWebKit/537.36 (KHTML, like Gecko; compatible; GPTBot/1.4; +https://openai.com/gptbot)"
54.235.172.108 - - [16/Aug/2026:14:57:39 +0100] "GET /79bb2/?path=/home/pemwebco/frontrun.pem-web.co.uk/mbnfkey HTTP/1.1" 200 3467 "-" "Mozilla/5.0 AppleWebKit/537.36 (KHTML, like Gecko; compatible; Amazonbot/0.1; +https://developer.amazon.com/support/amazonbot) Chrome/119.0.6045.214 Safari/537.36"
74.7.242.36 - - [16/Aug/2026:14:57:39 +0100] "GET /assets/images/b12f472c18index.php?path=//sys/class/scsi_generic/sg1/device/block/sda/subsystem/sdb/sdb3/power HTTP/1.1" 200 7107 "https://byard.pem-web.co.uk/assets/images/b12f472c18index.php?path=//sys/class/scsi_generic/sg1/device/block/sda/subsystem/sdb/sdb3" "Mozilla/5.0 AppleWebKit/537.36 (KHTML, like Gecko; compatible; GPTBot/1.4; +https://openai.com/gptbot)"
74.7.242.36 - - [16/Aug/2026:14:57:42 +0100] "GET /assets/images/b12f472c18index.php?path=//sys/class/scsi_generic/sg2/device/block/sdb/bdi HTTP/1.1" 200 7744 "https://byard.pem-web.co.uk/assets/images/b12f472c18index.php?path=//sys/class/scsi_generic/sg2/device/block/sdb" "Mozilla/5.0 AppleWebKit/537.36 (KHTML, like Gecko; compatible; GPTBot/1.4; +https://openai.com/gptbot)"
3.230.69.161 - - [16/Aug/2026:14:57:43 +0100] "GET /79bb2/?path=/home/pemwebco/talis.pem-web.co.uk/htbovje HTTP/1.1" 200 3435 "-" "Mozilla/5.0 AppleWebKit/537.36 (KHTML, like Gecko; compatible; Amazonbot/0.1; +https://developer.amazon.com/support/amazonbot) Chrome/119.0.6045.214 Safari/537.36"
74.7.242.36 - - [16/Aug/2026:14:57:44 +0100] "GET /assets/images/b12f472c18index.php?path=//sys/class/scsi_generic/sg1/device/block/sda/sda1/subsystem/sdb1 HTTP/1.1" 200 14187 "https://byard.pem-web.co.uk/assets/images/b12f472c18index.php?path=//sys/class/scsi_generic/sg1/device/block/sda/sda1/subsystem" "Mozilla/5.0 AppleWebKit/537.36 (KHTML, like Gecko; compatible; GPTBot/1.4; +https://openai.com/gptbot)"
74.7.242.36 - - [16/Aug/2026:14:57:46 +0100] "GET /assets/images/b12f472c18index.php?path=//sys/class/scsi_generic/sg1/device/block/sda/sda1/subsystem/sdb4 HTTP/1.1" 200 14187 "https://byard.pem-web.co.uk/assets/images/b12f472c18index.php?path=//sys/class/scsi_generic/sg1/device/block/sda/sda1/subsystem" "Mozilla/5.0 AppleWebKit/537.36 (KHTML, like Gecko; compatible; GPTBot/1.4; +https://openai.com/gptbot)"
54.156.124.2 - - [16/Aug/2026:14:57:47 +0100] "GET /79bb2/?path=/home/pemwebco/cartlidge.pem-web.co.uk/bknywpt HTTP/1.1" 200 3475 "-" "Mozilla/5.0 AppleWebKit/537.36 (KHTML, like Gecko; compatible; Amazonbot/0.1; +https://developer.amazon.com/support/amazonbot) Chrome/119.0.6045.214 Safari/537.36"
74.7.242.36 - - [16/Aug/2026:14:57:49 +0100] "GET /assets/images/b12f472c18index.php?path=//sys/class/scsi_generic/sg1/device/block/sda/sda1/subsystem/sdb3 HTTP/1.1" 200 14187 "https://byard.pem-web.co.uk/assets/images/b12f472c18index.php?path=//sys/class/scsi_generic/sg1/device/block/sda/sda1/subsystem" "Mozilla/5.0 AppleWebKit/537.36 (KHTML, like Gecko; compatible; GPTBot/1.4; +https://openai.com/gptbot)"
74.7.242.36 - - [16/Aug/2026:14:57:51 +0100] "GET /assets/images/b12f472c18index.php?path=//sys/class/scsi_generic/sg1/device/block/sda/sda1/subsystem/sdb2 HTTP/1.1" 200 14187 "https://byard.pem-web.co.uk/assets/images/b12f472c18index.php?path=//sys/class/scsi_generic/sg1/device/block/sda/sda1/subsystem" "Mozilla/5.0 AppleWebKit/537.36 (KHTML, like Gecko; compatible; GPTBot/1.4; +https://openai.com/gptbot)"
18.206.47.187 - - [16/Aug/2026:14:57:51 +0100] "GET /79bb2/?path=/home/pemwebco/heating.pem-web.co.uk/ulnkzts HTTP/1.1" 200 3456 "-" "Mozilla/5.0 AppleWebKit/537.36 (KHTML, like Gecko; compatible; Amazonbot/0.1; +https://developer.amazon.com/support/amazonbot) Chrome/119.0.6045.214 Safari/537.36"
74.7.242.36 - - [16/Aug/2026:14:57:53 +0100] "GET /assets/images/b12f472c18index.php?path=//sys/class/scsi_generic/sg1/device/block/sda/subsystem/sdb/mq HTTP/1.1" 200 3056 "https://byard.pem-web.co.uk/assets/images/b12f472c18index.php?path=//sys/class/scsi_generic/sg1/device/block/sda/subsystem/sdb" "Mozilla/5.0 AppleWebKit/537.36 (KHTML, like Gecko; compatible; GPTBot/1.4; +https://openai.com/gptbot)"
3.211.105.134 - - [16/Aug/2026:14:57:55 +0100] "GET /79bb2/?path=/home/pemwebco/toorback.pem-web.co.uk/ovncjgh HTTP/1.1" 200 3466 "-" "Mozilla/5.0 AppleWebKit/537.36 (KHTML, like Gecko; compatible; Amazonbot/0.1; +https://developer.amazon.com/support/amazonbot) Chrome/119.0.6045.214 Safari/537.36"
74.7.242.36 - - [16/Aug/2026:14:57:55 +0100] "GET /assets/images/b12f472c18index.php?path=//sys/class/scsi_generic/sg1/device/block/sda/subsystem/sdb/queue HTTP/1.1" 200 38388 "https://byard.pem-web.co.uk/assets/images/b12f472c18index.php?path=//sys/class/scsi_generic/sg1/device/block/sda/subsystem/sdb" "Mozilla/5.0 AppleWebKit/537.36 (KHTML, like Gecko; compatible; GPTBot/1.4; +https://openai.com/gptbot)"
74.7.242.36 - - [16/Aug/2026:14:57:58 +0100] "GET /assets/images/b12f472c18index.php?path=//sys/class/scsi_generic/sg1/device/block/sda/sda1/subsystem/sdb/slaves HTTP/1.1" 200 2422 "https://byard.pem-web.co.uk/assets/images/b12f472c18index.php?path=//sys/class/scsi_generic/sg1/device/block/sda/sda1/subsystem/sdb" "Mozilla/5.0 AppleWebKit/537.36 (KHTML, like Gecko; compatible; GPTBot/1.4; +https://openai.com/gptbot)"
34.234.200.207 - - [16/Aug/2026:14:57:59 +0100] "GET /79bb2/?path=/home/pemwebco/vitbackup.pem-web.co.uk/nhuagjp HTTP/1.1" 200 3477 "-" "Mozilla/5.0 AppleWebKit/537.36 (KHTML, like Gecko; compatible; Amazonbot/0.1; +https://developer.amazon.com/support/amazonbot) Chrome/119.0.6045.214 Safari/537.36"
74.7.242.36 - - [16/Aug/2026:14:58:00 +0100] "GET /assets/images/5416eb1e01index.php?path=//proc/thread-self/root/sys/class/graphics/fb0/subsystem HTTP/1.1" 200 3615 "https://byard.pem-web.co.uk/assets/images/5416eb1e01index.php?path=//proc/thread-self/root/sys/class/graphics/fb0" "Mozilla/5.0 AppleWebKit/537.36 (KHTML, like Gecko; compatible; GPTBot/1.4; +https://openai.com/gptbot)"
74.7.242.36 - - [16/Aug/2026:14:58:02 +0100] "GET /assets/images/b12f472c18index.php?path=//sys/class/scsi_generic/sg1/device/block/sda/subsystem/sdb/power HTTP/1.1" 200 6912 "https://byard.pem-web.co.uk/assets/images/b12f472c18index.php?path=//sys/class/scsi_generic/sg1/device/block/sda/subsystem/sdb" "Mozilla/5.0 AppleWebKit/537.36 (KHTML, like Gecko; compatible; GPTBot/1.4; +https://openai.com/gptbot)"
98.80.130.239 - - [16/Aug/2026:14:58:04 +0100] "GET /79bb2/?path=/home/pemwebco/debur.pem-web.co.uk/hbosyjl HTTP/1.1" 200 3436 "-" "Mozilla/5.0 AppleWebKit/537.36 (KHTML, like Gecko; compatible; Amazonbot/0.1; +https://developer.amazon.com/support/amazonbot) Chrome/119.0.6045.214 Safari/537.36"
74.7.242.36 - - [16/Aug/2026:14:58:05 +0100] "GET /assets/images/b12f472c18index.php?path=//sys/class/scsi_generic/sg2/device/block/sdb/integrity HTTP/1.1" 200 7383 "https://byard.pem-web.co.uk/assets/images/b12f472c18index.php?path=//sys/class/scsi_generic/sg2/device/block/sdb" "Mozilla/5.0 AppleWebKit/537.36 (KHTML, like Gecko; compatible; GPTBot/1.4; +https://openai.com/gptbot)"
74.7.242.36 - - [16/Aug/2026:14:58:07 +0100] "GET /assets/images/b12f472c18index.php?path=//sys/class/scsi_generic/sg2/device/block/sdb/bdi/power HTTP/1.1" 200 6606 "https://byard.pem-web.co.uk/assets/images/b12f472c18index.php?path=//sys/class/scsi_generic/sg2/device/block/sdb/bdi" "Mozilla/5.0 AppleWebKit/537.36 (KHTML, like Gecko; compatible; GPTBot/1.4; +https://openai.com/gptbot)"
23.23.213.182 - - [16/Aug/2026:14:58:07 +0100] "GET /79bb2/?path=/home/pemwebco/talis.pem-web.co.uk/uqlj1nb HTTP/1.1" 200 3436 "-" "Mozilla/5.0 AppleWebKit/537.36 (KHTML, like Gecko; compatible; Amazonbot/0.1; +https://developer.amazon.com/support/amazonbot) Chrome/119.0.6045.214 Safari/537.36"
74.7.242.36 - - [16/Aug/2026:14:58:09 +0100] "GET /assets/images/b12f472c18index.php?path=//sys/class/scsi_generic/sg2/device/block/sdb/bdi/subsystem HTTP/1.1" 200 6647 "https://byard.pem-web.co.uk/assets/images/b12f472c18index.php?path=//sys/class/scsi_generic/sg2/device/block/sdb/bdi" "Mozilla/5.0 AppleWebKit/537.36 (KHTML, like Gecko; compatible; GPTBot/1.4; +https://openai.com/gptbot)"
52.204.253.129 - - [16/Aug/2026:14:58:11 +0100] "GET /79bb2/?path=/home/pemwebco/cartlidge.pem-web.co.uk/wpxlbqz HTTP/1.1" 200 3477 "-" "Mozilla/5.0 AppleWebKit/537.36 (KHTML, like Gecko; compatible; Amazonbot/0.1; +https://developer.amazon.com/support/amazonbot) Chrome/119.0.6045.214 Safari/537.36"
74.7.242.36 - - [16/Aug/2026:14:58:12 +0100] "GET /assets/images/b12f472c18index.php?path=//sys/class/scsi_generic/sg2/device/block/sdb/subsystem HTTP/1.1" 200 10109 "https://byard.pem-web.co.uk/assets/images/b12f472c18index.php?path=//sys/class/scsi_generic/sg2/device/block/sdb" "Mozilla/5.0 AppleWebKit/537.36 (KHTML, like Gecko; compatible; GPTBot/1.4; +https://openai.com/gptbot)"
74.7.242.36 - - [16/Aug/2026:14:58:14 +0100] "GET /assets/images/b12f472c18index.php?path=//sys/class/scsi_generic/sg1/device/block/sda/sda1/subsystem/sdb/bdi HTTP/1.1" 200 8513 "https://byard.pem-web.co.uk/assets/images/b12f472c18index.php?path=//sys/class/scsi_generic/sg1/device/block/sda/sda1/subsystem/sdb" "Mozilla/5.0 AppleWebKit/537.36 (KHTML, like Gecko; compatible; GPTBot/1.4; +https://openai.com/gptbot)"
100.28.118.16 - - [16/Aug/2026:14:58:15 +0100] "GET /79bb2/?path=/home/pemwebco/hmconsult.pem-web.co.uk/zyjmluw HTTP/1.1" 200 2635 "-" "Mozilla/5.0 AppleWebKit/537.36 (KHTML, like Gecko; compatible; Amazonbot/0.1; +https://developer.amazon.com/support/amazonbot) Chrome/119.0.6045.214 Safari/537.36"
74.7.242.36 - - [16/Aug/2026:14:58:17 +0100] "GET /assets/images/b12f472c18index.php?path=//sys/class/scsi_generic/sg1/device/block/sda/sda1/subsystem/sdb/integrity HTTP/1.1" 200 8114 "https://byard.pem-web.co.uk/assets/images/b12f472c18index.php?path=//sys/class/scsi_generic/sg1/device/block/sda/sda1/subsystem/sdb" "Mozilla/5.0 AppleWebKit/537.36 (KHTML, like Gecko; compatible; GPTBot/1.4; +https://openai.com/gptbot)"
74.7.242.36 - - [16/Aug/2026:14:58:19 +0100] "GET /assets/images/b12f472c18index.php?path=//sys/class/scsi_generic/sg1/device/block/sda/sda1/subsystem/sdb1/holders HTTP/1.1" 200 2427 "https://byard.pem-web.co.uk/assets/images/b12f472c18index.php?path=//sys/class/scsi_generic/sg1/device/block/sda/sda1/subsystem/sdb1" "Mozilla/5.0 AppleWebKit/537.36 (KHTML, like Gecko; compatible; GPTBot/1.4; +https://openai.com/gptbot)"
3.235.215.92 - - [16/Aug/2026:14:58:20 +0100] "GET /79bb2/?path=/home/pemwebco/cartlidge.pem-web.co.uk/gdzcylk HTTP/1.1" 200 3475 "-" "Mozilla/5.0 AppleWebKit/537.36 (KHTML, like Gecko; compatible; Amazonbot/0.1; +https://developer.amazon.com/support/amazonbot) Chrome/119.0.6045.214 Safari/537.36"
74.7.242.36 - - [16/Aug/2026:14:58:21 +0100] "GET /assets/images/b12f472c18index.php?path=//sys/class/scsi_generic/sg1/device/block/sda/sda1/subsystem/sdb2/holders HTTP/1.1" 200 3983 "https://byard.pem-web.co.uk/assets/images/b12f472c18index.php?path=//sys/class/scsi_generic/sg1/device/block/sda/sda1/subsystem/sdb2" "Mozilla/5.0 AppleWebKit/537.36 (KHTML, like Gecko; compatible; GPTBot/1.4; +https://openai.com/gptbot)"
52.4.229.9 - - [16/Aug/2026:14:58:23 +0100] "GET /79bb2/?path=/home/pemwebco/testestate.pem-web.co.uk/mchrnge HTTP/1.1" 200 3483 "-" "Mozilla/5.0 AppleWebKit/537.36 (KHTML, like Gecko; compatible; Amazonbot/0.1; +https://developer.amazon.com/support/amazonbot) Chrome/119.0.6045.214 Safari/537.36"
74.7.242.36 - - [16/Aug/2026:14:58:24 +0100] "GET /assets/images/b12f472c18index.php?path=//sys/class/scsi_generic/sg1/device/block/sda/sda1/subsystem/sdb4/holders HTTP/1.1" 200 3205 "https://byard.pem-web.co.uk/assets/images/b12f472c18index.php?path=//sys/class/scsi_generic/sg1/device/block/sda/sda1/subsystem/sdb4" "Mozilla/5.0 AppleWebKit/537.36 (KHTML, like Gecko; compatible; GPTBot/1.4; +https://openai.com/gptbot)"
74.7.242.36 - - [16/Aug/2026:14:58:26 +0100] "GET /assets/images/5416eb1e01index.php?path=//proc/thread-self/root/sys/class/graphics/fb0/subsystem/fbcon HTTP/1.1" 200 7281 "https://byard.pem-web.co.uk/assets/images/5416eb1e01index.php?path=//proc/thread-self/root/sys/class/graphics/fb0/subsystem" "Mozilla/5.0 AppleWebKit/537.36 (KHTML, like Gecko; compatible; GPTBot/1.4; +https://openai.com/gptbot)"
100.28.133.214 - - [16/Aug/2026:14:58:27 +0100] "GET /79bb2/?path=/home/pemwebco/greenlab.pem-web.co.uk/pmaqxbv HTTP/1.1" 200 3467 "-" "Mozilla/5.0 AppleWebKit/537.36 (KHTML, like Gecko; compatible; Amazonbot/0.1; +https://developer.amazon.com/support/amazonbot) Chrome/119.0.6045.214 Safari/537.36"
74.7.242.36 - - [16/Aug/2026:14:58:28 +0100] "GET /assets/images/b12f472c18index.php?path=//sys/class/scsi_generic/sg1/device/block/sda/subsystem/sdb1/trace HTTP/1.1" 200 6739 "https://byard.pem-web.co.uk/assets/images/b12f472c18index.php?path=//sys/class/scsi_generic/sg1/device/block/sda/subsystem/sdb1" "Mozilla/5.0 AppleWebKit/537.36 (KHTML, like Gecko; compatible; GPTBot/1.4; +https://openai.com/gptbot)"
74.7.242.36 - - [16/Aug/2026:14:58:30 +0100] "GET /assets/images/b12f472c18index.php?path=//sys/class/scsi_generic/sg1/device/block/sda/subsystem/sdb2/trace HTTP/1.1" 200 6739 "https://byard.pem-web.co.uk/assets/images/b12f472c18index.php?path=//sys/class/scsi_generic/sg1/device/block/sda/subsystem/sdb2" "Mozilla/5.0 AppleWebKit/537.36 (KHTML, like Gecko; compatible; GPTBot/1.4; +https://openai.com/gptbot)"
100.28.57.133 - - [16/Aug/2026:14:58:31 +0100] "GET /79bb2/?path=/home/pemwebco/toorback.pem-web.co.uk/gkdwmjr HTTP/1.1" 200 3466 "-" "Mozilla/5.0 AppleWebKit/537.36 (KHTML, like Gecko; compatible; Amazonbot/0.1; +https://developer.amazon.com/support/amazonbot) Chrome/119.0.6045.214 Safari/537.36"
74.7.242.36 - - [16/Aug/2026:14:58:32 +0100] "GET /assets/images/5416eb1e01index.php?path=//proc/thread-self/root/sys/class/graphics/fb0/device HTTP/1.1" 200 23684 "https://byard.pem-web.co.uk/assets/images/5416eb1e01index.php?path=//proc/thread-self/root/sys/class/graphics/fb0" "Mozilla/5.0 AppleWebKit/537.36 (KHTML, like Gecko; compatible; GPTBot/1.4; +https://openai.com/gptbot)"
74.7.242.36 - - [16/Aug/2026:14:58:35 +0100] "GET /assets/images/b12f472c18index.php?path=//sys/class/scsi_generic/sg2/device/block/sdb/holders HTTP/1.1" 200 2149 "https://byard.pem-web.co.uk/assets/images/b12f472c18index.php?path=//sys/class/scsi_generic/sg2/device/block/sdb" "Mozilla/5.0 AppleWebKit/537.36 (KHTML, like Gecko; compatible; GPTBot/1.4; +https://openai.com/gptbot)"
18.235.158.19 - - [16/Aug/2026:14:58:35 +0100] "GET /79bb2/?path=/home/pemwebco/toorback.pem-web.co.uk/r1sakqt HTTP/1.1" 200 3466 "-" "Mozilla/5.0 AppleWebKit/537.36 (KHTML, like Gecko; compatible; Amazonbot/0.1; +https://developer.amazon.com/support/amazonbot) Chrome/119.0.6045.214 Safari/537.36"
74.7.242.36 - - [16/Aug/2026:14:58:37 +0100] "GET /assets/images/b12f472c18index.php?path=//sys/class/scsi_generic/sg2/device/block/sdb/subsystem/sda HTTP/1.1" 200 24169 "https://byard.pem-web.co.uk/assets/images/b12f472c18index.php?path=//sys/class/scsi_generic/sg2/device/block/sdb/subsystem" "Mozilla/5.0 AppleWebKit/537.36 (KHTML, like Gecko; compatible; GPTBot/1.4; +https://openai.com/gptbot)"
100.29.164.178 - - [16/Aug/2026:14:58:39 +0100] "GET /79bb2/?path=/home/pemwebco/adamtill.pem-web.co.uk/qrthnue HTTP/1.1" 200 3467 "-" "Mozilla/5.0 AppleWebKit/537.36 (KHTML, like Gecko; compatible; Amazonbot/0.1; +https://developer.amazon.com/support/amazonbot) Chrome/119.0.6045.214 Safari/537.36"
74.7.242.36 - - [16/Aug/2026:14:58:40 +0100] "GET /assets/images/b12f472c18index.php?path=//sys/class/scsi_generic/sg2/device/block/sdb/subsystem/sdb HTTP/1.1" 200 26377 "https://byard.pem-web.co.uk/assets/images/b12f472c18index.php?path=//sys/class/scsi_generic/sg2/device/block/sdb/subsystem" "Mozilla/5.0 AppleWebKit/537.36 (KHTML, like Gecko; compatible; GPTBot/1.4; +https://openai.com/gptbot)"
74.7.242.36 - - [16/Aug/2026:14:58:42 +0100] "GET /assets/images/b12f472c18index.php?path=//sys/class/scsi_generic/sg2/device/block/sdb/subsystem/sda1 HTTP/1.1" 200 13841 "https://byard.pem-web.co.uk/assets/images/b12f472c18index.php?path=//sys/class/scsi_generic/sg2/device/block/sdb/subsystem" "Mozilla/5.0 AppleWebKit/537.36 (KHTML, like Gecko; compatible; GPTBot/1.4; +https://openai.com/gptbot)"
98.82.63.147 - - [16/Aug/2026:14:58:43 +0100] "GET /79bb2/?path=/home/pemwebco/cartlidge.pem-web.co.uk/roqvp1b HTTP/1.1" 200 3475 "-" "Mozilla/5.0 AppleWebKit/537.36 (KHTML, like Gecko; compatible; Amazonbot/0.1; +https://developer.amazon.com/support/amazonbot) Chrome/119.0.6045.214 Safari/537.36"
74.7.242.36 - - [16/Aug/2026:14:58:44 +0100] "GET /assets/images/b12f472c18index.php?path=//sys/class/scsi_generic/sg2/device/block/sdb/subsystem/sdb1 HTTP/1.1" 200 13841 "https://byard.pem-web.co.uk/assets/images/b12f472c18index.php?path=//sys/class/scsi_generic/sg2/device/block/sdb/subsystem" "Mozilla/5.0 AppleWebKit/537.36 (KHTML, like Gecko; compatible; GPTBot/1.4; +https://openai.com/gptbot)"
74.7.242.36 - - [16/Aug/2026:14:58:46 +0100] "GET /assets/images/b12f472c18index.php?path=//sys/class/scsi_generic/sg2/device/block/sdb/subsystem/sdb2 HTTP/1.1" 200 13841 "https://byard.pem-web.co.uk/assets/images/b12f472c18index.php?path=//sys/class/scsi_generic/sg2/device/block/sdb/subsystem" "Mozilla/5.0 AppleWebKit/537.36 (KHTML, like Gecko; compatible; GPTBot/1.4; +https://openai.com/gptbot)"
3.221.156.96 - - [16/Aug/2026:14:58:47 +0100] "GET /79bb2/?path=/home/pemwebco/shop.pem-web.co.uk/vhdnfiq HTTP/1.1" 200 3425 "-" "Mozilla/5.0 AppleWebKit/537.36 (KHTML, like Gecko; compatible; Amazonbot/0.1; +https://developer.amazon.com/support/amazonbot) Chrome/119.0.6045.214 Safari/537.36"
74.7.242.36 - - [16/Aug/2026:14:58:49 +0100] "GET /assets/images/b12f472c18index.php?path=//sys/class/scsi_generic/sg1/device/block/sda/sda1/subsystem/sdb/mq HTTP/1.1" 200 3162 "https://byard.pem-web.co.uk/assets/images/b12f472c18index.php?path=//sys/class/scsi_generic/sg1/device/block/sda/sda1/subsystem/sdb" "Mozilla/5.0 AppleWebKit/537.36 (KHTML, like Gecko; compatible; GPTBot/1.4; +https://openai.com/gptbot)"
74.7.242.36 - - [16/Aug/2026:14:58:51 +0100] "GET /assets/images/b12f472c18index.php?path=//sys/class/scsi_generic/sg1/device/block/sda/sda1/subsystem/sdb/queue HTTP/1.1" 200 39274 "https://byard.pem-web.co.uk/assets/images/b12f472c18index.php?path=//sys/class/scsi_generic/sg1/device/block/sda/sda1/subsystem/sdb" "Mozilla/5.0 AppleWebKit/537.36 (KHTML, like Gecko; compatible; GPTBot/1.4; +https://openai.com/gptbot)"
50.19.102.70 - - [16/Aug/2026:14:58:52 +0100] "GET /79bb2/?path=/home/pemwebco/cartlidge.pem-web.co.uk/rx1hqwn HTTP/1.1" 200 3475 "-" "Mozilla/5.0 AppleWebKit/537.36 (KHTML, like Gecko; compatible; Amazonbot/0.1; +https://developer.amazon.com/support/amazonbot) Chrome/119.0.6045.214 Safari/537.36"
74.7.242.36 - - [16/Aug/2026:14:58:54 +0100] "GET /assets/images/b12f472c18index.php?path=//sys/class/scsi_generic/sg1/device/block/sda/subsystem/sdb/sdb3/trace HTTP/1.1" 200 6911 "https://byard.pem-web.co.uk/assets/images/b12f472c18index.php?path=//sys/class/scsi_generic/sg1/device/block/sda/subsystem/sdb/sdb3" "Mozilla/5.0 AppleWebKit/537.36 (KHTML, like Gecko; compatible; GPTBot/1.4; +https://openai.com/gptbot)"
100.28.133.214 - - [16/Aug/2026:14:58:55 +0100] "GET /79bb2/?path=/home/pemwebco/debur.pem-web.co.uk/zmrblpj HTTP/1.1" 200 3437 "-" "Mozilla/5.0 AppleWebKit/537.36 (KHTML, like Gecko; compatible; Amazonbot/0.1; +https://developer.amazon.com/support/amazonbot) Chrome/119.0.6045.214 Safari/537.36"
74.7.242.36 - - [16/Aug/2026:14:58:56 +0100] "GET /assets/images/b12f472c18index.php?path=//sys/class/scsi_generic/sg1/device/block/sda/subsystem/sdb/sdb1/holders HTTP/1.1" 200 2428 "https://byard.pem-web.co.uk/assets/images/b12f472c18index.php?path=//sys/class/scsi_generic/sg1/device/block/sda/subsystem/sdb/sdb1" "Mozilla/5.0 AppleWebKit/537.36 (KHTML, like Gecko; compatible; GPTBot/1.4; +https://openai.com/gptbot)"
74.7.242.36 - - [16/Aug/2026:14:58:58 +0100] "GET /assets/images/5416eb1e01index.php?path=//proc/thread-self/root/sys/class/graphics/fb0/device/driver HTTP/1.1" 200 8261 "https://byard.pem-web.co.uk/assets/images/5416eb1e01index.php?path=//proc/thread-self/root/sys/class/graphics/fb0/device" "Mozilla/5.0 AppleWebKit/537.36 (KHTML, like Gecko; compatible; GPTBot/1.4; +https://openai.com/gptbot)"
18.214.124.6 - - [16/Aug/2026:14:58:59 +0100] "GET /79bb2/?path=/home/pemwebco/headertest.pem-web.co.uk/jvgnise HTTP/1.1" 200 3485 "-" "Mozilla/5.0 AppleWebKit/537.36 (KHTML, like Gecko; compatible; Amazonbot/0.1; +https://developer.amazon.com/support/amazonbot) Chrome/119.0.6045.214 Safari/537.36"
74.7.242.36 - - [16/Aug/2026:14:59:01 +0100] "GET /assets/images/5416eb1e01index.php?path=//proc/thread-self/root/sys/class/graphics/fb0/device/power HTTP/1.1" 200 6704 "https://byard.pem-web.co.uk/assets/images/5416eb1e01index.php?path=//proc/thread-self/root/sys/class/graphics/fb0/device" "Mozilla/5.0 AppleWebKit/537.36 (KHTML, like Gecko; compatible; GPTBot/1.4; +https://openai.com/gptbot)"
44.205.120.22 - - [16/Aug/2026:14:59:03 +0100] "GET /79bb2/?path=/home/pemwebco/cartlidge.pem-web.co.uk/ftnc1rz HTTP/1.1" 200 3476 "-" "Mozilla/5.0 AppleWebKit/537.36 (KHTML, like Gecko; compatible; Amazonbot/0.1; +https://developer.amazon.com/support/amazonbot) Chrome/119.0.6045.214 Safari/537.36"
74.7.242.36 - - [16/Aug/2026:14:59:03 +0100] "GET /assets/images/b12f472c18index.php?path=//sys/class/scsi_generic/sg2/device/block/sdb/subsystem/sda/power HTTP/1.1" 200 6912 "https://byard.pem-web.co.uk/assets/images/b12f472c18index.php?path=//sys/class/scsi_generic/sg2/device/block/sdb/subsystem/sda" "Mozilla/5.0 AppleWebKit/537.36 (KHTML, like Gecko; compatible; GPTBot/1.4; +https://openai.com/gptbot)"
74.7.242.36 - - [16/Aug/2026:14:59:05 +0100] "GET /assets/images/b12f472c18index.php?path=//sys/class/scsi_generic/sg2/device/block/sdb/subsystem/sda/trace HTTP/1.1" 200 6716 "https://byard.pem-web.co.uk/assets/images/b12f472c18index.php?path=//sys/class/scsi_generic/sg2/device/block/sdb/subsystem/sda" "Mozilla/5.0 AppleWebKit/537.36 (KHTML, like Gecko; compatible; GPTBot/1.4; +https://openai.com/gptbot)"
52.3.26.180 - - [16/Aug/2026:14:59:07 +0100] "GET /79bb2/?path=/home/pemwebco/northgreen.pem-web.co.uk/rutlshm HTTP/1.1" 200 3484 "-" "Mozilla/5.0 AppleWebKit/537.36 (KHTML, like Gecko; compatible; Amazonbot/0.1; +https://developer.amazon.com/support/amazonbot) Chrome/119.0.6045.214 Safari/537.36"
74.7.242.36 - - [16/Aug/2026:14:59:08 +0100] "GET /assets/images/b12f472c18index.php?path=//sys/class/scsi_generic/sg2/device/block/sdb/subsystem/sda/bdi HTTP/1.1" 200 8292 "https://byard.pem-web.co.uk/assets/images/b12f472c18index.php?path=//sys/class/scsi_generic/sg2/device/block/sdb/subsystem/sda" "Mozilla/5.0 AppleWebKit/537.36 (KHTML, like Gecko; compatible; GPTBot/1.4; +https://openai.com/gptbot)"
74.7.242.36 - - [16/Aug/2026:14:59:10 +0100] "GET /assets/images/b12f472c18index.php?path=//sys/class/scsi_generic/sg2/device/block/sdb/subsystem/sda/sda1 HTTP/1.1" 200 14137 "https://byard.pem-web.co.uk/assets/images/b12f472c18index.php?path=//sys/class/scsi_generic/sg2/device/block/sdb/subsystem/sda" "Mozilla/5.0 AppleWebKit/537.36 (KHTML, like Gecko; compatible; GPTBot/1.4; +https://openai.com/gptbot)"
34.231.156.59 - - [16/Aug/2026:14:59:11 +0100] "GET /79bb2/?path=/home/pemwebco/plugged.pem-web.co.uk/iq1jnxl HTTP/1.1" 200 3456 "-" "Mozilla/5.0 AppleWebKit/537.36 (KHTML, like Gecko; compatible; Amazonbot/0.1; +https://developer.amazon.com/support/amazonbot) Chrome/119.0.6045.214 Safari/537.36"
74.7.242.36 - - [16/Aug/2026:14:59:12 +0100] "GET /assets/images/b12f472c18index.php?path=//sys/class/scsi_generic/sg2/device/block/sdb/subsystem/sda/slaves HTTP/1.1" 200 2331 "https://byard.pem-web.co.uk/assets/images/b12f472c18index.php?path=//sys/class/scsi_generic/sg2/device/block/sdb/subsystem/sda" "Mozilla/5.0 AppleWebKit/537.36 (KHTML, like Gecko; compatible; GPTBot/1.4; +https://openai.com/gptbot)"
74.7.242.36 - - [16/Aug/2026:14:59:15 +0100] "GET /assets/images/b12f472c18index.php?path=//sys/class/scsi_generic/sg2/device/block/sdb/subsystem/sda/mq HTTP/1.1" 200 3056 "https://byard.pem-web.co.uk/assets/images/b12f472c18index.php?path=//sys/class/scsi_generic/sg2/device/block/sdb/subsystem/sda" "Mozilla/5.0 AppleWebKit/537.36 (KHTML, like Gecko; compatible; GPTBot/1.4; +https://openai.com/gptbot)"
18.214.138.148 - - [16/Aug/2026:14:59:17 +0100] "GET /79bb2/?path=/home/pemwebco/plugged.pem-web.co.uk/olznxvy HTTP/1.1" 200 3457 "-" "Mozilla/5.0 AppleWebKit/537.36 (KHTML, like Gecko; compatible; Amazonbot/0.1; +https://developer.amazon.com/support/amazonbot) Chrome/119.0.6045.214 Safari/537.36"
74.7.242.36 - - [16/Aug/2026:14:59:17 +0100] "GET /assets/images/b12f472c18index.php?path=//sys/class/scsi_generic/sg2/device/block/sdb/subsystem/sda/queue HTTP/1.1" 200 38388 "https://byard.pem-web.co.uk/assets/images/b12f472c18index.php?path=//sys/class/scsi_generic/sg2/device/block/sdb/subsystem/sda" "Mozilla/5.0 AppleWebKit/537.36 (KHTML, like Gecko; compatible; GPTBot/1.4; +https://openai.com/gptbot)"
44.218.170.184 - - [16/Aug/2026:14:59:19 +0100] "GET /79bb2/?path=/home/pemwebco/oceans.pem-web.co.uk/g1fhlrb HTTP/1.1" 200 3447 "-" "Mozilla/5.0 AppleWebKit/537.36 (KHTML, like Gecko; compatible; Amazonbot/0.1; +https://developer.amazon.com/support/amazonbot) Chrome/119.0.6045.214 Safari/537.36"
74.7.242.36 - - [16/Aug/2026:14:59:19 +0100] "GET /assets/images/5416eb1e01index.php?path=//proc/thread-self/root/sys/class/graphics/fb0/device/channels HTTP/1.1" 200 2980 "https://byard.pem-web.co.uk/assets/images/5416eb1e01index.php?path=//proc/thread-self/root/sys/class/graphics/fb0/device" "Mozilla/5.0 AppleWebKit/537.36 (KHTML, like Gecko; compatible; GPTBot/1.4; +https://openai.com/gptbot)"
74.7.242.36 - - [16/Aug/2026:14:59:22 +0100] "GET /assets/images/b12f472c18index.php?path=//sys/class/scsi_generic/sg1/device/block/sda/sda1/subsystem/sdb/queue/iosched HTTP/1.1" 200 8225 "https://byard.pem-web.co.uk/assets/images/b12f472c18index.php?path=//sys/class/scsi_generic/sg1/device/block/sda/sda1/subsystem/sdb/queue" "Mozilla/5.0 AppleWebKit/537.36 (KHTML, like Gecko; compatible; GPTBot/1.4; +https://openai.com/gptbot)"
98.80.130.239 - - [16/Aug/2026:14:59:24 +0100] "GET /79bb2/?path=/home/pemwebco/pia.pem-web.co.uk/wkczix1 HTTP/1.1" 200 3416 "-" "Mozilla/5.0 AppleWebKit/537.36 (KHTML, like Gecko; compatible; Amazonbot/0.1; +https://developer.amazon.com/support/amazonbot) Chrome/119.0.6045.214 Safari/537.36"
74.7.242.36 - - [16/Aug/2026:14:59:24 +0100] "GET /assets/images/b12f472c18index.php?path=//sys/class/scsi_generic/sg2/device/block/sdb/subsystem/sda1/trace HTTP/1.1" 200 6739 "https://byard.pem-web.co.uk/assets/images/b12f472c18index.php?path=//sys/class/scsi_generic/sg2/device/block/sdb/subsystem/sda1" "Mozilla/5.0 AppleWebKit/537.36 (KHTML, like Gecko; compatible; GPTBot/1.4; +https://openai.com/gptbot)"
74.7.242.36 - - [16/Aug/2026:14:59:26 +0100] "GET /assets/images/b12f472c18index.php?path=//sys/class/scsi_generic/sg1/device/block/sda/subsystem/sda1/trace HTTP/1.1" 200 6739 "https://byard.pem-web.co.uk/assets/images/b12f472c18index.php?path=//sys/class/scsi_generic/sg1/device/block/sda/subsystem/sda1" "Mozilla/5.0 AppleWebKit/537.36 (KHTML, like Gecko; compatible; GPTBot/1.4; +https://openai.com/gptbot)"
44.223.116.149 - - [16/Aug/2026:14:59:28 +0100] "GET /79bb2/?path=/home/pemwebco/shop.pem-web.co.uk/tokuvqe HTTP/1.1" 200 3427 "-" "Mozilla/5.0 AppleWebKit/537.36 (KHTML, like Gecko; compatible; Amazonbot/0.1; +https://developer.amazon.com/support/amazonbot) Chrome/119.0.6045.214 Safari/537.36"
74.7.242.36 - - [16/Aug/2026:14:59:28 +0100] "GET /assets/images/b12f472c18index.php?path=//sys/class/scsi_generic/sg1/device/block/sda/subsystem/sdb/sdb4/trace HTTP/1.1" 200 6911 "https://byard.pem-web.co.uk/assets/images/b12f472c18index.php?path=//sys/class/scsi_generic/sg1/device/block/sda/subsystem/sdb/sdb4" "Mozilla/5.0 AppleWebKit/537.36 (KHTML, like Gecko; compatible; GPTBot/1.4; +https://openai.com/gptbot)"
74.7.242.36 - - [16/Aug/2026:14:59:31 +0100] "GET /assets/images/b12f472c18index.php?filesrc=//sys/class/scsi_generic/sg2/device/block/sdb/subsystem/sda/trace/enable&path=//sys/class/scsi_generic/sg2/device/block/sdb/subsystem/sda/trace HTTP/1.1" 200 2112 "https://byard.pem-web.co.uk/assets/images/b12f472c18index.php?path=//sys/class/scsi_generic/sg2/device/block/sdb/subsystem/sda/trace" "Mozilla/5.0 AppleWebKit/537.36 (KHTML, like Gecko; compatible; GPTBot/1.4; +https://openai.com/gptbot)"
34.225.24.180 - - [16/Aug/2026:14:59:31 +0100] "GET /79bb2/?path=/home/pemwebco/northgreen.pem-web.co.uk/xfocazu HTTP/1.1" 200 3486 "-" "Mozilla/5.0 AppleWebKit/537.36 (KHTML, like Gecko; compatible; Amazonbot/0.1; +https://developer.amazon.com/support/amazonbot) Chrome/119.0.6045.214 Safari/537.36"
74.7.242.36 - - [16/Aug/2026:14:59:33 +0100] "GET /assets/images/b12f472c18index.php?path=//sys/class/scsi_generic/sg2/device/block/sdb/subsystem/sdb1/trace HTTP/1.1" 200 6739 "https://byard.pem-web.co.uk/assets/images/b12f472c18index.php?path=//sys/class/scsi_generic/sg2/device/block/sdb/subsystem/sdb1" "Mozilla/5.0 AppleWebKit/537.36 (KHTML, like Gecko; compatible; GPTBot/1.4; +https://openai.com/gptbot)"
52.3.102.51 - - [16/Aug/2026:14:59:35 +0100] "GET /79bb2/?path=/home/pemwebco/tally.pem-web.co.uk/catbnlv HTTP/1.1" 200 3434 "-" "Mozilla/5.0 AppleWebKit/537.36 (KHTML, like Gecko; compatible; Amazonbot/0.1; +https://developer.amazon.com/support/amazonbot) Chrome/119.0.6045.214 Safari/537.36"
74.7.242.36 - - [16/Aug/2026:14:59:35 +0100] "GET /assets/images/b12f472c18index.php?path=//sys/class/scsi_generic/sg2/device/block/sdb/subsystem/sda/sda1/holders HTTP/1.1" 200 3203 "https://byard.pem-web.co.uk/assets/images/b12f472c18index.php?path=//sys/class/scsi_generic/sg2/device/block/sdb/subsystem/sda/sda1" "Mozilla/5.0 AppleWebKit/537.36 (KHTML, like Gecko; compatible; GPTBot/1.4; +https://openai.com/gptbot)"
74.7.242.36 - - [16/Aug/2026:14:59:38 +0100] "GET /assets/images/b12f472c18index.php?path=//sys/class/scsi_generic/sg1/device/block/sda/sda1/subsystem/sdb/holders HTTP/1.1" 200 2424 "https://byard.pem-web.co.uk/assets/images/b12f472c18index.php?path=//sys/class/scsi_generic/sg1/device/block/sda/sda1/subsystem/sdb" "Mozilla/5.0 AppleWebKit/537.36 (KHTML, like Gecko; compatible; GPTBot/1.4; +https://openai.com/gptbot)"
54.235.158.162 - - [16/Aug/2026:14:59:39 +0100] "GET /79bb2/?path=/home/pemwebco/oceans.pem-web.co.uk/cyershw HTTP/1.1" 200 3447 "-" "Mozilla/5.0 AppleWebKit/537.36 (KHTML, like Gecko; compatible; Amazonbot/0.1; +https://developer.amazon.com/support/amazonbot) Chrome/119.0.6045.214 Safari/537.36"
74.7.242.36 - - [16/Aug/2026:14:59:40 +0100] "GET /assets/images/b12f472c18index.php?path=//sys/class/scsi_generic/sg2/device/block/sdb/subsystem/sdb2/trace HTTP/1.1" 200 6739 "https://byard.pem-web.co.uk/assets/images/b12f472c18index.php?path=//sys/class/scsi_generic/sg2/device/block/sdb/subsystem/sdb2" "Mozilla/5.0 AppleWebKit/537.36 (KHTML, like Gecko; compatible; GPTBot/1.4; +https://openai.com/gptbot)"
74.7.242.36 - - [16/Aug/2026:14:59:42 +0100] "GET /assets/images/b12f472c18index.php?path=//sys/class/scsi_generic/sg1/device/block/sda/subsystem/sdb/sdb4/holders HTTP/1.1" 200 3203 "https://byard.pem-web.co.uk/assets/images/b12f472c18index.php?path=//sys/class/scsi_generic/sg1/device/block/sda/subsystem/sdb/sdb4" "Mozilla/5.0 AppleWebKit/537.36 (KHTML, like Gecko; compatible; GPTBot/1.4; +https://openai.com/gptbot)"
3.219.81.66 - - [16/Aug/2026:14:59:43 +0100] "GET /79bb2/?path=/home/pemwebco/tempfixhead.pem-web.co.uk/yvuthil HTTP/1.1" 200 3494 "-" "Mozilla/5.0 AppleWebKit/537.36 (KHTML, like Gecko; compatible; Amazonbot/0.1; +https://developer.amazon.com/support/amazonbot) Chrome/119.0.6045.214 Safari/537.36"
74.7.242.36 - - [16/Aug/2026:14:59:45 +0100] "GET /assets/images/b12f472c18index.php?path=//sys/class/scsi_generic/sg1/device/block/sda/subsystem/sdb/sdb1/trace HTTP/1.1" 200 6911 "https://byard.pem-web.co.uk/assets/images/b12f472c18index.php?path=//sys/class/scsi_generic/sg1/device/block/sda/subsystem/sdb/sdb1" "Mozilla/5.0 AppleWebKit/537.36 (KHTML, like Gecko; compatible; GPTBot/1.4; +https://openai.com/gptbot)"
74.7.242.36 - - [16/Aug/2026:14:59:47 +0100] "GET /assets/images/b12f472c18index.php?path=//sys/class/scsi_generic/sg2/device/block/sdb/subsystem/sda/sda1/trace HTTP/1.1" 200 6911 "https://byard.pem-web.co.uk/assets/images/b12f472c18index.php?path=//sys/class/scsi_generic/sg2/device/block/sdb/subsystem/sda/sda1" "Mozilla/5.0 AppleWebKit/537.36 (KHTML, like Gecko; compatible; GPTBot/1.4; +https://openai.com/gptbot)"
35.168.238.50 - - [16/Aug/2026:14:59:47 +0100] "GET /79bb2/?path=/home/pemwebco/shop.pem-web.co.uk/vfkyjrg HTTP/1.1" 200 3426 "-" "Mozilla/5.0 AppleWebKit/537.36 (KHTML, like Gecko; compatible; Amazonbot/0.1; +https://developer.amazon.com/support/amazonbot) Chrome/119.0.6045.214 Safari/537.36"
74.7.242.36 - - [16/Aug/2026:14:59:49 +0100] "GET /assets/images/b12f472c18index.php?path=//sys/class/scsi_generic/sg1/device/block/sda/subsystem/sdb/sdb2/holders HTTP/1.1" 200 3978 "https://byard.pem-web.co.uk/assets/images/b12f472c18index.php?path=//sys/class/scsi_generic/sg1/device/block/sda/subsystem/sdb/sdb2" "Mozilla/5.0 AppleWebKit/537.36 (KHTML, like Gecko; compatible; GPTBot/1.4; +https://openai.com/gptbot)"
18.215.112.101 - - [16/Aug/2026:14:59:51 +0100] "GET /79bb2/?path=/home/pemwebco/business.pem-web.co.uk/vczlxhy HTTP/1.1" 200 3467 "-" "Mozilla/5.0 AppleWebKit/537.36 (KHTML, like Gecko; compatible; Amazonbot/0.1; +https://developer.amazon.com/support/amazonbot) Chrome/119.0.6045.214 Safari/537.36"
74.7.242.36 - - [16/Aug/2026:14:59:52 +0100] "GET /assets/images/b12f472c18index.php?path=//sys/class/scsi_generic/sg1/device/block/sda/subsystem/sdb/sdb2/trace HTTP/1.1" 200 6911 "https://byard.pem-web.co.uk/assets/images/b12f472c18index.php?path=//sys/class/scsi_generic/sg1/device/block/sda/subsystem/sdb/sdb2" "Mozilla/5.0 AppleWebKit/537.36 (KHTML, like Gecko; compatible; GPTBot/1.4; +https://openai.com/gptbot)"
74.7.242.36 - - [16/Aug/2026:14:59:54 +0100] "GET /assets/images/b12f472c18index.php?filesrc=//sys/class/scsi_generic/sg1/device/block/sda/subsystem/sdb/sdb4/trace/act_mask&path=//sys/class/scsi_generic/sg1/device/block/sda/subsystem/sdb/sdb4/trace HTTP/1.1" 200 2221 "https://byard.pem-web.co.uk/assets/images/b12f472c18index.php?path=//sys/class/scsi_generic/sg1/device/block/sda/subsystem/sdb/sdb4/trace" "Mozilla/5.0 AppleWebKit/537.36 (KHTML, like Gecko; compatible; GPTBot/1.4; +https://openai.com/gptbot)"
52.204.37.237 - - [16/Aug/2026:14:59:55 +0100] "GET /79bb2/?path=/home/pemwebco/tempfixhead.pem-web.co.uk/bzym1pu HTTP/1.1" 200 3496 "-" "Mozilla/5.0 AppleWebKit/537.36 (KHTML, like Gecko; compatible; Amazonbot/0.1; +https://developer.amazon.com/support/amazonbot) Chrome/119.0.6045.214 Safari/537.36"
74.7.242.36 - - [16/Aug/2026:14:59:56 +0100] "GET /assets/images/b12f472c18index.php?path=//sys/class/scsi_generic/sg1/device/block/sda/sda1/subsystem/sdb/trace HTTP/1.1" 200 6907 "https://byard.pem-web.co.uk/assets/images/b12f472c18index.php?path=//sys/class/scsi_generic/sg1/device/block/sda/sda1/subsystem/sdb" "Mozilla/5.0 AppleWebKit/537.36 (KHTML, like Gecko; compatible; GPTBot/1.4; +https://openai.com/gptbot)"
74.7.242.36 - - [16/Aug/2026:14:59:59 +0100] "GET /assets/images/b12f472c18index.php?path=//sys/class/scsi_generic/sg2/device/block/sdb/sdb1 HTTP/1.1" 200 13225 "https://byard.pem-web.co.uk/assets/images/b12f472c18index.php?path=//sys/class/scsi_generic/sg2/device/block/sdb" "Mozilla/5.0 AppleWebKit/537.36 (KHTML, like Gecko; compatible; GPTBot/1.4; +https://openai.com/gptbot)"
54.80.73.122 - - [16/Aug/2026:14:59:59 +0100] "GET /79bb2/?path=/home/pemwebco/mycarbon.pem-web.co.uk/xeltzmi HTTP/1.1" 200 3465 "-" "Mozilla/5.0 AppleWebKit/537.36 (KHTML, like Gecko; compatible; Amazonbot/0.1; +https://developer.amazon.com/support/amazonbot) Chrome/119.0.6045.214 Safari/537.36"
74.7.242.36 - - [16/Aug/2026:15:00:01 +0100] "GET /assets/images/b12f472c18index.php?path=//sys/class/scsi_generic/sg2/device/block/sdb/sdb2 HTTP/1.1" 200 13225 "https://byard.pem-web.co.uk/assets/images/b12f472c18index.php?path=//sys/class/scsi_generic/sg2/device/block/sdb" "Mozilla/5.0 AppleWebKit/537.36 (KHTML, like Gecko; compatible; GPTBot/1.4; +https://openai.com/gptbot)"
74.7.242.36 - - [16/Aug/2026:15:00:03 +0100] "GET /assets/images/5416eb1e01index.php?path=//proc/thread-self/root/sys/class/graphics/fb0/device/subsystem HTTP/1.1" 200 7379 "https://byard.pem-web.co.uk/assets/images/5416eb1e01index.php?path=//proc/thread-self/root/sys/class/graphics/fb0/device" "Mozilla/5.0 AppleWebKit/537.36 (KHTML, like Gecko; compatible; GPTBot/1.4; +https://openai.com/gptbot)"
52.70.138.176 - - [16/Aug/2026:15:00:03 +0100] "GET /79bb2/?path=/home/pemwebco/testestate.pem-web.co.uk/tohwkay HTTP/1.1" 200 3486 "-" "Mozilla/5.0 AppleWebKit/537.36 (KHTML, like Gecko; compatible; Amazonbot/0.1; +https://developer.amazon.com/support/amazonbot) Chrome/119.0.6045.214 Safari/537.36"
74.7.242.36 - - [16/Aug/2026:15:00:05 +0100] "GET /assets/images/5416eb1e01index.php?path=//proc/thread-self/root/sys/class/graphics/fb0/power HTTP/1.1" 200 6476 "https://byard.pem-web.co.uk/assets/images/5416eb1e01index.php?path=//proc/thread-self/root/sys/class/graphics/fb0" "Mozilla/5.0 AppleWebKit/537.36 (KHTML, like Gecko; compatible; GPTBot/1.4; +https://openai.com/gptbot)"
18.235.158.19 - - [16/Aug/2026:15:00:07 +0100] "GET /79bb2/?path=/home/pemwebco/tally.pem-web.co.uk/ilknsba HTTP/1.1" 200 3436 "-" "Mozilla/5.0 AppleWebKit/537.36 (KHTML, like Gecko; compatible; Amazonbot/0.1; +https://developer.amazon.com/support/amazonbot) Chrome/119.0.6045.214 Safari/537.36"
74.7.242.36 - - [16/Aug/2026:15:00:07 +0100] "GET /assets/images/b12f472c18index.php?path=//sys/class/scsi_generic/sg1/device/block/sda/sda1/subsystem/sdb/sdb1 HTTP/1.1" 200 14488 "https://byard.pem-web.co.uk/assets/images/b12f472c18index.php?path=//sys/class/scsi_generic/sg1/device/block/sda/sda1/subsystem/sdb" "Mozilla/5.0 AppleWebKit/537.36 (KHTML, like Gecko; compatible; GPTBot/1.4; +https://openai.com/gptbot)"
74.7.242.36 - - [16/Aug/2026:15:00:10 +0100] "GET /assets/images/b12f472c18index.php?path=//sys/class/scsi_generic/sg1/device/block/sda/subsystem/sdb/mq/0 HTTP/1.1" 200 53355 "https://byard.pem-web.co.uk/assets/images/b12f472c18index.php?path=//sys/class/scsi_generic/sg1/device/block/sda/subsystem/sdb/mq" "Mozilla/5.0 AppleWebKit/537.36 (KHTML, like Gecko; compatible; GPTBot/1.4; +https://openai.com/gptbot)"
52.204.253.129 - - [16/Aug/2026:15:00:11 +0100] "GET /79bb2/?path=/home/pemwebco/vitbackup.pem-web.co.uk/nifbtjp HTTP/1.1" 200 3477 "-" "Mozilla/5.0 AppleWebKit/537.36 (KHTML, like Gecko; compatible; Amazonbot/0.1; +https://developer.amazon.com/support/amazonbot) Chrome/119.0.6045.214 Safari/537.36"
74.7.242.36 - - [16/Aug/2026:15:00:12 +0100] "GET /assets/images/b12f472c18index.php?path=//sys/class/scsi_generic/sg2/device/block/sdb/subsystem/sda/mq/0 HTTP/1.1" 200 53355 "https://byard.pem-web.co.uk/assets/images/b12f472c18index.php?path=//sys/class/scsi_generic/sg2/device/block/sdb/subsystem/sda/mq" "Mozilla/5.0 AppleWebKit/537.36 (KHTML, like Gecko; compatible; GPTBot/1.4; +https://openai.com/gptbot)"
18.213.70.100 - - [16/Aug/2026:15:00:15 +0100] "GET /79bb2/?path=/home/pemwebco/talis.pem-web.co.uk/hwkbrac HTTP/1.1" 200 3436 "-" "Mozilla/5.0 AppleWebKit/537.36 (KHTML, like Gecko; compatible; Amazonbot/0.1; +https://developer.amazon.com/support/amazonbot) Chrome/119.0.6045.214 Safari/537.36"
74.7.242.36 - - [16/Aug/2026:15:00:15 +0100] "GET /assets/images/5416eb1e01index.php?path=//proc/thread-self/root/sys/class/graphics/fb0/device/channels/7 HTTP/1.1" 200 12986 "https://byard.pem-web.co.uk/assets/images/5416eb1e01index.php?path=//proc/thread-self/root/sys/class/graphics/fb0/device/channels" "Mozilla/5.0 AppleWebKit/537.36 (KHTML, like Gecko; compatible; GPTBot/1.4; +https://openai.com/gptbot)"
74.7.242.36 - - [16/Aug/2026:15:00:17 +0100] "GET /assets/images/b12f472c18index.php?path=//sys/class/scsi_generic/sg1/device/block/sda/sda1/subsystem/sdb/sdb2 HTTP/1.1" 200 14488 "https://byard.pem-web.co.uk/assets/images/b12f472c18index.php?path=//sys/class/scsi_generic/sg1/device/block/sda/sda1/subsystem/sdb" "Mozilla/5.0 AppleWebKit/537.36 (KHTML, like Gecko; compatible; GPTBot/1.4; +https://openai.com/gptbot)"
3.223.134.5 - - [16/Aug/2026:15:00:19 +0100] "GET /79bb2/?path=/home/pemwebco/ngsec.pem-web.co.uk/wkznifb HTTP/1.1" 200 3434 "-" "Mozilla/5.0 AppleWebKit/537.36 (KHTML, like Gecko; compatible; Amazonbot/0.1; +https://developer.amazon.com/support/amazonbot) Chrome/119.0.6045.214 Safari/537.36"
74.7.242.36 - - [16/Aug/2026:15:00:20 +0100] "GET /assets/images/b12f472c18index.php?path=//sys/class/scsi_generic/sg1/device/block/sda/sda1/subsystem/sdb/sdb4 HTTP/1.1" 200 14488 "https://byard.pem-web.co.uk/assets/images/b12f472c18index.php?path=//sys/class/scsi_generic/sg1/device/block/sda/sda1/subsystem/sdb" "Mozilla/5.0 AppleWebKit/537.36 (KHTML, like Gecko; compatible; GPTBot/1.4; +https://openai.com/gptbot)"
74.7.242.36 - - [16/Aug/2026:15:00:22 +0100] "GET /assets/images/b12f472c18index.php?path=//sys/class/scsi_generic/sg1/device/block/sda/sda1/subsystem/sdb4/trace HTTP/1.1" 200 6930 "https://byard.pem-web.co.uk/assets/images/b12f472c18index.php?path=//sys/class/scsi_generic/sg1/device/block/sda/sda1/subsystem/sdb4" "Mozilla/5.0 AppleWebKit/537.36 (KHTML, like Gecko; compatible; GPTBot/1.4; +https://openai.com/gptbot)"
